[INFO] cloning repository https://github.com/hhcme/mmforge
[INFO] running `Command { std: "git" "-c" "credential.helper=" "-c" "credential.helper=/workspace/cargo-home/bin/git-credential-null" "clone" "--bare" "https://github.com/hhcme/mmforge" "/workspace/cache/git-repos/https%3A%2F%2Fgithub.com%2Fhhcme%2Fmmforge", kill_on_drop: false }`
[INFO] [stderr] Cloning into bare repository '/workspace/cache/git-repos/https%3A%2F%2Fgithub.com%2Fhhcme%2Fmmforge'...
[INFO] running `Command { std: "git" "rev-parse" "HEAD", kill_on_drop: false }`
[INFO] [stdout] 656b36389fbdb608872fb1e9d9d480cbab073221
[INFO] testing hhcme/mmforge against 1.100.0-beta.1+cargoflags=--release for beta-release-1.100-3
[INFO] running `Command { std: "git" "clone" "/workspace/cache/git-repos/https%3A%2F%2Fgithub.com%2Fhhcme%2Fmmforge" "/workspace/builds/worker-5-tc2/source", kill_on_drop: false }`
[INFO] [stderr] Cloning into '/workspace/builds/worker-5-tc2/source'...
[INFO] [stderr] done.
[INFO] started tweaking git repo https://github.com/hhcme/mmforge
[INFO] finished tweaking git repo https://github.com/hhcme/mmforge
[INFO] tweaked toml for git repo https://github.com/hhcme/mmforge written to /workspace/builds/worker-5-tc2/source/Cargo.toml
[INFO] validating manifest of git repo https://github.com/hhcme/mmforge on toolchain 1.100.0-beta.1
[INFO] running `Command { std: CARGO_HOME="/workspace/cargo-home" RUSTUP_HOME="/workspace/rustup-home" "/workspace/cargo-home/bin/cargo" "+1.100.0-beta.1" "metadata" "--manifest-path" "Cargo.toml" "--no-deps", kill_on_drop: false }`
[INFO] crate git repo https://github.com/hhcme/mmforge already has a lockfile, it will not be regenerated
[INFO] running `Command { std: CARGO_HOME="/workspace/cargo-home" RUSTUP_HOME="/workspace/rustup-home" "/workspace/cargo-home/bin/cargo" "+1.100.0-beta.1" "fetch" "--manifest-path" "Cargo.toml", kill_on_drop: false }`
[INFO] [stderr] warning: unused field `description` in `workspace.package`
[INFO] [stderr]   --> Cargo.toml:44:1
[INFO] [stderr]    |
[INFO] [stderr] 44 | description = "Industrial 2D/3D model parser and native renderer"
[INFO] [stderr]    | ^^^^^^^^^^^
[INFO] [stderr]    |
[INFO] [stderr]    = note: `cargo::unused_workspace_package_fields` is set to `warn` by default
[INFO] [stderr] help: consider removing the field `workspace.package.description`
[INFO] [stderr] warning: workspace (manifest) generated 1 warning
[INFO] running `Command { std: "docker" "create" "-v" "/var/lib/crater-agent-workspace/builds/worker-5-tc2/source:/opt/rustwide/workdir:ro,Z" "-v" "/var/lib/crater-agent-workspace/builds/worker-5-tc2/target:/opt/rustwide/target:rw,Z" "-v" "/var/lib/crater-agent-workspace/cargo-home:/opt/rustwide/cargo-home:ro,Z" "-v" "/var/lib/crater-agent-workspace/rustup-home:/opt/rustwide/rustup-home:ro,Z" "-m" "1610612736" "--network" "none" "ghcr.io/rust-lang/crates-build-env/linux@sha256:77db811e55d90add9212f6832c23229e3de5f1c1f9905e8cb07319ea15df73ac" "sleep" "infinity", kill_on_drop: false }`
[INFO] [stdout] 76a047ee093c8eedd98135904e547993ced7a300ad0e569377de6084bbad47e4
[INFO] running `Command { std: "docker" "start" "76a047ee093c8eedd98135904e547993ced7a300ad0e569377de6084bbad47e4", kill_on_drop: false }`
[INFO] running `Command { std: "docker" "inspect" "76a047ee093c8eedd98135904e547993ced7a300ad0e569377de6084bbad47e4", kill_on_drop: false }`
[INFO] running `Command { std: "docker" "exec" "-e" "SOURCE_DIR=/opt/rustwide/workdir" "-e" "CARGO_HOME=/opt/rustwide/cargo-home" "-e" "RUSTUP_HOME=/opt/rustwide/rustup-home" "-e" "CARGO_TARGET_DIR=/opt/rustwide/target" "-w" "/opt/rustwide/workdir" "--user" "0:0" "76a047ee093c8eedd98135904e547993ced7a300ad0e569377de6084bbad47e4" "/opt/rustwide/cargo-home/bin/cargo" "+1.100.0-beta.1" "metadata" "--no-deps" "--format-version=1", kill_on_drop: false }`
[INFO] running `Command { std: "docker" "inspect" "76a047ee093c8eedd98135904e547993ced7a300ad0e569377de6084bbad47e4", kill_on_drop: false }`
[INFO] running `Command { std: "docker" "exec" "-e" "SOURCE_DIR=/opt/rustwide/workdir" "-e" "CARGO_HOME=/opt/rustwide/cargo-home" "-e" "RUSTUP_HOME=/opt/rustwide/rustup-home" "-e" "CARGO_TARGET_DIR=/opt/rustwide/target" "-e" "CARGO_INCREMENTAL=0" "-e" "RUST_BACKTRACE=full" "-e" "RUSTFLAGS=--cap-lints=warn" "-e" "RUSTDOCFLAGS=--cap-lints=warn" "-w" "/opt/rustwide/workdir" "--user" "0:0" "76a047ee093c8eedd98135904e547993ced7a300ad0e569377de6084bbad47e4" "/opt/rustwide/cargo-home/bin/cargo" "+1.100.0-beta.1" "build" "--frozen" "--message-format=json" "--release", kill_on_drop: false }`
[INFO] [stderr] warning: unused field `description` in `workspace.package`
[INFO] [stderr]   --> Cargo.toml:44:1
[INFO] [stderr]    |
[INFO] [stderr] 44 | description = "Industrial 2D/3D model parser and native renderer"
[INFO] [stderr]    | ^^^^^^^^^^^
[INFO] [stderr]    |
[INFO] [stderr]    = note: `cargo::unused_workspace_package_fields` is set to `warn` by default
[INFO] [stderr] help: consider removing the field `workspace.package.description`
[INFO] [stderr] warning: workspace (manifest) generated 1 warning
[INFO] [stderr]    Compiling proc-macro2 v1.0.106
[INFO] [stderr]    Compiling quote v1.0.46
[INFO] [stderr]    Compiling pkg-config v0.3.33
[INFO] [stderr]    Compiling libc v0.2.186
[INFO] [stderr]    Compiling find-msvc-tools v0.1.9
[INFO] [stderr]    Compiling serde_core v1.0.228
[INFO] [stderr]    Compiling typenum v1.20.1
[INFO] [stderr]    Compiling generic-array v0.14.7
[INFO] [stderr]    Compiling serde v1.0.228
[INFO] [stderr]    Compiling zstd-safe v7.2.4
[INFO] [stderr]    Compiling thiserror v2.0.18
[INFO] [stderr]    Compiling cpufeatures v0.2.17
[INFO] [stderr]    Compiling cfg-if v1.0.4
[INFO] [stderr]    Compiling crc32fast v1.5.0
[INFO] [stderr]    Compiling simd-adler32 v0.3.9
[INFO] [stderr]    Compiling zmij v1.0.21
[INFO] [stderr]    Compiling glam v0.29.3
[INFO] [stderr]    Compiling autocfg v1.5.1
[INFO] [stderr]    Compiling adler2 v2.0.1
[INFO] [stderr]    Compiling serde_json v1.0.150
[INFO] [stderr]    Compiling miniz_oxide v0.8.9
[INFO] [stderr]    Compiling num-traits v0.2.19
[INFO] [stderr]    Compiling syn v2.0.118
[INFO] [stderr]    Compiling memchr v2.8.2
[INFO] [stderr]    Compiling jobserver v0.1.34
[INFO] [stderr]    Compiling flate2 v1.1.9
[INFO] [stderr]    Compiling cc v1.2.65
[INFO] [stderr]    Compiling block-buffer v0.10.4
[INFO] [stderr]    Compiling crypto-common v0.1.7
[INFO] [stderr]    Compiling digest v0.10.7
[INFO] [stderr]    Compiling sha2 v0.10.9
[INFO] [stderr]    Compiling mmforge-geometry v0.1.0 (/opt/rustwide/workdir/crates/mmforge-geometry)
[INFO] [stderr]    Compiling fdeflate v0.3.7
[INFO] [stderr]    Compiling inflections v1.1.1
[INFO] [stderr]    Compiling zune-core v0.5.1
[INFO] [stderr]    Compiling bitflags v2.13.0
[INFO] [stderr]    Compiling pxfm v0.1.29
[INFO] [stderr]    Compiling png v0.18.1
[INFO] [stderr]    Compiling zstd-sys v2.0.16+zstd.1.5.7
[INFO] [stderr]    Compiling zune-jpeg v0.5.15
[INFO] [stderr]    Compiling mmforge-format-step v0.1.0 (/opt/rustwide/workdir/crates/mmforge-format-step)
[INFO] [stderr]    Compiling byteorder-lite v0.1.0
[INFO] [stderr]    Compiling bytemuck v1.25.0
[INFO] [stderr]    Compiling byteorder v1.5.0
[INFO] [stderr]    Compiling clap_lex v1.1.0
[INFO] [stderr]    Compiling urlencoding v2.1.3
[INFO] [stderr]    Compiling base64 v0.13.1
[INFO] [stderr]    Compiling clap_builder v4.6.0
[INFO] [stderr]    Compiling serde_derive v1.0.228
[INFO] [stderr]    Compiling thiserror-impl v2.0.18
[INFO] [stderr]    Compiling moxcms v0.8.1
[INFO] [stderr]    Compiling gltf-derive v1.4.1
[INFO] [stderr]    Compiling clap_derive v4.6.1
[INFO] [stderr]    Compiling clap v4.6.1
[INFO] [stderr]    Compiling gltf-json v1.4.1
[INFO] [stderr]    Compiling image v0.25.10
[INFO] [stderr]    Compiling gltf v1.4.1
[INFO] [stderr]    Compiling zstd v0.13.3
[INFO] [stderr]    Compiling mmforge-core v0.1.0 (/opt/rustwide/workdir/crates/mmforge-core)
[INFO] [stderr]    Compiling mmforge-format-dxf v0.1.0 (/opt/rustwide/workdir/crates/mmforge-format-dxf)
[INFO] [stderr]    Compiling mmforge-format-iges v0.1.0 (/opt/rustwide/workdir/crates/mmforge-format-iges)
[INFO] [stderr]    Compiling mmforge-render v0.1.0 (/opt/rustwide/workdir/crates/mmforge-render)
[INFO] [stderr]    Compiling mmforge-bridge v0.1.0 (/opt/rustwide/workdir/crates/mmforge-bridge)
[INFO] [stderr]    Compiling mmforge-cli v0.1.0 (/opt/rustwide/workdir/crates/mmforge-cli)
[INFO] [stderr] warning: unused dependency `pkg-config`
[INFO] [stderr]   --> crates/mmforge-format-step/Cargo.toml:24:1
[INFO] [stderr]    |
[INFO] [stderr] 24 | pkg-config = "0.3"
[INFO] [stderr]    | ^^^^^^^^^^^^^^^^^^
[INFO] [stderr]    |
[INFO] [stderr]    = note: `cargo::unused_dependencies` is set to `warn` by default
[INFO] [stderr] help: consider removing the dependency on `pkg-config`
[INFO] [stderr] warning: `mmforge-format-step` (manifest) generated 1 warning
[INFO] [stderr] warning: unused dependency `pkg-config`
[INFO] [stderr]   --> crates/mmforge-geometry/Cargo.toml:23:1
[INFO] [stderr]    |
[INFO] [stderr] 23 | pkg-config = "0.3"
[INFO] [stderr]    | ^^^^^^^^^^^^^^^^^^
[INFO] [stderr]    |
[INFO] [stderr]    = note: `cargo::unused_dependencies` is set to `warn` by default
[INFO] [stderr] help: consider removing the dependency on `pkg-config`
[INFO] [stderr] warning: unused dependency `sha2`
[INFO] [stderr]   --> crates/mmforge-geometry/Cargo.toml:24:1
[INFO] [stderr]    |
[INFO] [stderr] 24 | sha2 = "0.10"
[INFO] [stderr]    | ^^^^^^^^^^^^^
[INFO] [stderr]    |
[INFO] [stderr] help: consider removing the dependency on `sha2`
[INFO] [stderr] warning: `mmforge-geometry` (manifest) generated 2 warnings
[INFO] [stderr]     Finished `release` profile [optimized] target(s) in 2m 24s
[INFO] running `Command { std: "docker" "inspect" "76a047ee093c8eedd98135904e547993ced7a300ad0e569377de6084bbad47e4", kill_on_drop: false }`
[INFO] running `Command { std: "docker" "exec" "-e" "SOURCE_DIR=/opt/rustwide/workdir" "-e" "CARGO_HOME=/opt/rustwide/cargo-home" "-e" "RUSTUP_HOME=/opt/rustwide/rustup-home" "-e" "CARGO_TARGET_DIR=/opt/rustwide/target" "-e" "CARGO_INCREMENTAL=0" "-e" "RUST_BACKTRACE=full" "-e" "RUSTFLAGS=--cap-lints=warn" "-e" "RUSTDOCFLAGS=--cap-lints=warn" "-w" "/opt/rustwide/workdir" "--user" "0:0" "76a047ee093c8eedd98135904e547993ced7a300ad0e569377de6084bbad47e4" "/opt/rustwide/cargo-home/bin/cargo" "+1.100.0-beta.1" "test" "--frozen" "--no-run" "--message-format=json" "--release", kill_on_drop: false }`
[INFO] [stderr] warning: unused field `description` in `workspace.package`
[INFO] [stderr]   --> Cargo.toml:44:1
[INFO] [stderr]    |
[INFO] [stderr] 44 | description = "Industrial 2D/3D model parser and native renderer"
[INFO] [stderr]    | ^^^^^^^^^^^
[INFO] [stderr]    |
[INFO] [stderr]    = note: `cargo::unused_workspace_package_fields` is set to `warn` by default
[INFO] [stderr] help: consider removing the field `workspace.package.description`
[INFO] [stderr] warning: workspace (manifest) generated 1 warning
[INFO] [stderr]    Compiling serde_core v1.0.228
[INFO] [stderr]    Compiling serde v1.0.228
[INFO] [stderr]    Compiling libc v0.2.186
[INFO] [stderr]    Compiling bitflags v2.13.0
[INFO] [stderr]    Compiling once_cell v1.21.4
[INFO] [stderr]    Compiling crossbeam-utils v0.8.21
[INFO] [stderr]    Compiling zerocopy v0.8.52
[INFO] [stderr]    Compiling zerocopy-derive v0.8.52
[INFO] [stderr]    Compiling fastrand v2.4.1
[INFO] [stderr]    Compiling either v1.16.0
[INFO] [stderr]    Compiling rayon-core v1.13.0
[INFO] [stderr]    Compiling plotters-backend v0.3.7
[INFO] [stderr]    Compiling png v0.18.1
[INFO] [stderr]    Compiling rustix v1.1.4
[INFO] [stderr]    Compiling ciborium-io v0.2.2
[INFO] [stderr]    Compiling regex-syntax v0.8.11
[INFO] [stderr]    Compiling plotters-svg v0.3.7
[INFO] [stderr]    Compiling crossbeam-epoch v0.9.18
[INFO] [stderr]    Compiling itertools v0.10.5
[INFO] [stderr]    Compiling getrandom v0.4.3
[INFO] [stderr]    Compiling crossbeam-deque v0.8.6
[INFO] [stderr]    Compiling cast v0.3.0
[INFO] [stderr]    Compiling is-terminal v0.4.17
[INFO] [stderr]    Compiling plotters v0.3.7
[INFO] [stderr]    Compiling image v0.25.10
[INFO] [stderr]    Compiling tempfile v3.27.0
[INFO] [stderr]    Compiling regex-automata v0.4.14
[INFO] [stderr]    Compiling serde_json v1.0.150
[INFO] [stderr]    Compiling criterion-plot v0.5.0
[INFO] [stderr]    Compiling rayon v1.12.0
[INFO] [stderr]    Compiling mmforge-core v0.1.0 (/opt/rustwide/workdir/crates/mmforge-core)
[INFO] [stderr]    Compiling gltf-json v1.4.1
[INFO] [stderr]    Compiling mmforge-geometry v0.1.0 (/opt/rustwide/workdir/crates/mmforge-geometry)
[INFO] [stderr]    Compiling mmforge-render v0.1.0 (/opt/rustwide/workdir/crates/mmforge-render)
[INFO] [stderr]    Compiling mmforge-format-iges v0.1.0 (/opt/rustwide/workdir/crates/mmforge-format-iges)
[INFO] [stderr]    Compiling mmforge-format-step v0.1.0 (/opt/rustwide/workdir/crates/mmforge-format-step)
[INFO] [stderr]    Compiling mmforge-format-dxf v0.1.0 (/opt/rustwide/workdir/crates/mmforge-format-dxf)
[INFO] [stderr]    Compiling half v2.7.1
[INFO] [stderr]    Compiling regex v1.12.4
[INFO] [stderr]    Compiling ciborium-ll v0.2.2
[INFO] [stderr]    Compiling gltf v1.4.1
[INFO] [stderr]    Compiling ciborium v0.2.2
[INFO] [stderr]    Compiling tinytemplate v1.2.1
[INFO] [stderr]    Compiling anes v0.1.6
[INFO] [stderr]    Compiling oorandom v11.1.5
[INFO] [stderr]    Compiling criterion v0.5.1
[INFO] [stderr]    Compiling mmforge-bridge v0.1.0 (/opt/rustwide/workdir/crates/mmforge-bridge)
[INFO] [stdout] warning: unnecessary `unsafe` block
[INFO] [stdout]     --> crates/mmforge-bridge/src/lib.rs:2010:35
[INFO] [stdout]      |
[INFO] [stdout] 2010 |         let original_mesh_count = unsafe { mmf_mesh_count(doc) };
[INFO] [stdout]      |                                   ^^^^^^ unnecessary `unsafe` block
[INFO] [stdout]      |
[INFO] [stdout]      = note: `#[warn(unused_unsafe)]` (part of `#[warn(unused)]`) on by default
[INFO] [stdout] 
[INFO] [stdout] 
[INFO] [stdout] warning: unnecessary `unsafe` block
[INFO] [stdout]     --> crates/mmforge-bridge/src/lib.rs:2011:27
[INFO] [stdout]      |
[INFO] [stdout] 2011 |         let original_vc = unsafe { mmf_mesh_vertex_count(doc, 0) };
[INFO] [stdout]      |                           ^^^^^^ unnecessary `unsafe` block
[INFO] [stdout] 
[INFO] [stdout] 
[INFO] [stdout] warning: unnecessary `unsafe` block
[INFO] [stdout]     --> crates/mmforge-bridge/src/lib.rs:2012:27
[INFO] [stdout]      |
[INFO] [stdout] 2012 |         let original_ic = unsafe { mmf_mesh_index_count(doc, 0) };
[INFO] [stdout]      |                           ^^^^^^ unnecessary `unsafe` block
[INFO] [stdout] 
[INFO] [stdout] 
[INFO] [stdout] warning: unnecessary `unsafe` block
[INFO] [stdout]     --> crates/mmforge-bridge/src/lib.rs:2033:13
[INFO] [stdout]      |
[INFO] [stdout] 2033 |             unsafe { mmf_mesh_count(doc2) },
[INFO] [stdout]      |             ^^^^^^ unnecessary `unsafe` block
[INFO] [stdout] 
[INFO] [stdout] 
[INFO] [stdout] warning: unnecessary `unsafe` block
[INFO] [stdout]     --> crates/mmforge-bridge/src/lib.rs:2038:13
[INFO] [stdout]      |
[INFO] [stdout] 2038 |             unsafe { mmf_mesh_vertex_count(doc2, 0) },
[INFO] [stdout]      |             ^^^^^^ unnecessary `unsafe` block
[INFO] [stdout] 
[INFO] [stdout] 
[INFO] [stdout] warning: unnecessary `unsafe` block
[INFO] [stdout]     --> crates/mmforge-bridge/src/lib.rs:2043:13
[INFO] [stdout]      |
[INFO] [stdout] 2043 |             unsafe { mmf_mesh_index_count(doc2, 0) },
[INFO] [stdout]      |             ^^^^^^ unnecessary `unsafe` block
[INFO] [stdout] 
[INFO] [stdout] 
[INFO] [stdout] warning: unnecessary `unsafe` block
[INFO] [stdout]     --> crates/mmforge-bridge/src/lib.rs:2050:23
[INFO] [stdout]      |
[INFO] [stdout] 2050 |         let pos_ptr = unsafe { mmf_mesh_positions(doc2, 0) };
[INFO] [stdout]      |                       ^^^^^^ unnecessary `unsafe` block
[INFO] [stdout] 
[INFO] [stdout] 
[INFO] [stdout] warning: unnecessary `unsafe` block
[INFO] [stdout]   --> crates/mmforge-bridge/tests/cache_bench.rs:79:25
[INFO] [stdout]    |
[INFO] [stdout] 79 |         let triangles = unsafe { mmf_triangle_count(doc) };
[INFO] [stdout]    |                         ^^^^^^ unnecessary `unsafe` block
[INFO] [stdout]    |
[INFO] [stdout]    = note: `#[warn(unused_unsafe)]` (part of `#[warn(unused)]`) on by default
[INFO] [stdout] 
[INFO] [stdout] 
[INFO] [stdout] warning: unnecessary `unsafe` block
[INFO] [stdout]   --> crates/mmforge-bridge/tests/cache_bench.rs:80:22
[INFO] [stdout]    |
[INFO] [stdout] 80 |         let meshes = unsafe { mmf_mesh_count(doc) };
[INFO] [stdout]    |                      ^^^^^^ unnecessary `unsafe` block
[INFO] [stdout] 
[INFO] [stdout] 
[INFO] [stdout] warning: unnecessary `unsafe` block
[INFO] [stdout]    --> crates/mmforge-bridge/tests/cache_bench.rs:117:26
[INFO] [stdout]     |
[INFO] [stdout] 117 |         let triangles2 = unsafe { mmf_triangle_count(doc2) };
[INFO] [stdout]     |                          ^^^^^^ unnecessary `unsafe` block
[INFO] [stdout] 
[INFO] [stdout] 
[INFO] [stdout] warning: unnecessary `unsafe` block
[INFO] [stdout]    --> crates/mmforge-bridge/tests/cache_bench.rs:118:23
[INFO] [stdout]     |
[INFO] [stdout] 118 |         let meshes2 = unsafe { mmf_mesh_count(doc2) };
[INFO] [stdout]     |                       ^^^^^^ unnecessary `unsafe` block
[INFO] [stdout] 
[INFO] [stdout] 
[INFO] [stdout] warning: unnecessary `unsafe` block
[INFO] [stdout]    --> crates/mmforge-bridge/tests/cache_bench.rs:151:17
[INFO] [stdout]     |
[INFO] [stdout] 151 |     let total = unsafe { mmf_mesh_count(doc) };
[INFO] [stdout]     |                 ^^^^^^ unnecessary `unsafe` block
[INFO] [stdout] 
[INFO] [stdout] 
[INFO] [stdout] warning: unnecessary `unsafe` block
[INFO] [stdout]    --> crates/mmforge-bridge/tests/cache_bench.rs:152:18
[INFO] [stdout]     |
[INFO] [stdout] 152 |     let chunks = unsafe { mmf_build_streaming_packet(doc, 64 * 1024 * 1024) };
[INFO] [stdout]     |                  ^^^^^^ unnecessary `unsafe` block
[INFO] [stdout] 
[INFO] [stdout] 
[INFO] [stdout] warning: unnecessary `unsafe` block
[INFO] [stdout]    --> crates/mmforge-bridge/tests/cache_bench.rs:157:18
[INFO] [stdout]     |
[INFO] [stdout] 157 |         let mc = unsafe { mmf_chunk_mesh_count(doc, ci) };
[INFO] [stdout]     |                  ^^^^^^ unnecessary `unsafe` block
[INFO] [stdout] 
[INFO] [stdout] 
[INFO] [stdout] warning: unnecessary `unsafe` block
[INFO] [stdout]    --> crates/mmforge-bridge/tests/cache_bench.rs:160:23
[INFO] [stdout]     |
[INFO] [stdout] 160 |             let gid = unsafe { mmf_chunk_mesh_geometry_id(doc, ci, mi) };
[INFO] [stdout]     |                       ^^^^^^ unnecessary `unsafe` block
[INFO] [stdout] 
[INFO] [stdout] 
[INFO] [stdout] warning: unnecessary `unsafe` block
[INFO] [stdout]    --> crates/mmforge-bridge/tests/cache_bench.rs:161:50
[INFO] [stdout]     |
[INFO] [stdout] 161 |             let packet_idx = (0..total).find(|i| unsafe { mmf_mesh_geometry_id(doc, *i) } == gid);
[INFO] [stdout]     |                                                  ^^^^^^ unnecessary `unsafe` block
[INFO] [stdout] 
[INFO] [stdout] 
[INFO] [stdout] warning: unnecessary `unsafe` block
[INFO] [stdout]    --> crates/mmforge-bridge/tests/cache_bench.rs:171:5
[INFO] [stdout]     |
[INFO] [stdout] 171 |     unsafe { mmf_document_free(doc) };
[INFO] [stdout]     |     ^^^^^^ unnecessary `unsafe` block
[INFO] [stdout] 
[INFO] [stdout] 
[INFO] [stderr]    Compiling mmforge-cli v0.1.0 (/opt/rustwide/workdir/crates/mmforge-cli)
[INFO] [stderr] warning: unused dependency `pkg-config`
[INFO] [stderr]   --> crates/mmforge-format-step/Cargo.toml:24:1
[INFO] [stderr]    |
[INFO] [stderr] 24 | pkg-config = "0.3"
[INFO] [stderr]    | ^^^^^^^^^^^^^^^^^^
[INFO] [stderr]    |
[INFO] [stderr]    = note: `cargo::unused_dependencies` is set to `warn` by default
[INFO] [stderr] help: consider removing the dependency on `pkg-config`
[INFO] [stderr] warning: `mmforge-format-step` (manifest) generated 1 warning
[INFO] [stderr] warning: unused dependency `pkg-config`
[INFO] [stderr]   --> crates/mmforge-geometry/Cargo.toml:23:1
[INFO] [stderr]    |
[INFO] [stderr] 23 | pkg-config = "0.3"
[INFO] [stderr]    | ^^^^^^^^^^^^^^^^^^
[INFO] [stderr]    |
[INFO] [stderr]    = note: `cargo::unused_dependencies` is set to `warn` by default
[INFO] [stderr] help: consider removing the dependency on `pkg-config`
[INFO] [stderr] warning: unused dependency `sha2`
[INFO] [stderr]   --> crates/mmforge-geometry/Cargo.toml:24:1
[INFO] [stderr]    |
[INFO] [stderr] 24 | sha2 = "0.10"
[INFO] [stderr]    | ^^^^^^^^^^^^^
[INFO] [stderr]    |
[INFO] [stderr] help: consider removing the dependency on `sha2`
[INFO] [stderr] warning: `mmforge-geometry` (manifest) generated 2 warnings
[INFO] [stderr]     Finished `release` profile [optimized] target(s) in 1m 33s
[INFO] running `Command { std: "docker" "inspect" "76a047ee093c8eedd98135904e547993ced7a300ad0e569377de6084bbad47e4", kill_on_drop: false }`
[INFO] running `Command { std: "docker" "exec" "-e" "SOURCE_DIR=/opt/rustwide/workdir" "-e" "CARGO_HOME=/opt/rustwide/cargo-home" "-e" "RUSTUP_HOME=/opt/rustwide/rustup-home" "-e" "CARGO_TARGET_DIR=/opt/rustwide/target" "-e" "CARGO_INCREMENTAL=0" "-e" "RUST_BACKTRACE=full" "-e" "RUSTFLAGS=--cap-lints=warn" "-e" "RUSTDOCFLAGS=--cap-lints=warn" "-w" "/opt/rustwide/workdir" "--user" "0:0" "76a047ee093c8eedd98135904e547993ced7a300ad0e569377de6084bbad47e4" "/opt/rustwide/cargo-home/bin/cargo" "+1.100.0-beta.1" "test" "--frozen" "--release", kill_on_drop: false }`
[INFO] [stderr] warning: unused field `description` in `workspace.package`
[INFO] [stderr]   --> Cargo.toml:44:1
[INFO] [stderr]    |
[INFO] [stderr] 44 | description = "Industrial 2D/3D model parser and native renderer"
[INFO] [stderr]    | ^^^^^^^^^^^
[INFO] [stderr]    |
[INFO] [stderr]    = note: `cargo::unused_workspace_package_fields` is set to `warn` by default
[INFO] [stderr] help: consider removing the field `workspace.package.description`
[INFO] [stderr] warning: workspace (manifest) generated 1 warning
[INFO] [stderr] warning: unnecessary `unsafe` block
[INFO] [stderr]     --> crates/mmforge-bridge/src/lib.rs:2010:35
[INFO] [stderr]      |
[INFO] [stderr] 2010 |         let original_mesh_count = unsafe { mmf_mesh_count(doc) };
[INFO] [stderr]      |                                   ^^^^^^ unnecessary `unsafe` block
[INFO] [stderr]      |
[INFO] [stderr]      = note: `#[warn(unused_unsafe)]` (part of `#[warn(unused)]`) on by default
[INFO] [stderr] 
[INFO] [stderr] warning: unnecessary `unsafe` block
[INFO] [stderr]     --> crates/mmforge-bridge/src/lib.rs:2011:27
[INFO] [stderr]      |
[INFO] [stderr] 2011 |         let original_vc = unsafe { mmf_mesh_vertex_count(doc, 0) };
[INFO] [stderr]      |                           ^^^^^^ unnecessary `unsafe` block
[INFO] [stderr] 
[INFO] [stderr] warning: unnecessary `unsafe` block
[INFO] [stderr]     --> crates/mmforge-bridge/src/lib.rs:2012:27
[INFO] [stderr]      |
[INFO] [stderr] 2012 |         let original_ic = unsafe { mmf_mesh_index_count(doc, 0) };
[INFO] [stderr]      |                           ^^^^^^ unnecessary `unsafe` block
[INFO] [stderr] 
[INFO] [stderr] warning: unnecessary `unsafe` block
[INFO] [stderr]     --> crates/mmforge-bridge/src/lib.rs:2033:13
[INFO] [stderr]      |
[INFO] [stderr] 2033 |             unsafe { mmf_mesh_count(doc2) },
[INFO] [stderr]      |             ^^^^^^ unnecessary `unsafe` block
[INFO] [stderr] 
[INFO] [stderr] warning: unnecessary `unsafe` block
[INFO] [stderr]     --> crates/mmforge-bridge/src/lib.rs:2038:13
[INFO] [stderr]      |
[INFO] [stderr] 2038 |             unsafe { mmf_mesh_vertex_count(doc2, 0) },
[INFO] [stderr]      |             ^^^^^^ unnecessary `unsafe` block
[INFO] [stderr] 
[INFO] [stderr] warning: unnecessary `unsafe` block
[INFO] [stderr]     --> crates/mmforge-bridge/src/lib.rs:2043:13
[INFO] [stderr]      |
[INFO] [stderr] 2043 |             unsafe { mmf_mesh_index_count(doc2, 0) },
[INFO] [stderr]      |             ^^^^^^ unnecessary `unsafe` block
[INFO] [stderr] 
[INFO] [stderr] warning: unnecessary `unsafe` block
[INFO] [stderr]     --> crates/mmforge-bridge/src/lib.rs:2050:23
[INFO] [stderr]      |
[INFO] [stderr] 2050 |         let pos_ptr = unsafe { mmf_mesh_positions(doc2, 0) };
[INFO] [stderr]      |                       ^^^^^^ unnecessary `unsafe` block
[INFO] [stderr] 
[INFO] [stderr] warning: unnecessary `unsafe` block
[INFO] [stderr]   --> crates/mmforge-bridge/tests/cache_bench.rs:79:25
[INFO] [stderr]    |
[INFO] [stderr] 79 |         let triangles = unsafe { mmf_triangle_count(doc) };
[INFO] [stderr]    |                         ^^^^^^ unnecessary `unsafe` block
[INFO] [stderr]    |
[INFO] [stderr]    = note: `#[warn(unused_unsafe)]` (part of `#[warn(unused)]`) on by default
[INFO] [stderr] 
[INFO] [stderr] warning: unnecessary `unsafe` block
[INFO] [stderr]   --> crates/mmforge-bridge/tests/cache_bench.rs:80:22
[INFO] [stderr]    |
[INFO] [stderr] 80 |         let meshes = unsafe { mmf_mesh_count(doc) };
[INFO] [stderr]    |                      ^^^^^^ unnecessary `unsafe` block
[INFO] [stderr] 
[INFO] [stderr] warning: unnecessary `unsafe` block
[INFO] [stderr]    --> crates/mmforge-bridge/tests/cache_bench.rs:117:26
[INFO] [stderr]     |
[INFO] [stderr] 117 |         let triangles2 = unsafe { mmf_triangle_count(doc2) };
[INFO] [stderr]     |                          ^^^^^^ unnecessary `unsafe` block
[INFO] [stderr] 
[INFO] [stderr] warning: unnecessary `unsafe` block
[INFO] [stderr]    --> crates/mmforge-bridge/tests/cache_bench.rs:118:23
[INFO] [stderr]     |
[INFO] [stderr] 118 |         let meshes2 = unsafe { mmf_mesh_count(doc2) };
[INFO] [stderr]     |                       ^^^^^^ unnecessary `unsafe` block
[INFO] [stderr] 
[INFO] [stderr] warning: unnecessary `unsafe` block
[INFO] [stderr]    --> crates/mmforge-bridge/tests/cache_bench.rs:151:17
[INFO] [stderr]     |
[INFO] [stderr] 151 |     let total = unsafe { mmf_mesh_count(doc) };
[INFO] [stderr]     |                 ^^^^^^ unnecessary `unsafe` block
[INFO] [stderr] 
[INFO] [stderr] warning: unnecessary `unsafe` block
[INFO] [stderr]    --> crates/mmforge-bridge/tests/cache_bench.rs:152:18
[INFO] [stderr]     |
[INFO] [stderr] 152 |     let chunks = unsafe { mmf_build_streaming_packet(doc, 64 * 1024 * 1024) };
[INFO] [stderr]     |                  ^^^^^^ unnecessary `unsafe` block
[INFO] [stderr] 
[INFO] [stderr] warning: unnecessary `unsafe` block
[INFO] [stderr]    --> crates/mmforge-bridge/tests/cache_bench.rs:157:18
[INFO] [stderr]     |
[INFO] [stderr] 157 |         let mc = unsafe { mmf_chunk_mesh_count(doc, ci) };
[INFO] [stderr]     |                  ^^^^^^ unnecessary `unsafe` block
[INFO] [stderr] 
[INFO] [stderr] warning: unnecessary `unsafe` block
[INFO] [stderr]    --> crates/mmforge-bridge/tests/cache_bench.rs:160:23
[INFO] [stderr]     |
[INFO] [stderr] 160 |             let gid = unsafe { mmf_chunk_mesh_geometry_id(doc, ci, mi) };
[INFO] [stderr]     |                       ^^^^^^ unnecessary `unsafe` block
[INFO] [stderr] 
[INFO] [stderr] warning: unnecessary `unsafe` block
[INFO] [stderr]    --> crates/mmforge-bridge/tests/cache_bench.rs:161:50
[INFO] [stderr]     |
[INFO] [stderr] 161 |             let packet_idx = (0..total).find(|i| unsafe { mmf_mesh_geometry_id(doc, *i) } == gid);
[INFO] [stderr]     |                                                  ^^^^^^ unnecessary `unsafe` block
[INFO] [stderr] 
[INFO] [stderr] warning: unnecessary `unsafe` block
[INFO] [stderr]    --> crates/mmforge-bridge/tests/cache_bench.rs:171:5
[INFO] [stderr]     |
[INFO] [stderr] 171 |     unsafe { mmf_document_free(doc) };
[INFO] [stderr]     |     ^^^^^^ unnecessary `unsafe` block
[INFO] [stderr] 
[INFO] [stderr] warning: `mmforge-bridge` (lib test) generated 7 warnings
[INFO] [stderr] warning: `mmforge-bridge` (test "cache_bench") generated 10 warnings
[INFO] [stderr] warning: unused dependency `pkg-config`
[INFO] [stderr]   --> crates/mmforge-format-step/Cargo.toml:24:1
[INFO] [stderr]    |
[INFO] [stderr] 24 | pkg-config = "0.3"
[INFO] [stderr]    | ^^^^^^^^^^^^^^^^^^
[INFO] [stderr]    |
[INFO] [stderr]    = note: `cargo::unused_dependencies` is set to `warn` by default
[INFO] [stderr] help: consider removing the dependency on `pkg-config`
[INFO] [stderr] warning: `mmforge-format-step` (manifest) generated 1 warning
[INFO] [stderr] warning: unused dependency `pkg-config`
[INFO] [stderr]   --> crates/mmforge-geometry/Cargo.toml:23:1
[INFO] [stderr]    |
[INFO] [stderr] 23 | pkg-config = "0.3"
[INFO] [stderr]    | ^^^^^^^^^^^^^^^^^^
[INFO] [stderr]    |
[INFO] [stderr]    = note: `cargo::unused_dependencies` is set to `warn` by default
[INFO] [stderr] help: consider removing the dependency on `pkg-config`
[INFO] [stderr] warning: unused dependency `sha2`
[INFO] [stderr]   --> crates/mmforge-geometry/Cargo.toml:24:1
[INFO] [stderr]    |
[INFO] [stderr] 24 | sha2 = "0.10"
[INFO] [stderr]    | ^^^^^^^^^^^^^
[INFO] [stderr]    |
[INFO] [stderr] help: consider removing the dependency on `sha2`
[INFO] [stderr] warning: `mmforge-geometry` (manifest) generated 2 warnings
[INFO] [stderr]     Finished `release` profile [optimized] target(s) in 0.15s
[INFO] [stderr]      Running unittests src/lib.rs (/opt/rustwide/target/release/build/mmforge-bridge/31399196b6d05b30/out/mmforge_bridge-31399196b6d05b30)
[INFO] [stdout] 
[INFO] [stdout] running 89 tests
[INFO] [stdout] test format_route::tests::detect_glb_binary ... ok
[INFO] [stdout] test dxf_detector::tests::detect_dxf_extension_only ... ok
[INFO] [stdout] test dxf_detector::tests::reject_non_dxf ... ok
[INFO] [stdout] test dxf_detector::tests::detect_dxf_with_section ... ok
[INFO] [stdout] test format_route::tests::cancel_before_parse_with_progress ... ok
[INFO] [stdout] test format_route::tests::detect_gltf_json ... ok
[INFO] [stdout] test format_route::tests::detect_dxf ... ok
[INFO] [stdout] test format_route::tests::detect_lsm ... ok
[INFO] [stdout] test format_route::tests::detect_lsm_by_extension_only ... ok
[INFO] [stdout] test format_route::tests::detect_step_fallback ... ok
[INFO] [stdout] test format_route::tests::dxf_chosen_before_stl ... ok
[INFO] [stdout] test format_route::tests::e2e_gltf_real_fixture ... ok
[INFO] [stdout] test format_route::tests::e2e_dxf ... ok
[INFO] [stdout] test format_route::tests::detect_stl ... ok
[INFO] [stdout] test format_route::tests::e2e_lsm_roundtrip ... ok
[INFO] [stdout] test format_route::tests::e2e_stl_binary ... ok
[INFO] [stdout] test format_route::tests::is_2d_only_dxf ... ok
[INFO] [stdout] test format_route::tests::e2e_stl_ascii ... ok
[INFO] [stdout] test gltf_parser::tests::decode_data_uri_invalid_base64 ... ok
[INFO] [stdout] test format_route::tests::lsm_chosen_before_step ... ok
[INFO] [stdout] test gltf_parser::tests::decode_data_uri_missing_marker ... ok
[INFO] [stdout] test gltf_parser::tests::decode_data_uri_valid ... ok
[INFO] [stdout] test format_route::tests::progress_labels_are_unique_and_not_empty ... ok
[INFO] [stdout] test format_route::tests::static_strs_match_format ... ok
[INFO] [stdout] test format_route::tests::step_fallback_with_garbage_gives_parse_error ... ok
[INFO] [stdout] test gltf_parser::tests::reject_glb_with_wrong_magic ... ok
[INFO] [stdout] test gltf_parser::tests::gltf_single_root_no_assembly ... ok
[INFO] [stdout] test gltf_parser::tests::gltf_multi_root_gets_synthetic_assembly ... ok
[INFO] [stdout] test gltf_parser::tests::parse_gltf_cancellation_returns_error ... ok
[INFO] [stdout] test gltf_parser::tests::parse_minimal_gltf_with_data_uri ... ok
[INFO] [stdout] test gltf_parser::tests::detect_glb_magic ... ok
[INFO] [stdout] test iges_detector::tests::detect_iges_igs_extension ... ok
[INFO] [stdout] test gltf_parser::tests::detect_gltf_json_header ... ok
[INFO] [stdout] test gltf_parser::tests::reject_gltf_json_with_wrong_extension ... ok
[INFO] [stdout] test gltf_parser::tests::reject_non_gltf_data ... ok
[INFO] [stdout] test iges_detector::tests::detect_iges_iges_extension ... ok
[INFO] [stdout] test iges_detector::tests::detect_iges_short_header ... ok
[INFO] [stdout] test iges_detector::tests::detect_iges_uppercase_extension ... ok
[INFO] [stdout] test iges_detector::tests::detect_iges_with_header_marker ... ok
[INFO] [stdout] test iges_detector::tests::reject_non_iges_extension ... ok
[INFO] [stdout] test job::tests::cancel_token_clone_shares_state ... ok
[INFO] [stdout] test iges_detector::tests::reject_iges_with_no_extension ... ok
[INFO] [stdout] test job::tests::frustum_cull_far_cube ... ok
[INFO] [stdout] test job::tests::job_free_is_non_blocking ... ok
[INFO] [stdout] test job::tests::chunk_streaming_on_parsed_doc ... ok
[INFO] [stdout] test job::tests::mesh_base_color_returns_valid_rgba_for_valid_mesh ... ok
[INFO] [stdout] test format_route::tests::detect_iges ... ok
[INFO] [stdout] test job::tests::cancel_token_new_and_cancel ... ok
[INFO] [stdout] test job::tests::frustum_visible_central_cube ... ok
[INFO] [stdout] test job::tests::open_async_invalid_utf8_returns_null ... ok
[INFO] [stdout] test lsm_detector::tests::detect_lsm_by_extension ... ok
[INFO] [stdout] test job::tests::occt_available_returns_zero_or_one ... ok
[INFO] [stdout] test job::tests::open_async_null_path_returns_null ... ok
[INFO] [stdout] test job::tests::chunk_mesh_base_color_matches_flat_lookup ... ok
[INFO] [stdout] test lsm_detector::tests::detect_lsm_by_magic ... ok
[INFO] [stdout] test job::tests::reset_rebuild_chunks_with_new_budget ... ok
[INFO] [stdout] test lsm_detector::tests::parse_dot_lsm_file ... ok
[INFO] [stdout] test lsm_detector::tests::parse_corrupted_lsmc_returns_error ... ok
[INFO] [stdout] test lsm_detector::tests::parse_dot_lsmc_file ... ok
[INFO] [stdout] test lsm_detector::tests::reject_non_lsm ... ok
[INFO] [stdout] test lsm_detector::tests::parse_empty_file_errors ... ok
[INFO] [stdout] test lsm_detector::tests::parse_lsmc_magic_wrong_extension ... ok
[INFO] [stdout] test stl_parser::tests::binary_stl_strict_length_rejects_oversized_file ... ok
[INFO] [stdout] test lsm_detector::tests::parse_lsmd_magic_no_extension ... ok
[INFO] [stdout] test lsm_detector::tests::parse_lsmc_magic_no_extension ... ok
[INFO] [stdout] test stl_parser::tests::detect_ascii_stl_with_solid_header_and_facet_after_200_bytes ... ok
[INFO] [stdout] test stl_parser::tests::binary_stl_with_solid_header_and_facet_bytes_in_triangle_data ... ok
[INFO] [stdout] test stl_parser::tests::binary_stl_strict_length_accepts_small_trailing_padding ... ok
[INFO] [stdout] test stl_parser::tests::detect_binary_stl_with_valid_header ... ok
[INFO] [stdout] test job::tests::open_async_cancel_before_parse ... ok
[INFO] [stdout] test stl_parser::tests::parse_ascii_stl_fixture ... ok
[INFO] [stdout] test stl_parser::tests::detect_binary_stl_with_solid_header ... ok
[INFO] [stdout] test stl_parser::tests::parse_simple_ascii_stl ... ok
[INFO] [stdout] test stl_parser::tests::reject_non_stl_data ... ok
[INFO] [stdout] test stl_parser::tests::parse_single_triangle_binary_stl ... ok
[INFO] [stdout] test stl_parser::tests::detect_ascii_stl_with_solid_header_and_digit_offset ... ok
[INFO] [stdout] test stl_parser::tests::detect_ascii_stl_with_solid_prefix ... ok
[INFO] [stdout] test stl_parser::tests::parse_stl_cancellation_returns_error ... ok
[INFO] [stdout] test stl_parser::tests::reject_stl_with_zero_triangles ... ok
[INFO] [stdout] test tests::cache_version_is_nonempty_string ... ok
[INFO] [stdout] test tests::interleaved_copy_rejects_small_buffer ... ok
[INFO] [stdout] test stl_parser::tests::parse_binary_stl_fixture ... ok
[INFO] [stdout] test stl_parser::tests::reject_stl_with_wrong_extension ... ok
[INFO] [stdout] test tests::interleaved_copy_writes_24_bytes_per_vertex ... ok
[INFO] [stdout] test job::tests::open_async_progress_callback_fires ... ok
[INFO] [stdout] test tests::lsm_bytes_roundtrip_recovers_full_mesh_values ... ok
[INFO] [stdout] test tests::e2e_cache_roundtrip_preserves_mesh_data ... ok
[INFO] [stdout] test tests::lsm_bytes_merges_packet_mesh_into_brep_model ... ok
[INFO] [stdout] test job::tests::open_async_nonexistent_file_returns_error_via_callback ... ok
[INFO] [stdout] 
[INFO] [stdout] test result: ok. 89 passed; 0 failed; 0 ignored; 0 measured; 0 filtered out; finished in 0.12s
[INFO] [stdout] 
[INFO] [stderr]      Running tests/cache_bench.rs (/opt/rustwide/target/release/build/mmforge-bridge/a990e96783ca7763/out/cache_bench-a990e96783ca7763)
[INFO] [stdout] 
[INFO] [stdout] running 2 tests
[INFO] [stdout] test bench_cache_path_all_fixtures ... ignored
[INFO] [stdout] test check_chunk_mesh_index_semantics ... ignored
[INFO] [stdout] 
[INFO] [stdout] test result: ok. 0 passed; 0 failed; 2 ignored; 0 measured; 0 filtered out; finished in 0.00s
[INFO] [stdout] 
[INFO] [stderr]      Running unittests src/main.rs (/opt/rustwide/target/release/build/mmforge-cli/ff3163db2ee1571b/out/mmforge-ff3163db2ee1571b)
[INFO] [stdout] 
[INFO] [stdout] running 12 tests
[INFO] [stdout] test tests::detect_binary_stl ... ok
[INFO] [stdout] test tests::iges_extension_triggers_real_parser ... ok
[INFO] [stdout] test tests::enrich_model_replaces_brep_with_mesh ... ok
[INFO] [stdout] test tests::lsm_bad_magic_error ... ok
[INFO] [stdout] test tests::dxf_cli_returns_nodes_geoms_gt_zero ... ok
[INFO] [stdout] test tests::detect_ascii_stl ... ok
[INFO] [stdout] test tests::lsm_info_json_output ... ok
[INFO] [stdout] test tests::unknown_file_falls_back_to_stl ... ok
[INFO] [stdout] test tests::step_extension_triggers_real_parser ... ok
[INFO] [stdout] test tests::lsm_validate_clean ... ok
[INFO] [stderr]      Running tests/integration.rs (/opt/rustwide/target/release/build/mmforge-cli/b23f60aeecd57c96/out/integration-b23f60aeecd57c96)
[INFO] [stdout] test tests::binary_stl_to_lsm_round_trip ... ok
[INFO] [stdout] test tests::lsm_high_version_error ... ok
[INFO] [stdout] 
[INFO] [stdout] test result: ok. 12 passed; 0 failed; 0 ignored; 0 measured; 0 filtered out; finished in 0.01s
[INFO] [stdout] 
[INFO] [stdout] 
[INFO] [stdout] running 33 tests
[INFO] [stdout] test batch_convert_partial_failure_json ... FAILED
[INFO] [stdout] test batch_convert_json_summary ... FAILED
[INFO] [stdout] test batch_convert_default_conflict_reports_json ... FAILED
[INFO] [stdout] test batch_convert_compressed ... FAILED
[INFO] [stdout] test batch_convert_continue_on_error_skips_conflicts ... FAILED
[INFO] [stdout] test batch_convert_all_conflicted_continue_on_error_produces_summary ... FAILED
[INFO] [stdout] test batch_convert_output_conflict_detected ... FAILED
[INFO] [stdout] test benchmark_json_output_stable ... FAILED
[INFO] [stdout] test batch_convert_no_continue_skips_non_conflict_with_skip_status ... FAILED
[INFO] [stdout] test batch_convert_rejects_existing_output ... FAILED
[INFO] [stdout] test convert_to_lsmc_then_info_exit_zero ... FAILED
[INFO] [stdout] test convert_to_lsmc_then_validate_json ... FAILED
[INFO] [stdout] test convert_then_info_lsm_exit_zero ... FAILED
[INFO] [stdout] test info_json_output_stable ... FAILED
[INFO] [stdout] test info_stl_exit_zero ... FAILED
[INFO] [stdout] test iges_fixture_json_error_is_valid_json_on_stdout ... FAILED
[INFO] [stdout] test info_nonexistent_exit_nonzero ... FAILED
[INFO] [stdout] test batch_convert_zero_inputs_exits_nonzero ... FAILED
[INFO] [stdout] test lsm_high_version_exit_nonzero ... FAILED
[INFO] [stdout] test lsm_bad_magic_exit_nonzero ... FAILED
[INFO] [stdout] test lsmc_bad_magic_exit_nonzero ... FAILED
[INFO] [stdout] test batch_convert_two_files_succeeds ... FAILED
[INFO] [stdout] test lsmc_extension_corrupt_lsmc_rejected ... FAILED
[INFO] [stdout] test compress_zstd_rejects_non_lsmc_output ... FAILED
[INFO] [stdout] test lsmc_magic_in_unknown_extension_reads ... FAILED
[INFO] [stdout] test no_extension_lsmc_magic_reads ... FAILED
[INFO] [stdout] test lsmc_extension_rejects_plain_lsm_data ... FAILED
[INFO] [stdout] test nonexistent_file_json_error_valid_json_on_stdout ... FAILED
[INFO] [stdout] test version_exit_zero ... FAILED
[INFO] [stdout] test validate_json_output_stable ... FAILED
[INFO] [stdout] test step_fixture_json_error_is_valid_json_on_stdout ... FAILED
[INFO] [stdout] test source_to_lsmc_to_info_json_round_trip ... FAILED
[INFO] [stdout] test unknown_compress_method_rejected ... FAILED
[INFO] [stdout] 
[INFO] [stdout] failures:
[INFO] [stdout] 
[INFO] [stdout] ---- batch_convert_partial_failure_json stdout ----
[INFO] [stdout] 
[INFO] [stdout] thread 'batch_convert_partial_failure_json' (2941) panicked at crates/mmforge-cli/tests/integration.rs:571:10:
[INFO] [stdout] called `Result::unwrap()` on an `Err` value: Os { code: 2, kind: NotFound, message: "No such file or directory" }
[INFO] [stdout] stack backtrace:
[INFO] [stdout]    0:     0x61031e9693c1 - <<std[617be2ca0a6fd877]::sys::backtrace::BacktraceLock>::print::DisplayBacktrace as core[a373ad73a504971]::fmt::Display>::fmt
[INFO] [stdout]    1:     0x61031e97e05a - core[a373ad73a504971]::fmt::write
[INFO] [stdout]    2:     0x61031e96d83c - <alloc[2e1b2a31b91974c5]::vec::Vec<u8> as core[a373ad73a504971]::io::write::Write>::write_fmt
[INFO] [stdout]    3:     0x61031e942af6 - std[617be2ca0a6fd877]::panicking::default_hook::{closure#0}
[INFO] [stdout]    4:     0x61031e95ff39 - std[617be2ca0a6fd877]::panicking::default_hook
[INFO] [stdout]    5:     0x61031e8fac30 - test[aada8e7e76ba119b]::test_main_inner::{closure#0}
[INFO] [stdout]    6:     0x61031e9600f2 - std[617be2ca0a6fd877]::panicking::panic_with_hook
[INFO] [stdout]    7:     0x61031e942ba2 - std[617be2ca0a6fd877]::panicking::panic_handler::{closure#0}
[INFO] [stdout]    8:     0x61031e93b5a9 - std[617be2ca0a6fd877]::sys::backtrace::__rust_end_short_backtrace::<std[617be2ca0a6fd877]::panicking::panic_handler::{closure#0}, !>
[INFO] [stdout]    9:     0x61031e94389d - __rustc[ea4f61d10b84890b]::rust_begin_unwind
[INFO] [stdout]   10:     0x61031e97e78c - core[a373ad73a504971]::panicking::panic_fmt
[INFO] [stdout]   11:     0x61031e97e562 - core[a373ad73a504971]::result::unwrap_failed
[INFO] [stdout]   12:     0x61031e8d8536 - <integration[83efaf80f3b1c4d]::batch_convert_partial_failure_json::{closure#0} as core[a373ad73a504971]::ops::function::FnOnce<()>>::call_once
[INFO] [stdout]   13:     0x61031e8ee07b - test[aada8e7e76ba119b]::__rust_begin_short_backtrace::<core[a373ad73a504971]::result::Result<(), alloc[2e1b2a31b91974c5]::string::String>, fn() -> core[a373ad73a504971]::result::Result<(), alloc[2e1b2a31b91974c5]::string::String>>
[INFO] [stdout]   14:     0x61031e8fb255 - test[aada8e7e76ba119b]::run_test::{closure#0}
[INFO] [stdout]   15:     0x61031e8f4b44 - std[617be2ca0a6fd877]::sys::backtrace::__rust_begin_short_backtrace::<test[aada8e7e76ba119b]::run_test::{closure#1}, ()>
[INFO] [stdout]   16:     0x61031e8fe2e2 - <std[617be2ca0a6fd877]::thread::lifecycle::spawn_unchecked<test[aada8e7e76ba119b]::run_test::{closure#1}, ()>::{closure#1} as core[a373ad73a504971]::ops::function::FnOnce<()>>::call_once::{shim:vtable#0}
[INFO] [stdout]   17:     0x61031e96866f - <std[617be2ca0a6fd877]::sys::thread::unix::Thread>::new::thread_start
[INFO] [stdout]   18:     0x73925a5e0dfa - <unknown>
[INFO] [stdout]   19:     0x73925a6743d4 - clone
[INFO] [stdout]   20:                0x0 - <unknown>
[INFO] [stdout] 
[INFO] [stdout] ---- batch_convert_json_summary stdout ----
[INFO] [stdout] 
[INFO] [stdout] thread 'batch_convert_json_summary' (2938) panicked at crates/mmforge-cli/tests/integration.rs:543:10:
[INFO] [stdout] called `Result::unwrap()` on an `Err` value: Os { code: 2, kind: NotFound, message: "No such file or directory" }
[INFO] [stdout] stack backtrace:
[INFO] [stdout]    0:     0x61031e9693c1 - <<std[617be2ca0a6fd877]::sys::backtrace::BacktraceLock>::print::DisplayBacktrace as core[a373ad73a504971]::fmt::Display>::fmt
[INFO] [stdout]    1:     0x61031e97e05a - core[a373ad73a504971]::fmt::write
[INFO] [stdout]    2:     0x61031e96d83c - <alloc[2e1b2a31b91974c5]::vec::Vec<u8> as core[a373ad73a504971]::io::write::Write>::write_fmt
[INFO] [stdout]    3:     0x61031e942af6 - std[617be2ca0a6fd877]::panicking::default_hook::{closure#0}
[INFO] [stdout]    4:     0x61031e95ff39 - std[617be2ca0a6fd877]::panicking::default_hook
[INFO] [stdout]    5:     0x61031e8fac30 - test[aada8e7e76ba119b]::test_main_inner::{closure#0}
[INFO] [stdout]    6:     0x61031e9600f2 - std[617be2ca0a6fd877]::panicking::panic_with_hook
[INFO] [stdout]    7:     0x61031e942ba2 - std[617be2ca0a6fd877]::panicking::panic_handler::{closure#0}
[INFO] [stdout]    8:     0x61031e93b5a9 - std[617be2ca0a6fd877]::sys::backtrace::__rust_end_short_backtrace::<std[617be2ca0a6fd877]::panicking::panic_handler::{closure#0}, !>
[INFO] [stdout]    9:     0x61031e94389d - __rustc[ea4f61d10b84890b]::rust_begin_unwind
[INFO] [stdout]   10:     0x61031e97e78c - core[a373ad73a504971]::panicking::panic_fmt
[INFO] [stdout]   11:     0x61031e97e562 - core[a373ad73a504971]::result::unwrap_failed
[INFO] [stdout]   12:     0x61031e8d466f - <integration[83efaf80f3b1c4d]::batch_convert_json_summary::{closure#0} as core[a373ad73a504971]::ops::function::FnOnce<()>>::call_once
[INFO] [stdout]   13:     0x61031e8ee07b - test[aada8e7e76ba119b]::__rust_begin_short_backtrace::<core[a373ad73a504971]::result::Result<(), alloc[2e1b2a31b91974c5]::string::String>, fn() -> core[a373ad73a504971]::result::Result<(), alloc[2e1b2a31b91974c5]::string::String>>
[INFO] [stdout]   14:     0x61031e8fb255 - test[aada8e7e76ba119b]::run_test::{closure#0}
[INFO] [stdout]   15:     0x61031e8f4b44 - std[617be2ca0a6fd877]::sys::backtrace::__rust_begin_short_backtrace::<test[aada8e7e76ba119b]::run_test::{closure#1}, ()>
[INFO] [stdout]   16:     0x61031e8fe2e2 - <std[617be2ca0a6fd877]::thread::lifecycle::spawn_unchecked<test[aada8e7e76ba119b]::run_test::{closure#1}, ()>::{closure#1} as core[a373ad73a504971]::ops::function::FnOnce<()>>::call_once::{shim:vtable#0}
[INFO] [stdout]   17:     0x61031e96866f - <std[617be2ca0a6fd877]::sys::thread::unix::Thread>::new::thread_start
[INFO] [stdout]   18:     0x73925a5e0dfa - <unknown>
[INFO] [stdout]   19:     0x73925a6743d4 - clone
[INFO] [stdout]   20:                0x0 - <unknown>
[INFO] [stdout] 
[INFO] [stdout] ---- batch_convert_default_conflict_reports_json stdout ----
[INFO] [stdout] 
[INFO] [stdout] thread 'batch_convert_default_conflict_reports_json' (2937) panicked at crates/mmforge-cli/tests/integration.rs:713:10:
[INFO] [stdout] called `Result::unwrap()` on an `Err` value: Os { code: 2, kind: NotFound, message: "No such file or directory" }
[INFO] [stdout] stack backtrace:
[INFO] [stdout]    0:     0x61031e9693c1 - <<std[617be2ca0a6fd877]::sys::backtrace::BacktraceLock>::print::DisplayBacktrace as core[a373ad73a504971]::fmt::Display>::fmt
[INFO] [stdout]    1:     0x61031e97e05a - core[a373ad73a504971]::fmt::write
[INFO] [stdout]    2:     0x61031e96d83c - <alloc[2e1b2a31b91974c5]::vec::Vec<u8> as core[a373ad73a504971]::io::write::Write>::write_fmt
[INFO] [stdout]    3:     0x61031e942af6 - std[617be2ca0a6fd877]::panicking::default_hook::{closure#0}
[INFO] [stdout]    4:     0x61031e95ff39 - std[617be2ca0a6fd877]::panicking::default_hook
[INFO] [stdout]    5:     0x61031e8fac30 - test[aada8e7e76ba119b]::test_main_inner::{closure#0}
[INFO] [stdout]    6:     0x61031e9600f2 - std[617be2ca0a6fd877]::panicking::panic_with_hook
[INFO] [stdout]    7:     0x61031e942ba2 - std[617be2ca0a6fd877]::panicking::panic_handler::{closure#0}
[INFO] [stdout]    8:     0x61031e93b5a9 - std[617be2ca0a6fd877]::sys::backtrace::__rust_end_short_backtrace::<std[617be2ca0a6fd877]::panicking::panic_handler::{closure#0}, !>
[INFO] [stdout]    9:     0x61031e94389d - __rustc[ea4f61d10b84890b]::rust_begin_unwind
[INFO] [stdout]   10:     0x61031e97e78c - core[a373ad73a504971]::panicking::panic_fmt
[INFO] [stdout]   11:     0x61031e97e562 - core[a373ad73a504971]::result::unwrap_failed
[INFO] [stdout]   12:     0x61031e8dd138 - <integration[83efaf80f3b1c4d]::batch_convert_default_conflict_reports_json::{closure#0} as core[a373ad73a504971]::ops::function::FnOnce<()>>::call_once
[INFO] [stdout]   13:     0x61031e8ee07b - test[aada8e7e76ba119b]::__rust_begin_short_backtrace::<core[a373ad73a504971]::result::Result<(), alloc[2e1b2a31b91974c5]::string::String>, fn() -> core[a373ad73a504971]::result::Result<(), alloc[2e1b2a31b91974c5]::string::String>>
[INFO] [stdout]   14:     0x61031e8fb255 - test[aada8e7e76ba119b]::run_test::{closure#0}
[INFO] [stdout]   15:     0x61031e8f4b44 - std[617be2ca0a6fd877]::sys::backtrace::__rust_begin_short_backtrace::<test[aada8e7e76ba119b]::run_test::{closure#1}, ()>
[INFO] [stdout]   16:     0x61031e8fe2e2 - <std[617be2ca0a6fd877]::thread::lifecycle::spawn_unchecked<test[aada8e7e76ba119b]::run_test::{closure#1}, ()>::{closure#1} as core[a373ad73a504971]::ops::function::FnOnce<()>>::call_once::{shim:vtable#0}
[INFO] [stdout]   17:     0x61031e96866f - <std[617be2ca0a6fd877]::sys::thread::unix::Thread>::new::thread_start
[INFO] [stdout]   18:     0x73925a5e0dfa - <unknown>
[INFO] [stdout]   19:     0x73925a6743d4 - clone
[INFO] [stdout]   20:                0x0 - <unknown>
[INFO] [stdout] 
[INFO] [stdout] ---- batch_convert_compressed stdout ----
[INFO] [stdout] 
[INFO] [stdout] thread 'batch_convert_compressed' (2935) panicked at crates/mmforge-cli/tests/integration.rs:520:10:
[INFO] [stdout] called `Result::unwrap()` on an `Err` value: Os { code: 2, kind: NotFound, message: "No such file or directory" }
[INFO] [stdout] stack backtrace:
[INFO] [stdout]    0:     0x61031e9693c1 - <<std[617be2ca0a6fd877]::sys::backtrace::BacktraceLock>::print::DisplayBacktrace as core[a373ad73a504971]::fmt::Display>::fmt
[INFO] [stdout]    1:     0x61031e97e05a - core[a373ad73a504971]::fmt::write
[INFO] [stdout]    2:     0x61031e96d83c - <alloc[2e1b2a31b91974c5]::vec::Vec<u8> as core[a373ad73a504971]::io::write::Write>::write_fmt
[INFO] [stdout]    3:     0x61031e942af6 - std[617be2ca0a6fd877]::panicking::default_hook::{closure#0}
[INFO] [stdout]    4:     0x61031e95ff39 - std[617be2ca0a6fd877]::panicking::default_hook
[INFO] [stdout]    5:     0x61031e8fac30 - test[aada8e7e76ba119b]::test_main_inner::{closure#0}
[INFO] [stdout]    6:     0x61031e9600f2 - std[617be2ca0a6fd877]::panicking::panic_with_hook
[INFO] [stdout]    7:     0x61031e942ba2 - std[617be2ca0a6fd877]::panicking::panic_handler::{closure#0}
[INFO] [stdout]    8:     0x61031e93b5a9 - std[617be2ca0a6fd877]::sys::backtrace::__rust_end_short_backtrace::<std[617be2ca0a6fd877]::panicking::panic_handler::{closure#0}, !>
[INFO] [stdout]    9:     0x61031e94389d - __rustc[ea4f61d10b84890b]::rust_begin_unwind
[INFO] [stdout]   10:     0x61031e97e78c - core[a373ad73a504971]::panicking::panic_fmt
[INFO] [stdout]   11:     0x61031e97e562 - core[a373ad73a504971]::result::unwrap_failed
[INFO] [stdout]   12:     0x61031e8d3e7a - <integration[83efaf80f3b1c4d]::batch_convert_compressed::{closure#0} as core[a373ad73a504971]::ops::function::FnOnce<()>>::call_once
[INFO] [stdout]   13:     0x61031e8ee07b - test[aada8e7e76ba119b]::__rust_begin_short_backtrace::<core[a373ad73a504971]::result::Result<(), alloc[2e1b2a31b91974c5]::string::String>, fn() -> core[a373ad73a504971]::result::Result<(), alloc[2e1b2a31b91974c5]::string::String>>
[INFO] [stdout]   14:     0x61031e8fb255 - test[aada8e7e76ba119b]::run_test::{closure#0}
[INFO] [stdout]   15:     0x61031e8f4b44 - std[617be2ca0a6fd877]::sys::backtrace::__rust_begin_short_backtrace::<test[aada8e7e76ba119b]::run_test::{closure#1}, ()>
[INFO] [stdout]   16:     0x61031e8fe2e2 - <std[617be2ca0a6fd877]::thread::lifecycle::spawn_unchecked<test[aada8e7e76ba119b]::run_test::{closure#1}, ()>::{closure#1} as core[a373ad73a504971]::ops::function::FnOnce<()>>::call_once::{shim:vtable#0}
[INFO] [stdout]   17:     0x61031e96866f - <std[617be2ca0a6fd877]::sys::thread::unix::Thread>::new::thread_start
[INFO] [stdout]   18:     0x73925a5e0dfa - <unknown>
[INFO] [stdout]   19:     0x73925a6743d4 - clone
[INFO] [stdout]   20:                0x0 - <unknown>
[INFO] [stdout] 
[INFO] [stdout] ---- batch_convert_continue_on_error_skips_conflicts stdout ----
[INFO] [stdout] 
[INFO] [stdout] thread 'batch_convert_continue_on_error_skips_conflicts' (2936) panicked at crates/mmforge-cli/tests/integration.rs:653:10:
[INFO] [stdout] called `Result::unwrap()` on an `Err` value: Os { code: 2, kind: NotFound, message: "No such file or directory" }
[INFO] [stdout] stack backtrace:
[INFO] [stdout]    0:     0x61031e9693c1 - <<std[617be2ca0a6fd877]::sys::backtrace::BacktraceLock>::print::DisplayBacktrace as core[a373ad73a504971]::fmt::Display>::fmt
[INFO] [stdout]    1:     0x61031e97e05a - core[a373ad73a504971]::fmt::write
[INFO] [stdout]    2:     0x61031e96d83c - <alloc[2e1b2a31b91974c5]::vec::Vec<u8> as core[a373ad73a504971]::io::write::Write>::write_fmt
[INFO] [stdout]    3:     0x61031e942af6 - std[617be2ca0a6fd877]::panicking::default_hook::{closure#0}
[INFO] [stdout]    4:     0x61031e95ff39 - std[617be2ca0a6fd877]::panicking::default_hook
[INFO] [stdout]    5:     0x61031e8fac30 - test[aada8e7e76ba119b]::test_main_inner::{closure#0}
[INFO] [stdout]    6:     0x61031e9600f2 - std[617be2ca0a6fd877]::panicking::panic_with_hook
[INFO] [stdout]    7:     0x61031e942ba2 - std[617be2ca0a6fd877]::panicking::panic_handler::{closure#0}
[INFO] [stdout]    8:     0x61031e93b5a9 - std[617be2ca0a6fd877]::sys::backtrace::__rust_end_short_backtrace::<std[617be2ca0a6fd877]::panicking::panic_handler::{closure#0}, !>
[INFO] [stdout]    9:     0x61031e94389d - __rustc[ea4f61d10b84890b]::rust_begin_unwind
[INFO] [stdout]   10:     0x61031e97e78c - core[a373ad73a504971]::panicking::panic_fmt
[INFO] [stdout]   11:     0x61031e97e562 - core[a373ad73a504971]::result::unwrap_failed
[INFO] [stdout]   12:     0x61031e8ddde3 - <integration[83efaf80f3b1c4d]::batch_convert_continue_on_error_skips_conflicts::{closure#0} as core[a373ad73a504971]::ops::function::FnOnce<()>>::call_once
[INFO] [stdout]   13:     0x61031e8ee07b - test[aada8e7e76ba119b]::__rust_begin_short_backtrace::<core[a373ad73a504971]::result::Result<(), alloc[2e1b2a31b91974c5]::string::String>, fn() -> core[a373ad73a504971]::result::Result<(), alloc[2e1b2a31b91974c5]::string::String>>
[INFO] [stdout]   14:     0x61031e8fb255 - test[aada8e7e76ba119b]::run_test::{closure#0}
[INFO] [stdout]   15:     0x61031e8f4b44 - std[617be2ca0a6fd877]::sys::backtrace::__rust_begin_short_backtrace::<test[aada8e7e76ba119b]::run_test::{closure#1}, ()>
[INFO] [stdout]   16:     0x61031e8fe2e2 - <std[617be2ca0a6fd877]::thread::lifecycle::spawn_unchecked<test[aada8e7e76ba119b]::run_test::{closure#1}, ()>::{closure#1} as core[a373ad73a504971]::ops::function::FnOnce<()>>::call_once::{shim:vtable#0}
[INFO] [stdout]   17:     0x61031e96866f - <std[617be2ca0a6fd877]::sys::thread::unix::Thread>::new::thread_start
[INFO] [stdout]   18:     0x73925a5e0dfa - <unknown>
[INFO] [stdout]   19:     0x73925a6743d4 - clone
[INFO] [stdout]   20:                0x0 - <unknown>
[INFO] [stdout] 
[INFO] [stdout] ---- batch_convert_all_conflicted_continue_on_error_produces_summary stdout ----
[INFO] [stdout] 
[INFO] [stdout] thread 'batch_convert_all_conflicted_continue_on_error_produces_summary' (2934) panicked at crates/mmforge-cli/tests/integration.rs:748:10:
[INFO] [stdout] called `Result::unwrap()` on an `Err` value: Os { code: 2, kind: NotFound, message: "No such file or directory" }
[INFO] [stdout] stack backtrace:
[INFO] [stdout]    0:     0x61031e9693c1 - <<std[617be2ca0a6fd877]::sys::backtrace::BacktraceLock>::print::DisplayBacktrace as core[a373ad73a504971]::fmt::Display>::fmt
[INFO] [stdout]    1:     0x61031e97e05a - core[a373ad73a504971]::fmt::write
[INFO] [stdout]    2:     0x61031e96d83c - <alloc[2e1b2a31b91974c5]::vec::Vec<u8> as core[a373ad73a504971]::io::write::Write>::write_fmt
[INFO] [stdout]    3:     0x61031e942af6 - std[617be2ca0a6fd877]::panicking::default_hook::{closure#0}
[INFO] [stdout]    4:     0x61031e95ff39 - std[617be2ca0a6fd877]::panicking::default_hook
[INFO] [stdout]    5:     0x61031e8fac30 - test[aada8e7e76ba119b]::test_main_inner::{closure#0}
[INFO] [stdout]    6:     0x61031e9600f2 - std[617be2ca0a6fd877]::panicking::panic_with_hook
[INFO] [stdout]    7:     0x61031e942ba2 - std[617be2ca0a6fd877]::panicking::panic_handler::{closure#0}
[INFO] [stdout]    8:     0x61031e93b5a9 - std[617be2ca0a6fd877]::sys::backtrace::__rust_end_short_backtrace::<std[617be2ca0a6fd877]::panicking::panic_handler::{closure#0}, !>
[INFO] [stdout]    9:     0x61031e94389d - __rustc[ea4f61d10b84890b]::rust_begin_unwind
[INFO] [stdout]   10:     0x61031e97e78c - core[a373ad73a504971]::panicking::panic_fmt
[INFO] [stdout]   11:     0x61031e97e562 - core[a373ad73a504971]::result::unwrap_failed
[INFO] [stdout]   12:     0x61031e8e0dab - <integration[83efaf80f3b1c4d]::batch_convert_all_conflicted_continue_on_error_produces_summary::{closure#0} as core[a373ad73a504971]::ops::function::FnOnce<()>>::call_once
[INFO] [stdout]   13:     0x61031e8ee07b - test[aada8e7e76ba119b]::__rust_begin_short_backtrace::<core[a373ad73a504971]::result::Result<(), alloc[2e1b2a31b91974c5]::string::String>, fn() -> core[a373ad73a504971]::result::Result<(), alloc[2e1b2a31b91974c5]::string::String>>
[INFO] [stdout]   14:     0x61031e8fb255 - test[aada8e7e76ba119b]::run_test::{closure#0}
[INFO] [stdout]   15:     0x61031e8f4b44 - std[617be2ca0a6fd877]::sys::backtrace::__rust_begin_short_backtrace::<test[aada8e7e76ba119b]::run_test::{closure#1}, ()>
[INFO] [stdout]   16:     0x61031e8fe2e2 - <std[617be2ca0a6fd877]::thread::lifecycle::spawn_unchecked<test[aada8e7e76ba119b]::run_test::{closure#1}, ()>::{closure#1} as core[a373ad73a504971]::ops::function::FnOnce<()>>::call_once::{shim:vtable#0}
[INFO] [stdout]   17:     0x61031e96866f - <std[617be2ca0a6fd877]::sys::thread::unix::Thread>::new::thread_start
[INFO] [stdout]   18:     0x73925a5e0dfa - <unknown>
[INFO] [stdout]   19:     0x73925a6743d4 - clone
[INFO] [stdout]   20:                0x0 - <unknown>
[INFO] [stdout] 
[INFO] [stdout] ---- batch_convert_output_conflict_detected stdout ----
[INFO] [stdout] 
[INFO] [stdout] thread 'batch_convert_output_conflict_detected' (2940) panicked at crates/mmforge-cli/tests/integration.rs:601:10:
[INFO] [stdout] called `Result::unwrap()` on an `Err` value: Os { code: 2, kind: NotFound, message: "No such file or directory" }
[INFO] [stdout] stack backtrace:
[INFO] [stdout]    0:     0x61031e9693c1 - <<std[617be2ca0a6fd877]::sys::backtrace::BacktraceLock>::print::DisplayBacktrace as core[a373ad73a504971]::fmt::Display>::fmt
[INFO] [stdout]    1:     0x61031e97e05a - core[a373ad73a504971]::fmt::write
[INFO] [stdout]    2:     0x61031e96d83c - <alloc[2e1b2a31b91974c5]::vec::Vec<u8> as core[a373ad73a504971]::io::write::Write>::write_fmt
[INFO] [stdout]    3:     0x61031e942af6 - std[617be2ca0a6fd877]::panicking::default_hook::{closure#0}
[INFO] [stdout]    4:     0x61031e95ff39 - std[617be2ca0a6fd877]::panicking::default_hook
[INFO] [stdout]    5:     0x61031e8fac30 - test[aada8e7e76ba119b]::test_main_inner::{closure#0}
[INFO] [stdout]    6:     0x61031e9600f2 - std[617be2ca0a6fd877]::panicking::panic_with_hook
[INFO] [stdout]    7:     0x61031e942ba2 - std[617be2ca0a6fd877]::panicking::panic_handler::{closure#0}
[INFO] [stdout]    8:     0x61031e93b5a9 - std[617be2ca0a6fd877]::sys::backtrace::__rust_end_short_backtrace::<std[617be2ca0a6fd877]::panicking::panic_handler::{closure#0}, !>
[INFO] [stdout]    9:     0x61031e94389d - __rustc[ea4f61d10b84890b]::rust_begin_unwind
[INFO] [stdout]   10:     0x61031e97e78c - core[a373ad73a504971]::panicking::panic_fmt
[INFO] [stdout]   11:     0x61031e97e562 - core[a373ad73a504971]::result::unwrap_failed
[INFO] [stdout]   12:     0x61031e8dba59 - <integration[83efaf80f3b1c4d]::batch_convert_output_conflict_detected::{closure#0} as core[a373ad73a504971]::ops::function::FnOnce<()>>::call_once
[INFO] [stdout]   13:     0x61031e8ee07b - test[aada8e7e76ba119b]::__rust_begin_short_backtrace::<core[a373ad73a504971]::result::Result<(), alloc[2e1b2a31b91974c5]::string::String>, fn() -> core[a373ad73a504971]::result::Result<(), alloc[2e1b2a31b91974c5]::string::String>>
[INFO] [stdout]   14:     0x61031e8fb255 - test[aada8e7e76ba119b]::run_test::{closure#0}
[INFO] [stdout]   15:     0x61031e8f4b44 - std[617be2ca0a6fd877]::sys::backtrace::__rust_begin_short_backtrace::<test[aada8e7e76ba119b]::run_test::{closure#1}, ()>
[INFO] [stdout]   16:     0x61031e8fe2e2 - <std[617be2ca0a6fd877]::thread::lifecycle::spawn_unchecked<test[aada8e7e76ba119b]::run_test::{closure#1}, ()>::{closure#1} as core[a373ad73a504971]::ops::function::FnOnce<()>>::call_once::{shim:vtable#0}
[INFO] [stdout]   17:     0x61031e96866f - <std[617be2ca0a6fd877]::sys::thread::unix::Thread>::new::thread_start
[INFO] [stdout]   18:     0x73925a5e0dfa - <unknown>
[INFO] [stdout]   19:     0x73925a6743d4 - clone
[INFO] [stdout]   20:                0x0 - <unknown>
[INFO] [stdout] 
[INFO] [stdout] ---- benchmark_json_output_stable stdout ----
[INFO] [stdout] 
[INFO] [stdout] thread 'benchmark_json_output_stable' (2952) panicked at crates/mmforge-cli/tests/integration.rs:217:10:
[INFO] [stdout] called `Result::unwrap()` on an `Err` value: Os { code: 2, kind: NotFound, message: "No such file or directory" }
[INFO] [stdout] stack backtrace:
[INFO] [stdout]    0:     0x61031e9693c1 - <<std[617be2ca0a6fd877]::sys::backtrace::BacktraceLock>::print::DisplayBacktrace as core[a373ad73a504971]::fmt::Display>::fmt
[INFO] [stdout]    1:     0x61031e97e05a - core[a373ad73a504971]::fmt::write
[INFO] [stdout]    2:     0x61031e96d83c - <alloc[2e1b2a31b91974c5]::vec::Vec<u8> as core[a373ad73a504971]::io::write::Write>::write_fmt
[INFO] [stdout]    3:     0x61031e942af6 - std[617be2ca0a6fd877]::panicking::default_hook::{closure#0}
[INFO] [stdout]    4:     0x61031e95ff39 - std[617be2ca0a6fd877]::panicking::default_hook
[INFO] [stdout]    5:     0x61031e8fac30 - test[aada8e7e76ba119b]::test_main_inner::{closure#0}
[INFO] [stdout]    6:     0x61031e9600f2 - std[617be2ca0a6fd877]::panicking::panic_with_hook
[INFO] [stdout]    7:     0x61031e942ba2 - std[617be2ca0a6fd877]::panicking::panic_handler::{closure#0}
[INFO] [stdout]    8:     0x61031e93b5a9 - std[617be2ca0a6fd877]::sys::backtrace::__rust_end_short_backtrace::<std[617be2ca0a6fd877]::panicking::panic_handler::{closure#0}, !>
[INFO] [stdout]    9:     0x61031e94389d - __rustc[ea4f61d10b84890b]::rust_begin_unwind
[INFO] [stdout]   10:     0x61031e97e78c - core[a373ad73a504971]::panicking::panic_fmt
[INFO] [stdout]   11:     0x61031e97e562 - core[a373ad73a504971]::result::unwrap_failed
[INFO] [stdout]   12:     0x61031e8d5957 - <integration[83efaf80f3b1c4d]::benchmark_json_output_stable::{closure#0} as core[a373ad73a504971]::ops::function::FnOnce<()>>::call_once
[INFO] [stdout]   13:     0x61031e8ee07b - test[aada8e7e76ba119b]::__rust_begin_short_backtrace::<core[a373ad73a504971]::result::Result<(), alloc[2e1b2a31b91974c5]::string::String>, fn() -> core[a373ad73a504971]::result::Result<(), alloc[2e1b2a31b91974c5]::string::String>>
[INFO] [stdout]   14:     0x61031e8fb255 - test[aada8e7e76ba119b]::run_test::{closure#0}
[INFO] [stdout]   15:     0x61031e8f4b44 - std[617be2ca0a6fd877]::sys::backtrace::__rust_begin_short_backtrace::<test[aada8e7e76ba119b]::run_test::{closure#1}, ()>
[INFO] [stdout]   16:     0x61031e8fe2e2 - <std[617be2ca0a6fd877]::thread::lifecycle::spawn_unchecked<test[aada8e7e76ba119b]::run_test::{closure#1}, ()>::{closure#1} as core[a373ad73a504971]::ops::function::FnOnce<()>>::call_once::{shim:vtable#0}
[INFO] [stdout]   17:     0x61031e96866f - <std[617be2ca0a6fd877]::sys::thread::unix::Thread>::new::thread_start
[INFO] [stdout]   18:     0x73925a5e0dfa - <unknown>
[INFO] [stdout]   19:     0x73925a6743d4 - clone
[INFO] [stdout]   20:                0x0 - <unknown>
[INFO] [stdout] 
[INFO] [stdout] ---- batch_convert_no_continue_skips_non_conflict_with_skip_status stdout ----
[INFO] [stdout] 
[INFO] [stdout] thread 'batch_convert_no_continue_skips_non_conflict_with_skip_status' (2939) panicked at crates/mmforge-cli/tests/integration.rs:789:10:
[INFO] [stdout] called `Result::unwrap()` on an `Err` value: Os { code: 2, kind: NotFound, message: "No such file or directory" }
[INFO] [stdout] stack backtrace:
[INFO] [stdout]    0:     0x61031e9693c1 - <<std[617be2ca0a6fd877]::sys::backtrace::BacktraceLock>::print::DisplayBacktrace as core[a373ad73a504971]::fmt::Display>::fmt
[INFO] [stdout]    1:     0x61031e97e05a - core[a373ad73a504971]::fmt::write
[INFO] [stdout]    2:     0x61031e96d83c - <alloc[2e1b2a31b91974c5]::vec::Vec<u8> as core[a373ad73a504971]::io::write::Write>::write_fmt
[INFO] [stdout]    3:     0x61031e942af6 - std[617be2ca0a6fd877]::panicking::default_hook::{closure#0}
[INFO] [stdout]    4:     0x61031e95ff39 - std[617be2ca0a6fd877]::panicking::default_hook
[INFO] [stdout]    5:     0x61031e8fac30 - test[aada8e7e76ba119b]::test_main_inner::{closure#0}
[INFO] [stdout]    6:     0x61031e9600f2 - std[617be2ca0a6fd877]::panicking::panic_with_hook
[INFO] [stdout]    7:     0x61031e942ba2 - std[617be2ca0a6fd877]::panicking::panic_handler::{closure#0}
[INFO] [stdout]    8:     0x61031e93b5a9 - std[617be2ca0a6fd877]::sys::backtrace::__rust_end_short_backtrace::<std[617be2ca0a6fd877]::panicking::panic_handler::{closure#0}, !>
[INFO] [stdout]    9:     0x61031e94389d - __rustc[ea4f61d10b84890b]::rust_begin_unwind
[INFO] [stdout]   10:     0x61031e97e78c - core[a373ad73a504971]::panicking::panic_fmt
[INFO] [stdout]   11:     0x61031e97e562 - core[a373ad73a504971]::result::unwrap_failed
[INFO] [stdout]   12:     0x61031e8dfe4a - <integration[83efaf80f3b1c4d]::batch_convert_no_continue_skips_non_conflict_with_skip_status::{closure#0} as core[a373ad73a504971]::ops::function::FnOnce<()>>::call_once
[INFO] [stdout]   13:     0x61031e8ee07b - test[aada8e7e76ba119b]::__rust_begin_short_backtrace::<core[a373ad73a504971]::result::Result<(), alloc[2e1b2a31b91974c5]::string::String>, fn() -> core[a373ad73a504971]::result::Result<(), alloc[2e1b2a31b91974c5]::string::String>>
[INFO] [stdout]   14:     0x61031e8fb255 - test[aada8e7e76ba119b]::run_test::{closure#0}
[INFO] [stdout]   15:     0x61031e8f4b44 - std[617be2ca0a6fd877]::sys::backtrace::__rust_begin_short_backtrace::<test[aada8e7e76ba119b]::run_test::{closure#1}, ()>
[INFO] [stdout]   16:     0x61031e8fe2e2 - <std[617be2ca0a6fd877]::thread::lifecycle::spawn_unchecked<test[aada8e7e76ba119b]::run_test::{closure#1}, ()>::{closure#1} as core[a373ad73a504971]::ops::function::FnOnce<()>>::call_once::{shim:vtable#0}
[INFO] [stdout]   17:     0x61031e96866f - <std[617be2ca0a6fd877]::sys::thread::unix::Thread>::new::thread_start
[INFO] [stdout]   18:     0x73925a5e0dfa - <unknown>
[INFO] [stdout]   19:     0x73925a6743d4 - clone
[INFO] [stdout]   20:                0x0 - <unknown>
[INFO] [stdout] 
[INFO] [stdout] ---- batch_convert_rejects_existing_output stdout ----
[INFO] [stdout] 
[INFO] [stdout] thread 'batch_convert_rejects_existing_output' (2949) panicked at crates/mmforge-cli/tests/integration.rs:679:10:
[INFO] [stdout] called `Result::unwrap()` on an `Err` value: Os { code: 2, kind: NotFound, message: "No such file or directory" }
[INFO] [stdout] stack backtrace:
[INFO] [stdout]    0:     0x61031e9693c1 - <<std[617be2ca0a6fd877]::sys::backtrace::BacktraceLock>::print::DisplayBacktrace as core[a373ad73a504971]::fmt::Display>::fmt
[INFO] [stdout]    1:     0x61031e97e05a - core[a373ad73a504971]::fmt::write
[INFO] [stdout]    2:     0x61031e96d83c - <alloc[2e1b2a31b91974c5]::vec::Vec<u8> as core[a373ad73a504971]::io::write::Write>::write_fmt
[INFO] [stdout]    3:     0x61031e942af6 - std[617be2ca0a6fd877]::panicking::default_hook::{closure#0}
[INFO] [stdout]    4:     0x61031e95ff39 - std[617be2ca0a6fd877]::panicking::default_hook
[INFO] [stdout]    5:     0x61031e8fac30 - test[aada8e7e76ba119b]::test_main_inner::{closure#0}
[INFO] [stdout]    6:     0x61031e9600f2 - std[617be2ca0a6fd877]::panicking::panic_with_hook
[INFO] [stdout]    7:     0x61031e942ba2 - std[617be2ca0a6fd877]::panicking::panic_handler::{closure#0}
[INFO] [stdout]    8:     0x61031e93b5a9 - std[617be2ca0a6fd877]::sys::backtrace::__rust_end_short_backtrace::<std[617be2ca0a6fd877]::panicking::panic_handler::{closure#0}, !>
[INFO] [stdout]    9:     0x61031e94389d - __rustc[ea4f61d10b84890b]::rust_begin_unwind
[INFO] [stdout]   10:     0x61031e97e78c - core[a373ad73a504971]::panicking::panic_fmt
[INFO] [stdout]   11:     0x61031e97e562 - core[a373ad73a504971]::result::unwrap_failed
[INFO] [stdout]   12:     0x61031e8da130 - <integration[83efaf80f3b1c4d]::batch_convert_rejects_existing_output::{closure#0} as core[a373ad73a504971]::ops::function::FnOnce<()>>::call_once
[INFO] [stdout]   13:     0x61031e8ee07b - test[aada8e7e76ba119b]::__rust_begin_short_backtrace::<core[a373ad73a504971]::result::Result<(), alloc[2e1b2a31b91974c5]::string::String>, fn() -> core[a373ad73a504971]::result::Result<(), alloc[2e1b2a31b91974c5]::string::String>>
[INFO] [stdout]   14:     0x61031e8fb255 - test[aada8e7e76ba119b]::run_test::{closure#0}
[INFO] [stdout]   15:     0x61031e8f4b44 - std[617be2ca0a6fd877]::sys::backtrace::__rust_begin_short_backtrace::<test[aada8e7e76ba119b]::run_test::{closure#1}, ()>
[INFO] [stdout]   16:     0x61031e8fe2e2 - <std[617be2ca0a6fd877]::thread::lifecycle::spawn_unchecked<test[aada8e7e76ba119b]::run_test::{closure#1}, ()>::{closure#1} as core[a373ad73a504971]::ops::function::FnOnce<()>>::call_once::{shim:vtable#0}
[INFO] [stdout]   17:     0x61031e96866f - <std[617be2ca0a6fd877]::sys::thread::unix::Thread>::new::thread_start
[INFO] [stdout]   18:     0x73925a5e0dfa - <unknown>
[INFO] [stdout]   19:     0x73925a6743d4 - clone
[INFO] [stdout]   20:                0x0 - <unknown>
[INFO] [stdout] 
[INFO] [stdout] ---- convert_to_lsmc_then_info_exit_zero stdout ----
[INFO] [stdout] 
[INFO] [stdout] thread 'convert_to_lsmc_then_info_exit_zero' (2959) panicked at crates/mmforge-cli/tests/integration.rs:246:10:
[INFO] [stdout] called `Result::unwrap()` on an `Err` value: Os { code: 2, kind: NotFound, message: "No such file or directory" }
[INFO] [stdout] stack backtrace:
[INFO] [stdout]    0:     0x61031e9693c1 - <<std[617be2ca0a6fd877]::sys::backtrace::BacktraceLock>::print::DisplayBacktrace as core[a373ad73a504971]::fmt::Display>::fmt
[INFO] [stdout]    1:     0x61031e97e05a - core[a373ad73a504971]::fmt::write
[INFO] [stdout]    2:     0x61031e96d83c - <alloc[2e1b2a31b91974c5]::vec::Vec<u8> as core[a373ad73a504971]::io::write::Write>::write_fmt
[INFO] [stdout]    3:     0x61031e942af6 - std[617be2ca0a6fd877]::panicking::default_hook::{closure#0}
[INFO] [stdout]    4:     0x61031e95ff39 - std[617be2ca0a6fd877]::panicking::default_hook
[INFO] [stdout]    5:     0x61031e8fac30 - test[aada8e7e76ba119b]::test_main_inner::{closure#0}
[INFO] [stdout]    6:     0x61031e9600f2 - std[617be2ca0a6fd877]::panicking::panic_with_hook
[INFO] [stdout]    7:     0x61031e942ba2 - std[617be2ca0a6fd877]::panicking::panic_handler::{closure#0}
[INFO] [stdout]    8:     0x61031e93b5a9 - std[617be2ca0a6fd877]::sys::backtrace::__rust_end_short_backtrace::<std[617be2ca0a6fd877]::panicking::panic_handler::{closure#0}, !>
[INFO] [stdout]    9:     0x61031e94389d - __rustc[ea4f61d10b84890b]::rust_begin_unwind
[INFO] [stdout]   10:     0x61031e97e78c - core[a373ad73a504971]::panicking::panic_fmt
[INFO] [stdout]   11:     0x61031e97e562 - core[a373ad73a504971]::result::unwrap_failed
[INFO] [stdout]   12:     0x61031e8d93bd - <integration[83efaf80f3b1c4d]::convert_to_lsmc_then_info_exit_zero::{closure#0} as core[a373ad73a504971]::ops::function::FnOnce<()>>::call_once
[INFO] [stdout]   13:     0x61031e8ee07b - test[aada8e7e76ba119b]::__rust_begin_short_backtrace::<core[a373ad73a504971]::result::Result<(), alloc[2e1b2a31b91974c5]::string::String>, fn() -> core[a373ad73a504971]::result::Result<(), alloc[2e1b2a31b91974c5]::string::String>>
[INFO] [stdout]   14:     0x61031e8fb255 - test[aada8e7e76ba119b]::run_test::{closure#0}
[INFO] [stdout]   15:     0x61031e8f4b44 - std[617be2ca0a6fd877]::sys::backtrace::__rust_begin_short_backtrace::<test[aada8e7e76ba119b]::run_test::{closure#1}, ()>
[INFO] [stdout]   16:     0x61031e8fe2e2 - <std[617be2ca0a6fd877]::thread::lifecycle::spawn_unchecked<test[aada8e7e76ba119b]::run_test::{closure#1}, ()>::{closure#1} as core[a373ad73a504971]::ops::function::FnOnce<()>>::call_once::{shim:vtable#0}
[INFO] [stdout]   17:     0x61031e96866f - <std[617be2ca0a6fd877]::sys::thread::unix::Thread>::new::thread_start
[INFO] [stdout]   18:     0x73925a5e0dfa - <unknown>
[INFO] [stdout]   19:     0x73925a6743d4 - clone
[INFO] [stdout]   20:                0x0 - <unknown>
[INFO] [stdout] 
[INFO] [stdout] ---- convert_to_lsmc_then_validate_json stdout ----
[INFO] [stdout] 
[INFO] [stdout] thread 'convert_to_lsmc_then_validate_json' (2960) panicked at crates/mmforge-cli/tests/integration.rs:282:10:
[INFO] [stdout] called `Result::unwrap()` on an `Err` value: Os { code: 2, kind: NotFound, message: "No such file or directory" }
[INFO] [stdout] stack backtrace:
[INFO] [stdout]    0:     0x61031e9693c1 - <<std[617be2ca0a6fd877]::sys::backtrace::BacktraceLock>::print::DisplayBacktrace as core[a373ad73a504971]::fmt::Display>::fmt
[INFO] [stdout]    1:     0x61031e97e05a - core[a373ad73a504971]::fmt::write
[INFO] [stdout]    2:     0x61031e96d83c - <alloc[2e1b2a31b91974c5]::vec::Vec<u8> as core[a373ad73a504971]::io::write::Write>::write_fmt
[INFO] [stdout]    3:     0x61031e942af6 - std[617be2ca0a6fd877]::panicking::default_hook::{closure#0}
[INFO] [stdout]    4:     0x61031e95ff39 - std[617be2ca0a6fd877]::panicking::default_hook
[INFO] [stdout]    5:     0x61031e8fac30 - test[aada8e7e76ba119b]::test_main_inner::{closure#0}
[INFO] [stdout]    6:     0x61031e9600f2 - std[617be2ca0a6fd877]::panicking::panic_with_hook
[INFO] [stdout]    7:     0x61031e942ba2 - std[617be2ca0a6fd877]::panicking::panic_handler::{closure#0}
[INFO] [stdout]    8:     0x61031e93b5a9 - std[617be2ca0a6fd877]::sys::backtrace::__rust_end_short_backtrace::<std[617be2ca0a6fd877]::panicking::panic_handler::{closure#0}, !>
[INFO] [stdout]    9:     0x61031e94389d - __rustc[ea4f61d10b84890b]::rust_begin_unwind
[INFO] [stdout]   10:     0x61031e97e78c - core[a373ad73a504971]::panicking::panic_fmt
[INFO] [stdout]   11:     0x61031e97e562 - core[a373ad73a504971]::result::unwrap_failed
[INFO] [stdout]   12:     0x61031e8d8cd0 - <integration[83efaf80f3b1c4d]::convert_to_lsmc_then_validate_json::{closure#0} as core[a373ad73a504971]::ops::function::FnOnce<()>>::call_once
[INFO] [stdout]   13:     0x61031e8ee07b - test[aada8e7e76ba119b]::__rust_begin_short_backtrace::<core[a373ad73a504971]::result::Result<(), alloc[2e1b2a31b91974c5]::string::String>, fn() -> core[a373ad73a504971]::result::Result<(), alloc[2e1b2a31b91974c5]::string::String>>
[INFO] [stdout]   14:     0x61031e8fb255 - test[aada8e7e76ba119b]::run_test::{closure#0}
[INFO] [stdout]   15:     0x61031e8f4b44 - std[617be2ca0a6fd877]::sys::backtrace::__rust_begin_short_backtrace::<test[aada8e7e76ba119b]::run_test::{closure#1}, ()>
[INFO] [stdout]   16:     0x61031e8fe2e2 - <std[617be2ca0a6fd877]::thread::lifecycle::spawn_unchecked<test[aada8e7e76ba119b]::run_test::{closure#1}, ()>::{closure#1} as core[a373ad73a504971]::ops::function::FnOnce<()>>::call_once::{shim:vtable#0}
[INFO] [stdout]   17:     0x61031e96866f - <std[617be2ca0a6fd877]::sys::thread::unix::Thread>::new::thread_start
[INFO] [stdout]   18:     0x73925a5e0dfa - <unknown>
[INFO] [stdout]   19:     0x73925a6743d4 - clone
[INFO] [stdout]   20:                0x0 - <unknown>
[INFO] [stdout] 
[INFO] [stdout] ---- convert_then_info_lsm_exit_zero stdout ----
[INFO] [stdout] 
[INFO] [stdout] thread 'convert_then_info_lsm_exit_zero' (2956) panicked at crates/mmforge-cli/tests/integration.rs:99:10:
[INFO] [stdout] called `Result::unwrap()` on an `Err` value: Os { code: 2, kind: NotFound, message: "No such file or directory" }
[INFO] [stdout] stack backtrace:
[INFO] [stdout]    0:     0x61031e9693c1 - <<std[617be2ca0a6fd877]::sys::backtrace::BacktraceLock>::print::DisplayBacktrace as core[a373ad73a504971]::fmt::Display>::fmt
[INFO] [stdout]    1:     0x61031e97e05a - core[a373ad73a504971]::fmt::write
[INFO] [stdout]    2:     0x61031e96d83c - <alloc[2e1b2a31b91974c5]::vec::Vec<u8> as core[a373ad73a504971]::io::write::Write>::write_fmt
[INFO] [stdout]    3:     0x61031e942af6 - std[617be2ca0a6fd877]::panicking::default_hook::{closure#0}
[INFO] [stdout]    4:     0x61031e95ff39 - std[617be2ca0a6fd877]::panicking::default_hook
[INFO] [stdout]    5:     0x61031e8fac30 - test[aada8e7e76ba119b]::test_main_inner::{closure#0}
[INFO] [stdout]    6:     0x61031e9600f2 - std[617be2ca0a6fd877]::panicking::panic_with_hook
[INFO] [stdout]    7:     0x61031e942ba2 - std[617be2ca0a6fd877]::panicking::panic_handler::{closure#0}
[INFO] [stdout]    8:     0x61031e93b5a9 - std[617be2ca0a6fd877]::sys::backtrace::__rust_end_short_backtrace::<std[617be2ca0a6fd877]::panicking::panic_handler::{closure#0}, !>
[INFO] [stdout]    9:     0x61031e94389d - __rustc[ea4f61d10b84890b]::rust_begin_unwind
[INFO] [stdout]   10:     0x61031e97e78c - core[a373ad73a504971]::panicking::panic_fmt
[INFO] [stdout]   11:     0x61031e97e562 - core[a373ad73a504971]::result::unwrap_failed
[INFO] [stdout]   12:     0x61031e8d6e84 - <integration[83efaf80f3b1c4d]::convert_then_info_lsm_exit_zero::{closure#0} as core[a373ad73a504971]::ops::function::FnOnce<()>>::call_once
[INFO] [stdout]   13:     0x61031e8ee07b - test[aada8e7e76ba119b]::__rust_begin_short_backtrace::<core[a373ad73a504971]::result::Result<(), alloc[2e1b2a31b91974c5]::string::String>, fn() -> core[a373ad73a504971]::result::Result<(), alloc[2e1b2a31b91974c5]::string::String>>
[INFO] [stdout]   14:     0x61031e8fb255 - test[aada8e7e76ba119b]::run_test::{closure#0}
[INFO] [stdout]   15:     0x61031e8f4b44 - std[617be2ca0a6fd877]::sys::backtrace::__rust_begin_short_backtrace::<test[aada8e7e76ba119b]::run_test::{closure#1}, ()>
[INFO] [stdout]   16:     0x61031e8fe2e2 - <std[617be2ca0a6fd877]::thread::lifecycle::spawn_unchecked<test[aada8e7e76ba119b]::run_test::{closure#1}, ()>::{closure#1} as core[a373ad73a504971]::ops::function::FnOnce<()>>::call_once::{shim:vtable#0}
[INFO] [stdout]   17:     0x61031e96866f - <std[617be2ca0a6fd877]::sys::thread::unix::Thread>::new::thread_start
[INFO] [stdout]   18:     0x73925a5e0dfa - <unknown>
[INFO] [stdout]   19:     0x73925a6743d4 - clone
[INFO] [stdout]   20:                0x0 - <unknown>
[INFO] [stdout] 
[INFO] [stdout] ---- info_json_output_stable stdout ----
[INFO] [stdout] 
[INFO] [stdout] thread 'info_json_output_stable' (2965) panicked at crates/mmforge-cli/tests/integration.rs:169:10:
[INFO] [stdout] called `Result::unwrap()` on an `Err` value: Os { code: 2, kind: NotFound, message: "No such file or directory" }
[INFO] [stdout] stack backtrace:
[INFO] [stdout]    0:     0x61031e9693c1 - <<std[617be2ca0a6fd877]::sys::backtrace::BacktraceLock>::print::DisplayBacktrace as core[a373ad73a504971]::fmt::Display>::fmt
[INFO] [stdout]    1:     0x61031e97e05a - core[a373ad73a504971]::fmt::write
[INFO] [stdout]    2:     0x61031e96d83c - <alloc[2e1b2a31b91974c5]::vec::Vec<u8> as core[a373ad73a504971]::io::write::Write>::write_fmt
[INFO] [stdout]    3:     0x61031e942af6 - std[617be2ca0a6fd877]::panicking::default_hook::{closure#0}
[INFO] [stdout]    4:     0x61031e95ff39 - std[617be2ca0a6fd877]::panicking::default_hook
[INFO] [stdout]    5:     0x61031e8fac30 - test[aada8e7e76ba119b]::test_main_inner::{closure#0}
[INFO] [stdout]    6:     0x61031e9600f2 - std[617be2ca0a6fd877]::panicking::panic_with_hook
[INFO] [stdout]    7:     0x61031e942ba2 - std[617be2ca0a6fd877]::panicking::panic_handler::{closure#0}
[INFO] [stdout]    8:     0x61031e93b5a9 - std[617be2ca0a6fd877]::sys::backtrace::__rust_end_short_backtrace::<std[617be2ca0a6fd877]::panicking::panic_handler::{closure#0}, !>
[INFO] [stdout]    9:     0x61031e94389d - __rustc[ea4f61d10b84890b]::rust_begin_unwind
[INFO] [stdout]   10:     0x61031e97e78c - core[a373ad73a504971]::panicking::panic_fmt
[INFO] [stdout]   11:     0x61031e97e562 - core[a373ad73a504971]::result::unwrap_failed
[INFO] [stdout]   12:     0x61031e8d3836 - <integration[83efaf80f3b1c4d]::info_json_output_stable::{closure#0} as core[a373ad73a504971]::ops::function::FnOnce<()>>::call_once
[INFO] [stdout]   13:     0x61031e8ee07b - test[aada8e7e76ba119b]::__rust_begin_short_backtrace::<core[a373ad73a504971]::result::Result<(), alloc[2e1b2a31b91974c5]::string::String>, fn() -> core[a373ad73a504971]::result::Result<(), alloc[2e1b2a31b91974c5]::string::String>>
[INFO] [stdout]   14:     0x61031e8fb255 - test[aada8e7e76ba119b]::run_test::{closure#0}
[INFO] [stdout]   15:     0x61031e8f4b44 - std[617be2ca0a6fd877]::sys::backtrace::__rust_begin_short_backtrace::<test[aada8e7e76ba119b]::run_test::{closure#1}, ()>
[INFO] [stdout]   16:     0x61031e8fe2e2 - <std[617be2ca0a6fd877]::thread::lifecycle::spawn_unchecked<test[aada8e7e76ba119b]::run_test::{closure#1}, ()>::{closure#1} as core[a373ad73a504971]::ops::function::FnOnce<()>>::call_once::{shim:vtable#0}
[INFO] [stdout]   17:     0x61031e96866f - <std[617be2ca0a6fd877]::sys::thread::unix::Thread>::new::thread_start
[INFO] [stdout]   18:     0x73925a5e0dfa - <unknown>
[INFO] [stdout]   19:     0x73925a6743d4 - clone
[INFO] [stdout]   20:                0x0 - <unknown>
[INFO] [stdout] 
[INFO] [stdout] ---- info_stl_exit_zero stdout ----
[INFO] [stdout] 
[INFO] [stdout] thread 'info_stl_exit_zero' (2968) panicked at crates/mmforge-cli/tests/integration.rs:66:10:
[INFO] [stdout] called `Result::unwrap()` on an `Err` value: Os { code: 2, kind: NotFound, message: "No such file or directory" }
[INFO] [stdout] stack backtrace:
[INFO] [stdout]    0:     0x61031e9693c1 - <<std[617be2ca0a6fd877]::sys::backtrace::BacktraceLock>::print::DisplayBacktrace as core[a373ad73a504971]::fmt::Display>::fmt
[INFO] [stdout]    1:     0x61031e97e05a - core[a373ad73a504971]::fmt::write
[INFO] [stdout]    2:     0x61031e96d83c - <alloc[2e1b2a31b91974c5]::vec::Vec<u8> as core[a373ad73a504971]::io::write::Write>::write_fmt
[INFO] [stdout]    3:     0x61031e942af6 - std[617be2ca0a6fd877]::panicking::default_hook::{closure#0}
[INFO] [stdout]    4:     0x61031e95ff39 - std[617be2ca0a6fd877]::panicking::default_hook
[INFO] [stdout]    5:     0x61031e8fac30 - test[aada8e7e76ba119b]::test_main_inner::{closure#0}
[INFO] [stdout]    6:     0x61031e9600f2 - std[617be2ca0a6fd877]::panicking::panic_with_hook
[INFO] [stdout]    7:     0x61031e942ba2 - std[617be2ca0a6fd877]::panicking::panic_handler::{closure#0}
[INFO] [stdout]    8:     0x61031e93b5a9 - std[617be2ca0a6fd877]::sys::backtrace::__rust_end_short_backtrace::<std[617be2ca0a6fd877]::panicking::panic_handler::{closure#0}, !>
[INFO] [stdout]    9:     0x61031e94389d - __rustc[ea4f61d10b84890b]::rust_begin_unwind
[INFO] [stdout]   10:     0x61031e97e78c - core[a373ad73a504971]::panicking::panic_fmt
[INFO] [stdout]   11:     0x61031e97e562 - core[a373ad73a504971]::result::unwrap_failed
[INFO] [stdout]   12:     0x61031e8d336d - <integration[83efaf80f3b1c4d]::info_stl_exit_zero::{closure#0} as core[a373ad73a504971]::ops::function::FnOnce<()>>::call_once
[INFO] [stdout]   13:     0x61031e8ee07b - test[aada8e7e76ba119b]::__rust_begin_short_backtrace::<core[a373ad73a504971]::result::Result<(), alloc[2e1b2a31b91974c5]::string::String>, fn() -> core[a373ad73a504971]::result::Result<(), alloc[2e1b2a31b91974c5]::string::String>>
[INFO] [stdout]   14:     0x61031e8fb255 - test[aada8e7e76ba119b]::run_test::{closure#0}
[INFO] [stdout]   15:     0x61031e8f4b44 - std[617be2ca0a6fd877]::sys::backtrace::__rust_begin_short_backtrace::<test[aada8e7e76ba119b]::run_test::{closure#1}, ()>
[INFO] [stdout]   16:     0x61031e8fe2e2 - <std[617be2ca0a6fd877]::thread::lifecycle::spawn_unchecked<test[aada8e7e76ba119b]::run_test::{closure#1}, ()>::{closure#1} as core[a373ad73a504971]::ops::function::FnOnce<()>>::call_once::{shim:vtable#0}
[INFO] [stdout]   17:     0x61031e96866f - <std[617be2ca0a6fd877]::sys::thread::unix::Thread>::new::thread_start
[INFO] [stdout]   18:     0x73925a5e0dfa - <unknown>
[INFO] [stdout]   19:     0x73925a6743d4 - clone
[INFO] [stdout]   20:                0x0 - <unknown>
[INFO] [stdout] 
[INFO] [stdout] ---- iges_fixture_json_error_is_valid_json_on_stdout stdout ----
[INFO] [stdout] 
[INFO] [stdout] thread 'iges_fixture_json_error_is_valid_json_on_stdout' (2964) panicked at crates/mmforge-cli/tests/integration.rs:859:10:
[INFO] [stdout] called `Result::unwrap()` on an `Err` value: Os { code: 2, kind: NotFound, message: "No such file or directory" }
[INFO] [stdout] stack backtrace:
[INFO] [stdout]    0:     0x61031e9693c1 - <<std[617be2ca0a6fd877]::sys::backtrace::BacktraceLock>::print::DisplayBacktrace as core[a373ad73a504971]::fmt::Display>::fmt
[INFO] [stdout]    1:     0x61031e97e05a - core[a373ad73a504971]::fmt::write
[INFO] [stdout]    2:     0x61031e96d83c - <alloc[2e1b2a31b91974c5]::vec::Vec<u8> as core[a373ad73a504971]::io::write::Write>::write_fmt
[INFO] [stdout]    3:     0x61031e942af6 - std[617be2ca0a6fd877]::panicking::default_hook::{closure#0}
[INFO] [stdout]    4:     0x61031e95ff39 - std[617be2ca0a6fd877]::panicking::default_hook
[INFO] [stdout]    5:     0x61031e8fac30 - test[aada8e7e76ba119b]::test_main_inner::{closure#0}
[INFO] [stdout]    6:     0x61031e9600f2 - std[617be2ca0a6fd877]::panicking::panic_with_hook
[INFO] [stdout]    7:     0x61031e942ba2 - std[617be2ca0a6fd877]::panicking::panic_handler::{closure#0}
[INFO] [stdout]    8:     0x61031e93b5a9 - std[617be2ca0a6fd877]::sys::backtrace::__rust_end_short_backtrace::<std[617be2ca0a6fd877]::panicking::panic_handler::{closure#0}, !>
[INFO] [stdout]    9:     0x61031e94389d - __rustc[ea4f61d10b84890b]::rust_begin_unwind
[INFO] [stdout]   10:     0x61031e97e78c - core[a373ad73a504971]::panicking::panic_fmt
[INFO] [stdout]   11:     0x61031e97e562 - core[a373ad73a504971]::result::unwrap_failed
[INFO] [stdout]   12:     0x61031e8de64c - <integration[83efaf80f3b1c4d]::iges_fixture_json_error_is_valid_json_on_stdout::{closure#0} as core[a373ad73a504971]::ops::function::FnOnce<()>>::call_once
[INFO] [stdout]   13:     0x61031e8ee07b - test[aada8e7e76ba119b]::__rust_begin_short_backtrace::<core[a373ad73a504971]::result::Result<(), alloc[2e1b2a31b91974c5]::string::String>, fn() -> core[a373ad73a504971]::result::Result<(), alloc[2e1b2a31b91974c5]::string::String>>
[INFO] [stdout]   14:     0x61031e8fb255 - test[aada8e7e76ba119b]::run_test::{closure#0}
[INFO] [stdout]   15:     0x61031e8f4b44 - std[617be2ca0a6fd877]::sys::backtrace::__rust_begin_short_backtrace::<test[aada8e7e76ba119b]::run_test::{closure#1}, ()>
[INFO] [stdout]   16:     0x61031e8fe2e2 - <std[617be2ca0a6fd877]::thread::lifecycle::spawn_unchecked<test[aada8e7e76ba119b]::run_test::{closure#1}, ()>::{closure#1} as core[a373ad73a504971]::ops::function::FnOnce<()>>::call_once::{shim:vtable#0}
[INFO] [stdout]   17:     0x61031e96866f - <std[617be2ca0a6fd877]::sys::thread::unix::Thread>::new::thread_start
[INFO] [stdout]   18:     0x73925a5e0dfa - <unknown>
[INFO] [stdout]   19:     0x73925a6743d4 - clone
[INFO] [stdout]   20:                0x0 - <unknown>
[INFO] [stdout] 
[INFO] [stdout] ---- info_nonexistent_exit_nonzero stdout ----
[INFO] [stdout] 
[INFO] [stdout] thread 'info_nonexistent_exit_nonzero' (2966) panicked at crates/mmforge-cli/tests/integration.rs:79:10:
[INFO] [stdout] called `Result::unwrap()` on an `Err` value: Os { code: 2, kind: NotFound, message: "No such file or directory" }
[INFO] [stdout] stack backtrace:
[INFO] [stdout]    0:     0x61031e9693c1 - <<std[617be2ca0a6fd877]::sys::backtrace::BacktraceLock>::print::DisplayBacktrace as core[a373ad73a504971]::fmt::Display>::fmt
[INFO] [stdout]    1:     0x61031e97e05a - core[a373ad73a504971]::fmt::write
[INFO] [stdout]    2:     0x61031e96d83c - <alloc[2e1b2a31b91974c5]::vec::Vec<u8> as core[a373ad73a504971]::io::write::Write>::write_fmt
[INFO] [stdout]    3:     0x61031e942af6 - std[617be2ca0a6fd877]::panicking::default_hook::{closure#0}
[INFO] [stdout]    4:     0x61031e95ff39 - std[617be2ca0a6fd877]::panicking::default_hook
[INFO] [stdout]    5:     0x61031e8fac30 - test[aada8e7e76ba119b]::test_main_inner::{closure#0}
[INFO] [stdout]    6:     0x61031e9600f2 - std[617be2ca0a6fd877]::panicking::panic_with_hook
[INFO] [stdout]    7:     0x61031e942ba2 - std[617be2ca0a6fd877]::panicking::panic_handler::{closure#0}
[INFO] [stdout]    8:     0x61031e93b5a9 - std[617be2ca0a6fd877]::sys::backtrace::__rust_end_short_backtrace::<std[617be2ca0a6fd877]::panicking::panic_handler::{closure#0}, !>
[INFO] [stdout]    9:     0x61031e94389d - __rustc[ea4f61d10b84890b]::rust_begin_unwind
[INFO] [stdout]   10:     0x61031e97e78c - core[a373ad73a504971]::panicking::panic_fmt
[INFO] [stdout]   11:     0x61031e97e562 - core[a373ad73a504971]::result::unwrap_failed
[INFO] [stdout]   12:     0x61031e8d5c76 - <integration[83efaf80f3b1c4d]::info_nonexistent_exit_nonzero::{closure#0} as core[a373ad73a504971]::ops::function::FnOnce<()>>::call_once
[INFO] [stdout]   13:     0x61031e8ee07b - test[aada8e7e76ba119b]::__rust_begin_short_backtrace::<core[a373ad73a504971]::result::Result<(), alloc[2e1b2a31b91974c5]::string::String>, fn() -> core[a373ad73a504971]::result::Result<(), alloc[2e1b2a31b91974c5]::string::String>>
[INFO] [stdout]   14:     0x61031e8fb255 - test[aada8e7e76ba119b]::run_test::{closure#0}
[INFO] [stdout]   15:     0x61031e8f4b44 - std[617be2ca0a6fd877]::sys::backtrace::__rust_begin_short_backtrace::<test[aada8e7e76ba119b]::run_test::{closure#1}, ()>
[INFO] [stdout]   16:     0x61031e8fe2e2 - <std[617be2ca0a6fd877]::thread::lifecycle::spawn_unchecked<test[aada8e7e76ba119b]::run_test::{closure#1}, ()>::{closure#1} as core[a373ad73a504971]::ops::function::FnOnce<()>>::call_once::{shim:vtable#0}
[INFO] [stdout]   17:     0x61031e96866f - <std[617be2ca0a6fd877]::sys::thread::unix::Thread>::new::thread_start
[INFO] [stdout]   18:     0x73925a5e0dfa - <unknown>
[INFO] [stdout]   19:     0x73925a6743d4 - clone
[INFO] [stdout]   20:                0x0 - <unknown>
[INFO] [stdout] 
[INFO] [stdout] ---- batch_convert_zero_inputs_exits_nonzero stdout ----
[INFO] [stdout] 
[INFO] [stdout] thread 'batch_convert_zero_inputs_exits_nonzero' (2951) panicked at crates/mmforge-cli/tests/integration.rs:616:10:
[INFO] [stdout] called `Result::unwrap()` on an `Err` value: Os { code: 2, kind: NotFound, message: "No such file or directory" }
[INFO] [stdout] stack backtrace:
[INFO] [stdout]    0:     0x61031e9693c1 - <<std[617be2ca0a6fd877]::sys::backtrace::BacktraceLock>::print::DisplayBacktrace as core[a373ad73a504971]::fmt::Display>::fmt
[INFO] [stdout]    1:     0x61031e97e05a - core[a373ad73a504971]::fmt::write
[INFO] [stdout]    2:     0x61031e96d83c - <alloc[2e1b2a31b91974c5]::vec::Vec<u8> as core[a373ad73a504971]::io::write::Write>::write_fmt
[INFO] [stdout]    3:     0x61031e942af6 - std[617be2ca0a6fd877]::panicking::default_hook::{closure#0}
[INFO] [stdout]    4:     0x61031e95ff39 - std[617be2ca0a6fd877]::panicking::default_hook
[INFO] [stdout]    5:     0x61031e8fac30 - test[aada8e7e76ba119b]::test_main_inner::{closure#0}
[INFO] [stdout]    6:     0x61031e9600f2 - std[617be2ca0a6fd877]::panicking::panic_with_hook
[INFO] [stdout]    7:     0x61031e942ba2 - std[617be2ca0a6fd877]::panicking::panic_handler::{closure#0}
[INFO] [stdout]    8:     0x61031e93b5a9 - std[617be2ca0a6fd877]::sys::backtrace::__rust_end_short_backtrace::<std[617be2ca0a6fd877]::panicking::panic_handler::{closure#0}, !>
[INFO] [stdout]    9:     0x61031e94389d - __rustc[ea4f61d10b84890b]::rust_begin_unwind
[INFO] [stdout]   10:     0x61031e97e78c - core[a373ad73a504971]::panicking::panic_fmt
[INFO] [stdout]   11:     0x61031e97e562 - core[a373ad73a504971]::result::unwrap_failed
[INFO] [stdout]   12:     0x61031e8dc781 - <integration[83efaf80f3b1c4d]::batch_convert_zero_inputs_exits_nonzero::{closure#0} as core[a373ad73a504971]::ops::function::FnOnce<()>>::call_once
[INFO] [stdout]   13:     0x61031e8ee07b - test[aada8e7e76ba119b]::__rust_begin_short_backtrace::<core[a373ad73a504971]::result::Result<(), alloc[2e1b2a31b91974c5]::string::String>, fn() -> core[a373ad73a504971]::result::Result<(), alloc[2e1b2a31b91974c5]::string::String>>
[INFO] [stdout]   14:     0x61031e8fb255 - test[aada8e7e76ba119b]::run_test::{closure#0}
[INFO] [stdout]   15:     0x61031e8f4b44 - std[617be2ca0a6fd877]::sys::backtrace::__rust_begin_short_backtrace::<test[aada8e7e76ba119b]::run_test::{closure#1}, ()>
[INFO] [stdout]   16:     0x61031e8fe2e2 - <std[617be2ca0a6fd877]::thread::lifecycle::spawn_unchecked<test[aada8e7e76ba119b]::run_test::{closure#1}, ()>::{closure#1} as core[a373ad73a504971]::ops::function::FnOnce<()>>::call_once::{shim:vtable#0}
[INFO] [stdout]   17:     0x61031e96866f - <std[617be2ca0a6fd877]::sys::thread::unix::Thread>::new::thread_start
[INFO] [stdout]   18:     0x73925a5e0dfa - <unknown>
[INFO] [stdout]   19:     0x73925a6743d4 - clone
[INFO] [stdout]   20:                0x0 - <unknown>
[INFO] [stdout] 
[INFO] [stdout] ---- lsm_high_version_exit_nonzero stdout ----
[INFO] [stdout] 
[INFO] [stdout] thread 'lsm_high_version_exit_nonzero' (2975) panicked at crates/mmforge-cli/tests/integration.rs:153:10:
[INFO] [stdout] called `Result::unwrap()` on an `Err` value: Os { code: 2, kind: NotFound, message: "No such file or directory" }
[INFO] [stdout] stack backtrace:
[INFO] [stdout]    0:     0x61031e9693c1 - <<std[617be2ca0a6fd877]::sys::backtrace::BacktraceLock>::print::DisplayBacktrace as core[a373ad73a504971]::fmt::Display>::fmt
[INFO] [stdout]    1:     0x61031e97e05a - core[a373ad73a504971]::fmt::write
[INFO] [stdout]    2:     0x61031e96d83c - <alloc[2e1b2a31b91974c5]::vec::Vec<u8> as core[a373ad73a504971]::io::write::Write>::write_fmt
[INFO] [stdout]    3:     0x61031e942af6 - std[617be2ca0a6fd877]::panicking::default_hook::{closure#0}
[INFO] [stdout]    4:     0x61031e95ff39 - std[617be2ca0a6fd877]::panicking::default_hook
[INFO] [stdout]    5:     0x61031e8fac30 - test[aada8e7e76ba119b]::test_main_inner::{closure#0}
[INFO] [stdout]    6:     0x61031e9600f2 - std[617be2ca0a6fd877]::panicking::panic_with_hook
[INFO] [stdout]    7:     0x61031e942ba2 - std[617be2ca0a6fd877]::panicking::panic_handler::{closure#0}
[INFO] [stdout]    8:     0x61031e93b5a9 - std[617be2ca0a6fd877]::sys::backtrace::__rust_end_short_backtrace::<std[617be2ca0a6fd877]::panicking::panic_handler::{closure#0}, !>
[INFO] [stdout]    9:     0x61031e94389d - __rustc[ea4f61d10b84890b]::rust_begin_unwind
[INFO] [stdout]   10:     0x61031e97e78c - core[a373ad73a504971]::panicking::panic_fmt
[INFO] [stdout]   11:     0x61031e97e562 - core[a373ad73a504971]::result::unwrap_failed
[INFO] [stdout]   12:     0x61031e8d60dc - <integration[83efaf80f3b1c4d]::lsm_high_version_exit_nonzero::{closure#0} as core[a373ad73a504971]::ops::function::FnOnce<()>>::call_once
[INFO] [stdout]   13:     0x61031e8ee07b - test[aada8e7e76ba119b]::__rust_begin_short_backtrace::<core[a373ad73a504971]::result::Result<(), alloc[2e1b2a31b91974c5]::string::String>, fn() -> core[a373ad73a504971]::result::Result<(), alloc[2e1b2a31b91974c5]::string::String>>
[INFO] [stdout]   14:     0x61031e8fb255 - test[aada8e7e76ba119b]::run_test::{closure#0}
[INFO] [stdout]   15:     0x61031e8f4b44 - std[617be2ca0a6fd877]::sys::backtrace::__rust_begin_short_backtrace::<test[aada8e7e76ba119b]::run_test::{closure#1}, ()>
[INFO] [stdout]   16:     0x61031e8fe2e2 - <std[617be2ca0a6fd877]::thread::lifecycle::spawn_unchecked<test[aada8e7e76ba119b]::run_test::{closure#1}, ()>::{closure#1} as core[a373ad73a504971]::ops::function::FnOnce<()>>::call_once::{shim:vtable#0}
[INFO] [stdout]   17:     0x61031e96866f - <std[617be2ca0a6fd877]::sys::thread::unix::Thread>::new::thread_start
[INFO] [stdout]   18:     0x73925a5e0dfa - <unknown>
[INFO] [stdout]   19:     0x73925a6743d4 - clone
[INFO] [stdout]   20:                0x0 - <unknown>
[INFO] [stdout] 
[INFO] [stdout] ---- lsm_bad_magic_exit_nonzero stdout ----
[INFO] [stdout] 
[INFO] [stdout] thread 'lsm_bad_magic_exit_nonzero' (2974) panicked at crates/mmforge-cli/tests/integration.rs:135:10:
[INFO] [stdout] called `Result::unwrap()` on an `Err` value: Os { code: 2, kind: NotFound, message: "No such file or directory" }
[INFO] [stdout] stack backtrace:
[INFO] [stdout]    0:     0x61031e9693c1 - <<std[617be2ca0a6fd877]::sys::backtrace::BacktraceLock>::print::DisplayBacktrace as core[a373ad73a504971]::fmt::Display>::fmt
[INFO] [stdout]    1:     0x61031e97e05a - core[a373ad73a504971]::fmt::write
[INFO] [stdout]    2:     0x61031e96d83c - <alloc[2e1b2a31b91974c5]::vec::Vec<u8> as core[a373ad73a504971]::io::write::Write>::write_fmt
[INFO] [stdout]    3:     0x61031e942af6 - std[617be2ca0a6fd877]::panicking::default_hook::{closure#0}
[INFO] [stdout]    4:     0x61031e95ff39 - std[617be2ca0a6fd877]::panicking::default_hook
[INFO] [stdout]    5:     0x61031e8fac30 - test[aada8e7e76ba119b]::test_main_inner::{closure#0}
[INFO] [stdout]    6:     0x61031e9600f2 - std[617be2ca0a6fd877]::panicking::panic_with_hook
[INFO] [stdout]    7:     0x61031e942ba2 - std[617be2ca0a6fd877]::panicking::panic_handler::{closure#0}
[INFO] [stdout]    8:     0x61031e93b5a9 - std[617be2ca0a6fd877]::sys::backtrace::__rust_end_short_backtrace::<std[617be2ca0a6fd877]::panicking::panic_handler::{closure#0}, !>
[INFO] [stdout]    9:     0x61031e94389d - __rustc[ea4f61d10b84890b]::rust_begin_unwind
[INFO] [stdout]   10:     0x61031e97e78c - core[a373ad73a504971]::panicking::panic_fmt
[INFO] [stdout]   11:     0x61031e97e562 - core[a373ad73a504971]::result::unwrap_failed
[INFO] [stdout]   12:     0x61031e8d4b44 - <integration[83efaf80f3b1c4d]::lsm_bad_magic_exit_nonzero::{closure#0} as core[a373ad73a504971]::ops::function::FnOnce<()>>::call_once
[INFO] [stdout]   13:     0x61031e8ee07b - test[aada8e7e76ba119b]::__rust_begin_short_backtrace::<core[a373ad73a504971]::result::Result<(), alloc[2e1b2a31b91974c5]::string::String>, fn() -> core[a373ad73a504971]::result::Result<(), alloc[2e1b2a31b91974c5]::string::String>>
[INFO] [stdout]   14:     0x61031e8fb255 - test[aada8e7e76ba119b]::run_test::{closure#0}
[INFO] [stdout]   15:     0x61031e8f4b44 - std[617be2ca0a6fd877]::sys::backtrace::__rust_begin_short_backtrace::<test[aada8e7e76ba119b]::run_test::{closure#1}, ()>
[INFO] [stdout]   16:     0x61031e8fe2e2 - <std[617be2ca0a6fd877]::thread::lifecycle::spawn_unchecked<test[aada8e7e76ba119b]::run_test::{closure#1}, ()>::{closure#1} as core[a373ad73a504971]::ops::function::FnOnce<()>>::call_once::{shim:vtable#0}
[INFO] [stdout]   17:     0x61031e96866f - <std[617be2ca0a6fd877]::sys::thread::unix::Thread>::new::thread_start
[INFO] [stdout]   18:     0x73925a5e0dfa - <unknown>
[INFO] [stdout]   19:     0x73925a6743d4 - clone
[INFO] [stdout]   20:                0x0 - <unknown>
[INFO] [stdout] 
[INFO] [stdout] ---- lsmc_bad_magic_exit_nonzero stdout ----
[INFO] [stdout] 
[INFO] [stdout] thread 'lsmc_bad_magic_exit_nonzero' (2976) panicked at crates/mmforge-cli/tests/integration.rs:301:10:
[INFO] [stdout] called `Result::unwrap()` on an `Err` value: Os { code: 2, kind: NotFound, message: "No such file or directory" }
[INFO] [stdout] stack backtrace:
[INFO] [stdout]    0:     0x61031e9693c1 - <<std[617be2ca0a6fd877]::sys::backtrace::BacktraceLock>::print::DisplayBacktrace as core[a373ad73a504971]::fmt::Display>::fmt
[INFO] [stdout]    1:     0x61031e97e05a - core[a373ad73a504971]::fmt::write
[INFO] [stdout]    2:     0x61031e96d83c - <alloc[2e1b2a31b91974c5]::vec::Vec<u8> as core[a373ad73a504971]::io::write::Write>::write_fmt
[INFO] [stdout]    3:     0x61031e942af6 - std[617be2ca0a6fd877]::panicking::default_hook::{closure#0}
[INFO] [stdout]    4:     0x61031e95ff39 - std[617be2ca0a6fd877]::panicking::default_hook
[INFO] [stdout]    5:     0x61031e8fac30 - test[aada8e7e76ba119b]::test_main_inner::{closure#0}
[INFO] [stdout]    6:     0x61031e9600f2 - std[617be2ca0a6fd877]::panicking::panic_with_hook
[INFO] [stdout]    7:     0x61031e942ba2 - std[617be2ca0a6fd877]::panicking::panic_handler::{closure#0}
[INFO] [stdout]    8:     0x61031e93b5a9 - std[617be2ca0a6fd877]::sys::backtrace::__rust_end_short_backtrace::<std[617be2ca0a6fd877]::panicking::panic_handler::{closure#0}, !>
[INFO] [stdout]    9:     0x61031e94389d - __rustc[ea4f61d10b84890b]::rust_begin_unwind
[INFO] [stdout]   10:     0x61031e97e78c - core[a373ad73a504971]::panicking::panic_fmt
[INFO] [stdout]   11:     0x61031e97e562 - core[a373ad73a504971]::result::unwrap_failed
[INFO] [stdout]   12:     0x61031e8d4fdc - <integration[83efaf80f3b1c4d]::lsmc_bad_magic_exit_nonzero::{closure#0} as core[a373ad73a504971]::ops::function::FnOnce<()>>::call_once
[INFO] [stdout]   13:     0x61031e8ee07b - test[aada8e7e76ba119b]::__rust_begin_short_backtrace::<core[a373ad73a504971]::result::Result<(), alloc[2e1b2a31b91974c5]::string::String>, fn() -> core[a373ad73a504971]::result::Result<(), alloc[2e1b2a31b91974c5]::string::String>>
[INFO] [stdout]   14:     0x61031e8fb255 - test[aada8e7e76ba119b]::run_test::{closure#0}
[INFO] [stdout]   15:     0x61031e8f4b44 - std[617be2ca0a6fd877]::sys::backtrace::__rust_begin_short_backtrace::<test[aada8e7e76ba119b]::run_test::{closure#1}, ()>
[INFO] [stdout]   16:     0x61031e8fe2e2 - <std[617be2ca0a6fd877]::thread::lifecycle::spawn_unchecked<test[aada8e7e76ba119b]::run_test::{closure#1}, ()>::{closure#1} as core[a373ad73a504971]::ops::function::FnOnce<()>>::call_once::{shim:vtable#0}
[INFO] [stdout]   17:     0x61031e96866f - <std[617be2ca0a6fd877]::sys::thread::unix::Thread>::new::thread_start
[INFO] [stdout]   18:     0x73925a5e0dfa - <unknown>
[INFO] [stdout]   19:     0x73925a6743d4 - clone
[INFO] [stdout]   20:                0x0 - <unknown>
[INFO] [stdout] 
[INFO] [stdout] ---- batch_convert_two_files_succeeds stdout ----
[INFO] [stdout] 
[INFO] [stdout] thread 'batch_convert_two_files_succeeds' (2950) panicked at crates/mmforge-cli/tests/integration.rs:495:10:
[INFO] [stdout] called `Result::unwrap()` on an `Err` value: Os { code: 2, kind: NotFound, message: "No such file or directory" }
[INFO] [stdout] stack backtrace:
[INFO] [stdout]    0:     0x61031e9693c1 - <<std[617be2ca0a6fd877]::sys::backtrace::BacktraceLock>::print::DisplayBacktrace as core[a373ad73a504971]::fmt::Display>::fmt
[INFO] [stdout]    1:     0x61031e97e05a - core[a373ad73a504971]::fmt::write
[INFO] [stdout]    2:     0x61031e96d83c - <alloc[2e1b2a31b91974c5]::vec::Vec<u8> as core[a373ad73a504971]::io::write::Write>::write_fmt
[INFO] [stdout]    3:     0x61031e942af6 - std[617be2ca0a6fd877]::panicking::default_hook::{closure#0}
[INFO] [stdout]    4:     0x61031e95ff39 - std[617be2ca0a6fd877]::panicking::default_hook
[INFO] [stdout]    5:     0x61031e8fac30 - test[aada8e7e76ba119b]::test_main_inner::{closure#0}
[INFO] [stdout]    6:     0x61031e9600f2 - std[617be2ca0a6fd877]::panicking::panic_with_hook
[INFO] [stdout]    7:     0x61031e942ba2 - std[617be2ca0a6fd877]::panicking::panic_handler::{closure#0}
[INFO] [stdout]    8:     0x61031e93b5a9 - std[617be2ca0a6fd877]::sys::backtrace::__rust_end_short_backtrace::<std[617be2ca0a6fd877]::panicking::panic_handler::{closure#0}, !>
[INFO] [stdout]    9:     0x61031e94389d - __rustc[ea4f61d10b84890b]::rust_begin_unwind
[INFO] [stdout]   10:     0x61031e97e78c - core[a373ad73a504971]::panicking::panic_fmt
[INFO] [stdout]   11:     0x61031e97e562 - core[a373ad73a504971]::result::unwrap_failed
[INFO] [stdout]   12:     0x61031e8d776b - <integration[83efaf80f3b1c4d]::batch_convert_two_files_succeeds::{closure#0} as core[a373ad73a504971]::ops::function::FnOnce<()>>::call_once
[INFO] [stdout]   13:     0x61031e8ee07b - test[aada8e7e76ba119b]::__rust_begin_short_backtrace::<core[a373ad73a504971]::result::Result<(), alloc[2e1b2a31b91974c5]::string::String>, fn() -> core[a373ad73a504971]::result::Result<(), alloc[2e1b2a31b91974c5]::string::String>>
[INFO] [stdout]   14:     0x61031e8fb255 - test[aada8e7e76ba119b]::run_test::{closure#0}
[INFO] [stdout]   15:     0x61031e8f4b44 - std[617be2ca0a6fd877]::sys::backtrace::__rust_begin_short_backtrace::<test[aada8e7e76ba119b]::run_test::{closure#1}, ()>
[INFO] [stdout]   16:     0x61031e8fe2e2 - <std[617be2ca0a6fd877]::thread::lifecycle::spawn_unchecked<test[aada8e7e76ba119b]::run_test::{closure#1}, ()>::{closure#1} as core[a373ad73a504971]::ops::function::FnOnce<()>>::call_once::{shim:vtable#0}
[INFO] [stdout]   17:     0x61031e96866f - <std[617be2ca0a6fd877]::sys::thread::unix::Thread>::new::thread_start
[INFO] [stdout]   18:     0x73925a5e0dfa - <unknown>
[INFO] [stdout]   19:     0x73925a6743d4 - clone
[INFO] [stdout]   20:                0x0 - <unknown>
[INFO] [stdout] 
[INFO] [stdout] ---- lsmc_extension_corrupt_lsmc_rejected stdout ----
[INFO] [stdout] 
[INFO] [stdout] thread 'lsmc_extension_corrupt_lsmc_rejected' (2979) panicked at crates/mmforge-cli/tests/integration.rs:360:10:
[INFO] [stdout] called `Result::unwrap()` on an `Err` value: Os { code: 2, kind: NotFound, message: "No such file or directory" }
[INFO] [stdout] stack backtrace:
[INFO] [stdout]    0:     0x61031e9693c1 - <<std[617be2ca0a6fd877]::sys::backtrace::BacktraceLock>::print::DisplayBacktrace as core[a373ad73a504971]::fmt::Display>::fmt
[INFO] [stdout]    1:     0x61031e97e05a - core[a373ad73a504971]::fmt::write
[INFO] [stdout]    2:     0x61031e96d83c - <alloc[2e1b2a31b91974c5]::vec::Vec<u8> as core[a373ad73a504971]::io::write::Write>::write_fmt
[INFO] [stdout]    3:     0x61031e942af6 - std[617be2ca0a6fd877]::panicking::default_hook::{closure#0}
[INFO] [stdout]    4:     0x61031e95ff39 - std[617be2ca0a6fd877]::panicking::default_hook
[INFO] [stdout]    5:     0x61031e8fac30 - test[aada8e7e76ba119b]::test_main_inner::{closure#0}
[INFO] [stdout]    6:     0x61031e9600f2 - std[617be2ca0a6fd877]::panicking::panic_with_hook
[INFO] [stdout]    7:     0x61031e942ba2 - std[617be2ca0a6fd877]::panicking::panic_handler::{closure#0}
[INFO] [stdout]    8:     0x61031e93b5a9 - std[617be2ca0a6fd877]::sys::backtrace::__rust_end_short_backtrace::<std[617be2ca0a6fd877]::panicking::panic_handler::{closure#0}, !>
[INFO] [stdout]    9:     0x61031e94389d - __rustc[ea4f61d10b84890b]::rust_begin_unwind
[INFO] [stdout]   10:     0x61031e97e78c - core[a373ad73a504971]::panicking::panic_fmt
[INFO] [stdout]   11:     0x61031e97e562 - core[a373ad73a504971]::result::unwrap_failed
[INFO] [stdout]   12:     0x61031e8d9947 - <integration[83efaf80f3b1c4d]::lsmc_extension_corrupt_lsmc_rejected::{closure#0} as core[a373ad73a504971]::ops::function::FnOnce<()>>::call_once
[INFO] [stdout]   13:     0x61031e8ee07b - test[aada8e7e76ba119b]::__rust_begin_short_backtrace::<core[a373ad73a504971]::result::Result<(), alloc[2e1b2a31b91974c5]::string::String>, fn() -> core[a373ad73a504971]::result::Result<(), alloc[2e1b2a31b91974c5]::string::String>>
[INFO] [stdout]   14:     0x61031e8fb255 - test[aada8e7e76ba119b]::run_test::{closure#0}
[INFO] [stdout]   15:     0x61031e8f4b44 - std[617be2ca0a6fd877]::sys::backtrace::__rust_begin_short_backtrace::<test[aada8e7e76ba119b]::run_test::{closure#1}, ()>
[INFO] [stdout]   16:     0x61031e8fe2e2 - <std[617be2ca0a6fd877]::thread::lifecycle::spawn_unchecked<test[aada8e7e76ba119b]::run_test::{closure#1}, ()>::{closure#1} as core[a373ad73a504971]::ops::function::FnOnce<()>>::call_once::{shim:vtable#0}
[INFO] [stdout]   17:     0x61031e96866f - <std[617be2ca0a6fd877]::sys::thread::unix::Thread>::new::thread_start
[INFO] [stdout]   18:     0x73925a5e0dfa - <unknown>
[INFO] [stdout]   19:     0x73925a6743d4 - clone
[INFO] [stdout]   20:                0x0 - <unknown>
[INFO] [stdout] 
[INFO] [stdout] ---- compress_zstd_rejects_non_lsmc_output stdout ----
[INFO] [stdout] 
[INFO] [stdout] thread 'compress_zstd_rejects_non_lsmc_output' (2953) panicked at crates/mmforge-cli/tests/integration.rs:467:10:
[INFO] [stdout] called `Result::unwrap()` on an `Err` value: Os { code: 2, kind: NotFound, message: "No such file or directory" }
[INFO] [stdout] stack backtrace:
[INFO] [stdout]    0:     0x61031e9693c1 - <<std[617be2ca0a6fd877]::sys::backtrace::BacktraceLock>::print::DisplayBacktrace as core[a373ad73a504971]::fmt::Display>::fmt
[INFO] [stdout]    1:     0x61031e97e05a - core[a373ad73a504971]::fmt::write
[INFO] [stdout]    2:     0x61031e96d83c - <alloc[2e1b2a31b91974c5]::vec::Vec<u8> as core[a373ad73a504971]::io::write::Write>::write_fmt
[INFO] [stdout]    3:     0x61031e942af6 - std[617be2ca0a6fd877]::panicking::default_hook::{closure#0}
[INFO] [stdout]    4:     0x61031e95ff39 - std[617be2ca0a6fd877]::panicking::default_hook
[INFO] [stdout]    5:     0x61031e8fac30 - test[aada8e7e76ba119b]::test_main_inner::{closure#0}
[INFO] [stdout]    6:     0x61031e9600f2 - std[617be2ca0a6fd877]::panicking::panic_with_hook
[INFO] [stdout]    7:     0x61031e942ba2 - std[617be2ca0a6fd877]::panicking::panic_handler::{closure#0}
[INFO] [stdout]    8:     0x61031e93b5a9 - std[617be2ca0a6fd877]::sys::backtrace::__rust_end_short_backtrace::<std[617be2ca0a6fd877]::panicking::panic_handler::{closure#0}, !>
[INFO] [stdout]    9:     0x61031e94389d - __rustc[ea4f61d10b84890b]::rust_begin_unwind
[INFO] [stdout]   10:     0x61031e97e78c - core[a373ad73a504971]::panicking::panic_fmt
[INFO] [stdout]   11:     0x61031e97e562 - core[a373ad73a504971]::result::unwrap_failed
[INFO] [stdout]   12:     0x61031e8da685 - <integration[83efaf80f3b1c4d]::compress_zstd_rejects_non_lsmc_output::{closure#0} as core[a373ad73a504971]::ops::function::FnOnce<()>>::call_once
[INFO] [stdout]   13:     0x61031e8ee07b - test[aada8e7e76ba119b]::__rust_begin_short_backtrace::<core[a373ad73a504971]::result::Result<(), alloc[2e1b2a31b91974c5]::string::String>, fn() -> core[a373ad73a504971]::result::Result<(), alloc[2e1b2a31b91974c5]::string::String>>
[INFO] [stdout]   14:     0x61031e8fb255 - test[aada8e7e76ba119b]::run_test::{closure#0}
[INFO] [stdout]   15:     0x61031e8f4b44 - std[617be2ca0a6fd877]::sys::backtrace::__rust_begin_short_backtrace::<test[aada8e7e76ba119b]::run_test::{closure#1}, ()>
[INFO] [stdout]   16:     0x61031e8fe2e2 - <std[617be2ca0a6fd877]::thread::lifecycle::spawn_unchecked<test[aada8e7e76ba119b]::run_test::{closure#1}, ()>::{closure#1} as core[a373ad73a504971]::ops::function::FnOnce<()>>::call_once::{shim:vtable#0}
[INFO] [stdout]   17:     0x61031e96866f - <std[617be2ca0a6fd877]::sys::thread::unix::Thread>::new::thread_start
[INFO] [stdout]   18:     0x73925a5e0dfa - <unknown>
[INFO] [stdout]   19:     0x73925a6743d4 - clone
[INFO] [stdout]   20:                0x0 - <unknown>
[INFO] [stdout] 
[INFO] [stdout] ---- lsmc_magic_in_unknown_extension_reads stdout ----
[INFO] [stdout] 
[INFO] [stdout] thread 'lsmc_magic_in_unknown_extension_reads' (2981) panicked at crates/mmforge-cli/tests/integration.rs:379:10:
[INFO] [stdout] called `Result::unwrap()` on an `Err` value: Os { code: 2, kind: NotFound, message: "No such file or directory" }
[INFO] [stdout] stack backtrace:
[INFO] [stdout]    0:     0x61031e9693c1 - <<std[617be2ca0a6fd877]::sys::backtrace::BacktraceLock>::print::DisplayBacktrace as core[a373ad73a504971]::fmt::Display>::fmt
[INFO] [stdout]    1:     0x61031e97e05a - core[a373ad73a504971]::fmt::write
[INFO] [stdout]    2:     0x61031e96d83c - <alloc[2e1b2a31b91974c5]::vec::Vec<u8> as core[a373ad73a504971]::io::write::Write>::write_fmt
[INFO] [stdout]    3:     0x61031e942af6 - std[617be2ca0a6fd877]::panicking::default_hook::{closure#0}
[INFO] [stdout]    4:     0x61031e95ff39 - std[617be2ca0a6fd877]::panicking::default_hook
[INFO] [stdout]    5:     0x61031e8fac30 - test[aada8e7e76ba119b]::test_main_inner::{closure#0}
[INFO] [stdout]    6:     0x61031e9600f2 - std[617be2ca0a6fd877]::panicking::panic_with_hook
[INFO] [stdout]    7:     0x61031e942ba2 - std[617be2ca0a6fd877]::panicking::panic_handler::{closure#0}
[INFO] [stdout]    8:     0x61031e93b5a9 - std[617be2ca0a6fd877]::sys::backtrace::__rust_end_short_backtrace::<std[617be2ca0a6fd877]::panicking::panic_handler::{closure#0}, !>
[INFO] [stdout]    9:     0x61031e94389d - __rustc[ea4f61d10b84890b]::rust_begin_unwind
[INFO] [stdout]   10:     0x61031e97e78c - core[a373ad73a504971]::panicking::panic_fmt
[INFO] [stdout]   11:     0x61031e97e562 - core[a373ad73a504971]::result::unwrap_failed
[INFO] [stdout]   12:     0x61031e8db299 - <integration[83efaf80f3b1c4d]::lsmc_magic_in_unknown_extension_reads::{closure#0} as core[a373ad73a504971]::ops::function::FnOnce<()>>::call_once
[INFO] [stdout]   13:     0x61031e8ee07b - test[aada8e7e76ba119b]::__rust_begin_short_backtrace::<core[a373ad73a504971]::result::Result<(), alloc[2e1b2a31b91974c5]::string::String>, fn() -> core[a373ad73a504971]::result::Result<(), alloc[2e1b2a31b91974c5]::string::String>>
[INFO] [stdout]   14:     0x61031e8fb255 - test[aada8e7e76ba119b]::run_test::{closure#0}
[INFO] [stdout]   15:     0x61031e8f4b44 - std[617be2ca0a6fd877]::sys::backtrace::__rust_begin_short_backtrace::<test[aada8e7e76ba119b]::run_test::{closure#1}, ()>
[INFO] [stdout]   16:     0x61031e8fe2e2 - <std[617be2ca0a6fd877]::thread::lifecycle::spawn_unchecked<test[aada8e7e76ba119b]::run_test::{closure#1}, ()>::{closure#1} as core[a373ad73a504971]::ops::function::FnOnce<()>>::call_once::{shim:vtable#0}
[INFO] [stdout]   17:     0x61031e96866f - <std[617be2ca0a6fd877]::sys::thread::unix::Thread>::new::thread_start
[INFO] [stdout]   18:     0x73925a5e0dfa - <unknown>
[INFO] [stdout]   19:     0x73925a6743d4 - clone
[INFO] [stdout]   20:                0x0 - <unknown>
[INFO] [stdout] 
[INFO] [stdout] ---- no_extension_lsmc_magic_reads stdout ----
[INFO] [stdout] 
[INFO] [stdout] thread 'no_extension_lsmc_magic_reads' (2984) panicked at crates/mmforge-cli/tests/integration.rs:437:10:
[INFO] [stdout] called `Result::unwrap()` on an `Err` value: Os { code: 2, kind: NotFound, message: "No such file or directory" }
[INFO] [stdout] stack backtrace:
[INFO] [stdout]    0:     0x61031e9693c1 - <<std[617be2ca0a6fd877]::sys::backtrace::BacktraceLock>::print::DisplayBacktrace as core[a373ad73a504971]::fmt::Display>::fmt
[INFO] [stdout]    1:     0x61031e97e05a - core[a373ad73a504971]::fmt::write
[INFO] [stdout]    2:     0x61031e96d83c - <alloc[2e1b2a31b91974c5]::vec::Vec<u8> as core[a373ad73a504971]::io::write::Write>::write_fmt
[INFO] [stdout]    3:     0x61031e942af6 - std[617be2ca0a6fd877]::panicking::default_hook::{closure#0}
[INFO] [stdout]    4:     0x61031e95ff39 - std[617be2ca0a6fd877]::panicking::default_hook
[INFO] [stdout]    5:     0x61031e8fac30 - test[aada8e7e76ba119b]::test_main_inner::{closure#0}
[INFO] [stdout]    6:     0x61031e9600f2 - std[617be2ca0a6fd877]::panicking::panic_with_hook
[INFO] [stdout]    7:     0x61031e942ba2 - std[617be2ca0a6fd877]::panicking::panic_handler::{closure#0}
[INFO] [stdout]    8:     0x61031e93b5a9 - std[617be2ca0a6fd877]::sys::backtrace::__rust_end_short_backtrace::<std[617be2ca0a6fd877]::panicking::panic_handler::{closure#0}, !>
[INFO] [stdout]    9:     0x61031e94389d - __rustc[ea4f61d10b84890b]::rust_begin_unwind
[INFO] [stdout]   10:     0x61031e97e78c - core[a373ad73a504971]::panicking::panic_fmt
[INFO] [stdout]   11:     0x61031e97e562 - core[a373ad73a504971]::result::unwrap_failed
[INFO] [stdout]   12:     0x61031e8d6745 - <integration[83efaf80f3b1c4d]::no_extension_lsmc_magic_reads::{closure#0} as core[a373ad73a504971]::ops::function::FnOnce<()>>::call_once
[INFO] [stdout]   13:     0x61031e8ee07b - test[aada8e7e76ba119b]::__rust_begin_short_backtrace::<core[a373ad73a504971]::result::Result<(), alloc[2e1b2a31b91974c5]::string::String>, fn() -> core[a373ad73a504971]::result::Result<(), alloc[2e1b2a31b91974c5]::string::String>>
[INFO] [stdout]   14:     0x61031e8fb255 - test[aada8e7e76ba119b]::run_test::{closure#0}
[INFO] [stdout]   15:     0x61031e8f4b44 - std[617be2ca0a6fd877]::sys::backtrace::__rust_begin_short_backtrace::<test[aada8e7e76ba119b]::run_test::{closure#1}, ()>
[INFO] [stdout]   16:     0x61031e8fe2e2 - <std[617be2ca0a6fd877]::thread::lifecycle::spawn_unchecked<test[aada8e7e76ba119b]::run_test::{closure#1}, ()>::{closure#1} as core[a373ad73a504971]::ops::function::FnOnce<()>>::call_once::{shim:vtable#0}
[INFO] [stdout]   17:     0x61031e96866f - <std[617be2ca0a6fd877]::sys::thread::unix::Thread>::new::thread_start
[INFO] [stdout]   18:     0x73925a5e0dfa - <unknown>
[INFO] [stdout]   19:     0x73925a6743d4 - clone
[INFO] [stdout]   20:                0x0 - <unknown>
[INFO] [stdout] 
[INFO] [stdout] ---- lsmc_extension_rejects_plain_lsm_data stdout ----
[INFO] [stdout] 
[INFO] [stdout] thread 'lsmc_extension_rejects_plain_lsm_data' (2980) panicked at crates/mmforge-cli/tests/integration.rs:409:10:
[INFO] [stdout] called `Result::unwrap()` on an `Err` value: Os { code: 2, kind: NotFound, message: "No such file or directory" }
[INFO] [stdout] stack backtrace:
[INFO] [stdout]    0:     0x61031e9693c1 - <<std[617be2ca0a6fd877]::sys::backtrace::BacktraceLock>::print::DisplayBacktrace as core[a373ad73a504971]::fmt::Display>::fmt
[INFO] [stdout]    1:     0x61031e97e05a - core[a373ad73a504971]::fmt::write
[INFO] [stdout]    2:     0x61031e96d83c - <alloc[2e1b2a31b91974c5]::vec::Vec<u8> as core[a373ad73a504971]::io::write::Write>::write_fmt
[INFO] [stdout]    3:     0x61031e942af6 - std[617be2ca0a6fd877]::panicking::default_hook::{closure#0}
[INFO] [stdout]    4:     0x61031e95ff39 - std[617be2ca0a6fd877]::panicking::default_hook
[INFO] [stdout]    5:     0x61031e8fac30 - test[aada8e7e76ba119b]::test_main_inner::{closure#0}
[INFO] [stdout]    6:     0x61031e9600f2 - std[617be2ca0a6fd877]::panicking::panic_with_hook
[INFO] [stderr] error: test failed, to rerun pass `-p mmforge-cli --test integration`
[INFO] [stdout]    7:     0x61031e942ba2 - std[617be2ca0a6fd877]::panicking::panic_handler::{closure#0}
[INFO] [stdout]    8:     0x61031e93b5a9 - std[617be2ca0a6fd877]::sys::backtrace::__rust_end_short_backtrace::<std[617be2ca0a6fd877]::panicking::panic_handler::{closure#0}, !>
[INFO] [stdout]    9:     0x61031e94389d - __rustc[ea4f61d10b84890b]::rust_begin_unwind
[INFO] [stdout]   10:     0x61031e97e78c - core[a373ad73a504971]::panicking::panic_fmt
[INFO] [stdout]   11:     0x61031e97e562 - core[a373ad73a504971]::result::unwrap_failed
[INFO] [stdout]   12:     0x61031e8dabd2 - <integration[83efaf80f3b1c4d]::lsmc_extension_rejects_plain_lsm_data::{closure#0} as core[a373ad73a504971]::ops::function::FnOnce<()>>::call_once
[INFO] [stdout]   13:     0x61031e8ee07b - test[aada8e7e76ba119b]::__rust_begin_short_backtrace::<core[a373ad73a504971]::result::Result<(), alloc[2e1b2a31b91974c5]::string::String>, fn() -> core[a373ad73a504971]::result::Result<(), alloc[2e1b2a31b91974c5]::string::String>>
[INFO] [stdout]   14:     0x61031e8fb255 - test[aada8e7e76ba119b]::run_test::{closure#0}
[INFO] [stdout]   15:     0x61031e8f4b44 - std[617be2ca0a6fd877]::sys::backtrace::__rust_begin_short_backtrace::<test[aada8e7e76ba119b]::run_test::{closure#1}, ()>
[INFO] [stdout]   16:     0x61031e8fe2e2 - <std[617be2ca0a6fd877]::thread::lifecycle::spawn_unchecked<test[aada8e7e76ba119b]::run_test::{closure#1}, ()>::{closure#1} as core[a373ad73a504971]::ops::function::FnOnce<()>>::call_once::{shim:vtable#0}
[INFO] [stdout]   17:     0x61031e96866f - <std[617be2ca0a6fd877]::sys::thread::unix::Thread>::new::thread_start
[INFO] [stdout]   18:     0x73925a5e0dfa - <unknown>
[INFO] [stdout]   19:     0x73925a6743d4 - clone
[INFO] [stdout]   20:                0x0 - <unknown>
[INFO] [stdout] 
[INFO] [stdout] ---- nonexistent_file_json_error_valid_json_on_stdout stdout ----
[INFO] [stdout] 
[INFO] [stdout] thread 'nonexistent_file_json_error_valid_json_on_stdout' (2985) panicked at crates/mmforge-cli/tests/integration.rs:883:10:
[INFO] [stdout] called `Result::unwrap()` on an `Err` value: Os { code: 2, kind: NotFound, message: "No such file or directory" }
[INFO] [stdout] stack backtrace:
[INFO] [stdout]    0:     0x61031e9693c1 - <<std[617be2ca0a6fd877]::sys::backtrace::BacktraceLock>::print::DisplayBacktrace as core[a373ad73a504971]::fmt::Display>::fmt
[INFO] [stdout]    1:     0x61031e97e05a - core[a373ad73a504971]::fmt::write
[INFO] [stdout]    2:     0x61031e96d83c - <alloc[2e1b2a31b91974c5]::vec::Vec<u8> as core[a373ad73a504971]::io::write::Write>::write_fmt
[INFO] [stdout]    3:     0x61031e942af6 - std[617be2ca0a6fd877]::panicking::default_hook::{closure#0}
[INFO] [stdout]    4:     0x61031e95ff39 - std[617be2ca0a6fd877]::panicking::default_hook
[INFO] [stdout]    5:     0x61031e8fac30 - test[aada8e7e76ba119b]::test_main_inner::{closure#0}
[INFO] [stdout]    6:     0x61031e9600f2 - std[617be2ca0a6fd877]::panicking::panic_with_hook
[INFO] [stdout]    7:     0x61031e942ba2 - std[617be2ca0a6fd877]::panicking::panic_handler::{closure#0}
[INFO] [stdout]    8:     0x61031e93b5a9 - std[617be2ca0a6fd877]::sys::backtrace::__rust_end_short_backtrace::<std[617be2ca0a6fd877]::panicking::panic_handler::{closure#0}, !>
[INFO] [stdout]    9:     0x61031e94389d - __rustc[ea4f61d10b84890b]::rust_begin_unwind
[INFO] [stdout]   10:     0x61031e97e78c - core[a373ad73a504971]::panicking::panic_fmt
[INFO] [stdout]   11:     0x61031e97e562 - core[a373ad73a504971]::result::unwrap_failed
[INFO] [stdout]   12:     0x61031e8df071 - <integration[83efaf80f3b1c4d]::nonexistent_file_json_error_valid_json_on_stdout::{closure#0} as core[a373ad73a504971]::ops::function::FnOnce<()>>::call_once
[INFO] [stdout]   13:     0x61031e8ee07b - test[aada8e7e76ba119b]::__rust_begin_short_backtrace::<core[a373ad73a504971]::result::Result<(), alloc[2e1b2a31b91974c5]::string::String>, fn() -> core[a373ad73a504971]::result::Result<(), alloc[2e1b2a31b91974c5]::string::String>>
[INFO] [stdout]   14:     0x61031e8fb255 - test[aada8e7e76ba119b]::run_test::{closure#0}
[INFO] [stdout]   15:     0x61031e8f4b44 - std[617be2ca0a6fd877]::sys::backtrace::__rust_begin_short_backtrace::<test[aada8e7e76ba119b]::run_test::{closure#1}, ()>
[INFO] [stdout]   16:     0x61031e8fe2e2 - <std[617be2ca0a6fd877]::thread::lifecycle::spawn_unchecked<test[aada8e7e76ba119b]::run_test::{closure#1}, ()>::{closure#1} as core[a373ad73a504971]::ops::function::FnOnce<()>>::call_once::{shim:vtable#0}
[INFO] [stdout]   17:     0x61031e96866f - <std[617be2ca0a6fd877]::sys::thread::unix::Thread>::new::thread_start
[INFO] [stdout]   18:     0x73925a5e0dfa - <unknown>
[INFO] [stdout]   19:     0x73925a6743d4 - clone
[INFO] [stdout]   20:                0x0 - <unknown>
[INFO] [stdout] 
[INFO] [stdout] ---- version_exit_zero stdout ----
[INFO] [stdout] 
[INFO] [stdout] thread 'version_exit_zero' (2994) panicked at crates/mmforge-cli/tests/integration.rs:54:67:
[INFO] [stdout] called `Result::unwrap()` on an `Err` value: Os { code: 2, kind: NotFound, message: "No such file or directory" }
[INFO] [stdout] stack backtrace:
[INFO] [stdout]    0:     0x61031e9693c1 - <<std[617be2ca0a6fd877]::sys::backtrace::BacktraceLock>::print::DisplayBacktrace as core[a373ad73a504971]::fmt::Display>::fmt
[INFO] [stdout]    1:     0x61031e97e05a - core[a373ad73a504971]::fmt::write
[INFO] [stdout]    2:     0x61031e96d83c - <alloc[2e1b2a31b91974c5]::vec::Vec<u8> as core[a373ad73a504971]::io::write::Write>::write_fmt
[INFO] [stdout]    3:     0x61031e942af6 - std[617be2ca0a6fd877]::panicking::default_hook::{closure#0}
[INFO] [stdout]    4:     0x61031e95ff39 - std[617be2ca0a6fd877]::panicking::default_hook
[INFO] [stdout]    5:     0x61031e8fac30 - test[aada8e7e76ba119b]::test_main_inner::{closure#0}
[INFO] [stdout]    6:     0x61031e9600f2 - std[617be2ca0a6fd877]::panicking::panic_with_hook
[INFO] [stdout]    7:     0x61031e942ba2 - std[617be2ca0a6fd877]::panicking::panic_handler::{closure#0}
[INFO] [stdout]    8:     0x61031e93b5a9 - std[617be2ca0a6fd877]::sys::backtrace::__rust_end_short_backtrace::<std[617be2ca0a6fd877]::panicking::panic_handler::{closure#0}, !>
[INFO] [stdout]    9:     0x61031e94389d - __rustc[ea4f61d10b84890b]::rust_begin_unwind
[INFO] [stdout]   10:     0x61031e97e78c - core[a373ad73a504971]::panicking::panic_fmt
[INFO] [stdout]   11:     0x61031e97e562 - core[a373ad73a504971]::result::unwrap_failed
[INFO] [stdout]   12:     0x61031e8d30c0 - <integration[83efaf80f3b1c4d]::version_exit_zero::{closure#0} as core[a373ad73a504971]::ops::function::FnOnce<()>>::call_once
[INFO] [stdout]   13:     0x61031e8ee07b - test[aada8e7e76ba119b]::__rust_begin_short_backtrace::<core[a373ad73a504971]::result::Result<(), alloc[2e1b2a31b91974c5]::string::String>, fn() -> core[a373ad73a504971]::result::Result<(), alloc[2e1b2a31b91974c5]::string::String>>
[INFO] [stdout]   14:     0x61031e8fb255 - test[aada8e7e76ba119b]::run_test::{closure#0}
[INFO] [stdout]   15:     0x61031e8f4b44 - std[617be2ca0a6fd877]::sys::backtrace::__rust_begin_short_backtrace::<test[aada8e7e76ba119b]::run_test::{closure#1}, ()>
[INFO] [stdout]   16:     0x61031e8fe2e2 - <std[617be2ca0a6fd877]::thread::lifecycle::spawn_unchecked<test[aada8e7e76ba119b]::run_test::{closure#1}, ()>::{closure#1} as core[a373ad73a504971]::ops::function::FnOnce<()>>::call_once::{shim:vtable#0}
[INFO] [stdout]   17:     0x61031e96866f - <std[617be2ca0a6fd877]::sys::thread::unix::Thread>::new::thread_start
[INFO] [stdout]   18:     0x73925a5e0dfa - <unknown>
[INFO] [stdout]   19:     0x73925a6743d4 - clone
[INFO] [stdout]   20:                0x0 - <unknown>
[INFO] [stdout] 
[INFO] [stdout] ---- validate_json_output_stable stdout ----
[INFO] [stdout] 
[INFO] [stdout] thread 'validate_json_output_stable' (2993) panicked at crates/mmforge-cli/tests/integration.rs:188:10:
[INFO] [stdout] called `Result::unwrap()` on an `Err` value: Os { code: 2, kind: NotFound, message: "No such file or directory" }
[INFO] [stdout] stack backtrace:
[INFO] [stdout]    0:     0x61031e9693c1 - <<std[617be2ca0a6fd877]::sys::backtrace::BacktraceLock>::print::DisplayBacktrace as core[a373ad73a504971]::fmt::Display>::fmt
[INFO] [stdout]    1:     0x61031e97e05a - core[a373ad73a504971]::fmt::write
[INFO] [stdout]    2:     0x61031e96d83c - <alloc[2e1b2a31b91974c5]::vec::Vec<u8> as core[a373ad73a504971]::io::write::Write>::write_fmt
[INFO] [stdout]    3:     0x61031e942af6 - std[617be2ca0a6fd877]::panicking::default_hook::{closure#0}
[INFO] [stdout]    4:     0x61031e95ff39 - std[617be2ca0a6fd877]::panicking::default_hook
[INFO] [stdout]    5:     0x61031e8fac30 - test[aada8e7e76ba119b]::test_main_inner::{closure#0}
[INFO] [stdout]    6:     0x61031e9600f2 - std[617be2ca0a6fd877]::panicking::panic_with_hook
[INFO] [stdout]    7:     0x61031e942ba2 - std[617be2ca0a6fd877]::panicking::panic_handler::{closure#0}
[INFO] [stdout]    8:     0x61031e93b5a9 - std[617be2ca0a6fd877]::sys::backtrace::__rust_end_short_backtrace::<std[617be2ca0a6fd877]::panicking::panic_handler::{closure#0}, !>
[INFO] [stdout]    9:     0x61031e94389d - __rustc[ea4f61d10b84890b]::rust_begin_unwind
[INFO] [stdout]   10:     0x61031e97e78c - core[a373ad73a504971]::panicking::panic_fmt
[INFO] [stdout]   11:     0x61031e97e562 - core[a373ad73a504971]::result::unwrap_failed
[INFO] [stdout]   12:     0x61031e8d5462 - <integration[83efaf80f3b1c4d]::validate_json_output_stable::{closure#0} as core[a373ad73a504971]::ops::function::FnOnce<()>>::call_once
[INFO] [stdout]   13:     0x61031e8ee07b - test[aada8e7e76ba119b]::__rust_begin_short_backtrace::<core[a373ad73a504971]::result::Result<(), alloc[2e1b2a31b91974c5]::string::String>, fn() -> core[a373ad73a504971]::result::Result<(), alloc[2e1b2a31b91974c5]::string::String>>
[INFO] [stdout]   14:     0x61031e8fb255 - test[aada8e7e76ba119b]::run_test::{closure#0}
[INFO] [stdout]   15:     0x61031e8f4b44 - std[617be2ca0a6fd877]::sys::backtrace::__rust_begin_short_backtrace::<test[aada8e7e76ba119b]::run_test::{closure#1}, ()>
[INFO] [stdout]   16:     0x61031e8fe2e2 - <std[617be2ca0a6fd877]::thread::lifecycle::spawn_unchecked<test[aada8e7e76ba119b]::run_test::{closure#1}, ()>::{closure#1} as core[a373ad73a504971]::ops::function::FnOnce<()>>::call_once::{shim:vtable#0}
[INFO] [stdout]   17:     0x61031e96866f - <std[617be2ca0a6fd877]::sys::thread::unix::Thread>::new::thread_start
[INFO] [stdout]   18:     0x73925a5e0dfa - <unknown>
[INFO] [stdout]   19:     0x73925a6743d4 - clone
[INFO] [stdout]   20:                0x0 - <unknown>
[INFO] [stdout] 
[INFO] [stdout] ---- step_fixture_json_error_is_valid_json_on_stdout stdout ----
[INFO] [stdout] 
[INFO] [stdout] thread 'step_fixture_json_error_is_valid_json_on_stdout' (2990) panicked at crates/mmforge-cli/tests/integration.rs:834:10:
[INFO] [stdout] called `Result::unwrap()` on an `Err` value: Os { code: 2, kind: NotFound, message: "No such file or directory" }
[INFO] [stdout] stack backtrace:
[INFO] [stdout]    0:     0x61031e9693c1 - <<std[617be2ca0a6fd877]::sys::backtrace::BacktraceLock>::print::DisplayBacktrace as core[a373ad73a504971]::fmt::Display>::fmt
[INFO] [stdout]    1:     0x61031e97e05a - core[a373ad73a504971]::fmt::write
[INFO] [stdout]    2:     0x61031e96d83c - <alloc[2e1b2a31b91974c5]::vec::Vec<u8> as core[a373ad73a504971]::io::write::Write>::write_fmt
[INFO] [stdout]    3:     0x61031e942af6 - std[617be2ca0a6fd877]::panicking::default_hook::{closure#0}
[INFO] [stdout]    4:     0x61031e95ff39 - std[617be2ca0a6fd877]::panicking::default_hook
[INFO] [stdout]    5:     0x61031e8fac30 - test[aada8e7e76ba119b]::test_main_inner::{closure#0}
[INFO] [stdout]    6:     0x61031e9600f2 - std[617be2ca0a6fd877]::panicking::panic_with_hook
[INFO] [stdout]    7:     0x61031e942ba2 - std[617be2ca0a6fd877]::panicking::panic_handler::{closure#0}
[INFO] [stdout]    8:     0x61031e93b5a9 - std[617be2ca0a6fd877]::sys::backtrace::__rust_end_short_backtrace::<std[617be2ca0a6fd877]::panicking::panic_handler::{closure#0}, !>
[INFO] [stdout]    9:     0x61031e94389d - __rustc[ea4f61d10b84890b]::rust_begin_unwind
[INFO] [stdout]   10:     0x61031e97e78c - core[a373ad73a504971]::panicking::panic_fmt
[INFO] [stdout]   11:     0x61031e97e562 - core[a373ad73a504971]::result::unwrap_failed
[INFO] [stdout]   12:     0x61031e8dec3c - <integration[83efaf80f3b1c4d]::step_fixture_json_error_is_valid_json_on_stdout::{closure#0} as core[a373ad73a504971]::ops::function::FnOnce<()>>::call_once
[INFO] [stdout]   13:     0x61031e8ee07b - test[aada8e7e76ba119b]::__rust_begin_short_backtrace::<core[a373ad73a504971]::result::Result<(), alloc[2e1b2a31b91974c5]::string::String>, fn() -> core[a373ad73a504971]::result::Result<(), alloc[2e1b2a31b91974c5]::string::String>>
[INFO] [stdout]   14:     0x61031e8fb255 - test[aada8e7e76ba119b]::run_test::{closure#0}
[INFO] [stdout]   15:     0x61031e8f4b44 - std[617be2ca0a6fd877]::sys::backtrace::__rust_begin_short_backtrace::<test[aada8e7e76ba119b]::run_test::{closure#1}, ()>
[INFO] [stdout]   16:     0x61031e8fe2e2 - <std[617be2ca0a6fd877]::thread::lifecycle::spawn_unchecked<test[aada8e7e76ba119b]::run_test::{closure#1}, ()>::{closure#1} as core[a373ad73a504971]::ops::function::FnOnce<()>>::call_once::{shim:vtable#0}
[INFO] [stdout]   17:     0x61031e96866f - <std[617be2ca0a6fd877]::sys::thread::unix::Thread>::new::thread_start
[INFO] [stdout]   18:     0x73925a5e0dfa - <unknown>
[INFO] [stdout]   19:     0x73925a6743d4 - clone
[INFO] [stdout]   20:                0x0 - <unknown>
[INFO] [stdout] 
[INFO] [stdout] ---- source_to_lsmc_to_info_json_round_trip stdout ----
[INFO] [stdout] 
[INFO] [stdout] thread 'source_to_lsmc_to_info_json_round_trip' (2989) panicked at crates/mmforge-cli/tests/integration.rs:325:10:
[INFO] [stdout] called `Result::unwrap()` on an `Err` value: Os { code: 2, kind: NotFound, message: "No such file or directory" }
[INFO] [stdout] stack backtrace:
[INFO] [stdout]    0:     0x61031e9693c1 - <<std[617be2ca0a6fd877]::sys::backtrace::BacktraceLock>::print::DisplayBacktrace as core[a373ad73a504971]::fmt::Display>::fmt
[INFO] [stdout]    1:     0x61031e97e05a - core[a373ad73a504971]::fmt::write
[INFO] [stdout]    2:     0x61031e96d83c - <alloc[2e1b2a31b91974c5]::vec::Vec<u8> as core[a373ad73a504971]::io::write::Write>::write_fmt
[INFO] [stdout]    3:     0x61031e942af6 - std[617be2ca0a6fd877]::panicking::default_hook::{closure#0}
[INFO] [stdout]    4:     0x61031e95ff39 - std[617be2ca0a6fd877]::panicking::default_hook
[INFO] [stdout]    5:     0x61031e8fac30 - test[aada8e7e76ba119b]::test_main_inner::{closure#0}
[INFO] [stdout]    6:     0x61031e9600f2 - std[617be2ca0a6fd877]::panicking::panic_with_hook
[INFO] [stdout]    7:     0x61031e942ba2 - std[617be2ca0a6fd877]::panicking::panic_handler::{closure#0}
[INFO] [stdout]    8:     0x61031e93b5a9 - std[617be2ca0a6fd877]::sys::backtrace::__rust_end_short_backtrace::<std[617be2ca0a6fd877]::panicking::panic_handler::{closure#0}, !>
[INFO] [stdout]    9:     0x61031e94389d - __rustc[ea4f61d10b84890b]::rust_begin_unwind
[INFO] [stdout]   10:     0x61031e97e78c - core[a373ad73a504971]::panicking::panic_fmt
[INFO] [stdout]   11:     0x61031e97e562 - core[a373ad73a504971]::result::unwrap_failed
[INFO] [stdout]   12:     0x61031e8dc28e - <integration[83efaf80f3b1c4d]::source_to_lsmc_to_info_json_round_trip::{closure#0} as core[a373ad73a504971]::ops::function::FnOnce<()>>::call_once
[INFO] [stdout]   13:     0x61031e8ee07b - test[aada8e7e76ba119b]::__rust_begin_short_backtrace::<core[a373ad73a504971]::result::Result<(), alloc[2e1b2a31b91974c5]::string::String>, fn() -> core[a373ad73a504971]::result::Result<(), alloc[2e1b2a31b91974c5]::string::String>>
[INFO] [stdout]   14:     0x61031e8fb255 - test[aada8e7e76ba119b]::run_test::{closure#0}
[INFO] [stdout]   15:     0x61031e8f4b44 - std[617be2ca0a6fd877]::sys::backtrace::__rust_begin_short_backtrace::<test[aada8e7e76ba119b]::run_test::{closure#1}, ()>
[INFO] [stdout]   16:     0x61031e8fe2e2 - <std[617be2ca0a6fd877]::thread::lifecycle::spawn_unchecked<test[aada8e7e76ba119b]::run_test::{closure#1}, ()>::{closure#1} as core[a373ad73a504971]::ops::function::FnOnce<()>>::call_once::{shim:vtable#0}
[INFO] [stdout]   17:     0x61031e96866f - <std[617be2ca0a6fd877]::sys::thread::unix::Thread>::new::thread_start
[INFO] [stdout]   18:     0x73925a5e0dfa - <unknown>
[INFO] [stdout]   19:     0x73925a6743d4 - clone
[INFO] [stdout]   20:                0x0 - <unknown>
[INFO] [stdout] 
[INFO] [stdout] ---- unknown_compress_method_rejected stdout ----
[INFO] [stdout] 
[INFO] [stdout] thread 'unknown_compress_method_rejected' (2991) panicked at crates/mmforge-cli/tests/integration.rs:344:10:
[INFO] [stdout] called `Result::unwrap()` on an `Err` value: Os { code: 2, kind: NotFound, message: "No such file or directory" }
[INFO] [stdout] stack backtrace:
[INFO] [stdout]    0:     0x61031e9693c1 - <<std[617be2ca0a6fd877]::sys::backtrace::BacktraceLock>::print::DisplayBacktrace as core[a373ad73a504971]::fmt::Display>::fmt
[INFO] [stdout]    1:     0x61031e97e05a - core[a373ad73a504971]::fmt::write
[INFO] [stdout]    2:     0x61031e96d83c - <alloc[2e1b2a31b91974c5]::vec::Vec<u8> as core[a373ad73a504971]::io::write::Write>::write_fmt
[INFO] [stdout]    3:     0x61031e942af6 - std[617be2ca0a6fd877]::panicking::default_hook::{closure#0}
[INFO] [stdout]    4:     0x61031e95ff39 - std[617be2ca0a6fd877]::panicking::default_hook
[INFO] [stdout]    5:     0x61031e8fac30 - test[aada8e7e76ba119b]::test_main_inner::{closure#0}
[INFO] [stdout]    6:     0x61031e9600f2 - std[617be2ca0a6fd877]::panicking::panic_with_hook
[INFO] [stdout]    7:     0x61031e942ba2 - std[617be2ca0a6fd877]::panicking::panic_handler::{closure#0}
[INFO] [stdout]    8:     0x61031e93b5a9 - std[617be2ca0a6fd877]::sys::backtrace::__rust_end_short_backtrace::<std[617be2ca0a6fd877]::panicking::panic_handler::{closure#0}, !>
[INFO] [stdout]    9:     0x61031e94389d - __rustc[ea4f61d10b84890b]::rust_begin_unwind
[INFO] [stdout]   10:     0x61031e97e78c - core[a373ad73a504971]::panicking::panic_fmt
[INFO] [stdout]   11:     0x61031e97e562 - core[a373ad73a504971]::result::unwrap_failed
[INFO] [stdout]   12:     0x61031e8d7cb0 - <integration[83efaf80f3b1c4d]::unknown_compress_method_rejected::{closure#0} as core[a373ad73a504971]::ops::function::FnOnce<()>>::call_once
[INFO] [stdout]   13:     0x61031e8ee07b - test[aada8e7e76ba119b]::__rust_begin_short_backtrace::<core[a373ad73a504971]::result::Result<(), alloc[2e1b2a31b91974c5]::string::String>, fn() -> core[a373ad73a504971]::result::Result<(), alloc[2e1b2a31b91974c5]::string::String>>
[INFO] [stdout]   14:     0x61031e8fb255 - test[aada8e7e76ba119b]::run_test::{closure#0}
[INFO] [stdout]   15:     0x61031e8f4b44 - std[617be2ca0a6fd877]::sys::backtrace::__rust_begin_short_backtrace::<test[aada8e7e76ba119b]::run_test::{closure#1}, ()>
[INFO] [stdout]   16:     0x61031e8fe2e2 - <std[617be2ca0a6fd877]::thread::lifecycle::spawn_unchecked<test[aada8e7e76ba119b]::run_test::{closure#1}, ()>::{closure#1} as core[a373ad73a504971]::ops::function::FnOnce<()>>::call_once::{shim:vtable#0}
[INFO] [stdout]   17:     0x61031e96866f - <std[617be2ca0a6fd877]::sys::thread::unix::Thread>::new::thread_start
[INFO] [stdout]   18:     0x73925a5e0dfa - <unknown>
[INFO] [stdout]   19:     0x73925a6743d4 - clone
[INFO] [stdout]   20:                0x0 - <unknown>
[INFO] [stdout] 
[INFO] [stdout] 
[INFO] [stdout] failures:
[INFO] [stdout]     batch_convert_all_conflicted_continue_on_error_produces_summary
[INFO] [stdout]     batch_convert_compressed
[INFO] [stdout]     batch_convert_continue_on_error_skips_conflicts
[INFO] [stdout]     batch_convert_default_conflict_reports_json
[INFO] [stdout]     batch_convert_json_summary
[INFO] [stdout]     batch_convert_no_continue_skips_non_conflict_with_skip_status
[INFO] [stdout]     batch_convert_output_conflict_detected
[INFO] [stdout]     batch_convert_partial_failure_json
[INFO] [stdout]     batch_convert_rejects_existing_output
[INFO] [stdout]     batch_convert_two_files_succeeds
[INFO] [stdout]     batch_convert_zero_inputs_exits_nonzero
[INFO] [stdout]     benchmark_json_output_stable
[INFO] [stdout]     compress_zstd_rejects_non_lsmc_output
[INFO] [stdout]     convert_then_info_lsm_exit_zero
[INFO] [stdout]     convert_to_lsmc_then_info_exit_zero
[INFO] [stdout]     convert_to_lsmc_then_validate_json
[INFO] [stdout]     iges_fixture_json_error_is_valid_json_on_stdout
[INFO] [stdout]     info_json_output_stable
[INFO] [stdout]     info_nonexistent_exit_nonzero
[INFO] [stdout]     info_stl_exit_zero
[INFO] [stdout]     lsm_bad_magic_exit_nonzero
[INFO] [stdout]     lsm_high_version_exit_nonzero
[INFO] [stdout]     lsmc_bad_magic_exit_nonzero
[INFO] [stdout]     lsmc_extension_corrupt_lsmc_rejected
[INFO] [stdout]     lsmc_extension_rejects_plain_lsm_data
[INFO] [stdout]     lsmc_magic_in_unknown_extension_reads
[INFO] [stdout]     no_extension_lsmc_magic_reads
[INFO] [stdout]     nonexistent_file_json_error_valid_json_on_stdout
[INFO] [stdout]     source_to_lsmc_to_info_json_round_trip
[INFO] [stdout]     step_fixture_json_error_is_valid_json_on_stdout
[INFO] [stdout]     unknown_compress_method_rejected
[INFO] [stdout]     validate_json_output_stable
[INFO] [stdout]     version_exit_zero
[INFO] [stdout] 
[INFO] [stdout] test result: FAILED. 0 passed; 33 failed; 0 ignored; 0 measured; 0 filtered out; finished in 0.02s
[INFO] [stdout] 
[INFO] running `Command { std: "docker" "inspect" "76a047ee093c8eedd98135904e547993ced7a300ad0e569377de6084bbad47e4", kill_on_drop: false }`
[INFO] running `Command { std: "docker" "rm" "-f" "76a047ee093c8eedd98135904e547993ced7a300ad0e569377de6084bbad47e4", kill_on_drop: false }`
[INFO] [stdout] 76a047ee093c8eedd98135904e547993ced7a300ad0e569377de6084bbad47e4
