[INFO] cloning repository https://github.com/hennie42/swooshie
[INFO] running `Command { std: "git" "-c" "credential.helper=" "-c" "credential.helper=/workspace/cargo-home/bin/git-credential-null" "clone" "--bare" "https://github.com/hennie42/swooshie" "/workspace/cache/git-repos/https%3A%2F%2Fgithub.com%2Fhennie42%2Fswooshie", kill_on_drop: false }`
[INFO] [stderr] Cloning into bare repository '/workspace/cache/git-repos/https%3A%2F%2Fgithub.com%2Fhennie42%2Fswooshie'...
[INFO] running `Command { std: "git" "rev-parse" "HEAD", kill_on_drop: false }`
[INFO] [stdout] bdbc2d9fb215ae7a2899a1aae5411212d4901479
[INFO] testing hennie42/swooshie against 1.100.0-beta.1+cargoflags=--release for beta-release-1.100-3
[INFO] running `Command { std: "git" "clone" "/workspace/cache/git-repos/https%3A%2F%2Fgithub.com%2Fhennie42%2Fswooshie" "/workspace/builds/worker-7-tc2/source", kill_on_drop: false }`
[INFO] [stderr] Cloning into '/workspace/builds/worker-7-tc2/source'...
[INFO] [stderr] done.
[INFO] removed /workspace/builds/worker-7-tc2/source/rust-toolchain.toml
[INFO] started tweaking git repo https://github.com/hennie42/swooshie
[INFO] finished tweaking git repo https://github.com/hennie42/swooshie
[INFO] tweaked toml for git repo https://github.com/hennie42/swooshie written to /workspace/builds/worker-7-tc2/source/Cargo.toml
[INFO] validating manifest of git repo https://github.com/hennie42/swooshie on toolchain 1.100.0-beta.1
[INFO] running `Command { std: CARGO_HOME="/workspace/cargo-home" RUSTUP_HOME="/workspace/rustup-home" "/workspace/cargo-home/bin/cargo" "+1.100.0-beta.1" "metadata" "--manifest-path" "Cargo.toml" "--no-deps", kill_on_drop: false }`
[INFO] crate git repo https://github.com/hennie42/swooshie already has a lockfile, it will not be regenerated
[INFO] running `Command { std: CARGO_HOME="/workspace/cargo-home" RUSTUP_HOME="/workspace/rustup-home" "/workspace/cargo-home/bin/cargo" "+1.100.0-beta.1" "fetch" "--manifest-path" "Cargo.toml", kill_on_drop: false }`
[INFO] running `Command { std: "docker" "create" "-v" "/var/lib/crater-agent-workspace/builds/worker-7-tc2/source:/opt/rustwide/workdir:ro,Z" "-v" "/var/lib/crater-agent-workspace/builds/worker-7-tc2/target:/opt/rustwide/target:rw,Z" "-v" "/var/lib/crater-agent-workspace/cargo-home:/opt/rustwide/cargo-home:ro,Z" "-v" "/var/lib/crater-agent-workspace/rustup-home:/opt/rustwide/rustup-home:ro,Z" "-m" "1610612736" "--network" "none" "ghcr.io/rust-lang/crates-build-env/linux@sha256:77db811e55d90add9212f6832c23229e3de5f1c1f9905e8cb07319ea15df73ac" "sleep" "infinity", kill_on_drop: false }`
[INFO] [stdout] eb0ad1ede1d24c932770d885a009b954e307b3d3bd4f627b3ebcdec23d08047c
[INFO] running `Command { std: "docker" "start" "eb0ad1ede1d24c932770d885a009b954e307b3d3bd4f627b3ebcdec23d08047c", kill_on_drop: false }`
[INFO] running `Command { std: "docker" "inspect" "eb0ad1ede1d24c932770d885a009b954e307b3d3bd4f627b3ebcdec23d08047c", kill_on_drop: false }`
[INFO] running `Command { std: "docker" "exec" "-e" "SOURCE_DIR=/opt/rustwide/workdir" "-e" "CARGO_HOME=/opt/rustwide/cargo-home" "-e" "RUSTUP_HOME=/opt/rustwide/rustup-home" "-e" "CARGO_TARGET_DIR=/opt/rustwide/target" "-w" "/opt/rustwide/workdir" "--user" "0:0" "eb0ad1ede1d24c932770d885a009b954e307b3d3bd4f627b3ebcdec23d08047c" "/opt/rustwide/cargo-home/bin/cargo" "+1.100.0-beta.1" "metadata" "--no-deps" "--format-version=1", kill_on_drop: false }`
[INFO] running `Command { std: "docker" "inspect" "eb0ad1ede1d24c932770d885a009b954e307b3d3bd4f627b3ebcdec23d08047c", kill_on_drop: false }`
[INFO] running `Command { std: "docker" "exec" "-e" "SOURCE_DIR=/opt/rustwide/workdir" "-e" "CARGO_HOME=/opt/rustwide/cargo-home" "-e" "RUSTUP_HOME=/opt/rustwide/rustup-home" "-e" "CARGO_TARGET_DIR=/opt/rustwide/target" "-e" "CARGO_INCREMENTAL=0" "-e" "RUST_BACKTRACE=full" "-e" "RUSTFLAGS=--cap-lints=warn" "-e" "RUSTDOCFLAGS=--cap-lints=warn" "-w" "/opt/rustwide/workdir" "--user" "0:0" "eb0ad1ede1d24c932770d885a009b954e307b3d3bd4f627b3ebcdec23d08047c" "/opt/rustwide/cargo-home/bin/cargo" "+1.100.0-beta.1" "build" "--frozen" "--message-format=json" "--release", kill_on_drop: false }`
[INFO] [stderr]    Compiling version_check v0.9.5
[INFO] [stderr]    Compiling libc v0.2.186
[INFO] [stderr]    Compiling maybe-uninit v2.0.0
[INFO] [stderr]    Compiling cfg-if v1.0.4
[INFO] [stderr]    Compiling crc32fast v1.5.0
[INFO] [stderr]    Compiling simd-adler32 v0.3.9
[INFO] [stderr]    Compiling byteorder v1.5.0
[INFO] [stderr]    Compiling typenum v1.20.0
[INFO] [stderr]    Compiling adler2 v2.0.1
[INFO] [stderr]    Compiling autocfg v1.5.0
[INFO] [stderr]    Compiling quad-alsa-sys v0.3.2
[INFO] [stderr]    Compiling dasp_sample v0.11.0
[INFO] [stderr]    Compiling hound v3.5.1
[INFO] [stderr]    Compiling bitflags v1.3.2
[INFO] [stderr]    Compiling equivalent v1.0.2
[INFO] [stderr]    Compiling subtle v2.6.1
[INFO] [stderr]    Compiling quad-snd v0.2.8
[INFO] [stderr]    Compiling foldhash v0.1.5
[INFO] [stderr]    Compiling allocator-api2 v0.2.21
[INFO] [stderr]    Compiling miniquad v0.4.8
[INFO] [stderr]    Compiling color_quant v1.1.0
[INFO] [stderr]    Compiling generic-array v0.14.7
[INFO] [stderr]    Compiling ttf-parser v0.21.1
[INFO] [stderr]    Compiling option-ext v0.2.0
[INFO] [stderr]    Compiling miniz_oxide v0.8.9
[INFO] [stderr]    Compiling ogg v0.7.1
[INFO] [stderr]    Compiling fdeflate v0.3.7
[INFO] [stderr]    Compiling bytemuck v1.25.0
[INFO] [stderr]    Compiling quad-rand v0.2.3
[INFO] [stderr]    Compiling smallvec v0.6.14
[INFO] [stderr]    Compiling glam v0.27.0
[INFO] [stderr]    Compiling swooshie-app v0.1.0 (/opt/rustwide/workdir/crates/swooshie-app)
[INFO] [stderr]    Compiling swooshie-core v0.1.0 (/opt/rustwide/workdir/crates/swooshie-core)
[INFO] [stderr]    Compiling macroquad_macro v0.1.8
[INFO] [stderr]    Compiling cpufeatures v0.2.17
[INFO] [stderr]    Compiling base64 v0.22.1
[INFO] [stderr]    Compiling dasp_frame v0.11.0
[INFO] [stderr]    Compiling num-traits v0.2.19
[INFO] [stderr]    Compiling hashbrown v0.15.5
[INFO] [stderr]    Compiling lewton v0.9.4
[INFO] [stderr]    Compiling flate2 v1.1.9
[INFO] [stderr]    Compiling swooshie-tools v0.1.0 (/opt/rustwide/workdir/crates/swooshie-tools)
[INFO] [stderr]    Compiling dirs-sys v0.4.1
[INFO] [stderr]    Compiling png v0.17.16
[INFO] [stderr]    Compiling dirs v5.0.1
[INFO] [stderr]    Compiling crypto-common v0.1.7
[INFO] [stderr]    Compiling block-buffer v0.10.4
[INFO] [stderr]    Compiling digest v0.10.7
[INFO] [stderr]    Compiling hmac v0.12.1
[INFO] [stderr]    Compiling sha2 v0.10.9
[INFO] [stderr]    Compiling fontdue v0.9.3
[INFO] [stderr]    Compiling image v0.24.9
[INFO] [stderr]    Compiling audrey v0.3.0
[INFO] [stderr]    Compiling macroquad v0.4.14
[INFO] [stderr]     Finished `release` profile [optimized] target(s) in 37.27s
[INFO] running `Command { std: "docker" "inspect" "eb0ad1ede1d24c932770d885a009b954e307b3d3bd4f627b3ebcdec23d08047c", kill_on_drop: false }`
[INFO] running `Command { std: "docker" "exec" "-e" "SOURCE_DIR=/opt/rustwide/workdir" "-e" "CARGO_HOME=/opt/rustwide/cargo-home" "-e" "RUSTUP_HOME=/opt/rustwide/rustup-home" "-e" "CARGO_TARGET_DIR=/opt/rustwide/target" "-e" "CARGO_INCREMENTAL=0" "-e" "RUST_BACKTRACE=full" "-e" "RUSTFLAGS=--cap-lints=warn" "-e" "RUSTDOCFLAGS=--cap-lints=warn" "-w" "/opt/rustwide/workdir" "--user" "0:0" "eb0ad1ede1d24c932770d885a009b954e307b3d3bd4f627b3ebcdec23d08047c" "/opt/rustwide/cargo-home/bin/cargo" "+1.100.0-beta.1" "test" "--frozen" "--no-run" "--message-format=json" "--release", kill_on_drop: false }`
[INFO] [stderr]    Compiling cfg-if v1.0.4
[INFO] [stderr]    Compiling typenum v1.20.0
[INFO] [stderr]    Compiling byteorder v1.5.0
[INFO] [stderr]    Compiling getrandom v0.3.4
[INFO] [stderr]    Compiling simd-adler32 v0.3.9
[INFO] [stderr]    Compiling adler2 v2.0.1
[INFO] [stderr]    Compiling zerocopy v0.8.48
[INFO] [stderr]    Compiling dasp_sample v0.11.0
[INFO] [stderr]    Compiling rustix v1.1.4
[INFO] [stderr]    Compiling getrandom v0.4.2
[INFO] [stderr]    Compiling libc v0.2.186
[INFO] [stderr]    Compiling maybe-uninit v2.0.0
[INFO] [stderr]    Compiling bitflags v1.3.2
[INFO] [stderr]    Compiling num-traits v0.2.19
[INFO] [stderr]    Compiling equivalent v1.0.2
[INFO] [stderr]    Compiling hound v3.5.1
[INFO] [stderr]    Compiling smallvec v0.6.14
[INFO] [stderr]    Compiling linux-raw-sys v0.12.1
[INFO] [stderr]    Compiling crc32fast v1.5.0
[INFO] [stderr]    Compiling subtle v2.6.1
[INFO] [stderr]    Compiling miniz_oxide v0.8.9
[INFO] [stderr]    Compiling fdeflate v0.3.7
[INFO] [stderr]    Compiling ogg v0.7.1
[INFO] [stderr]    Compiling dasp_frame v0.11.0
[INFO] [stderr]    Compiling swooshie-core v0.1.0 (/opt/rustwide/workdir/crates/swooshie-core)
[INFO] [stderr]    Compiling foldhash v0.1.5
[INFO] [stderr]    Compiling allocator-api2 v0.2.21
[INFO] [stderr]    Compiling bitflags v2.11.1
[INFO] [stderr]    Compiling color_quant v1.1.0
[INFO] [stderr]    Compiling bytemuck v1.25.0
[INFO] [stderr]    Compiling once_cell v1.21.4
[INFO] [stderr]    Compiling option-ext v0.2.0
[INFO] [stderr]    Compiling ttf-parser v0.21.1
[INFO] [stderr]    Compiling fastrand v2.4.1
[INFO] [stderr]    Compiling cpufeatures v0.2.17
[INFO] [stderr]    Compiling hashbrown v0.15.5
[INFO] [stderr]    Compiling quick-error v1.2.3
[INFO] [stderr]    Compiling glam v0.27.0
[INFO] [stderr]    Compiling quad-rand v0.2.3
[INFO] [stderr]    Compiling fnv v1.0.7
[INFO] [stderr]    Compiling bit-vec v0.8.0
[INFO] [stderr]    Compiling swooshie-app v0.1.0 (/opt/rustwide/workdir/crates/swooshie-app)
[INFO] [stderr]    Compiling flate2 v1.1.9
[INFO] [stderr]    Compiling unarray v0.1.4
[INFO] [stderr]    Compiling regex-syntax v0.8.10
[INFO] [stderr]    Compiling lewton v0.9.4
[INFO] [stderr]    Compiling generic-array v0.14.7
[INFO] [stderr]    Compiling bit-set v0.8.0
[INFO] [stderr]    Compiling base64 v0.22.1
[INFO] [stderr]    Compiling png v0.17.16
[INFO] [stderr]    Compiling quad-alsa-sys v0.3.2
[INFO] [stderr]    Compiling dirs-sys v0.4.1
[INFO] [stderr]    Compiling wait-timeout v0.2.1
[INFO] [stderr]    Compiling miniquad v0.4.8
[INFO] [stderr]    Compiling dirs v5.0.1
[INFO] [stderr]    Compiling rand_core v0.9.5
[INFO] [stderr]    Compiling rand_xorshift v0.4.0
[INFO] [stderr]    Compiling rand v0.9.4
[INFO] [stderr]    Compiling swooshie-tools v0.1.0 (/opt/rustwide/workdir/crates/swooshie-tools)
[INFO] [stderr]    Compiling block-buffer v0.10.4
[INFO] [stderr]    Compiling crypto-common v0.1.7
[INFO] [stderr]    Compiling digest v0.10.7
[INFO] [stderr]    Compiling hmac v0.12.1
[INFO] [stderr]    Compiling sha2 v0.10.9
[INFO] [stderr]    Compiling image v0.24.9
[INFO] [stderr]    Compiling audrey v0.3.0
[INFO] [stderr]    Compiling quad-snd v0.2.8
[INFO] [stderr]    Compiling tempfile v3.27.0
[INFO] [stderr]    Compiling fontdue v0.9.3
[INFO] [stderr]    Compiling rusty-fork v0.3.1
[INFO] [stderr]    Compiling macroquad v0.4.14
[INFO] [stderr]    Compiling ppv-lite86 v0.2.21
[INFO] [stderr]    Compiling rand_chacha v0.9.0
[INFO] [stderr]    Compiling proptest v1.11.0
[INFO] [stderr]     Finished `release` profile [optimized] target(s) in 1m 28s
[INFO] running `Command { std: "docker" "inspect" "eb0ad1ede1d24c932770d885a009b954e307b3d3bd4f627b3ebcdec23d08047c", kill_on_drop: false }`
[INFO] running `Command { std: "docker" "exec" "-e" "SOURCE_DIR=/opt/rustwide/workdir" "-e" "CARGO_HOME=/opt/rustwide/cargo-home" "-e" "RUSTUP_HOME=/opt/rustwide/rustup-home" "-e" "CARGO_TARGET_DIR=/opt/rustwide/target" "-e" "CARGO_INCREMENTAL=0" "-e" "RUST_BACKTRACE=full" "-e" "RUSTFLAGS=--cap-lints=warn" "-e" "RUSTDOCFLAGS=--cap-lints=warn" "-w" "/opt/rustwide/workdir" "--user" "0:0" "eb0ad1ede1d24c932770d885a009b954e307b3d3bd4f627b3ebcdec23d08047c" "/opt/rustwide/cargo-home/bin/cargo" "+1.100.0-beta.1" "test" "--frozen" "--release", kill_on_drop: false }`
[INFO] [stderr]    Compiling swooshie-app v0.1.0 (/opt/rustwide/workdir/crates/swooshie-app)
[INFO] [stderr]     Finished `release` profile [optimized] target(s) in 19.89s
[INFO] [stderr]      Running unittests src/main.rs (/opt/rustwide/target/release/build/swooshie-app/6db6d5dec03bf0d9/out/swooshie_app-6db6d5dec03bf0d9)
[INFO] [stdout] 
[INFO] [stdout] running 18 tests
[INFO] [stdout] test demo::tests::longest_edge_of_default_field_is_horizontal_100 ... ok
[INFO] [stdout] test persistence::tests::corrupted_b64_loads_as_empty ... ok
[INFO] [stdout] test demo::tests::retreat_completes_when_back_on_border ... ok
[INFO] [stdout] test persistence::tests::flipped_byte_in_mac_is_rejected ... ok
[INFO] [stdout] test demo::tests::dive_aborts_when_threat_close ... ok
[INFO] [stdout] test demo::tests::cooldown_eventually_plans_a_slice ... ok
[INFO] [stdout] test persistence::tests::empty_round_trip_decodes_empty ... ok
[INFO] [stdout] test persistence::tests::flipped_byte_in_body_is_rejected ... ok
[INFO] [stdout] test persistence::tests::list_caps_at_max_entries ... ok
[INFO] [stdout] test persistence::tests::rank_for_rejects_below_floor_when_full ... ok
[INFO] [stdout] test persistence::tests::truncated_blob_is_rejected ... ok
[INFO] [stdout] test demo::tests::inward_normal_on_bottom_edge_points_up ... ok
[INFO] [stdout] test tests::touch_conflict_keeps_latched_direction_while_old_touch_lingers ... ok
[INFO] [stdout] test persistence::tests::insert_orders_descending_by_score ... ok
[INFO] [stdout] test tests::touch_conflict_preserves_non_directional_buttons ... ok
[INFO] [stdout] test persistence::tests::round_trip_via_encode_decode_preserves_entries ... ok
[INFO] [stdout] test persistence::tests::store_round_trip_via_memstore ... ok
[INFO] [stdout] test tests::touch_conflict_prefers_new_horizontal_direction_when_reversing ... ok
[INFO] [stderr]      Running unittests src/lib.rs (/opt/rustwide/target/release/build/swooshie-core/1e8be0785eb5b854/out/swooshie_core-1e8be0785eb5b854)
[INFO] [stdout] 
[INFO] [stdout] test result: ok. 18 passed; 0 failed; 0 ignored; 0 measured; 0 filtered out; finished in 0.01s
[INFO] [stdout] 
[INFO] [stdout] 
[INFO] [stdout] running 116 tests
[INFO] [stdout] test geom::tests::cw_polygon_has_negative_signed_area ... ok
[INFO] [stdout] test geom::tests::pip_concave_horseshoe_notch_is_outside ... ok
[INFO] [stdout] test geom::tests::segment_parallel_no_hit ... ok
[INFO] [stdout] test geom::proptests::ccw_triangle_has_positive_area ... ok
[INFO] [stdout] test geom::tests::pip_inside_outside_boundary ... ok
[INFO] [stdout] test geom::tests::segment_crossing_intersects_at_midpoint ... ok
[INFO] [stdout] test geom_split::tests::classify_side_basic ... ok
[INFO] [stdout] test geom_split::proptests::interior_point_classified_to_exactly_one_side ... ok
[INFO] [stdout] test geom_split::proptests::pocket_split_areas_sum ... ok
[INFO] [stdout] test geom_split::tests::straight_cut_across_square ... ok
[INFO] [stdout] test geom_split::tests::rejects_cw_polygon ... ok
[INFO] [stdout] test input::tests::decode_rejects_bad_magic ... ok
[INFO] [stdout] test geom_split::tests::corner_endpoint_split_has_no_zero_length_edges ... ok
[INFO] [stdout] test geom::tests::segment_disjoint_collinear_no_hit ... ok
[INFO] [stdout] test geom::proptests::intersection_point_lies_on_both_segments ... ok
[INFO] [stdout] test geom_split::proptests::vertical_split_preserves_area ... ok
[INFO] [stdout] test geom_split::tests::rejects_polyline_endpoint_off_boundary ... ok
[INFO] [stdout] test geom_split::tests::rejects_polyline_crossing_boundary ... ok
[INFO] [stdout] test input::tests::decode_rejects_truncated ... ok
[INFO] [stdout] test geom::proptests::pip_classification_oracle_axis_aligned_square ... ok
[INFO] [stdout] test geom::tests::shoelace_unit_square_is_one ... ok
[INFO] [stdout] test input::tests::decode_rejects_wrong_version ... ok
[INFO] [stdout] test replay::tests::empty_log_replay_is_deterministic ... ok
[INFO] [stdout] test input::tests::empty_log_returns_empty_state ... ok
[INFO] [stdout] test geom_split::tests::pocket_on_one_edge ... ok
[INFO] [stdout] test input::tests::empty_log_round_trip ... ok
[INFO] [stdout] test input::tests::flag_combinators_round_trip ... ok
[INFO] [stdout] test replay::tests::matches_direct_world_run ... ok
[INFO] [stdout] test replay::tests::different_seeds_diverge ... ok
[INFO] [stdout] test rng::tests::matches_reference_vector_seed_zero ... ok
[INFO] [stdout] test world::tests::any_chaser_can_kill_player ... ok
[INFO] [stdout] test replay::tests::replay_file_detects_tampered_hash ... ok
[INFO] [stdout] test rng::tests::same_seed_same_stream ... ok
[INFO] [stdout] test replay::tests::replay_file_decode_rejects_bad_magic ... ok
[INFO] [stdout] test replay::tests::replay_file_decode_rejects_previous_version ... ok
[INFO] [stdout] test input::tests::duplicate_state_does_not_grow_log ... ok
[INFO] [stdout] test input::tests::encode_decode_round_trip ... ok
[INFO] [stdout] test input::tests::record_and_replay_basic ... ok
[INFO] [stdout] test world::tests::capture_relocation_fallback_projects_to_nearest_border_point ... ok
[INFO] [stdout] test input::tests::decode_rejects_trailing_bytes ... ok
[INFO] [stdout] test rng::tests::different_seeds_diverge_quickly ... ok
[INFO] [stdout] test world::tests::corner_routing_unsticks_player_at_perpendicular_vertex ... ok
[INFO] [stdout] test world::tests::determinism_same_inputs_same_state ... ok
[INFO] [stdout] test rng::tests::next_range_u32_bounds ... ok
[INFO] [stdout] test world::tests::down_input_at_bottom_right_corner_stays_anchored ... ok
[INFO] [stdout] test world::tests::config_chaser_count_spawns_correct_number ... ok
[INFO] [stdout] test world::tests::chaser_does_not_kill_drawing_player ... ok
[INFO] [stdout] test rng::tests::next_f32_in_unit_interval ... ok
[INFO] [stdout] test world::tests::corner_endpoint_capture_keeps_corner_walkable ... ok
[INFO] [stdout] test world::tests::chaser_flips_direction_periodically ... ok
[INFO] [stdout] test world::tests::corner_routing_unsticks_player_at_outer_vertex ... ok
[INFO] [stdout] test world::tests::chaser_walks_along_border ... ok
[INFO] [stdout] test world::tests::down_input_on_bottom_edge_does_not_leave_border ... ok
[INFO] [stdout] test world::tests::drawing_diagonal_input_snaps_to_dominant_axis ... ok
[INFO] [stdout] test world::tests::held_left_after_top_left_arrival_stays_at_corner ... ok
[INFO] [stdout] test world::tests::left_input_reverses_from_top_right_corner_after_horizontal_arrival ... ok
[INFO] [stdout] test world::tests::invuln_expires_and_kill_resumes ... ok
[INFO] [stdout] test world::tests::invuln_blocks_chaser_kill_after_respawn ... ok
[INFO] [stdout] test world::tests::left_input_reverses_from_bottom_right_corner_after_horizontal_arrival ... ok
[INFO] [stdout] test world::tests::drawing_motion_is_axis_aligned_only ... ok
[INFO] [stdout] test world::tests::left_input_at_bottom_left_corner_stays_anchored ... ok
[INFO] [stdout] test world::tests::opposite_inputs_along_an_edge_cancel ... ok
[INFO] [stdout] test world::tests::full_reversal_returns_player_to_border ... ok
[INFO] [stdout] test world::tests::near_corner_vertical_binding_reverses_back_along_bottom_edge ... ok
[INFO] [stdout] test world::tests::no_capture_event_when_trail_is_popped_back ... ok
[INFO] [stdout] test world::tests::nearby_chaser_is_repositioned_away_from_player ... ok
[INFO] [stdout] test world::tests::negative_walk_from_edge_start_moves_to_previous_edge ... ok
[INFO] [stdout] test world::tests::new_world_in_playing_state ... ok
[INFO] [stdout] test world::tests::held_left_after_bottom_left_arrival_stays_at_corner ... ok
[INFO] [stdout] test world::tests::player_walks_border_with_right_input ... ok
[INFO] [stdout] test world::tests::post_capture_bottom_left_corner_reverses_left_without_vertical_unstick ... ok
[INFO] [stdout] test world::tests::post_capture_inner_corner_starts_upward_trail ... ok
[INFO] [stdout] test world::tests::chaser_kills_player_on_contact ... ok
[INFO] [stdout] test world::tests::post_capture_bottom_right_corner_reverses_right_without_vertical_unstick ... ok
[INFO] [stdout] test world::tests::post_capture_bottom_left_corner_diagonal_reverse_prefers_arrival_edge ... ok
[INFO] [stdout] test world::tests::post_capture_inner_corner_routes_down_without_sticking ... ok
[INFO] [stdout] test world::tests::post_capture_bottom_left_outer_corner_holds_right_at_corner ... ok
[INFO] [stdout] test world::tests::post_capture_bottom_right_outer_corner_holds_left_at_corner ... ok
[INFO] [stdout] test world::tests::post_capture_finish_keeps_rightward_border_motion ... ok
[INFO] [stdout] test world::tests::post_capture_upper_left_corner_routes_right_from_vertical_binding ... ok
[INFO] [stdout] test world::tests::post_capture_upper_right_corner_reverses_left_without_vertical_unstick ... ok
[INFO] [stdout] test world::tests::post_capture_upper_left_corner_diagonal_reverse_prefers_arrival_edge ... ok
[INFO] [stdout] test world::tests::post_capture_upper_left_corner_opposed_horizontal_inputs_still_reverse_right ... ok
[INFO] [stdout] test world::tests::post_capture_upper_left_corner_reverses_right_without_vertical_unstick ... ok
[INFO] [stdout] test world::tests::post_capture_outer_corner_starts_upward_trail ... ok
[INFO] [stdout] test world::tests::rejects_cw_play_field ... ok
[INFO] [stdout] test world::tests::right_input_reverses_from_bottom_left_corner_after_horizontal_arrival ... ok
[INFO] [stdout] test world::tests::snapshot_exposes_score_and_lives ... ok
[INFO] [stdout] test world::tests::snapshot_reflects_state ... ok
[INFO] [stdout] test world::tests::segment_contact_catches_endpoint_and_collinear_overlap ... ok
[INFO] [stdout] test world::tests::swooshie_body_sweep_detects_trail_contact ... ok
[INFO] [stdout] test world::tests::right_input_reverses_from_top_left_corner_after_horizontal_arrival ... ok
[INFO] [stdout] test world::tests::step_advances_frame_counter ... ok
[INFO] [stdout] test world::tests::swooshie_reflects_off_border ... ok
[INFO] [stdout] test world::tests::respawning_after_kill_clears_trail ... ok
[INFO] [stdout] test world::tests::swooshie_stays_inside_border_over_many_ticks ... ok
[INFO] [stdout] test world::tests::reversing_drawing_direction_pops_trail_back_to_border ... ok
[INFO] [stdout] test world::tests::capture_shrinks_border_and_grows_fraction ... ok
[INFO] [stdout] test world::tests::swooshie_spawn_stays_strictly_inside_concave_border ... ok
[INFO] [stdout] test world::tests::swooshie_body_segments_stay_inside_concave_border ... ok
[INFO] [stdout] test world::tests::swooshie_crossing_trail_kills_player ... ok
[INFO] [stdout] test world::tests::tiny_vertical_jog_does_not_trap_rightward_border_motion ... ok
[INFO] [stdout] test world::tests::up_input_on_bottom_edge_without_draw_does_not_leave_border ... ok
[INFO] [stdout] test world::tests::live_drawn_notch_border_collapses_collinear_segments ... ok
[INFO] [stdout] test replay::tests::recorded_inputs_replay_identically ... ok
[INFO] [stdout] test world::tests::up_input_on_bottom_edge_starts_trail ... ok
[INFO] [stdout] test world::tests::player_relocates_to_new_border_after_capture ... ok
[INFO] [stdout] test world::tests::live_capture_finish_continues_right_without_relocating_player ... ok
[INFO] [stdout] test world::tests::reverse_same_edge_rectangle_keeps_leftward_motion_after_capture ... ok
[INFO] [stdout] test world::tests::trail_completes_on_border_hit ... ok
[INFO] [stdout] test replay::tests::replay_file_round_trip_and_verify ... ok
[INFO] [stdout] test world::tests::zero_chasers_is_valid ... ok
[INFO] [stdout] test world::tests::trail_self_intersection_kills_player ... ok
[INFO] [stdout] test world::tests::winning_grants_level_clear_bonus ... ok
[INFO] [stdout] test world::tests::slow_draw_scores_more_than_fast_for_same_capture ... ok
[INFO] [stderr]      Running unittests src/bin/verify_replay.rs (/opt/rustwide/target/release/build/swooshie-tools/68b4e2f55d7b9e20/out/verify_replay-68b4e2f55d7b9e20)
[INFO] [stdout] test replay::proptests::same_seed_same_log_same_trace ... ok
[INFO] [stdout] 
[INFO] [stdout] test result: ok. 116 passed; 0 failed; 0 ignored; 0 measured; 0 filtered out; finished in 1.44s
[INFO] [stdout] 
[INFO] [stderr]      Running tests/verify_replay_cli.rs (/opt/rustwide/target/release/build/swooshie-tools/885f1df3ce9d420f/out/verify_replay_cli-885f1df3ce9d420f)
[INFO] [stdout] 
[INFO] [stdout] running 0 tests
[INFO] [stdout] 
[INFO] [stdout] test result: ok. 0 passed; 0 failed; 0 ignored; 0 measured; 0 filtered out; finished in 0.00s
[INFO] [stdout] 
[INFO] [stdout] 
[INFO] [stdout] running 2 tests
[INFO] [stderr] error: test failed, to rerun pass `-p swooshie-tools --test verify_replay_cli`
[INFO] [stdout] test verify_replay_round_trips_a_recorded_session ... FAILED
[INFO] [stdout] test verify_replay_detects_tampered_file ... FAILED
[INFO] [stdout] 
[INFO] [stdout] failures:
[INFO] [stdout] 
[INFO] [stdout] ---- verify_replay_round_trips_a_recorded_session stdout ----
[INFO] [stdout] 
[INFO] [stdout] thread 'verify_replay_round_trips_a_recorded_session' (2432) panicked at crates/swooshie-tools/tests/verify_replay_cli.rs:41:5:
[INFO] [stdout] missing binary: /opt/rustwide/target/release/build/swooshie-tools/885f1df3ce9d420f/out/verify-replay
[INFO] [stdout] stack backtrace:
[INFO] [stdout]    0:     0x5c6669525ff6 - <unknown>
[INFO] [stdout]    1:     0x5c66694d983a - <unknown>
[INFO] [stdout]    2:     0x5c666952b51c - <unknown>
[INFO] [stdout]    3:     0x5c66695024a2 - <unknown>
[INFO] [stdout]    4:     0x5c666951e651 - <unknown>
[INFO] [stdout]    5:     0x5c666951e832 - <unknown>
[INFO] [stdout]    6:     0x5c6669502552 - <unknown>
[INFO] [stdout]    7:     0x5c66694fb249 - <unknown>
[INFO] [stdout]    8:     0x5c666950316d - <unknown>
[INFO] [stdout]    9:     0x5c66694d9f2c - <unknown>
[INFO] [stdout]   10:     0x5c6669585618 - <unknown>
[INFO] [stdout]   11:     0x5c666954383b - <unknown>
[INFO] [stdout]   12:     0x5c66695516e4 - <unknown>
[INFO] [stdout]   13:     0x5c666954ae14 - <unknown>
[INFO] [stdout]   14:     0x5c66695554a2 - <unknown>
[INFO] [stdout]   15:     0x5c66695255c4 - <unknown>
[INFO] [stdout]   16:     0x7464d9ab8dfa - <unknown>
[INFO] [stdout]   17:     0x7464d9b4c3d4 - clone
[INFO] [stdout]   18:                0x0 - <unknown>
[INFO] [stdout] 
[INFO] [stdout] ---- verify_replay_detects_tampered_file stdout ----
[INFO] [stdout] 
[INFO] [stdout] thread 'verify_replay_detects_tampered_file' (2431) panicked at crates/swooshie-tools/tests/verify_replay_cli.rs:69:10:
[INFO] [stdout] run binary: Os { code: 2, kind: NotFound, message: "No such file or directory" }
[INFO] [stdout] stack backtrace:
[INFO] [stdout]    0:     0x5c6669525ff6 - <unknown>
[INFO] [stdout]    1:     0x5c66694d983a - <unknown>
[INFO] [stdout]    2:     0x5c666952b51c - <unknown>
[INFO] [stdout]    3:     0x5c66695024a2 - <unknown>
[INFO] [stdout]    4:     0x5c666951e651 - <unknown>
[INFO] [stdout]    5:     0x5c666951e832 - <unknown>
[INFO] [stdout]    6:     0x5c6669502552 - <unknown>
[INFO] [stdout]    7:     0x5c66694fb249 - <unknown>
[INFO] [stdout]    8:     0x5c666950316d - <unknown>
[INFO] [stdout]    9:     0x5c66694d9f2c - <unknown>
[INFO] [stdout]   10:     0x5c66694d9d02 - <unknown>
[INFO] [stdout]   11:     0x5c6669584e80 - <unknown>
[INFO] [stdout]   12:     0x5c666954383b - <unknown>
[INFO] [stdout]   13:     0x5c66695516e4 - <unknown>
[INFO] [stdout]   14:     0x5c666954ae14 - <unknown>
[INFO] [stdout]   15:     0x5c66695554a2 - <unknown>
[INFO] [stdout]   16:     0x5c66695255c4 - <unknown>
[INFO] [stdout]   17:     0x7464d9ab8dfa - <unknown>
[INFO] [stdout]   18:     0x7464d9b4c3d4 - clone
[INFO] [stdout]   19:                0x0 - <unknown>
[INFO] [stdout] 
[INFO] [stdout] 
[INFO] [stdout] failures:
[INFO] [stdout]     verify_replay_detects_tampered_file
[INFO] [stdout]     verify_replay_round_trips_a_recorded_session
[INFO] [stdout] 
[INFO] [stdout] test result: FAILED. 0 passed; 2 failed; 0 ignored; 0 measured; 0 filtered out; finished in 0.01s
[INFO] [stdout] 
[INFO] running `Command { std: "docker" "inspect" "eb0ad1ede1d24c932770d885a009b954e307b3d3bd4f627b3ebcdec23d08047c", kill_on_drop: false }`
[INFO] running `Command { std: "docker" "rm" "-f" "eb0ad1ede1d24c932770d885a009b954e307b3d3bd4f627b3ebcdec23d08047c", kill_on_drop: false }`
[INFO] [stdout] eb0ad1ede1d24c932770d885a009b954e307b3d3bd4f627b3ebcdec23d08047c
