[INFO] cloning repository https://github.com/hamodywe/overpull
[INFO] running `Command { std: "git" "-c" "credential.helper=" "-c" "credential.helper=/workspace/cargo-home/bin/git-credential-null" "clone" "--bare" "https://github.com/hamodywe/overpull" "/workspace/cache/git-repos/https%3A%2F%2Fgithub.com%2Fhamodywe%2Foverpull", kill_on_drop: false }`
[INFO] [stderr] Cloning into bare repository '/workspace/cache/git-repos/https%3A%2F%2Fgithub.com%2Fhamodywe%2Foverpull'...
[INFO] running `Command { std: "git" "rev-parse" "HEAD", kill_on_drop: false }`
[INFO] [stdout] bee4e88ca2ca85ca792d745e938bb77987f1e01a
[INFO] testing hamodywe/overpull against 1.100.0-beta.1+cargoflags=--release for beta-release-1.100-3
[INFO] running `Command { std: "git" "clone" "/workspace/cache/git-repos/https%3A%2F%2Fgithub.com%2Fhamodywe%2Foverpull" "/workspace/builds/worker-0-tc2/source", kill_on_drop: false }`
[INFO] [stderr] Cloning into '/workspace/builds/worker-0-tc2/source'...
[INFO] [stderr] done.
[INFO] started tweaking git repo https://github.com/hamodywe/overpull
[INFO] finished tweaking git repo https://github.com/hamodywe/overpull
[INFO] tweaked toml for git repo https://github.com/hamodywe/overpull written to /workspace/builds/worker-0-tc2/source/Cargo.toml
[INFO] validating manifest of git repo https://github.com/hamodywe/overpull on toolchain 1.100.0-beta.1
[INFO] running `Command { std: CARGO_HOME="/workspace/cargo-home" RUSTUP_HOME="/workspace/rustup-home" "/workspace/cargo-home/bin/cargo" "+1.100.0-beta.1" "metadata" "--manifest-path" "Cargo.toml" "--no-deps", kill_on_drop: false }`
[INFO] crate git repo https://github.com/hamodywe/overpull already has a lockfile, it will not be regenerated
[INFO] running `Command { std: CARGO_HOME="/workspace/cargo-home" RUSTUP_HOME="/workspace/rustup-home" "/workspace/cargo-home/bin/cargo" "+1.100.0-beta.1" "fetch" "--manifest-path" "Cargo.toml", kill_on_drop: false }`
[INFO] [stderr] warning: `package.homepage` is redundant with `package.repository`
[INFO] [stderr]   --> Cargo.toml:34:12
[INFO] [stderr]    |
[INFO] [stderr] 34 | homepage = "https://github.com/hamodywe/overpull"
[INFO] [stderr]    |            ^^^^^^^^^^^^^^^^^^^^^^^^^^^^^^^^^^^^^^
[INFO] [stderr] ...
[INFO] [stderr] 39 | repository = "https://github.com/hamodywe/overpull"
[INFO] [stderr]    |              --------------------------------------
[INFO] [stderr]    |
[INFO] [stderr]    = note: `cargo::redundant_homepage` is set to `warn` by default
[INFO] [stderr] help: consider removing `package.homepage`
[INFO] [stderr] warning: `overpull` (manifest) generated 1 warning
[INFO] running `Command { std: "docker" "create" "-v" "/var/lib/crater-agent-workspace/builds/worker-0-tc2/source:/opt/rustwide/workdir:ro,Z" "-v" "/var/lib/crater-agent-workspace/builds/worker-0-tc2/target:/opt/rustwide/target:rw,Z" "-v" "/var/lib/crater-agent-workspace/cargo-home:/opt/rustwide/cargo-home:ro,Z" "-v" "/var/lib/crater-agent-workspace/rustup-home:/opt/rustwide/rustup-home:ro,Z" "-m" "1610612736" "--network" "none" "ghcr.io/rust-lang/crates-build-env/linux@sha256:77db811e55d90add9212f6832c23229e3de5f1c1f9905e8cb07319ea15df73ac" "sleep" "infinity", kill_on_drop: false }`
[INFO] [stdout] da1e7c330b6657aa846ebe62c076c06e456c8b8d9dfaf336774e7f836879f025
[INFO] running `Command { std: "docker" "start" "da1e7c330b6657aa846ebe62c076c06e456c8b8d9dfaf336774e7f836879f025", kill_on_drop: false }`
[INFO] running `Command { std: "docker" "inspect" "da1e7c330b6657aa846ebe62c076c06e456c8b8d9dfaf336774e7f836879f025", kill_on_drop: false }`
[INFO] running `Command { std: "docker" "exec" "-e" "SOURCE_DIR=/opt/rustwide/workdir" "-e" "CARGO_HOME=/opt/rustwide/cargo-home" "-e" "RUSTUP_HOME=/opt/rustwide/rustup-home" "-e" "CARGO_TARGET_DIR=/opt/rustwide/target" "-w" "/opt/rustwide/workdir" "--user" "0:0" "da1e7c330b6657aa846ebe62c076c06e456c8b8d9dfaf336774e7f836879f025" "/opt/rustwide/cargo-home/bin/cargo" "+1.100.0-beta.1" "metadata" "--no-deps" "--format-version=1", kill_on_drop: false }`
[INFO] running `Command { std: "docker" "inspect" "da1e7c330b6657aa846ebe62c076c06e456c8b8d9dfaf336774e7f836879f025", kill_on_drop: false }`
[INFO] running `Command { std: "docker" "exec" "-e" "SOURCE_DIR=/opt/rustwide/workdir" "-e" "CARGO_HOME=/opt/rustwide/cargo-home" "-e" "RUSTUP_HOME=/opt/rustwide/rustup-home" "-e" "CARGO_TARGET_DIR=/opt/rustwide/target" "-e" "CARGO_INCREMENTAL=0" "-e" "RUST_BACKTRACE=full" "-e" "RUSTFLAGS=--cap-lints=warn" "-e" "RUSTDOCFLAGS=--cap-lints=warn" "-w" "/opt/rustwide/workdir" "--user" "0:0" "da1e7c330b6657aa846ebe62c076c06e456c8b8d9dfaf336774e7f836879f025" "/opt/rustwide/cargo-home/bin/cargo" "+1.100.0-beta.1" "build" "--frozen" "--message-format=json" "--release", kill_on_drop: false }`
[INFO] [stderr] warning: `package.homepage` is redundant with `package.repository`
[INFO] [stderr]   --> Cargo.toml:34:12
[INFO] [stderr]    |
[INFO] [stderr] 34 | homepage = "https://github.com/hamodywe/overpull"
[INFO] [stderr]    |            ^^^^^^^^^^^^^^^^^^^^^^^^^^^^^^^^^^^^^^
[INFO] [stderr] ...
[INFO] [stderr] 39 | repository = "https://github.com/hamodywe/overpull"
[INFO] [stderr]    |              --------------------------------------
[INFO] [stderr]    |
[INFO] [stderr]    = note: `cargo::redundant_homepage` is set to `warn` by default
[INFO] [stderr] help: consider removing `package.homepage`
[INFO] [stderr] warning: `overpull` (manifest) generated 1 warning
[INFO] [stderr]    Compiling proc-macro2 v1.0.107
[INFO] [stderr]    Compiling unicode-ident v1.0.24
[INFO] [stderr]    Compiling quote v1.0.47
[INFO] [stderr]    Compiling allocator-api2 v0.2.21
[INFO] [stderr]    Compiling serde_core v1.0.229
[INFO] [stderr]    Compiling rustversion v1.0.23
[INFO] [stderr]    Compiling itoa v1.0.18
[INFO] [stderr]    Compiling serde v1.0.229
[INFO] [stderr]    Compiling siphasher v1.0.3
[INFO] [stderr]    Compiling cfg-if v1.0.4
[INFO] [stderr]    Compiling zmij v1.0.23
[INFO] [stderr]    Compiling memchr v2.8.3
[INFO] [stderr]    Compiling phf_shared v0.14.0
[INFO] [stderr]    Compiling owo-colors v4.3.0
[INFO] [stderr]    Compiling autocfg v1.5.1
[INFO] [stderr]    Compiling static_assertions v1.1.0
[INFO] [stderr]    Compiling rustc-hash v2.1.3
[INFO] [stderr]    Compiling unicode-width v0.2.2
[INFO] [stderr]    Compiling hashbrown v0.17.1
[INFO] [stderr]    Compiling smawk v0.3.3
[INFO] [stderr]    Compiling unicode-linebreak v0.1.5
[INFO] [stderr]    Compiling castaway v0.2.4
[INFO] [stderr]    Compiling num-traits v0.2.19
[INFO] [stderr]    Compiling textwrap v0.16.2
[INFO] [stderr]    Compiling oxc_data_structures v0.144.0
[INFO] [stderr]    Compiling syn v3.0.3
[INFO] [stderr]    Compiling syn v2.0.119
[INFO] [stderr]    Compiling unicode-segmentation v1.13.3
[INFO] [stderr]    Compiling bytecount v0.6.9
[INFO] [stderr]    Compiling fastrand v2.5.0
[INFO] [stderr]    Compiling phf_generator v0.14.0
[INFO] [stderr]    Compiling oxc_allocator v0.144.0
[INFO] [stderr]    Compiling compact_str v0.10.0
[INFO] [stderr]    Compiling oxc-miette v4.0.0
[INFO] [stderr]    Compiling phf v0.14.0
[INFO] [stderr]    Compiling oxc_estree v0.144.0
[INFO] [stderr]    Compiling bitflags v2.13.1
[INFO] [stderr]    Compiling oxc_str v0.144.0
[INFO] [stderr]    Compiling dragonbox_ecma v0.1.12
[INFO] [stderr]    Compiling cow-utils v0.1.3
[INFO] [stderr]    Compiling crossbeam-utils v0.8.22
[INFO] [stderr]    Compiling percent-encoding v2.3.2
[INFO] [stderr]    Compiling equivalent v1.0.2
[INFO] [stderr]    Compiling unicode-id-start v1.4.0
[INFO] [stderr]    Compiling nonmax v0.5.5
[INFO] [stderr]    Compiling crossbeam-epoch v0.9.20
[INFO] [stderr]    Compiling foldhash v0.2.0
[INFO] [stderr]    Compiling libc v0.2.189
[INFO] [stderr]    Compiling num-integer v0.1.47
[INFO] [stderr]    Compiling hashbrown v0.16.1
[INFO] [stderr]    Compiling once_cell v1.21.4
[INFO] [stderr]    Compiling crossbeam-deque v0.8.7
[INFO] [stderr]    Compiling parking_lot_core v0.9.12
[INFO] [stderr]    Compiling ryu v1.0.23
[INFO] [stderr]    Compiling ref-cast v1.0.26
[INFO] [stderr]    Compiling num-bigint v0.5.1
[INFO] [stderr]    Compiling float-cmp v0.10.0
[INFO] [stderr]    Compiling thiserror v2.0.20
[INFO] [stderr]    Compiling either v1.17.0
[INFO] [stderr]    Compiling scopeguard v1.2.0
[INFO] [stderr]    Compiling serde_json v1.0.151
[INFO] [stderr]    Compiling rustix v1.1.4
[INFO] [stderr]    Compiling rayon-core v1.13.0
[INFO] [stderr]    Compiling lock_api v0.4.14
[INFO] [stderr]    Compiling tracing-core v0.1.36
[INFO] [stderr]    Compiling indexmap v2.14.0
[INFO] [stderr]    Compiling halfbrown v0.4.0
[INFO] [stderr]    Compiling linux-raw-sys v0.12.1
[INFO] [stderr]    Compiling value-trait v0.12.2
[INFO] [stderr]    Compiling self_cell v1.3.0
[INFO] [stderr]    Compiling simdutf8 v0.1.5
[INFO] [stderr]    Compiling arrayvec v0.7.8
[INFO] [stderr]    Compiling pin-project-lite v0.2.17
[INFO] [stderr]    Compiling hashbrown v0.14.5
[INFO] [stderr]    Compiling fast-glob v1.1.0
[INFO] [stderr]    Compiling itertools v0.15.0
[INFO] [stderr]    Compiling serde_derive v1.0.229
[INFO] [stderr]    Compiling oxc_ast_macros v0.144.0
[INFO] [stderr]    Compiling oxc_span v0.144.0
[INFO] [stderr]    Compiling phf_macros v0.14.0
[INFO] [stderr]    Compiling ref-cast-impl v1.0.26
[INFO] [stderr]    Compiling tracing-attributes v0.1.31
[INFO] [stderr]    Compiling thiserror-impl v2.0.20
[INFO] [stderr]    Compiling simd-json v0.17.3
[INFO] [stderr]    Compiling compact_str v0.9.1
[INFO] [stderr]    Compiling json-strip-comments v3.1.2
[INFO] [stderr]    Compiling seq-macro v0.3.6
[INFO] [stderr]    Compiling tracing v0.1.44
[INFO] [stderr]    Compiling nodejs-built-in-modules v1.0.0
[INFO] [stderr]    Compiling rayon v1.12.0
[INFO] [stderr]    Compiling smallvec v1.15.2
[INFO] [stderr]    Compiling oxc_index v5.0.0
[INFO] [stderr]    Compiling oxc_diagnostics v0.144.0
[INFO] [stderr]    Compiling dashmap v6.2.1
[INFO] [stderr]    Compiling oxc_syntax v0.144.0
[INFO] [stderr]    Compiling oxc_regular_expression v0.144.0
[INFO] [stderr]    Compiling oxc_resolver v11.24.2
[INFO] [stderr]    Compiling oxc_ast v0.144.0
[INFO] [stderr]    Compiling oxc_ecmascript v0.144.0
[INFO] [stderr]    Compiling oxc_ast_visit v0.144.0
[INFO] [stderr]    Compiling oxc_parser v0.144.0
[INFO] [stderr]    Compiling oxc_semantic v0.144.0
[INFO] [stderr]    Compiling overpull v0.2.0 (/opt/rustwide/workdir)
[INFO] [stderr]     Finished `release` profile [optimized] target(s) in 2m 19s
[INFO] running `Command { std: "docker" "inspect" "da1e7c330b6657aa846ebe62c076c06e456c8b8d9dfaf336774e7f836879f025", kill_on_drop: false }`
[INFO] running `Command { std: "docker" "exec" "-e" "SOURCE_DIR=/opt/rustwide/workdir" "-e" "CARGO_HOME=/opt/rustwide/cargo-home" "-e" "RUSTUP_HOME=/opt/rustwide/rustup-home" "-e" "CARGO_TARGET_DIR=/opt/rustwide/target" "-e" "CARGO_INCREMENTAL=0" "-e" "RUST_BACKTRACE=full" "-e" "RUSTFLAGS=--cap-lints=warn" "-e" "RUSTDOCFLAGS=--cap-lints=warn" "-w" "/opt/rustwide/workdir" "--user" "0:0" "da1e7c330b6657aa846ebe62c076c06e456c8b8d9dfaf336774e7f836879f025" "/opt/rustwide/cargo-home/bin/cargo" "+1.100.0-beta.1" "test" "--frozen" "--no-run" "--message-format=json" "--release", kill_on_drop: false }`
[INFO] [stderr] warning: `package.homepage` is redundant with `package.repository`
[INFO] [stderr]   --> Cargo.toml:34:12
[INFO] [stderr]    |
[INFO] [stderr] 34 | homepage = "https://github.com/hamodywe/overpull"
[INFO] [stderr]    |            ^^^^^^^^^^^^^^^^^^^^^^^^^^^^^^^^^^^^^^
[INFO] [stderr] ...
[INFO] [stderr] 39 | repository = "https://github.com/hamodywe/overpull"
[INFO] [stderr]    |              --------------------------------------
[INFO] [stderr]    |
[INFO] [stderr]    = note: `cargo::redundant_homepage` is set to `warn` by default
[INFO] [stderr] help: consider removing `package.homepage`
[INFO] [stderr] warning: `overpull` (manifest) generated 1 warning
[INFO] [stderr]    Compiling overpull v0.2.0 (/opt/rustwide/workdir)
[INFO] [stderr]     Finished `release` profile [optimized] target(s) in 1m 13s
[INFO] running `Command { std: "docker" "inspect" "da1e7c330b6657aa846ebe62c076c06e456c8b8d9dfaf336774e7f836879f025", kill_on_drop: false }`
[INFO] running `Command { std: "docker" "exec" "-e" "SOURCE_DIR=/opt/rustwide/workdir" "-e" "CARGO_HOME=/opt/rustwide/cargo-home" "-e" "RUSTUP_HOME=/opt/rustwide/rustup-home" "-e" "CARGO_TARGET_DIR=/opt/rustwide/target" "-e" "CARGO_INCREMENTAL=0" "-e" "RUST_BACKTRACE=full" "-e" "RUSTFLAGS=--cap-lints=warn" "-e" "RUSTDOCFLAGS=--cap-lints=warn" "-w" "/opt/rustwide/workdir" "--user" "0:0" "da1e7c330b6657aa846ebe62c076c06e456c8b8d9dfaf336774e7f836879f025" "/opt/rustwide/cargo-home/bin/cargo" "+1.100.0-beta.1" "test" "--frozen" "--release", kill_on_drop: false }`
[INFO] [stderr] warning: `package.homepage` is redundant with `package.repository`
[INFO] [stderr]   --> Cargo.toml:34:12
[INFO] [stderr]    |
[INFO] [stderr] 34 | homepage = "https://github.com/hamodywe/overpull"
[INFO] [stderr]    |            ^^^^^^^^^^^^^^^^^^^^^^^^^^^^^^^^^^^^^^
[INFO] [stderr] ...
[INFO] [stderr] 39 | repository = "https://github.com/hamodywe/overpull"
[INFO] [stderr]    |              --------------------------------------
[INFO] [stderr]    |
[INFO] [stderr]    = note: `cargo::redundant_homepage` is set to `warn` by default
[INFO] [stderr] help: consider removing `package.homepage`
[INFO] [stderr] warning: `overpull` (manifest) generated 1 warning
[INFO] [stderr]     Finished `release` profile [optimized] target(s) in 0.16s
[INFO] [stderr]      Running unittests src/lib.rs (/opt/rustwide/target/release/build/overpull/fb1997f3eb83efd6/out/overpull-fb1997f3eb83efd6)
[INFO] [stdout] 
[INFO] [stdout] running 28 tests
[INFO] [stdout] test baseline::tests::a_known_cycle_that_got_worse_is_still_reported ... ok
[INFO] [stdout] test cli::tests::byte_budgets_accept_units ... ok
[INFO] [stdout] test baseline::tests::a_barrel_that_amplifies_more_is_still_reported ... ok
[INFO] [stdout] test baseline::tests::member_order_does_not_change_the_key ... ok
[INFO] [stdout] test baseline::tests::the_check_envelope_is_unwrapped ... ok
[INFO] [stdout] test cli::tests::budgets_belong_to_cost_only ... ok
[INFO] [stdout] test cli::tests::cycles_defaults_to_failing_on_crash ... ok
[INFO] [stdout] test cli::tests::rejects_unknown_option_and_command ... ok
[INFO] [stdout] test cli::tests::no_args_shows_help ... ok
[INFO] [stdout] test entries::tests::package_json_paths_are_collected_from_nested_exports ... ok
[INFO] [stdout] test entries::tests::test_paths_are_recognised_by_name_and_by_directory ... ok
[INFO] [stdout] test cli::tests::entry_overrides_accumulate ... ok
[INFO] [stdout] test cli::tests::json_and_sarif_are_mutually_exclusive ... ok
[INFO] [stdout] test cli::tests::parses_cost_with_entry ... ok
[INFO] [stdout] test cli::tests::rejects_out_of_range_numbers ... ok
[INFO] [stdout] test resolve::tests::builtins ... ok
[INFO] [stdout] test resolve::tests::package_names ... ok
[INFO] [stdout] test util::tests::bytes_format ... ok
[INFO] [stdout] test util::tests::line_index_empty_source ... ok
[INFO] [stdout] test cli::tests::cost_without_entry_is_an_error ... ok
[INFO] [stdout] test cli::tests::why_needs_exactly_one_module ... ok
[INFO] [stdout] test entries::tests::conventional_entries_are_roots_and_src_only ... ok
[INFO] [stderr]      Running unittests src/main.rs (/opt/rustwide/target/release/build/overpull/2ec9075d5d28a678/out/overpull-2ec9075d5d28a678)
[INFO] [stdout] test util::tests::line_index_maps_offsets ... ok
[INFO] [stdout] test util::tests::strips_windows_verbatim_prefix ... ok
[INFO] [stdout] test walk::tests::skips_node_modules_and_dot_dirs ... ok
[INFO] [stdout] test resolve::tests::builtin_list_is_sorted ... ok
[INFO] [stdout] test style::tests::plain_style_passes_through ... ok
[INFO] [stdout] test style::tests::sanitize_strips_escapes ... ok
[INFO] [stdout] 
[INFO] [stdout] test result: ok. 28 passed; 0 failed; 0 ignored; 0 measured; 0 filtered out; finished in 0.02s
[INFO] [stdout] 
[INFO] [stderr]      Running tests/cli.rs (/opt/rustwide/target/release/build/overpull/74f926f7e4507004/out/cli-74f926f7e4507004)
[INFO] [stdout] 
[INFO] [stdout] running 0 tests
[INFO] [stdout] 
[INFO] [stdout] test result: ok. 0 passed; 0 failed; 0 ignored; 0 measured; 0 filtered out; finished in 0.00s
[INFO] [stdout] 
[INFO] [stdout] 
[INFO] [stdout] running 25 tests
[INFO] [stdout] test a_baseline_hides_known_findings_and_says_how_many ... FAILED
[INFO] [stdout] test benign_cycle_passes_at_default_severity ... FAILED
[INFO] [stdout] test benign_cycle_fails_only_when_asked ... FAILED
[INFO] [stdout] test a_cost_budget_fails_the_build_and_a_met_one_does_not ... FAILED
[INFO] [stdout] test clean_project_is_silent_and_passes_at_every_severity ... FAILED
[INFO] [stdout] test byte_budgets_accept_human_sizes ... FAILED
[INFO] [stdout] test cost_rejects_fail_on_instead_of_ignoring_it ... FAILED
[INFO] [stdout] test an_entry_override_changes_the_verdict_it_should_change ... FAILED
[INFO] [stdout] test check_json_bundles_both_analyses ... FAILED
[INFO] [stdout] test json_output_is_valid_and_carries_the_evidence ... FAILED
[INFO] [stdout] test a_missing_baseline_says_how_to_make_one ... FAILED
[INFO] [stdout] test json_and_sarif_together_are_refused ... FAILED
[INFO] [stdout] test help_exits_zero_and_lists_commands ... FAILED
[INFO] [stdout] test fail_on_levels_are_ordered ... FAILED
[INFO] [stdout] test cost_reports_the_barrel_as_the_sole_contributor ... FAILED
[INFO] [stdout] test unknown_fail_on_level_is_rejected ... FAILED
[INFO] [stdout] test unknown_command_exits_two_with_guidance ... FAILED
[INFO] [stdout] test why_json_carries_the_hops ... FAILED
[INFO] [stdout] test version_matches_the_package ... FAILED
[INFO] [stdout] test crashing_cycle_fails_the_build ... FAILED
[INFO] [stdout] test sarif_output_is_valid_and_locates_the_read ... FAILED
[INFO] [stdout] test no_arguments_prints_help_rather_than_nothing ... FAILED
[INFO] [stdout] test no_color_output_has_no_escape_sequences ... FAILED
[INFO] [stdout] test why_names_the_chain_and_the_line ... FAILED
[INFO] [stdout] test missing_entry_exits_two_and_names_the_root ... FAILED
[INFO] [stdout] 
[INFO] [stdout] failures:
[INFO] [stdout] 
[INFO] [stdout] ---- a_baseline_hides_known_findings_and_says_how_many stdout ----
[INFO] [stdout] 
[INFO] [stdout] thread 'a_baseline_hides_known_findings_and_says_how_many' (2047) panicked at tests/cli.rs:31:10:
[INFO] [stdout] failed to run overpull: Os { code: 2, kind: NotFound, message: "No such file or directory" }
[INFO] [stdout] stack backtrace:
[INFO] [stdout]    0:     0x62d45c3b52e6 - <unknown>
[INFO] [stdout]    1:     0x62d45c364d2a - <unknown>
[INFO] [stdout]    2:     0x62d45c3ba7ec - <unknown>
[INFO] [stdout]    3:     0x62d45c391f92 - <unknown>
[INFO] [stdout]    4:     0x62d45c3ad941 - <unknown>
[INFO] [stdout]    5:     0x62d45c3adb22 - <unknown>
[INFO] [stdout]    6:     0x62d45c392042 - <unknown>
[INFO] [stdout]    7:     0x62d45c38ad99 - <unknown>
[INFO] [stdout]    8:     0x62d45c392c5d - <unknown>
[INFO] [stdout]    9:     0x62d45c36541c - <unknown>
[INFO] [stdout]   10:     0x62d45c3651f2 - <unknown>
[INFO] [stdout]   11:     0x62d45c358dbc - <unknown>
[INFO] [stdout]   12:     0x62d45c3604d5 - <unknown>
[INFO] [stdout]   13:     0x62d45c3bc4bb - <unknown>
[INFO] [stdout]   14:     0x62d45c3ca364 - <unknown>
[INFO] [stdout]   15:     0x62d45c3c3a94 - <unknown>
[INFO] [stdout]   16:     0x62d45c3ce122 - <unknown>
[INFO] [stdout]   17:     0x62d45c3b48b4 - <unknown>
[INFO] [stdout]   18:     0x76ede3510dfa - <unknown>
[INFO] [stdout]   19:     0x76ede35a43d4 - clone
[INFO] [stdout]   20:                0x0 - <unknown>
[INFO] [stdout] 
[INFO] [stdout] ---- benign_cycle_passes_at_default_severity stdout ----
[INFO] [stdout] 
[INFO] [stdout] thread 'benign_cycle_passes_at_default_severity' (2053) panicked at tests/cli.rs:31:10:
[INFO] [stdout] failed to run overpull: Os { code: 2, kind: NotFound, message: "No such file or directory" }
[INFO] [stdout] stack backtrace:
[INFO] [stdout]    0:     0x62d45c3b52e6 - <unknown>
[INFO] [stdout]    1:     0x62d45c364d2a - <unknown>
[INFO] [stdout]    2:     0x62d45c3ba7ec - <unknown>
[INFO] [stdout]    3:     0x62d45c391f92 - <unknown>
[INFO] [stdout]    4:     0x62d45c3ad941 - <unknown>
[INFO] [stdout]    5:     0x62d45c3adb22 - <unknown>
[INFO] [stdout]    6:     0x62d45c392042 - <unknown>
[INFO] [stdout]    7:     0x62d45c38ad99 - <unknown>
[INFO] [stdout]    8:     0x62d45c392c5d - <unknown>
[INFO] [stdout]    9:     0x62d45c36541c - <unknown>
[INFO] [stdout]   10:     0x62d45c3651f2 - <unknown>
[INFO] [stdout]   11:     0x62d45c358dbc - <unknown>
[INFO] [stdout]   12:     0x62d45c35d8bd - <unknown>
[INFO] [stdout]   13:     0x62d45c3bc4bb - <unknown>
[INFO] [stdout]   14:     0x62d45c3ca364 - <unknown>
[INFO] [stdout]   15:     0x62d45c3c3a94 - <unknown>
[INFO] [stdout]   16:     0x62d45c3ce122 - <unknown>
[INFO] [stdout]   17:     0x62d45c3b48b4 - <unknown>
[INFO] [stdout]   18:     0x76ede3510dfa - <unknown>
[INFO] [stdout]   19:     0x76ede35a43d4 - clone
[INFO] [stdout]   20:                0x0 - <unknown>
[INFO] [stdout] 
[INFO] [stdout] ---- benign_cycle_fails_only_when_asked stdout ----
[INFO] [stdout] 
[INFO] [stdout] thread 'benign_cycle_fails_only_when_asked' (2052) panicked at tests/cli.rs:31:10:
[INFO] [stdout] failed to run overpull: Os { code: 2, kind: NotFound, message: "No such file or directory" }
[INFO] [stdout] stack backtrace:
[INFO] [stdout]    0:     0x62d45c3b52e6 - <unknown>
[INFO] [stdout]    1:     0x62d45c364d2a - <unknown>
[INFO] [stdout]    2:     0x62d45c3ba7ec - <unknown>
[INFO] [stdout]    3:     0x62d45c391f92 - <unknown>
[INFO] [stdout]    4:     0x62d45c3ad941 - <unknown>
[INFO] [stdout]    5:     0x62d45c3adb22 - <unknown>
[INFO] [stdout]    6:     0x62d45c392042 - <unknown>
[INFO] [stdout]    7:     0x62d45c38ad99 - <unknown>
[INFO] [stdout]    8:     0x62d45c392c5d - <unknown>
[INFO] [stdout]    9:     0x62d45c36541c - <unknown>
[INFO] [stdout]   10:     0x62d45c3651f2 - <unknown>
[INFO] [stdout]   11:     0x62d45c358dbc - <unknown>
[INFO] [stdout]   12:     0x62d45c35d046 - <unknown>
[INFO] [stdout]   13:     0x62d45c3bc4bb - <unknown>
[INFO] [stdout]   14:     0x62d45c3ca364 - <unknown>
[INFO] [stdout]   15:     0x62d45c3c3a94 - <unknown>
[INFO] [stdout]   16:     0x62d45c3ce122 - <unknown>
[INFO] [stdout]   17:     0x62d45c3b48b4 - <unknown>
[INFO] [stdout]   18:     0x76ede3510dfa - <unknown>
[INFO] [stdout]   19:     0x76ede35a43d4 - clone
[INFO] [stdout]   20:                0x0 - <unknown>
[INFO] [stdout] 
[INFO] [stdout] ---- a_cost_budget_fails_the_build_and_a_met_one_does_not stdout ----
[INFO] [stdout] 
[INFO] [stdout] thread 'a_cost_budget_fails_the_build_and_a_met_one_does_not' (2048) panicked at tests/cli.rs:31:10:
[INFO] [stdout] failed to run overpull: Os { code: 2, kind: NotFound, message: "No such file or directory" }
[INFO] [stdout] stack backtrace:
[INFO] [stdout]    0:     0x62d45c3b52e6 - <unknown>
[INFO] [stdout]    1:     0x62d45c364d2a - <unknown>
[INFO] [stdout]    2:     0x62d45c3ba7ec - <unknown>
[INFO] [stdout]    3:     0x62d45c391f92 - <unknown>
[INFO] [stdout]    4:     0x62d45c3ad941 - <unknown>
[INFO] [stdout]    5:     0x62d45c3adb22 - <unknown>
[INFO] [stdout]    6:     0x62d45c392042 - <unknown>
[INFO] [stdout]    7:     0x62d45c38ad99 - <unknown>
[INFO] [stdout]    8:     0x62d45c392c5d - <unknown>
[INFO] [stdout]    9:     0x62d45c36541c - <unknown>
[INFO] [stdout]   10:     0x62d45c3651f2 - <unknown>
[INFO] [stdout]   11:     0x62d45c358dbc - <unknown>
[INFO] [stdout]   12:     0x62d45c360c06 - <unknown>
[INFO] [stdout]   13:     0x62d45c3bc4bb - <unknown>
[INFO] [stdout]   14:     0x62d45c3ca364 - <unknown>
[INFO] [stdout]   15:     0x62d45c3c3a94 - <unknown>
[INFO] [stdout]   16:     0x62d45c3ce122 - <unknown>
[INFO] [stdout]   17:     0x62d45c3b48b4 - <unknown>
[INFO] [stdout]   18:     0x76ede3510dfa - <unknown>
[INFO] [stdout]   19:     0x76ede35a43d4 - clone
[INFO] [stdout]   20:                0x0 - <unknown>
[INFO] [stdout] 
[INFO] [stdout] ---- clean_project_is_silent_and_passes_at_every_severity stdout ----
[INFO] [stdout] 
[INFO] [stdout] thread 'clean_project_is_silent_and_passes_at_every_severity' (2059) panicked at tests/cli.rs:31:10:
[INFO] [stdout] failed to run overpull: Os { code: 2, kind: NotFound, message: "No such file or directory" }
[INFO] [stdout] stack backtrace:
[INFO] [stdout]    0:     0x62d45c3b52e6 - <unknown>
[INFO] [stdout]    1:     0x62d45c364d2a - <unknown>
[INFO] [stdout]    2:     0x62d45c3ba7ec - <unknown>
[INFO] [stdout]    3:     0x62d45c391f92 - <unknown>
[INFO] [stdout]    4:     0x62d45c3ad941 - <unknown>
[INFO] [stdout]    5:     0x62d45c3adb22 - <unknown>
[INFO] [stdout]    6:     0x62d45c392042 - <unknown>
[INFO] [stdout]    7:     0x62d45c38ad99 - <unknown>
[INFO] [stdout]    8:     0x62d45c392c5d - <unknown>
[INFO] [stdout]    9:     0x62d45c36541c - <unknown>
[INFO] [stdout]   10:     0x62d45c3651f2 - <unknown>
[INFO] [stdout]   11:     0x62d45c358dbc - <unknown>
[INFO] [stdout]   12:     0x62d45c36117c - <unknown>
[INFO] [stdout]   13:     0x62d45c3bc4bb - <unknown>
[INFO] [stdout]   14:     0x62d45c3ca364 - <unknown>
[INFO] [stdout]   15:     0x62d45c3c3a94 - <unknown>
[INFO] [stdout]   16:     0x62d45c3ce122 - <unknown>
[INFO] [stdout]   17:     0x62d45c3b48b4 - <unknown>
[INFO] [stdout]   18:     0x76ede3510dfa - <unknown>
[INFO] [stdout]   19:     0x76ede35a43d4 - clone
[INFO] [stdout]   20:                0x0 - <unknown>
[INFO] [stdout] 
[INFO] [stdout] ---- byte_budgets_accept_human_sizes stdout ----
[INFO] [stdout] 
[INFO] [stdout] thread 'byte_budgets_accept_human_sizes' (2055) panicked at tests/cli.rs:31:10:
[INFO] [stdout] failed to run overpull: Os { code: 2, kind: NotFound, message: "No such file or directory" }
[INFO] [stdout] stack backtrace:
[INFO] [stdout]    0:     0x62d45c3b52e6 - <unknown>
[INFO] [stdout]    1:     0x62d45c364d2a - <unknown>
[INFO] [stdout]    2:     0x62d45c3ba7ec - <unknown>
[INFO] [stdout]    3:     0x62d45c391f92 - <unknown>
[INFO] [stdout]    4:     0x62d45c3ad941 - <unknown>
[INFO] [stdout]    5:     0x62d45c3adb22 - <unknown>
[INFO] [stdout]    6:     0x62d45c392042 - <unknown>
[INFO] [stdout]    7:     0x62d45c38ad99 - <unknown>
[INFO] [stdout]    8:     0x62d45c392c5d - <unknown>
[INFO] [stdout]    9:     0x62d45c36541c - <unknown>
[INFO] [stdout]   10:     0x62d45c3651f2 - <unknown>
[INFO] [stdout]   11:     0x62d45c358dbc - <unknown>
[INFO] [stdout]   12:     0x62d45c35c1fc - <unknown>
[INFO] [stdout]   13:     0x62d45c3bc4bb - <unknown>
[INFO] [stdout]   14:     0x62d45c3ca364 - <unknown>
[INFO] [stdout]   15:     0x62d45c3c3a94 - <unknown>
[INFO] [stdout]   16:     0x62d45c3ce122 - <unknown>
[INFO] [stdout]   17:     0x62d45c3b48b4 - <unknown>
[INFO] [stdout]   18:     0x76ede3510dfa - <unknown>
[INFO] [stdout]   19:     0x76ede35a43d4 - clone
[INFO] [stdout]   20:                0x0 - <unknown>
[INFO] [stdout] 
[INFO] [stdout] ---- cost_rejects_fail_on_instead_of_ignoring_it stdout ----
[INFO] [stdout] 
[INFO] [stdout] thread 'cost_rejects_fail_on_instead_of_ignoring_it' (2060) panicked at tests/cli.rs:31:10:
[INFO] [stdout] failed to run overpull: Os { code: 2, kind: NotFound, message: "No such file or directory" }
[INFO] [stdout] stack backtrace:
[INFO] [stdout]    0:     0x62d45c3b52e6 - <unknown>
[INFO] [stdout]    1:     0x62d45c364d2a - <unknown>
[INFO] [stdout]    2:     0x62d45c3ba7ec - <unknown>
[INFO] [stdout]    3:     0x62d45c391f92 - <unknown>
[INFO] [stdout]    4:     0x62d45c3ad941 - <unknown>
[INFO] [stdout]    5:     0x62d45c3adb22 - <unknown>
[INFO] [stdout]    6:     0x62d45c392042 - <unknown>
[INFO] [stdout]    7:     0x62d45c38ad99 - <unknown>
[INFO] [stdout]    8:     0x62d45c392c5d - <unknown>
[INFO] [stdout]    9:     0x62d45c36541c - <unknown>
[INFO] [stdout]   10:     0x62d45c3651f2 - <unknown>
[INFO] [stdout]   11:     0x62d45c358dbc - <unknown>
[INFO] [stdout]   12:     0x62d45c35f1cf - <unknown>
[INFO] [stdout]   13:     0x62d45c3bc4bb - <unknown>
[INFO] [stdout]   14:     0x62d45c3ca364 - <unknown>
[INFO] [stdout]   15:     0x62d45c3c3a94 - <unknown>
[INFO] [stdout]   16:     0x62d45c3ce122 - <unknown>
[INFO] [stdout]   17:     0x62d45c3b48b4 - <unknown>
[INFO] [stdout]   18:     0x76ede3510dfa - <unknown>
[INFO] [stdout]   19:     0x76ede35a43d4 - clone
[INFO] [stdout]   20:                0x0 - <unknown>
[INFO] [stdout] 
[INFO] [stdout] ---- an_entry_override_changes_the_verdict_it_should_change stdout ----
[INFO] [stdout] 
[INFO] [stdout] thread 'an_entry_override_changes_the_verdict_it_should_change' (2050) panicked at tests/cli.rs:31:10:
[INFO] [stdout] failed to run overpull: Os { code: 2, kind: NotFound, message: "No such file or directory" }
[INFO] [stdout] stack backtrace:
[INFO] [stdout]    0:     0x62d45c3b52e6 - <unknown>
[INFO] [stdout]    1:     0x62d45c364d2a - <unknown>
[INFO] [stdout]    2:     0x62d45c3ba7ec - <unknown>
[INFO] [stdout]    3:     0x62d45c391f92 - <unknown>
[INFO] [stdout]    4:     0x62d45c3ad941 - <unknown>
[INFO] [stdout]    5:     0x62d45c3adb22 - <unknown>
[INFO] [stdout]    6:     0x62d45c392042 - <unknown>
[INFO] [stdout]    7:     0x62d45c38ad99 - <unknown>
[INFO] [stdout]    8:     0x62d45c392c5d - <unknown>
[INFO] [stdout]    9:     0x62d45c36541c - <unknown>
[INFO] [stdout]   10:     0x62d45c3651f2 - <unknown>
[INFO] [stdout]   11:     0x62d45c358dbc - <unknown>
[INFO] [stdout]   12:     0x62d45c361850 - <unknown>
[INFO] [stdout]   13:     0x62d45c3bc4bb - <unknown>
[INFO] [stdout]   14:     0x62d45c3ca364 - <unknown>
[INFO] [stdout]   15:     0x62d45c3c3a94 - <unknown>
[INFO] [stdout]   16:     0x62d45c3ce122 - <unknown>
[INFO] [stdout]   17:     0x62d45c3b48b4 - <unknown>
[INFO] [stdout]   18:     0x76ede3510dfa - <unknown>
[INFO] [stdout]   19:     0x76ede35a43d4 - clone
[INFO] [stdout]   20:                0x0 - <unknown>
[INFO] [stdout] 
[INFO] [stdout] ---- check_json_bundles_both_analyses stdout ----
[INFO] [stdout] 
[INFO] [stdout] thread 'check_json_bundles_both_analyses' (2056) panicked at tests/cli.rs:31:10:
[INFO] [stdout] failed to run overpull: Os { code: 2, kind: NotFound, message: "No such file or directory" }
[INFO] [stdout] stack backtrace:
[INFO] [stdout]    0:     0x62d45c3b52e6 - <unknown>
[INFO] [stdout]    1:     0x62d45c364d2a - <unknown>
[INFO] [stdout]    2:     0x62d45c3ba7ec - <unknown>
[INFO] [stdout]    3:     0x62d45c391f92 - <unknown>
[INFO] [stdout]    4:     0x62d45c3ad941 - <unknown>
[INFO] [stdout]    5:     0x62d45c3adb22 - <unknown>
[INFO] [stdout]    6:     0x62d45c392042 - <unknown>
[INFO] [stdout]    7:     0x62d45c38ad99 - <unknown>
[INFO] [stdout]    8:     0x62d45c392c5d - <unknown>
[INFO] [stdout]    9:     0x62d45c36541c - <unknown>
[INFO] [stdout]   10:     0x62d45c3651f2 - <unknown>
[INFO] [stdout]   11:     0x62d45c358dbc - <unknown>
[INFO] [stdout]   12:     0x62d45c35c516 - <unknown>
[INFO] [stdout]   13:     0x62d45c3bc4bb - <unknown>
[INFO] [stdout]   14:     0x62d45c3ca364 - <unknown>
[INFO] [stdout]   15:     0x62d45c3c3a94 - <unknown>
[INFO] [stdout]   16:     0x62d45c3ce122 - <unknown>
[INFO] [stdout]   17:     0x62d45c3b48b4 - <unknown>
[INFO] [stdout]   18:     0x76ede3510dfa - <unknown>
[INFO] [stdout]   19:     0x76ede35a43d4 - clone
[INFO] [stdout]   20:                0x0 - <unknown>
[INFO] [stdout] 
[INFO] [stdout] ---- json_output_is_valid_and_carries_the_evidence stdout ----
[INFO] [stdout] 
[INFO] [stdout] thread 'json_output_is_valid_and_carries_the_evidence' (2073) panicked at tests/cli.rs:31:10:
[INFO] [stdout] failed to run overpull: Os { code: 2, kind: NotFound, message: "No such file or directory" }
[INFO] [stdout] stack backtrace:
[INFO] [stdout]    0:     0x62d45c3b52e6 - <unknown>
[INFO] [stdout]    1:     0x62d45c364d2a - <unknown>
[INFO] [stdout]    2:     0x62d45c3ba7ec - <unknown>
[INFO] [stdout]    3:     0x62d45c391f92 - <unknown>
[INFO] [stdout]    4:     0x62d45c3ad941 - <unknown>
[INFO] [stdout]    5:     0x62d45c3adb22 - <unknown>
[INFO] [stdout]    6:     0x62d45c392042 - <unknown>
[INFO] [stdout]    7:     0x62d45c38ad99 - <unknown>
[INFO] [stdout]    8:     0x62d45c392c5d - <unknown>
[INFO] [stdout]    9:     0x62d45c36541c - <unknown>
[INFO] [stdout]   10:     0x62d45c3651f2 - <unknown>
[INFO] [stdout]   11:     0x62d45c358dbc - <unknown>
[INFO] [stdout]   12:     0x62d45c35f614 - <unknown>
[INFO] [stdout]   13:     0x62d45c3bc4bb - <unknown>
[INFO] [stdout]   14:     0x62d45c3ca364 - <unknown>
[INFO] [stdout]   15:     0x62d45c3c3a94 - <unknown>
[INFO] [stdout]   16:     0x62d45c3ce122 - <unknown>
[INFO] [stdout]   17:     0x62d45c3b48b4 - <unknown>
[INFO] [stdout]   18:     0x76ede3510dfa - <unknown>
[INFO] [stdout]   19:     0x76ede35a43d4 - clone
[INFO] [stdout]   20:                0x0 - <unknown>
[INFO] [stdout] 
[INFO] [stdout] ---- a_missing_baseline_says_how_to_make_one stdout ----
[INFO] [stdout] 
[INFO] [stdout] thread 'a_missing_baseline_says_how_to_make_one' (2049) panicked at tests/cli.rs:31:10:
[INFO] [stdout] failed to run overpull: Os { code: 2, kind: NotFound, message: "No such file or directory" }
[INFO] [stdout] stack backtrace:
[INFO] [stdout]    0:     0x62d45c3b52e6 - <unknown>
[INFO] [stdout]    1:     0x62d45c364d2a - <unknown>
[INFO] [stdout]    2:     0x62d45c3ba7ec - <unknown>
[INFO] [stdout]    3:     0x62d45c391f92 - <unknown>
[INFO] [stdout]    4:     0x62d45c3ad941 - <unknown>
[INFO] [stdout]    5:     0x62d45c3adb22 - <unknown>
[INFO] [stdout]    6:     0x62d45c392042 - <unknown>
[INFO] [stdout]    7:     0x62d45c38ad99 - <unknown>
[INFO] [stdout]    8:     0x62d45c392c5d - <unknown>
[INFO] [stdout]    9:     0x62d45c36541c - <unknown>
[INFO] [stdout]   10:     0x62d45c3651f2 - <unknown>
[INFO] [stdout]   11:     0x62d45c358dbc - <unknown>
[INFO] [stdout]   12:     0x62d45c35d67a - <unknown>
[INFO] [stdout]   13:     0x62d45c3bc4bb - <unknown>
[INFO] [stdout]   14:     0x62d45c3ca364 - <unknown>
[INFO] [stdout]   15:     0x62d45c3c3a94 - <unknown>
[INFO] [stdout]   16:     0x62d45c3ce122 - <unknown>
[INFO] [stdout]   17:     0x62d45c3b48b4 - <unknown>
[INFO] [stdout]   18:     0x76ede3510dfa - <unknown>
[INFO] [stdout]   19:     0x76ede35a43d4 - clone
[INFO] [stdout]   20:                0x0 - <unknown>
[INFO] [stdout] 
[INFO] [stdout] ---- json_and_sarif_together_are_refused stdout ----
[INFO] [stdout] 
[INFO] [stdout] thread 'json_and_sarif_together_are_refused' (2072) panicked at tests/cli.rs:31:10:
[INFO] [stdout] failed to run overpull: Os { code: 2, kind: NotFound, message: "No such file or directory" }
[INFO] [stdout] stack backtrace:
[INFO] [stdout]    0:     0x62d45c3b52e6 - <unknown>
[INFO] [stdout]    1:     0x62d45c364d2a - <unknown>
[INFO] [stdout]    2:     0x62d45c3ba7ec - <unknown>
[INFO] [stdout]    3:     0x62d45c391f92 - <unknown>
[INFO] [stdout]    4:     0x62d45c3ad941 - <unknown>
[INFO] [stdout]    5:     0x62d45c3adb22 - <unknown>
[INFO] [stdout]    6:     0x62d45c392042 - <unknown>
[INFO] [stdout]    7:     0x62d45c38ad99 - <unknown>
[INFO] [stdout]    8:     0x62d45c392c5d - <unknown>
[INFO] [stdout]    9:     0x62d45c36541c - <unknown>
[INFO] [stdout]   10:     0x62d45c3651f2 - <unknown>
[INFO] [stdout]   11:     0x62d45c358dbc - <unknown>
[INFO] [stdout]   12:     0x62d45c35d4a6 - <unknown>
[INFO] [stdout]   13:     0x62d45c3bc4bb - <unknown>
[INFO] [stdout]   14:     0x62d45c3ca364 - <unknown>
[INFO] [stdout]   15:     0x62d45c3c3a94 - <unknown>
[INFO] [stdout]   16:     0x62d45c3ce122 - <unknown>
[INFO] [stdout]   17:     0x62d45c3b48b4 - <unknown>
[INFO] [stdout]   18:     0x76ede3510dfa - <unknown>
[INFO] [stdout]   19:     0x76ede35a43d4 - clone
[INFO] [stdout]   20:                0x0 - <unknown>
[INFO] [stdout] 
[INFO] [stdout] ---- help_exits_zero_and_lists_commands stdout ----
[INFO] [stdout] 
[INFO] [stdout] thread 'help_exits_zero_and_lists_commands' (2071) panicked at tests/cli.rs:31:10:
[INFO] [stdout] failed to run overpull: Os { code: 2, kind: NotFound, message: "No such file or directory" }
[INFO] [stdout] stack backtrace:
[INFO] [stdout]    0:     0x62d45c3b52e6 - <unknown>
[INFO] [stdout]    1:     0x62d45c364d2a - <unknown>
[INFO] [stdout]    2:     0x62d45c3ba7ec - <unknown>
[INFO] [stdout]    3:     0x62d45c391f92 - <unknown>
[INFO] [stdout]    4:     0x62d45c3ad941 - <unknown>
[INFO] [stdout]    5:     0x62d45c3adb22 - <unknown>
[INFO] [stdout]    6:     0x62d45c392042 - <unknown>
[INFO] [stdout]    7:     0x62d45c38ad99 - <unknown>
[INFO] [stdout]    8:     0x62d45c392c5d - <unknown>
[INFO] [stdout]    9:     0x62d45c36541c - <unknown>
[INFO] [stdout]   10:     0x62d45c3651f2 - <unknown>
[INFO] [stdout]   11:     0x62d45c358dbc - <unknown>
[INFO] [stdout]   12:     0x62d45c35d147 - <unknown>
[INFO] [stdout]   13:     0x62d45c3bc4bb - <unknown>
[INFO] [stdout]   14:     0x62d45c3ca364 - <unknown>
[INFO] [stdout]   15:     0x62d45c3c3a94 - <unknown>
[INFO] [stdout]   16:     0x62d45c3ce122 - <unknown>
[INFO] [stdout]   17:     0x62d45c3b48b4 - <unknown>
[INFO] [stdout]   18:     0x76ede3510dfa - <unknown>
[INFO] [stdout]   19:     0x76ede35a43d4 - clone
[INFO] [stdout]   20:                0x0 - <unknown>
[INFO] [stdout] 
[INFO] [stdout] ---- fail_on_levels_are_ordered stdout ----
[INFO] [stdout] 
[INFO] [stdout] thread 'fail_on_levels_are_ordered' (2066) panicked at tests/cli.rs:31:10:
[INFO] [stdout] failed to run overpull: Os { code: 2, kind: NotFound, message: "No such file or directory" }
[INFO] [stdout] stack backtrace:
[INFO] [stdout]    0:     0x62d45c3b52e6 - <unknown>
[INFO] [stdout]    1:     0x62d45c364d2a - <unknown>
[INFO] [stdout]    2:     0x62d45c3ba7ec - <unknown>
[INFO] [stdout]    3:     0x62d45c391f92 - <unknown>
[INFO] [stdout]    4:     0x62d45c3ad941 - <unknown>
[INFO] [stdout]    5:     0x62d45c3adb22 - <unknown>
[INFO] [stdout]    6:     0x62d45c392042 - <unknown>
[INFO] [stdout]    7:     0x62d45c38ad99 - <unknown>
[INFO] [stdout]    8:     0x62d45c392c5d - <unknown>
[INFO] [stdout]    9:     0x62d45c36541c - <unknown>
[INFO] [stdout]   10:     0x62d45c3651f2 - <unknown>
[INFO] [stdout]   11:     0x62d45c358dbc - <unknown>
[INFO] [stdout]   12:     0x62d45c35b909 - <unknown>
[INFO] [stdout]   13:     0x62d45c3bc4bb - <unknown>
[INFO] [stdout]   14:     0x62d45c3ca364 - <unknown>
[INFO] [stdout]   15:     0x62d45c3c3a94 - <unknown>
[INFO] [stdout]   16:     0x62d45c3ce122 - <unknown>
[INFO] [stdout]   17:     0x62d45c3b48b4 - <unknown>
[INFO] [stdout]   18:     0x76ede3510dfa - <unknown>
[INFO] [stdout]   19:     0x76ede35a43d4 - clone
[INFO] [stdout]   20:                0x0 - <unknown>
[INFO] [stdout] 
[INFO] [stdout] ---- cost_reports_the_barrel_as_the_sole_contributor stdout ----
[INFO] [stdout] 
[INFO] [stdout] thread 'cost_reports_the_barrel_as_the_sole_contributor' (2063) panicked at tests/cli.rs:31:10:
[INFO] [stdout] failed to run overpull: Os { code: 2, kind: NotFound, message: "No such file or directory" }
[INFO] [stdout] stack backtrace:
[INFO] [stdout]    0:     0x62d45c3b52e6 - <unknown>
[INFO] [stdout]    1:     0x62d45c364d2a - <unknown>
[INFO] [stdout]    2:     0x62d45c3ba7ec - <unknown>
[INFO] [stdout]    3:     0x62d45c391f92 - <unknown>
[INFO] [stdout]    4:     0x62d45c3ad941 - <unknown>
[INFO] [stdout]    5:     0x62d45c3adb22 - <unknown>
[INFO] [stdout]    6:     0x62d45c392042 - <unknown>
[INFO] [stdout]    7:     0x62d45c38ad99 - <unknown>
[INFO] [stdout]    8:     0x62d45c392c5d - <unknown>
[INFO] [stdout]    9:     0x62d45c36541c - <unknown>
[INFO] [stdout]   10:     0x62d45c3651f2 - <unknown>
[INFO] [stdout]   11:     0x62d45c358dbc - <unknown>
[INFO] [stdout]   12:     0x62d45c35feb2 - <unknown>
[INFO] [stdout]   13:     0x62d45c3bc4bb - <unknown>
[INFO] [stdout]   14:     0x62d45c3ca364 - <unknown>
[INFO] [stdout]   15:     0x62d45c3c3a94 - <unknown>
[INFO] [stdout]   16:     0x62d45c3ce122 - <unknown>
[INFO] [stdout]   17:     0x62d45c3b48b4 - <unknown>
[INFO] [stdout]   18:     0x76ede3510dfa - <unknown>
[INFO] [stdout]   19:     0x76ede35a43d4 - clone
[INFO] [stdout]   20:                0x0 - <unknown>
[INFO] [stdout] 
[INFO] [stdout] ---- unknown_fail_on_level_is_rejected stdout ----
[INFO] [stdout] 
[INFO] [stdout] thread 'unknown_fail_on_level_is_rejected' (2084) panicked at tests/cli.rs:31:10:
[INFO] [stdout] failed to run overpull: Os { code: 2, kind: NotFound, message: "No such file or directory" }
[INFO] [stdout] stack backtrace:
[INFO] [stdout]    0:     0x62d45c3b52e6 - <unknown>
[INFO] [stdout]    1:     0x62d45c364d2a - <unknown>
[INFO] [stdout]    2:     0x62d45c3ba7ec - <unknown>
[INFO] [stdout]    3:     0x62d45c391f92 - <unknown>
[INFO] [stdout]    4:     0x62d45c3ad941 - <unknown>
[INFO] [stdout]    5:     0x62d45c3adb22 - <unknown>
[INFO] [stdout]    6:     0x62d45c392042 - <unknown>
[INFO] [stdout]    7:     0x62d45c38ad99 - <unknown>
[INFO] [stdout]    8:     0x62d45c392c5d - <unknown>
[INFO] [stdout]    9:     0x62d45c36541c - <unknown>
[INFO] [stdout]   10:     0x62d45c3651f2 - <unknown>
[INFO] [stdout]   11:     0x62d45c358dbc - <unknown>
[INFO] [stdout]   12:     0x62d45c35cdda - <unknown>
[INFO] [stdout]   13:     0x62d45c3bc4bb - <unknown>
[INFO] [stdout]   14:     0x62d45c3ca364 - <unknown>
[INFO] [stdout]   15:     0x62d45c3c3a94 - <unknown>
[INFO] [stdout]   16:     0x62d45c3ce122 - <unknown>
[INFO] [stdout]   17:     0x62d45c3b48b4 - <unknown>
[INFO] [stdout]   18:     0x76ede3510dfa - <unknown>
[INFO] [stdout]   19:     0x76ede35a43d4 - clone
[INFO] [stdout]   20:                0x0 - <unknown>
[INFO] [stdout] 
[INFO] [stdout] ---- unknown_command_exits_two_with_guidance stdout ----
[INFO] [stdout] 
[INFO] [stdout] thread 'unknown_command_exits_two_with_guidance' (2083) panicked at tests/cli.rs:31:10:
[INFO] [stdout] failed to run overpull: Os { code: 2, kind: NotFound, message: "No such file or directory" }
[INFO] [stdout] stack backtrace:
[INFO] [stdout]    0:     0x62d45c3b52e6 - <unknown>
[INFO] [stdout]    1:     0x62d45c364d2a - <unknown>
[INFO] [stdout]    2:     0x62d45c3ba7ec - <unknown>
[INFO] [stdout]    3:     0x62d45c391f92 - <unknown>
[INFO] [stdout]    4:     0x62d45c3ad941 - <unknown>
[INFO] [stdout]    5:     0x62d45c3adb22 - <unknown>
[INFO] [stdout]    6:     0x62d45c392042 - <unknown>
[INFO] [stdout]    7:     0x62d45c38ad99 - <unknown>
[INFO] [stdout]    8:     0x62d45c392c5d - <unknown>
[INFO] [stdout]    9:     0x62d45c36541c - <unknown>
[INFO] [stdout]   10:     0x62d45c3651f2 - <unknown>
[INFO] [stdout]   11:     0x62d45c358dbc - <unknown>
[INFO] [stdout]   12:     0x62d45c35de46 - <unknown>
[INFO] [stdout]   13:     0x62d45c3bc4bb - <unknown>
[INFO] [stdout]   14:     0x62d45c3ca364 - <unknown>
[INFO] [stdout]   15:     0x62d45c3c3a94 - <unknown>
[INFO] [stdout]   16:     0x62d45c3ce122 - <unknown>
[INFO] [stdout]   17:     0x62d45c3b48b4 - <unknown>
[INFO] [stdout]   18:     0x76ede3510dfa - <unknown>
[INFO] [stdout]   19:     0x76ede35a43d4 - clone
[INFO] [stdout]   20:                0x0 - <unknown>
[INFO] [stdout] 
[INFO] [stdout] ---- why_json_carries_the_hops stdout ----
[INFO] [stdout] 
[INFO] [stdout] thread 'why_json_carries_the_hops' (2088) panicked at tests/cli.rs:31:10:
[INFO] [stdout] failed to run overpull: Os { code: 2, kind: NotFound, message: "No such file or directory" }
[INFO] [stdout] stack backtrace:
[INFO] [stdout]    0:     0x62d45c3b52e6 - <unknown>
[INFO] [stdout]    1:     0x62d45c364d2a - <unknown>
[INFO] [stdout]    2:     0x62d45c3ba7ec - <unknown>
[INFO] [stdout]    3:     0x62d45c391f92 - <unknown>
[INFO] [stdout]    4:     0x62d45c3ad941 - <unknown>
[INFO] [stdout]    5:     0x62d45c3adb22 - <unknown>
[INFO] [stdout]    6:     0x62d45c392042 - <unknown>
[INFO] [stdout]    7:     0x62d45c38ad99 - <unknown>
[INFO] [stdout]    8:     0x62d45c392c5d - <unknown>
[INFO] [stdout]    9:     0x62d45c36541c - <unknown>
[INFO] [stdout]   10:     0x62d45c3651f2 - <unknown>
[INFO] [stdout]   11:     0x62d45c358dbc - <unknown>
[INFO] [stdout]   12:     0x62d45c35b284 - <unknown>
[INFO] [stdout]   13:     0x62d45c3bc4bb - <unknown>
[INFO] [stdout]   14:     0x62d45c3ca364 - <unknown>
[INFO] [stdout]   15:     0x62d45c3c3a94 - <unknown>
[INFO] [stdout]   16:     0x62d45c3ce122 - <unknown>
[INFO] [stdout]   17:     0x62d45c3b48b4 - <unknown>
[INFO] [stdout]   18:     0x76ede3510dfa - <unknown>
[INFO] [stdout]   19:     0x76ede35a43d4 - clone
[INFO] [stdout]   20:                0x0 - <unknown>
[INFO] [stdout] 
[INFO] [stdout] ---- version_matches_the_package stdout ----
[INFO] [stdout] 
[INFO] [stdout] thread 'version_matches_the_package' (2085) panicked at tests/cli.rs:31:10:
[INFO] [stdout] failed to run overpull: Os { code: 2, kind: NotFound, message: "No such file or directory" }
[INFO] [stdout] stack backtrace:
[INFO] [stdout]    0:     0x62d45c3b52e6 - <unknown>
[INFO] [stdout]    1:     0x62d45c364d2a - <unknown>
[INFO] [stdout]    2:     0x62d45c3ba7ec - <unknown>
[INFO] [stdout]    3:     0x62d45c391f92 - <unknown>
[INFO] [stdout]    4:     0x62d45c3ad941 - <unknown>
[INFO] [stdout]    5:     0x62d45c3adb22 - <unknown>
[INFO] [stdout]    6:     0x62d45c392042 - <unknown>
[INFO] [stdout]    7:     0x62d45c38ad99 - <unknown>
[INFO] [stdout]    8:     0x62d45c392c5d - <unknown>
[INFO] [stdout]    9:     0x62d45c36541c - <unknown>
[INFO] [stdout]   10:     0x62d45c3651f2 - <unknown>
[INFO] [stdout]   11:     0x62d45c358dbc - <unknown>
[INFO] [stdout]   12:     0x62d45c35bbe7 - <unknown>
[INFO] [stdout]   13:     0x62d45c3bc4bb - <unknown>
[INFO] [stdout]   14:     0x62d45c3ca364 - <unknown>
[INFO] [stdout]   15:     0x62d45c3c3a94 - <unknown>
[INFO] [stdout]   16:     0x62d45c3ce122 - <unknown>
[INFO] [stdout]   17:     0x62d45c3b48b4 - <unknown>
[INFO] [stdout]   18:     0x76ede3510dfa - <unknown>
[INFO] [stdout]   19:     0x76ede35a43d4 - clone
[INFO] [stdout]   20:                0x0 - <unknown>
[INFO] [stdout] 
[INFO] [stdout] ---- crashing_cycle_fails_the_build stdout ----
[INFO] [stdout] 
[INFO] [stdout] thread 'crashing_cycle_fails_the_build' (2065) panicked at tests/cli.rs:31:10:
[INFO] [stdout] failed to run overpull: Os { code: 2, kind: NotFound, message: "No such file or directory" }
[INFO] [stdout] stack backtrace:
[INFO] [stdout]    0:     0x62d45c3b52e6 - <unknown>
[INFO] [stdout]    1:     0x62d45c364d2a - <unknown>
[INFO] [stdout]    2:     0x62d45c3ba7ec - <unknown>
[INFO] [stdout]    3:     0x62d45c391f92 - <unknown>
[INFO] [stdout]    4:     0x62d45c3ad941 - <unknown>
[INFO] [stdout]    5:     0x62d45c3adb22 - <unknown>
[INFO] [stdout]    6:     0x62d45c392042 - <unknown>
[INFO] [stdout]    7:     0x62d45c38ad99 - <unknown>
[INFO] [stdout]    8:     0x62d45c392c5d - <unknown>
[INFO] [stdout]    9:     0x62d45c36541c - <unknown>
[INFO] [stdout]   10:     0x62d45c3651f2 - <unknown>
[INFO] [stdout]   11:     0x62d45c358dbc - <unknown>
[INFO] [stdout]   12:     0x62d45c35be6d - <unknown>
[INFO] [stdout]   13:     0x62d45c3bc4bb - <unknown>
[INFO] [stdout]   14:     0x62d45c3ca364 - <unknown>
[INFO] [stdout]   15:     0x62d45c3c3a94 - <unknown>
[INFO] [stdout]   16:     0x62d45c3ce122 - <unknown>
[INFO] [stdout]   17:     0x62d45c3b48b4 - <unknown>
[INFO] [stdout]   18:     0x76ede3510dfa - <unknown>
[INFO] [stdout]   19:     0x76ede35a43d4 - clone
[INFO] [stdout]   20:                0x0 - <unknown>
[INFO] [stdout] 
[INFO] [stdout] ---- sarif_output_is_valid_and_locates_the_read stdout ----
[INFO] [stdout] 
[INFO] [stdout] thread 'sarif_output_is_valid_and_locates_the_read' (2082) panicked at tests/cli.rs:31:10:
[INFO] [stdout] failed to run overpull: Os { code: 2, kind: NotFound, message: "No such file or directory" }
[INFO] [stdout] stack backtrace:
[INFO] [stdout]    0:     0x62d45c3b52e6 - <unknown>
[INFO] [stdout]    1:     0x62d45c364d2a - <unknown>
[INFO] [stdout]    2:     0x62d45c3ba7ec - <unknown>
[INFO] [stdout]    3:     0x62d45c391f92 - <unknown>
[INFO] [stdout]    4:     0x62d45c3ad941 - <unknown>
[INFO] [stdout]    5:     0x62d45c3adb22 - <unknown>
[INFO] [stdout]    6:     0x62d45c392042 - <unknown>
[INFO] [stdout]    7:     0x62d45c38ad99 - <unknown>
[INFO] [stdout]    8:     0x62d45c392c5d - <unknown>
[INFO] [stdout]    9:     0x62d45c36541c - <unknown>
[INFO] [stdout]   10:     0x62d45c3651f2 - <unknown>
[INFO] [stdout]   11:     0x62d45c358dbc - <unknown>
[INFO] [stdout]   12:     0x62d45c35e2f2 - <unknown>
[INFO] [stdout]   13:     0x62d45c3bc4bb - <unknown>
[INFO] [stdout]   14:     0x62d45c3ca364 - <unknown>
[INFO] [stdout]   15:     0x62d45c3c3a94 - <unknown>
[INFO] [stdout]   16:     0x62d45c3ce122 - <unknown>
[INFO] [stdout]   17:     0x62d45c3b48b4 - <unknown>
[INFO] [stdout]   18:     0x76ede3510dfa - <unknown>
[INFO] [stdout]   19:     0x76ede35a43d4 - clone
[INFO] [stdout]   20:                0x0 - <unknown>
[INFO] [stdout] 
[INFO] [stdout] ---- no_arguments_prints_help_rather_than_nothing stdout ----
[INFO] [stdout] 
[INFO] [stdout] thread 'no_arguments_prints_help_rather_than_nothing' (2080) panicked at tests/cli.rs:31:10:
[INFO] [stdout] failed to run overpull: Os { code: 2, kind: NotFound, message: "No such file or directory" }
[INFO] [stdout] stack backtrace:
[INFO] [stdout]    0:     0x62d45c3b52e6 - <unknown>
[INFO] [stdout]    1:     0x62d45c364d2a - <unknown>
[INFO] [stdout]    2:     0x62d45c3ba7ec - <unknown>
[INFO] [stdout]    3:     0x62d45c391f92 - <unknown>
[INFO] [stdout]    4:     0x62d45c3ad941 - <unknown>
[INFO] [stdout]    5:     0x62d45c3adb22 - <unknown>
[INFO] [stdout]    6:     0x62d45c392042 - <unknown>
[INFO] [stdout]    7:     0x62d45c38ad99 - <unknown>
[INFO] [stdout]    8:     0x62d45c392c5d - <unknown>
[INFO] [stdout]    9:     0x62d45c36541c - <unknown>
[INFO] [stdout]   10:     0x62d45c3651f2 - <unknown>
[INFO] [stdout]   11:     0x62d45c358dbc - <unknown>
[INFO] [stdout]   12:     0x62d45c35f372 - <unknown>
[INFO] [stdout]   13:     0x62d45c3bc4bb - <unknown>
[INFO] [stdout]   14:     0x62d45c3ca364 - <unknown>
[INFO] [stdout]   15:     0x62d45c3c3a94 - <unknown>
[INFO] [stdout]   16:     0x62d45c3ce122 - <unknown>
[INFO] [stdout]   17:     0x62d45c3b48b4 - <unknown>
[INFO] [stdout]   18:     0x76ede3510dfa - <unknown>
[INFO] [stdout]   19:     0x76ede35a43d4 - clone
[INFO] [stdout]   20:                0x0 - <unknown>
[INFO] [stdout] 
[INFO] [stdout] ---- no_color_output_has_no_escape_sequences stdout ----
[INFO] [stdout] 
[INFO] [stdout] thread 'no_color_output_has_no_escape_sequences' (2081) panicked at tests/cli.rs:31:10:
[INFO] [stdout] failed to run overpull: Os { code: 2, kind: NotFound, message: "No such file or directory" }
[INFO] [stdout] stack backtrace:
[INFO] [stdout]    0:     0x62d45c3b52e6 - <unknown>
[INFO] [stdout]    1:     0x62d45c364d2a - <unknown>
[INFO] [stdout]    2:     0x62d45c3ba7ec - <unknown>
[INFO] [stdout]    3:     0x62d45c391f92 - <unknown>
[INFO] [stdout]    4:     0x62d45c3ad941 - <unknown>
[INFO] [stdout]    5:     0x62d45c3adb22 - <unknown>
[INFO] [stdout]    6:     0x62d45c392042 - <unknown>
[INFO] [stdout]    7:     0x62d45c38ad99 - <unknown>
[INFO] [stdout]    8:     0x62d45c392c5d - <unknown>
[INFO] [stdout]    9:     0x62d45c36541c - <unknown>
[INFO] [stdout]   10:     0x62d45c3651f2 - <unknown>
[INFO] [stdout]   11:     0x62d45c358dbc - <unknown>
[INFO] [stdout]   12:     0x62d45c35dbbf - <unknown>
[INFO] [stdout]   13:     0x62d45c3bc4bb - <unknown>
[INFO] [stdout]   14:     0x62d45c3ca364 - <unknown>
[INFO] [stdout]   15:     0x62d45c3c3a94 - <unknown>
[INFO] [stdout]   16:     0x62d45c3ce122 - <unknown>
[INFO] [stdout]   17:     0x62d45c3b48b4 - <unknown>
[INFO] [stdout]   18:     0x76ede3510dfa - <unknown>
[INFO] [stdout]   19:     0x76ede35a43d4 - clone
[INFO] [stdout]   20:                0x0 - <unknown>
[INFO] [stdout] 
[INFO] [stdout] ---- why_names_the_chain_and_the_line stdout ----
[INFO] [stdout] 
[INFO] [stdout] thread 'why_names_the_chain_and_the_line' (2093) panicked at tests/cli.rs:31:10:
[INFO] [stdout] failed to run overpull: Os { code: 2, kind: NotFound, message: "No such file or directory" }
[INFO] [stdout] stack backtrace:
[INFO] [stdout]    0:     0x62d45c3b52e6 - <unknown>
[INFO] [stdout]    1:     0x62d45c364d2a - <unknown>
[INFO] [stdout]    2:     0x62d45c3ba7ec - <unknown>
[INFO] [stdout]    3:     0x62d45c391f92 - <unknown>
[INFO] [stdout]    4:     0x62d45c3ad941 - <unknown>
[INFO] [stdout]    5:     0x62d45c3adb22 - <unknown>
[INFO] [stdout]    6:     0x62d45c392042 - <unknown>
[INFO] [stdout]    7:     0x62d45c38ad99 - <unknown>
[INFO] [stdout]    8:     0x62d45c392c5d - <unknown>
[INFO] [stdout]    9:     0x62d45c36541c - <unknown>
[INFO] [stdout]   10:     0x62d45c3651f2 - <unknown>
[INFO] [stdout]   11:     0x62d45c358dbc - <unknown>
[INFO] [stdout]   12:     0x62d45c35ca6d - <unknown>
[INFO] [stdout]   13:     0x62d45c3bc4bb - <unknown>
[INFO] [stdout]   14:     0x62d45c3ca364 - <unknown>
[INFO] [stdout]   15:     0x62d45c3c3a94 - <unknown>
[INFO] [stdout]   16:     0x62d45c3ce122 - <unknown>
[INFO] [stdout]   17:     0x62d45c3b48b4 - <unknown>
[INFO] [stdout]   18:     0x76ede3510dfa - <unknown>
[INFO] [stdout]   19:     0x76ede35a43d4 - clone
[INFO] [stdout]   20:                0x0 - <unknown>
[INFO] [stdout] 
[INFO] [stdout] ---- missing_entry_exits_two_and_names_the_root stdout ----
[INFO] [stdout] 
[INFO] [stdout] thread 'missing_entry_exits_two_and_names_the_root' (2075) panicked at tests/cli.rs:31:10:
[INFO] [stdout] failed to run overpull: Os { code: 2, kind: NotFound, message: "No such file or directory" }
[INFO] [stdout] stack backtrace:
[INFO] [stdout]    0:     0x62d45c3b52e6 - <unknown>
[INFO] [stdout]    1:     0x62d45c364d2a - <unknown>
[INFO] [stdout]    2:     0x62d45c3ba7ec - <unknown>
[INFO] [stdout]    3:     0x62d45c391f92 - <unknown>
[INFO] [stdout]    4:     0x62d45c3ad941 - <unknown>
[INFO] [stdout]    5:     0x62d45c3adb22 - <unknown>
[INFO] [stdout]    6:     0x62d45c392042 - <unknown>
[INFO] [stdout]    7:     0x62d45c38ad99 - <unknown>
[INFO] [stdout]    8:     0x62d45c392c5d - <unknown>
[INFO] [stdout]    9:     0x62d45c36541c - <unknown>
[INFO] [stdout]   10:     0x62d45c3651f2 - <unknown>
[INFO] [stdout]   11:     0x62d45c358dbc - <unknown>
[INFO] [stdout]   12:     0x62d45c35e085 - <unknown>
[INFO] [stdout]   13:     0x62d45c3bc4bb - <unknown>
[INFO] [stdout]   14:     0x62d45c3ca364 - <unknown>
[INFO] [stdout]   15:     0x62d45c3c3a94 - <unknown>
[INFO] [stdout]   16:     0x62d45c3ce122 - <unknown>
[INFO] [stdout]   17:     0x62d45c3b48b4 - <unknown>
[INFO] [stdout]   18:     0x76ede3510dfa - <unknown>
[INFO] [stdout]   19:     0x76ede35a43d4 - clone
[INFO] [stdout]   20:                0x0 - <unknown>
[INFO] [stdout] 
[INFO] [stdout] 
[INFO] [stdout] failures:
[INFO] [stdout]     a_baseline_hides_known_findings_and_says_how_many
[INFO] [stdout]     a_cost_budget_fails_the_build_and_a_met_one_does_not
[INFO] [stdout]     a_missing_baseline_says_how_to_make_one
[INFO] [stdout]     an_entry_override_changes_the_verdict_it_should_change
[INFO] [stdout]     benign_cycle_fails_only_when_asked
[INFO] [stdout]     benign_cycle_passes_at_default_severity
[INFO] [stdout]     byte_budgets_accept_human_sizes
[INFO] [stdout]     check_json_bundles_both_analyses
[INFO] [stdout]     clean_project_is_silent_and_passes_at_every_severity
[INFO] [stdout]     cost_rejects_fail_on_instead_of_ignoring_it
[INFO] [stdout]     cost_reports_the_barrel_as_the_sole_contributor
[INFO] [stdout]     crashing_cycle_fails_the_build
[INFO] [stdout]     fail_on_levels_are_ordered
[INFO] [stdout]     help_exits_zero_and_lists_commands
[INFO] [stdout]     json_and_sarif_together_are_refused
[INFO] [stdout]     json_output_is_valid_and_carries_the_evidence
[INFO] [stdout]     missing_entry_exits_two_and_names_the_root
[INFO] [stdout]     no_arguments_prints_help_rather_than_nothing
[INFO] [stdout]     no_color_output_has_no_escape_sequences
[INFO] [stdout]     sarif_output_is_valid_and_locates_the_read
[INFO] [stdout]     unknown_command_exits_two_with_guidance
[INFO] [stdout]     unknown_fail_on_level_is_rejected
[INFO] [stdout]     version_matches_the_package
[INFO] [stdout]     why_json_carries_the_hops
[INFO] [stdout]     why_names_the_chain_and_the_line
[INFO] [stdout] 
[INFO] [stdout] test result: FAILED. 0 passed; 25 failed; 0 ignored; 0 measured; 0 filtered out; finished in 0.03s
[INFO] [stdout] 
[INFO] [stderr] error: test failed, to rerun pass `--test cli`
[INFO] running `Command { std: "docker" "inspect" "da1e7c330b6657aa846ebe62c076c06e456c8b8d9dfaf336774e7f836879f025", kill_on_drop: false }`
[INFO] running `Command { std: "docker" "rm" "-f" "da1e7c330b6657aa846ebe62c076c06e456c8b8d9dfaf336774e7f836879f025", kill_on_drop: false }`
[INFO] [stdout] da1e7c330b6657aa846ebe62c076c06e456c8b8d9dfaf336774e7f836879f025
