[INFO] cloning repository https://github.com/grun00/batsay
[INFO] running `Command { std: "git" "-c" "credential.helper=" "-c" "credential.helper=/workspace/cargo-home/bin/git-credential-null" "clone" "--bare" "https://github.com/grun00/batsay" "/workspace/cache/git-repos/https%3A%2F%2Fgithub.com%2Fgrun00%2Fbatsay", kill_on_drop: false }`
[INFO] [stderr] Cloning into bare repository '/workspace/cache/git-repos/https%3A%2F%2Fgithub.com%2Fgrun00%2Fbatsay'...
[INFO] running `Command { std: "git" "rev-parse" "HEAD", kill_on_drop: false }`
[INFO] [stdout] 0cb48d1a1bccc7c82ab6475ae4b461d3054110f9
[INFO] testing grun00/batsay against 1.100.0-beta.1+cargoflags=--release for beta-release-1.100-3
[INFO] running `Command { std: "git" "clone" "/workspace/cache/git-repos/https%3A%2F%2Fgithub.com%2Fgrun00%2Fbatsay" "/workspace/builds/worker-5-tc2/source", kill_on_drop: false }`
[INFO] [stderr] Cloning into '/workspace/builds/worker-5-tc2/source'...
[INFO] [stderr] done.
[INFO] started tweaking git repo https://github.com/grun00/batsay
[INFO] finished tweaking git repo https://github.com/grun00/batsay
[INFO] tweaked toml for git repo https://github.com/grun00/batsay written to /workspace/builds/worker-5-tc2/source/Cargo.toml
[INFO] validating manifest of git repo https://github.com/grun00/batsay on toolchain 1.100.0-beta.1
[INFO] running `Command { std: CARGO_HOME="/workspace/cargo-home" RUSTUP_HOME="/workspace/rustup-home" "/workspace/cargo-home/bin/cargo" "+1.100.0-beta.1" "metadata" "--manifest-path" "Cargo.toml" "--no-deps", kill_on_drop: false }`
[INFO] crate git repo https://github.com/grun00/batsay already has a lockfile, it will not be regenerated
[INFO] running `Command { std: CARGO_HOME="/workspace/cargo-home" RUSTUP_HOME="/workspace/rustup-home" "/workspace/cargo-home/bin/cargo" "+1.100.0-beta.1" "fetch" "--manifest-path" "Cargo.toml", kill_on_drop: false }`
[INFO] running `Command { std: "docker" "create" "-v" "/var/lib/crater-agent-workspace/builds/worker-5-tc2/source:/opt/rustwide/workdir:ro,Z" "-v" "/var/lib/crater-agent-workspace/builds/worker-5-tc2/target:/opt/rustwide/target:rw,Z" "-v" "/var/lib/crater-agent-workspace/cargo-home:/opt/rustwide/cargo-home:ro,Z" "-v" "/var/lib/crater-agent-workspace/rustup-home:/opt/rustwide/rustup-home:ro,Z" "-m" "1610612736" "--network" "none" "ghcr.io/rust-lang/crates-build-env/linux@sha256:77db811e55d90add9212f6832c23229e3de5f1c1f9905e8cb07319ea15df73ac" "sleep" "infinity", kill_on_drop: false }`
[INFO] [stdout] e61c426aed9be37e6e8f3a14989a2e87361a4cdefc504ba8f2ff2f89ebe52d14
[INFO] running `Command { std: "docker" "start" "e61c426aed9be37e6e8f3a14989a2e87361a4cdefc504ba8f2ff2f89ebe52d14", kill_on_drop: false }`
[INFO] running `Command { std: "docker" "inspect" "e61c426aed9be37e6e8f3a14989a2e87361a4cdefc504ba8f2ff2f89ebe52d14", kill_on_drop: false }`
[INFO] running `Command { std: "docker" "exec" "-e" "SOURCE_DIR=/opt/rustwide/workdir" "-e" "CARGO_HOME=/opt/rustwide/cargo-home" "-e" "RUSTUP_HOME=/opt/rustwide/rustup-home" "-e" "CARGO_TARGET_DIR=/opt/rustwide/target" "-w" "/opt/rustwide/workdir" "--user" "0:0" "e61c426aed9be37e6e8f3a14989a2e87361a4cdefc504ba8f2ff2f89ebe52d14" "/opt/rustwide/cargo-home/bin/cargo" "+1.100.0-beta.1" "metadata" "--no-deps" "--format-version=1", kill_on_drop: false }`
[INFO] running `Command { std: "docker" "inspect" "e61c426aed9be37e6e8f3a14989a2e87361a4cdefc504ba8f2ff2f89ebe52d14", kill_on_drop: false }`
[INFO] running `Command { std: "docker" "exec" "-e" "SOURCE_DIR=/opt/rustwide/workdir" "-e" "CARGO_HOME=/opt/rustwide/cargo-home" "-e" "RUSTUP_HOME=/opt/rustwide/rustup-home" "-e" "CARGO_TARGET_DIR=/opt/rustwide/target" "-e" "CARGO_INCREMENTAL=0" "-e" "RUST_BACKTRACE=full" "-e" "RUSTFLAGS=--cap-lints=warn" "-e" "RUSTDOCFLAGS=--cap-lints=warn" "-w" "/opt/rustwide/workdir" "--user" "0:0" "e61c426aed9be37e6e8f3a14989a2e87361a4cdefc504ba8f2ff2f89ebe52d14" "/opt/rustwide/cargo-home/bin/cargo" "+1.100.0-beta.1" "build" "--frozen" "--message-format=json" "--release", kill_on_drop: false }`
[INFO] [stderr]    Compiling libc v0.2.89
[INFO] [stderr]    Compiling memchr v2.3.4
[INFO] [stderr]    Compiling autocfg v1.0.1
[INFO] [stderr]    Compiling proc-macro2 v0.4.30
[INFO] [stderr]    Compiling unicode-xid v0.1.0
[INFO] [stderr]    Compiling bitflags v1.2.1
[INFO] [stderr]    Compiling syn v0.15.44
[INFO] [stderr]    Compiling predicates-core v1.0.2
[INFO] [stderr]    Compiling unicode-width v0.1.8
[INFO] [stderr]    Compiling byteorder v1.4.3
[INFO] [stderr]    Compiling unicode-segmentation v1.7.1
[INFO] [stderr]    Compiling doc-comment v0.3.3
[INFO] [stderr]    Compiling regex-syntax v0.6.23
[INFO] [stderr]    Compiling strsim v0.8.0
[INFO] [stderr]    Compiling vec_map v0.8.2
[INFO] [stderr]    Compiling treeline v0.1.0
[INFO] [stderr]    Compiling normalize-line-endings v0.3.0
[INFO] [stderr]    Compiling textwrap v0.11.0
[INFO] [stderr]    Compiling difference v2.0.0
[INFO] [stderr]    Compiling ansi_term v0.11.0
[INFO] [stderr]    Compiling predicates-tree v1.0.2
[INFO] [stderr]    Compiling regex-automata v0.1.9
[INFO] [stderr]    Compiling num-traits v0.2.14
[INFO] [stderr]    Compiling heck v0.3.2
[INFO] [stderr]    Compiling quote v0.6.13
[INFO] [stderr]    Compiling aho-corasick v0.7.15
[INFO] [stderr]    Compiling bstr v0.2.15
[INFO] [stderr]    Compiling atty v0.2.14
[INFO] [stderr]    Compiling wait-timeout v0.2.0
[INFO] [stderr]    Compiling clap v2.33.3
[INFO] [stderr]    Compiling colored v1.9.3
[INFO] [stderr]    Compiling float-cmp v0.8.0
[INFO] [stderr]    Compiling regex v1.4.5
[INFO] [stderr]    Compiling structopt-derive v0.2.18
[INFO] [stderr]    Compiling predicates v1.0.7
[INFO] [stderr]    Compiling assert_cmd v1.0.3
[INFO] [stderr]    Compiling structopt v0.2.18
[INFO] [stderr]    Compiling batsay v0.1.0 (/opt/rustwide/workdir)
[INFO] [stderr] warning: unused dependency `assert_cmd`
[INFO] [stderr]  --> Cargo.toml:2:1
[INFO] [stderr]   |
[INFO] [stderr] 2 | assert_cmd = "1.0.3"
[INFO] [stderr]   | ^^^^^^^^^^^^^^^^^^^^
[INFO] [stderr]   |
[INFO] [stderr]   = note: `cargo::unused_dependencies` is set to `warn` by default
[INFO] [stderr] help: consider removing the dependency on `assert_cmd`
[INFO] [stderr] warning: `batsay` (manifest) generated 1 warning
[INFO] [stderr]     Finished `release` profile [optimized] target(s) in 29.95s
[INFO] running `Command { std: "docker" "inspect" "e61c426aed9be37e6e8f3a14989a2e87361a4cdefc504ba8f2ff2f89ebe52d14", kill_on_drop: false }`
[INFO] running `Command { std: "docker" "exec" "-e" "SOURCE_DIR=/opt/rustwide/workdir" "-e" "CARGO_HOME=/opt/rustwide/cargo-home" "-e" "RUSTUP_HOME=/opt/rustwide/rustup-home" "-e" "CARGO_TARGET_DIR=/opt/rustwide/target" "-e" "CARGO_INCREMENTAL=0" "-e" "RUST_BACKTRACE=full" "-e" "RUSTFLAGS=--cap-lints=warn" "-e" "RUSTDOCFLAGS=--cap-lints=warn" "-w" "/opt/rustwide/workdir" "--user" "0:0" "e61c426aed9be37e6e8f3a14989a2e87361a4cdefc504ba8f2ff2f89ebe52d14" "/opt/rustwide/cargo-home/bin/cargo" "+1.100.0-beta.1" "test" "--frozen" "--no-run" "--message-format=json" "--release", kill_on_drop: false }`
[INFO] [stderr]    Compiling batsay v0.1.0 (/opt/rustwide/workdir)
[INFO] [stderr]     Finished `release` profile [optimized] target(s) in 0.65s
[INFO] running `Command { std: "docker" "inspect" "e61c426aed9be37e6e8f3a14989a2e87361a4cdefc504ba8f2ff2f89ebe52d14", kill_on_drop: false }`
[INFO] running `Command { std: "docker" "exec" "-e" "SOURCE_DIR=/opt/rustwide/workdir" "-e" "CARGO_HOME=/opt/rustwide/cargo-home" "-e" "RUSTUP_HOME=/opt/rustwide/rustup-home" "-e" "CARGO_TARGET_DIR=/opt/rustwide/target" "-e" "CARGO_INCREMENTAL=0" "-e" "RUST_BACKTRACE=full" "-e" "RUSTFLAGS=--cap-lints=warn" "-e" "RUSTDOCFLAGS=--cap-lints=warn" "-w" "/opt/rustwide/workdir" "--user" "0:0" "e61c426aed9be37e6e8f3a14989a2e87361a4cdefc504ba8f2ff2f89ebe52d14" "/opt/rustwide/cargo-home/bin/cargo" "+1.100.0-beta.1" "test" "--frozen" "--release", kill_on_drop: false }`
[INFO] [stderr]     Finished `release` profile [optimized] target(s) in 0.08s
[INFO] [stderr]      Running unittests src/main.rs (/opt/rustwide/target/release/build/batsay/baf3214f0f6342da/out/batsay-baf3214f0f6342da)
[INFO] [stdout] 
[INFO] [stderr]      Running tests/integration_test.rs (/opt/rustwide/target/release/build/batsay/158864b64f16f0fa/out/integration_test-158864b64f16f0fa)
[INFO] [stdout] running 0 tests
[INFO] [stdout] 
[INFO] [stdout] test result: ok. 0 passed; 0 failed; 0 ignored; 0 measured; 0 filtered out; finished in 0.00s
[INFO] [stdout] 
[INFO] [stdout] 
[INFO] [stdout] running 6 tests
[INFO] [stdout] test run_with_defaults ... FAILED
[INFO] [stdout] test run_with_valid_file ... FAILED
[INFO] [stdout] test run_with_uwu_flag ... FAILED
[INFO] [stdout] test run_with_valid_text_message ... FAILED
[INFO] [stdout] test run_with_dead_flag ... FAILED
[INFO] [stdout] test run_with_invalid_file ... FAILED
[INFO] [stdout] 
[INFO] [stdout] failures:
[INFO] [stdout] 
[INFO] [stdout] ---- run_with_defaults stdout ----
[INFO] [stdout] 
[INFO] [stdout] thread 'run_with_defaults' (911) panicked at tests/integration_test.rs:8:10:
[INFO] [stdout] binary exists: CargoError { cause: Some(NotFoundError { path: "/opt/rustwide/target/release/build/batsay/158864b64f16f0fa/out/batsay" }) }
[INFO] [stdout] stack backtrace:
[INFO] [stdout]    0:     0x595dc8c07cd1 - <<std[617be2ca0a6fd877]::sys::backtrace::BacktraceLock>::print::DisplayBacktrace as core[a373ad73a504971]::fmt::Display>::fmt
[INFO] [stdout]    1:     0x595dc8c1d16a - core[a373ad73a504971]::fmt::write
[INFO] [stdout]    2:     0x595dc8c0d19c - <alloc[2e1b2a31b91974c5]::vec::Vec<u8> as core[a373ad73a504971]::io::write::Write>::write_fmt
[INFO] [stdout]    3:     0x595dc8be3ba6 - std[617be2ca0a6fd877]::panicking::default_hook::{closure#0}
[INFO] [stdout]    4:     0x595dc8c002e9 - std[617be2ca0a6fd877]::panicking::default_hook
[INFO] [stdout]    5:     0x595dc8b97ed0 - test[aada8e7e76ba119b]::test_main_inner::{closure#0}
[INFO] [stdout]    6:     0x595dc8c004a2 - std[617be2ca0a6fd877]::panicking::panic_with_hook
[INFO] [stdout]    7:     0x595dc8be3c52 - std[617be2ca0a6fd877]::panicking::panic_handler::{closure#0}
[INFO] [stdout]    8:     0x595dc8bdc969 - std[617be2ca0a6fd877]::sys::backtrace::__rust_end_short_backtrace::<std[617be2ca0a6fd877]::panicking::panic_handler::{closure#0}, !>
[INFO] [stdout]    9:     0x595dc8be485d - __rustc[ea4f61d10b84890b]::rust_begin_unwind
[INFO] [stdout]   10:     0x595dc8c1d89c - core[a373ad73a504971]::panicking::panic_fmt
[INFO] [stdout]   11:     0x595dc8c1d672 - core[a373ad73a504971]::result::unwrap_failed
[INFO] [stdout]   12:     0x595dc8b8a7d0 - <integration_test[dc5327609249e20]::run_with_defaults::{closure#0} as core[a373ad73a504971]::ops::function::FnOnce<()>>::call_once
[INFO] [stdout]   13:     0x595dc8b8b31b - test[aada8e7e76ba119b]::__rust_begin_short_backtrace::<core[a373ad73a504971]::result::Result<(), alloc[2e1b2a31b91974c5]::string::String>, fn() -> core[a373ad73a504971]::result::Result<(), alloc[2e1b2a31b91974c5]::string::String>>
[INFO] [stdout]   14:     0x595dc8b984f5 - test[aada8e7e76ba119b]::run_test::{closure#0}
[INFO] [stdout]   15:     0x595dc8b91de4 - std[617be2ca0a6fd877]::sys::backtrace::__rust_begin_short_backtrace::<test[aada8e7e76ba119b]::run_test::{closure#1}, ()>
[INFO] [stdout]   16:     0x595dc8b9b582 - <std[617be2ca0a6fd877]::thread::lifecycle::spawn_unchecked<test[aada8e7e76ba119b]::run_test::{closure#1}, ()>::{closure#1} as core[a373ad73a504971]::ops::function::FnOnce<()>>::call_once::{shim:vtable#0}
[INFO] [stdout]   17:     0x595dc8c074af - <std[617be2ca0a6fd877]::sys::thread::unix::Thread>::new::thread_start
[INFO] [stdout]   18:     0x732c3d478dfa - <unknown>
[INFO] [stdout]   19:     0x732c3d50c3d4 - clone
[INFO] [stdout]   20:                0x0 - <unknown>
[INFO] [stdout] 
[INFO] [stdout] ---- run_with_valid_file stdout ----
[INFO] [stdout] 
[INFO] [stdout] thread 'run_with_valid_file' (914) panicked at tests/integration_test.rs:41:10:
[INFO] [stdout] binary exists: CargoError { cause: Some(NotFoundError { path: "/opt/rustwide/target/release/build/batsay/158864b64f16f0fa/out/batsay" }) }
[INFO] [stdout] stack backtrace:
[INFO] [stdout]    0:     0x595dc8c07cd1 - <<std[617be2ca0a6fd877]::sys::backtrace::BacktraceLock>::print::DisplayBacktrace as core[a373ad73a504971]::fmt::Display>::fmt
[INFO] [stdout]    1:     0x595dc8c1d16a - core[a373ad73a504971]::fmt::write
[INFO] [stdout]    2:     0x595dc8c0d19c - <alloc[2e1b2a31b91974c5]::vec::Vec<u8> as core[a373ad73a504971]::io::write::Write>::write_fmt
[INFO] [stdout]    3:     0x595dc8be3ba6 - std[617be2ca0a6fd877]::panicking::default_hook::{closure#0}
[INFO] [stdout]    4:     0x595dc8c002e9 - std[617be2ca0a6fd877]::panicking::default_hook
[INFO] [stdout]    5:     0x595dc8b97ed0 - test[aada8e7e76ba119b]::test_main_inner::{closure#0}
[INFO] [stdout]    6:     0x595dc8c004a2 - std[617be2ca0a6fd877]::panicking::panic_with_hook
[INFO] [stdout]    7:     0x595dc8be3c52 - std[617be2ca0a6fd877]::panicking::panic_handler::{closure#0}
[INFO] [stdout]    8:     0x595dc8bdc969 - std[617be2ca0a6fd877]::sys::backtrace::__rust_end_short_backtrace::<std[617be2ca0a6fd877]::panicking::panic_handler::{closure#0}, !>
[INFO] [stdout]    9:     0x595dc8be485d - __rustc[ea4f61d10b84890b]::rust_begin_unwind
[INFO] [stdout]   10:     0x595dc8c1d89c - core[a373ad73a504971]::panicking::panic_fmt
[INFO] [stdout]   11:     0x595dc8c1d672 - core[a373ad73a504971]::result::unwrap_failed
[INFO] [stdout]   12:     0x595dc8b8ae32 - <integration_test[dc5327609249e20]::run_with_valid_file::{closure#0} as core[a373ad73a504971]::ops::function::FnOnce<()>>::call_once
[INFO] [stdout]   13:     0x595dc8b8b31b - test[aada8e7e76ba119b]::__rust_begin_short_backtrace::<core[a373ad73a504971]::result::Result<(), alloc[2e1b2a31b91974c5]::string::String>, fn() -> core[a373ad73a504971]::result::Result<(), alloc[2e1b2a31b91974c5]::string::String>>
[INFO] [stdout]   14:     0x595dc8b984f5 - test[aada8e7e76ba119b]::run_test::{closure#0}
[INFO] [stdout]   15:     0x595dc8b91de4 - std[617be2ca0a6fd877]::sys::backtrace::__rust_begin_short_backtrace::<test[aada8e7e76ba119b]::run_test::{closure#1}, ()>
[INFO] [stdout]   16:     0x595dc8b9b582 - <std[617be2ca0a6fd877]::thread::lifecycle::spawn_unchecked<test[aada8e7e76ba119b]::run_test::{closure#1}, ()>::{closure#1} as core[a373ad73a504971]::ops::function::FnOnce<()>>::call_once::{shim:vtable#0}
[INFO] [stdout]   17:     0x595dc8c074af - <std[617be2ca0a6fd877]::sys::thread::unix::Thread>::new::thread_start
[INFO] [stdout]   18:     0x732c3d478dfa - <unknown>
[INFO] [stdout]   19:     0x732c3d50c3d4 - clone
[INFO] [stdout]   20:                0x0 - <unknown>
[INFO] [stdout] 
[INFO] [stdout] ---- run_with_uwu_flag stdout ----
[INFO] [stdout] 
[INFO] [stdout] thread 'run_with_uwu_flag' (913) panicked at tests/integration_test.rs:64:10:
[INFO] [stdout] binary exists: CargoError { cause: Some(NotFoundError { path: "/opt/rustwide/target/release/build/batsay/158864b64f16f0fa/out/batsay" }) }
[INFO] [stdout] stack backtrace:
[INFO] [stdout]    0:     0x595dc8c07cd1 - <<std[617be2ca0a6fd877]::sys::backtrace::BacktraceLock>::print::DisplayBacktrace as core[a373ad73a504971]::fmt::Display>::fmt
[INFO] [stdout]    1:     0x595dc8c1d16a - core[a373ad73a504971]::fmt::write
[INFO] [stdout]    2:     0x595dc8c0d19c - <alloc[2e1b2a31b91974c5]::vec::Vec<u8> as core[a373ad73a504971]::io::write::Write>::write_fmt
[INFO] [stdout]    3:     0x595dc8be3ba6 - std[617be2ca0a6fd877]::panicking::default_hook::{closure#0}
[INFO] [stdout]    4:     0x595dc8c002e9 - std[617be2ca0a6fd877]::panicking::default_hook
[INFO] [stdout]    5:     0x595dc8b97ed0 - test[aada8e7e76ba119b]::test_main_inner::{closure#0}
[INFO] [stdout]    6:     0x595dc8c004a2 - std[617be2ca0a6fd877]::panicking::panic_with_hook
[INFO] [stdout]    7:     0x595dc8be3c52 - std[617be2ca0a6fd877]::panicking::panic_handler::{closure#0}
[INFO] [stdout]    8:     0x595dc8bdc969 - std[617be2ca0a6fd877]::sys::backtrace::__rust_end_short_backtrace::<std[617be2ca0a6fd877]::panicking::panic_handler::{closure#0}, !>
[INFO] [stdout]    9:     0x595dc8be485d - __rustc[ea4f61d10b84890b]::rust_begin_unwind
[INFO] [stdout]   10:     0x595dc8c1d89c - core[a373ad73a504971]::panicking::panic_fmt
[INFO] [stdout]   11:     0x595dc8c1d672 - core[a373ad73a504971]::result::unwrap_failed
[INFO] [stdout]   12:     0x595dc8b8aa30 - <integration_test[dc5327609249e20]::run_with_uwu_flag::{closure#0} as core[a373ad73a504971]::ops::function::FnOnce<()>>::call_once
[INFO] [stdout]   13:     0x595dc8b8b31b - test[aada8e7e76ba119b]::__rust_begin_short_backtrace::<core[a373ad73a504971]::result::Result<(), alloc[2e1b2a31b91974c5]::string::String>, fn() -> core[a373ad73a504971]::result::Result<(), alloc[2e1b2a31b91974c5]::string::String>>
[INFO] [stdout]   14:     0x595dc8b984f5 - test[aada8e7e76ba119b]::run_test::{closure#0}
[INFO] [stdout]   15:     0x595dc8b91de4 - std[617be2ca0a6fd877]::sys::backtrace::__rust_begin_short_backtrace::<test[aada8e7e76ba119b]::run_test::{closure#1}, ()>
[INFO] [stdout]   16:     0x595dc8b9b582 - <std[617be2ca0a6fd877]::thread::lifecycle::spawn_unchecked<test[aada8e7e76ba119b]::run_test::{closure#1}, ()>::{closure#1} as core[a373ad73a504971]::ops::function::FnOnce<()>>::call_once::{shim:vtable#0}
[INFO] [stdout]   17:     0x595dc8c074af - <std[617be2ca0a6fd877]::sys::thread::unix::Thread>::new::thread_start
[INFO] [stdout]   18:     0x732c3d478dfa - <unknown>
[INFO] [stdout]   19:     0x732c3d50c3d4 - clone
[INFO] [stdout]   20:                0x0 - <unknown>
[INFO] [stdout] 
[INFO] [stdout] ---- run_with_valid_text_message stdout ----
[INFO] [stdout] 
[INFO] [stdout] thread 'run_with_valid_text_message' (915) panicked at tests/integration_test.rs:18:10:
[INFO] [stdout] binary exists: CargoError { cause: Some(NotFoundError { path: "/opt/rustwide/target/release/build/batsay/158864b64f16f0fa/out/batsay" }) }
[INFO] [stdout] stack backtrace:
[INFO] [stdout]    0:     0x595dc8c07cd1 - <<std[617be2ca0a6fd877]::sys::backtrace::BacktraceLock>::print::DisplayBacktrace as core[a373ad73a504971]::fmt::Display>::fmt
[INFO] [stdout]    1:     0x595dc8c1d16a - core[a373ad73a504971]::fmt::write
[INFO] [stdout]    2:     0x595dc8c0d19c - <alloc[2e1b2a31b91974c5]::vec::Vec<u8> as core[a373ad73a504971]::io::write::Write>::write_fmt
[INFO] [stdout]    3:     0x595dc8be3ba6 - std[617be2ca0a6fd877]::panicking::default_hook::{closure#0}
[INFO] [stdout]    4:     0x595dc8c002e9 - std[617be2ca0a6fd877]::panicking::default_hook
[INFO] [stdout]    5:     0x595dc8b97ed0 - test[aada8e7e76ba119b]::test_main_inner::{closure#0}
[INFO] [stdout]    6:     0x595dc8c004a2 - std[617be2ca0a6fd877]::panicking::panic_with_hook
[INFO] [stdout]    7:     0x595dc8be3c52 - std[617be2ca0a6fd877]::panicking::panic_handler::{closure#0}
[INFO] [stdout]    8:     0x595dc8bdc969 - std[617be2ca0a6fd877]::sys::backtrace::__rust_end_short_backtrace::<std[617be2ca0a6fd877]::panicking::panic_handler::{closure#0}, !>
[INFO] [stdout]    9:     0x595dc8be485d - __rustc[ea4f61d10b84890b]::rust_begin_unwind
[INFO] [stdout]   10:     0x595dc8c1d89c - core[a373ad73a504971]::panicking::panic_fmt
[INFO] [stdout]   11:     0x595dc8c1d672 - core[a373ad73a504971]::result::unwrap_failed
[INFO] [stdout]   12:     0x595dc8b8b1b6 - <integration_test[dc5327609249e20]::run_with_valid_text_message::{closure#0} as core[a373ad73a504971]::ops::function::FnOnce<()>>::call_once
[INFO] [stdout]   13:     0x595dc8b8b31b - test[aada8e7e76ba119b]::__rust_begin_short_backtrace::<core[a373ad73a504971]::result::Result<(), alloc[2e1b2a31b91974c5]::string::String>, fn() -> core[a373ad73a504971]::result::Result<(), alloc[2e1b2a31b91974c5]::string::String>>
[INFO] [stdout]   14:     0x595dc8b984f5 - test[aada8e7e76ba119b]::run_test::{closure#0}
[INFO] [stdout]   15:     0x595dc8b91de4 - std[617be2ca0a6fd877]::sys::backtrace::__rust_begin_short_backtrace::<test[aada8e7e76ba119b]::run_test::{closure#1}, ()>
[INFO] [stdout]   16:     0x595dc8b9b582 - <std[617be2ca0a6fd877]::thread::lifecycle::spawn_unchecked<test[aada8e7e76ba119b]::run_test::{closure#1}, ()>::{closure#1} as core[a373ad73a504971]::ops::function::FnOnce<()>>::call_once::{shim:vtable#0}
[INFO] [stdout]   17:     0x595dc8c074af - <std[617be2ca0a6fd877]::sys::thread::unix::Thread>::new::thread_start
[INFO] [stdout]   18:     0x732c3d478dfa - <unknown>
[INFO] [stdout]   19:     0x732c3d50c3d4 - clone
[INFO] [stdout]   20:                0x0 - <unknown>
[INFO] [stdout] 
[INFO] [stdout] ---- run_with_dead_flag stdout ----
[INFO] [stdout] 
[INFO] [stdout] thread 'run_with_dead_flag' (910) panicked at tests/integration_test.rs:52:10:
[INFO] [stdout] binary exists: CargoError { cause: Some(NotFoundError { path: "/opt/rustwide/target/release/build/batsay/158864b64f16f0fa/out/batsay" }) }
[INFO] [stdout] stack backtrace:
[INFO] [stdout]    0:     0x595dc8c07cd1 - <<std[617be2ca0a6fd877]::sys::backtrace::BacktraceLock>::print::DisplayBacktrace as core[a373ad73a504971]::fmt::Display>::fmt
[INFO] [stdout]    1:     0x595dc8c1d16a - core[a373ad73a504971]::fmt::write
[INFO] [stdout]    2:     0x595dc8c0d19c - <alloc[2e1b2a31b91974c5]::vec::Vec<u8> as core[a373ad73a504971]::io::write::Write>::write_fmt
[INFO] [stdout]    3:     0x595dc8be3ba6 - std[617be2ca0a6fd877]::panicking::default_hook::{closure#0}
[INFO] [stdout]    4:     0x595dc8c002e9 - std[617be2ca0a6fd877]::panicking::default_hook
[INFO] [stdout]    5:     0x595dc8b97ed0 - test[aada8e7e76ba119b]::test_main_inner::{closure#0}
[INFO] [stdout]    6:     0x595dc8c004a2 - std[617be2ca0a6fd877]::panicking::panic_with_hook
[INFO] [stdout]    7:     0x595dc8be3c52 - std[617be2ca0a6fd877]::panicking::panic_handler::{closure#0}
[INFO] [stdout]    8:     0x595dc8bdc969 - std[617be2ca0a6fd877]::sys::backtrace::__rust_end_short_backtrace::<std[617be2ca0a6fd877]::panicking::panic_handler::{closure#0}, !>
[INFO] [stdout]    9:     0x595dc8be485d - __rustc[ea4f61d10b84890b]::rust_begin_unwind
[INFO] [stdout]   10:     0x595dc8c1d89c - core[a373ad73a504971]::panicking::panic_fmt
[INFO] [stdout]   11:     0x595dc8c1d672 - core[a373ad73a504971]::result::unwrap_failed
[INFO] [stdout]   12:     0x595dc8b8ac90 - <integration_test[dc5327609249e20]::run_with_dead_flag::{closure#0} as core[a373ad73a504971]::ops::function::FnOnce<()>>::call_once
[INFO] [stdout]   13:     0x595dc8b8b31b - test[aada8e7e76ba119b]::__rust_begin_short_backtrace::<core[a373ad73a504971]::result::Result<(), alloc[2e1b2a31b91974c5]::string::String>, fn() -> core[a373ad73a504971]::result::Result<(), alloc[2e1b2a31b91974c5]::string::String>>
[INFO] [stdout]   14:     0x595dc8b984f5 - test[aada8e7e76ba119b]::run_test::{closure#0}
[INFO] [stdout]   15:     0x595dc8b91de4 - std[617be2ca0a6fd877]::sys::backtrace::__rust_begin_short_backtrace::<test[aada8e7e76ba119b]::run_test::{closure#1}, ()>
[INFO] [stdout]   16:     0x595dc8b9b582 - <std[617be2ca0a6fd877]::thread::lifecycle::spawn_unchecked<test[aada8e7e76ba119b]::run_test::{closure#1}, ()>::{closure#1} as core[a373ad73a504971]::ops::function::FnOnce<()>>::call_once::{shim:vtable#0}
[INFO] [stdout]   17:     0x595dc8c074af - <std[617be2ca0a6fd877]::sys::thread::unix::Thread>::new::thread_start
[INFO] [stdout]   18:     0x732c3d478dfa - <unknown>
[INFO] [stdout]   19:     0x732c3d50c3d4 - clone
[INFO] [stdout]   20:                0x0 - <unknown>
[INFO] [stdout] 
[INFO] [stdout] ---- run_with_invalid_file stdout ----
[INFO] [stdout] 
[INFO] [stdout] thread 'run_with_invalid_file' (912) panicked at tests/integration_test.rs:30:10:
[INFO] [stdout] binary exists: CargoError { cause: Some(NotFoundError { path: "/opt/rustwide/target/release/build/batsay/158864b64f16f0fa/out/batsay" }) }
[INFO] [stdout] stack backtrace:
[INFO] [stdout]    0:     0x595dc8c07cd1 - <<std[617be2ca0a6fd877]::sys::backtrace::BacktraceLock>::print::DisplayBacktrace as core[a373ad73a504971]::fmt::Display>::fmt
[INFO] [stdout]    1:     0x595dc8c1d16a - core[a373ad73a504971]::fmt::write
[INFO] [stdout]    2:     0x595dc8c0d19c - <alloc[2e1b2a31b91974c5]::vec::Vec<u8> as core[a373ad73a504971]::io::write::Write>::write_fmt
[INFO] [stdout]    3:     0x595dc8be3ba6 - std[617be2ca0a6fd877]::panicking::default_hook::{closure#0}
[INFO] [stdout]    4:     0x595dc8c002e9 - std[617be2ca0a6fd877]::panicking::default_hook
[INFO] [stdout]    5:     0x595dc8b97ed0 - test[aada8e7e76ba119b]::test_main_inner::{closure#0}
[INFO] [stdout]    6:     0x595dc8c004a2 - std[617be2ca0a6fd877]::panicking::panic_with_hook
[INFO] [stdout]    7:     0x595dc8be3c52 - std[617be2ca0a6fd877]::panicking::panic_handler::{closure#0}
[INFO] [stdout]    8:     0x595dc8bdc969 - std[617be2ca0a6fd877]::sys::backtrace::__rust_end_short_backtrace::<std[617be2ca0a6fd877]::panicking::panic_handler::{closure#0}, !>
[INFO] [stdout]    9:     0x595dc8be485d - __rustc[ea4f61d10b84890b]::rust_begin_unwind
[INFO] [stdout]   10:     0x595dc8c1d89c - core[a373ad73a504971]::panicking::panic_fmt
[INFO] [stdout]   11:     0x595dc8c1d672 - core[a373ad73a504971]::result::unwrap_failed
[INFO] [stdout]   12:     0x595dc8b8af92 - <integration_test[dc5327609249e20]::run_with_invalid_file::{closure#0} as core[a373ad73a504971]::ops::function::FnOnce<()>>::call_once
[INFO] [stdout]   13:     0x595dc8b8b31b - test[aada8e7e76ba119b]::__rust_begin_short_backtrace::<core[a373ad73a504971]::result::Result<(), alloc[2e1b2a31b91974c5]::string::String>, fn() -> core[a373ad73a504971]::result::Result<(), alloc[2e1b2a31b91974c5]::string::String>>
[INFO] [stdout]   14:     0x595dc8b984f5 - test[aada8e7e76ba119b]::run_test::{closure#0}
[INFO] [stdout]   15:     0x595dc8b91de4 - std[617be2ca0a6fd877]::sys::backtrace::__rust_begin_short_backtrace::<test[aada8e7e76ba119b]::run_test::{closure#1}, ()>
[INFO] [stdout]   16:     0x595dc8b9b582 - <std[617be2ca0a6fd877]::thread::lifecycle::spawn_unchecked<test[aada8e7e76ba119b]::run_test::{closure#1}, ()>::{closure#1} as core[a373ad73a504971]::ops::function::FnOnce<()>>::call_once::{shim:vtable#0}
[INFO] [stdout]   17:     0x595dc8c074af - <std[617be2ca0a6fd877]::sys::thread::unix::Thread>::new::thread_start
[INFO] [stdout]   18:     0x732c3d478dfa - <unknown>
[INFO] [stdout]   19:     0x732c3d50c3d4 - clone
[INFO] [stdout]   20:                0x0 - <unknown>
[INFO] [stdout] 
[INFO] [stdout] 
[INFO] [stdout] failures:
[INFO] [stdout]     run_with_dead_flag
[INFO] [stdout]     run_with_defaults
[INFO] [stdout]     run_with_invalid_file
[INFO] [stdout]     run_with_uwu_flag
[INFO] [stdout]     run_with_valid_file
[INFO] [stdout]     run_with_valid_text_message
[INFO] [stdout] 
[INFO] [stdout] test result: FAILED. 0 passed; 6 failed; 0 ignored; 0 measured; 0 filtered out; finished in 0.01s
[INFO] [stdout] 
[INFO] [stderr] error: test failed, to rerun pass `--test integration_test`
[INFO] running `Command { std: "docker" "inspect" "e61c426aed9be37e6e8f3a14989a2e87361a4cdefc504ba8f2ff2f89ebe52d14", kill_on_drop: false }`
[INFO] running `Command { std: "docker" "rm" "-f" "e61c426aed9be37e6e8f3a14989a2e87361a4cdefc504ba8f2ff2f89ebe52d14", kill_on_drop: false }`
[INFO] [stdout] e61c426aed9be37e6e8f3a14989a2e87361a4cdefc504ba8f2ff2f89ebe52d14
