[INFO] cloning repository https://github.com/goweft/tenter-rs
[INFO] running `Command { std: "git" "-c" "credential.helper=" "-c" "credential.helper=/workspace/cargo-home/bin/git-credential-null" "clone" "--bare" "https://github.com/goweft/tenter-rs" "/workspace/cache/git-repos/https%3A%2F%2Fgithub.com%2Fgoweft%2Ftenter-rs", kill_on_drop: false }`
[INFO] [stderr] Cloning into bare repository '/workspace/cache/git-repos/https%3A%2F%2Fgithub.com%2Fgoweft%2Ftenter-rs'...
[INFO] running `Command { std: "git" "rev-parse" "HEAD", kill_on_drop: false }`
[INFO] [stdout] 65ae0be81a8ca73a803a52557c6ba1a49d503aab
[INFO] testing goweft/tenter-rs against 1.100.0-beta.1+cargoflags=--release for beta-release-1.100-3
[INFO] running `Command { std: "git" "clone" "/workspace/cache/git-repos/https%3A%2F%2Fgithub.com%2Fgoweft%2Ftenter-rs" "/workspace/builds/worker-5-tc2/source", kill_on_drop: false }`
[INFO] [stderr] Cloning into '/workspace/builds/worker-5-tc2/source'...
[INFO] [stderr] done.
[INFO] started tweaking git repo https://github.com/goweft/tenter-rs
[INFO] finished tweaking git repo https://github.com/goweft/tenter-rs
[INFO] tweaked toml for git repo https://github.com/goweft/tenter-rs written to /workspace/builds/worker-5-tc2/source/Cargo.toml
[INFO] validating manifest of git repo https://github.com/goweft/tenter-rs on toolchain 1.100.0-beta.1
[INFO] running `Command { std: CARGO_HOME="/workspace/cargo-home" RUSTUP_HOME="/workspace/rustup-home" "/workspace/cargo-home/bin/cargo" "+1.100.0-beta.1" "metadata" "--manifest-path" "Cargo.toml" "--no-deps", kill_on_drop: false }`
[INFO] crate git repo https://github.com/goweft/tenter-rs already has a lockfile, it will not be regenerated
[INFO] running `Command { std: CARGO_HOME="/workspace/cargo-home" RUSTUP_HOME="/workspace/rustup-home" "/workspace/cargo-home/bin/cargo" "+1.100.0-beta.1" "fetch" "--manifest-path" "Cargo.toml", kill_on_drop: false }`
[INFO] running `Command { std: "docker" "create" "-v" "/var/lib/crater-agent-workspace/builds/worker-5-tc2/source:/opt/rustwide/workdir:ro,Z" "-v" "/var/lib/crater-agent-workspace/builds/worker-5-tc2/target:/opt/rustwide/target:rw,Z" "-v" "/var/lib/crater-agent-workspace/cargo-home:/opt/rustwide/cargo-home:ro,Z" "-v" "/var/lib/crater-agent-workspace/rustup-home:/opt/rustwide/rustup-home:ro,Z" "-m" "1610612736" "--network" "none" "ghcr.io/rust-lang/crates-build-env/linux@sha256:77db811e55d90add9212f6832c23229e3de5f1c1f9905e8cb07319ea15df73ac" "sleep" "infinity", kill_on_drop: false }`
[INFO] [stdout] 96393235d15d54debf61cc70830e1a12199f43d0b0275800b3c019e1768e178e
[INFO] running `Command { std: "docker" "start" "96393235d15d54debf61cc70830e1a12199f43d0b0275800b3c019e1768e178e", kill_on_drop: false }`
[INFO] running `Command { std: "docker" "inspect" "96393235d15d54debf61cc70830e1a12199f43d0b0275800b3c019e1768e178e", kill_on_drop: false }`
[INFO] running `Command { std: "docker" "exec" "-e" "SOURCE_DIR=/opt/rustwide/workdir" "-e" "CARGO_HOME=/opt/rustwide/cargo-home" "-e" "RUSTUP_HOME=/opt/rustwide/rustup-home" "-e" "CARGO_TARGET_DIR=/opt/rustwide/target" "-w" "/opt/rustwide/workdir" "--user" "0:0" "96393235d15d54debf61cc70830e1a12199f43d0b0275800b3c019e1768e178e" "/opt/rustwide/cargo-home/bin/cargo" "+1.100.0-beta.1" "metadata" "--no-deps" "--format-version=1", kill_on_drop: false }`
[INFO] running `Command { std: "docker" "inspect" "96393235d15d54debf61cc70830e1a12199f43d0b0275800b3c019e1768e178e", kill_on_drop: false }`
[INFO] running `Command { std: "docker" "exec" "-e" "SOURCE_DIR=/opt/rustwide/workdir" "-e" "CARGO_HOME=/opt/rustwide/cargo-home" "-e" "RUSTUP_HOME=/opt/rustwide/rustup-home" "-e" "CARGO_TARGET_DIR=/opt/rustwide/target" "-e" "CARGO_INCREMENTAL=0" "-e" "RUST_BACKTRACE=full" "-e" "RUSTFLAGS=--cap-lints=warn" "-e" "RUSTDOCFLAGS=--cap-lints=warn" "-w" "/opt/rustwide/workdir" "--user" "0:0" "96393235d15d54debf61cc70830e1a12199f43d0b0275800b3c019e1768e178e" "/opt/rustwide/cargo-home/bin/cargo" "+1.100.0-beta.1" "build" "--frozen" "--message-format=json" "--release", kill_on_drop: false }`
[INFO] [stderr]    Compiling proc-macro2 v1.0.106
[INFO] [stderr]    Compiling quote v1.0.45
[INFO] [stderr]    Compiling unicode-ident v1.0.24
[INFO] [stderr]    Compiling cfg-if v1.0.4
[INFO] [stderr]    Compiling memchr v2.8.0
[INFO] [stderr]    Compiling libc v0.2.184
[INFO] [stderr]    Compiling crc32fast v1.5.0
[INFO] [stderr]    Compiling rustix v1.1.4
[INFO] [stderr]    Compiling simd-adler32 v0.3.9
[INFO] [stderr]    Compiling bitflags v2.11.0
[INFO] [stderr]    Compiling utf8parse v0.2.2
[INFO] [stderr]    Compiling linux-raw-sys v0.12.1
[INFO] [stderr]    Compiling serde_core v1.0.228
[INFO] [stderr]    Compiling colorchoice v1.0.5
[INFO] [stderr]    Compiling getrandom v0.4.2
[INFO] [stderr]    Compiling log v0.4.29
[INFO] [stderr]    Compiling thiserror v2.0.18
[INFO] [stderr]    Compiling anstyle-parse v1.0.0
[INFO] [stderr]    Compiling zmij v1.0.21
[INFO] [stderr]    Compiling anstyle-query v1.1.5
[INFO] [stderr]    Compiling is_terminal_polyfill v1.70.2
[INFO] [stderr]    Compiling regex-syntax v0.8.10
[INFO] [stderr]    Compiling adler2 v2.0.1
[INFO] [stderr]    Compiling anstyle v1.0.14
[INFO] [stderr]    Compiling anyhow v1.0.102
[INFO] [stderr]    Compiling strsim v0.11.1
[INFO] [stderr]    Compiling miniz_oxide v0.8.9
[INFO] [stderr]    Compiling bumpalo v3.20.2
[INFO] [stderr]    Compiling hashbrown v0.16.1
[INFO] [stderr]    Compiling serde v1.0.228
[INFO] [stderr]    Compiling anstream v1.0.0
[INFO] [stderr]    Compiling heck v0.5.0
[INFO] [stderr]    Compiling zip v2.4.2
[INFO] [stderr]    Compiling serde_json v1.0.149
[INFO] [stderr]    Compiling clap_lex v1.1.0
[INFO] [stderr]    Compiling equivalent v1.0.2
[INFO] [stderr]    Compiling zopfli v0.8.3
[INFO] [stderr]    Compiling fastrand v2.3.0
[INFO] [stderr]    Compiling once_cell v1.21.4
[INFO] [stderr]    Compiling same-file v1.0.6
[INFO] [stderr]    Compiling aho-corasick v1.1.4
[INFO] [stderr]    Compiling bstr v1.12.1
[INFO] [stderr]    Compiling flate2 v1.1.9
[INFO] [stderr]    Compiling clap_builder v4.6.0
[INFO] [stderr]    Compiling itoa v1.0.18
[INFO] [stderr]    Compiling walkdir v2.5.0
[INFO] [stderr]    Compiling syn v2.0.117
[INFO] [stderr]    Compiling indexmap v2.13.1
[INFO] [stderr]    Compiling filetime v0.2.27
[INFO] [stderr]    Compiling is-terminal v0.4.17
[INFO] [stderr]    Compiling xattr v1.6.1
[INFO] [stderr]    Compiling tempfile v3.27.0
[INFO] [stderr]    Compiling regex-automata v0.4.14
[INFO] [stderr]    Compiling tar v0.4.45
[INFO] [stderr]    Compiling globset v0.4.18
[INFO] [stderr]    Compiling regex v1.12.3
[INFO] [stderr]    Compiling thiserror-impl v2.0.18
[INFO] [stderr]    Compiling serde_derive v1.0.228
[INFO] [stderr]    Compiling clap_derive v4.6.0
[INFO] [stderr]    Compiling displaydoc v0.2.5
[INFO] [stderr]    Compiling clap v4.6.0
[INFO] [stderr]    Compiling tenter v2.1.1 (/opt/rustwide/workdir)
[INFO] [stderr]     Finished `release` profile [optimized] target(s) in 52.00s
[INFO] running `Command { std: "docker" "inspect" "96393235d15d54debf61cc70830e1a12199f43d0b0275800b3c019e1768e178e", kill_on_drop: false }`
[INFO] running `Command { std: "docker" "exec" "-e" "SOURCE_DIR=/opt/rustwide/workdir" "-e" "CARGO_HOME=/opt/rustwide/cargo-home" "-e" "RUSTUP_HOME=/opt/rustwide/rustup-home" "-e" "CARGO_TARGET_DIR=/opt/rustwide/target" "-e" "CARGO_INCREMENTAL=0" "-e" "RUST_BACKTRACE=full" "-e" "RUSTFLAGS=--cap-lints=warn" "-e" "RUSTDOCFLAGS=--cap-lints=warn" "-w" "/opt/rustwide/workdir" "--user" "0:0" "96393235d15d54debf61cc70830e1a12199f43d0b0275800b3c019e1768e178e" "/opt/rustwide/cargo-home/bin/cargo" "+1.100.0-beta.1" "test" "--frozen" "--no-run" "--message-format=json" "--release", kill_on_drop: false }`
[INFO] [stderr]    Compiling cfg-if v1.0.4
[INFO] [stderr]    Compiling memchr v2.8.0
[INFO] [stderr]    Compiling libc v0.2.184
[INFO] [stderr]    Compiling linux-raw-sys v0.12.1
[INFO] [stderr]    Compiling bitflags v2.11.0
[INFO] [stderr]    Compiling simd-adler32 v0.3.9
[INFO] [stderr]    Compiling utf8parse v0.2.2
[INFO] [stderr]    Compiling anstyle v1.0.14
[INFO] [stderr]    Compiling anstyle-query v1.1.5
[INFO] [stderr]    Compiling log v0.4.29
[INFO] [stderr]    Compiling colorchoice v1.0.5
[INFO] [stderr]    Compiling is_terminal_polyfill v1.70.2
[INFO] [stderr]    Compiling regex-syntax v0.8.10
[INFO] [stderr]    Compiling adler2 v2.0.1
[INFO] [stderr]    Compiling serde_core v1.0.228
[INFO] [stderr]    Compiling equivalent v1.0.2
[INFO] [stderr]    Compiling crc32fast v1.5.0
[INFO] [stderr]    Compiling bumpalo v3.20.2
[INFO] [stderr]    Compiling hashbrown v0.16.1
[INFO] [stderr]    Compiling anstyle-parse v1.0.0
[INFO] [stderr]    Compiling clap_lex v1.1.0
[INFO] [stderr]    Compiling strsim v0.11.1
[INFO] [stderr]    Compiling zmij v1.0.21
[INFO] [stderr]    Compiling anstream v1.0.0
[INFO] [stderr]    Compiling miniz_oxide v0.8.9
[INFO] [stderr]    Compiling thiserror v2.0.18
[INFO] [stderr]    Compiling zopfli v0.8.3
[INFO] [stderr]    Compiling fastrand v2.3.0
[INFO] [stderr]    Compiling same-file v1.0.6
[INFO] [stderr]    Compiling once_cell v1.21.4
[INFO] [stderr]    Compiling itoa v1.0.18
[INFO] [stderr]    Compiling clap_builder v4.6.0
[INFO] [stderr]    Compiling walkdir v2.5.0
[INFO] [stderr]    Compiling anyhow v1.0.102
[INFO] [stderr]    Compiling rustix v1.1.4
[INFO] [stderr]    Compiling flate2 v1.1.9
[INFO] [stderr]    Compiling indexmap v2.13.1
[INFO] [stderr]    Compiling aho-corasick v1.1.4
[INFO] [stderr]    Compiling bstr v1.12.1
[INFO] [stderr]    Compiling getrandom v0.4.2
[INFO] [stderr]    Compiling filetime v0.2.27
[INFO] [stderr]    Compiling is-terminal v0.4.17
[INFO] [stderr]    Compiling zip v2.4.2
[INFO] [stderr]    Compiling regex-automata v0.4.14
[INFO] [stderr]    Compiling serde_json v1.0.149
[INFO] [stderr]    Compiling serde v1.0.228
[INFO] [stderr]    Compiling xattr v1.6.1
[INFO] [stderr]    Compiling tempfile v3.27.0
[INFO] [stderr]    Compiling tar v0.4.45
[INFO] [stderr]    Compiling clap v4.6.0
[INFO] [stderr]    Compiling globset v0.4.18
[INFO] [stderr]    Compiling regex v1.12.3
[INFO] [stderr]    Compiling tenter v2.1.1 (/opt/rustwide/workdir)
[INFO] [stderr]     Finished `release` profile [optimized] target(s) in 35.10s
[INFO] running `Command { std: "docker" "inspect" "96393235d15d54debf61cc70830e1a12199f43d0b0275800b3c019e1768e178e", kill_on_drop: false }`
[INFO] running `Command { std: "docker" "exec" "-e" "SOURCE_DIR=/opt/rustwide/workdir" "-e" "CARGO_HOME=/opt/rustwide/cargo-home" "-e" "RUSTUP_HOME=/opt/rustwide/rustup-home" "-e" "CARGO_TARGET_DIR=/opt/rustwide/target" "-e" "CARGO_INCREMENTAL=0" "-e" "RUST_BACKTRACE=full" "-e" "RUSTFLAGS=--cap-lints=warn" "-e" "RUSTDOCFLAGS=--cap-lints=warn" "-w" "/opt/rustwide/workdir" "--user" "0:0" "96393235d15d54debf61cc70830e1a12199f43d0b0275800b3c019e1768e178e" "/opt/rustwide/cargo-home/bin/cargo" "+1.100.0-beta.1" "test" "--frozen" "--release", kill_on_drop: false }`
[INFO] [stderr]     Finished `release` profile [optimized] target(s) in 0.14s
[INFO] [stderr]      Running unittests src/main.rs (/opt/rustwide/target/release/build/tenter/6c4e7b01a4a4f37b/out/tenter-6c4e7b01a4a4f37b)
[INFO] [stderr]      Running tests/integration.rs (/opt/rustwide/target/release/build/tenter/690562ea6e2b2cba/out/integration-690562ea6e2b2cba)
[INFO] [stdout] 
[INFO] [stdout] running 0 tests
[INFO] [stdout] 
[INFO] [stdout] test result: ok. 0 passed; 0 failed; 0 ignored; 0 measured; 0 filtered out; finished in 0.00s
[INFO] [stdout] 
[INFO] [stdout] 
[INFO] [stdout] running 25 tests
[INFO] [stdout] test test_detects_coverage_dir ... FAILED
[INFO] [stdout] test test_detects_claude_config ... FAILED
[INFO] [stdout] test test_fail_on_threshold ... FAILED
[INFO] [stdout] test test_human_clean_output ... FAILED
[INFO] [stdout] test test_detects_pdb ... FAILED
[INFO] [stdout] test test_detects_sourcemapping_url_local ... FAILED
[INFO] [stdout] test test_detects_claude_md ... FAILED
[INFO] [stdout] test test_allowlist_skips_file ... FAILED
[INFO] [stdout] test test_detects_private_key ... FAILED
[INFO] [stdout] test test_detects_sourcemapping_url_external ... FAILED
[INFO] [stdout] test test_detects_github_token ... FAILED
[INFO] [stdout] test test_json_output_schema ... FAILED
[INFO] [stdout] test test_directory_scan_prunes_vcs_dirs ... FAILED
[INFO] [stdout] test test_detects_src_zip ... FAILED
[INFO] [stdout] test test_internal_dir_aggregated_one_finding ... FAILED
[INFO] [stdout] test test_secret_inside_internal_dir_still_detected ... FAILED
[INFO] [stdout] test test_sarif_output_schema ... FAILED
[INFO] [stdout] test test_standalone_pyc_still_perfile ... FAILED
[INFO] [stdout] test test_detects_map_file ... FAILED
[INFO] [stdout] test test_detects_aws_key ... FAILED
[INFO] [stdout] test test_detects_env_file ... FAILED
[INFO] [stdout] test test_tarball_git_dir_flagged_once ... FAILED
[INFO] [stdout] test test_clean_js_no_map_findings ... FAILED
[INFO] [stdout] test test_no_perfile_finding_inside_internal_dir ... FAILED
[INFO] [stdout] test test_detects_large_file ... FAILED
[INFO] [stdout] 
[INFO] [stdout] failures:
[INFO] [stdout] 
[INFO] [stdout] ---- test_detects_coverage_dir stdout ----
[INFO] [stdout] 
[INFO] [stdout] thread 'test_detects_coverage_dir' (1519) panicked at tests/integration.rs:23:10:
[INFO] [stdout] failed to run tenter binary: Os { code: 2, kind: NotFound, message: "No such file or directory" }
[INFO] [stdout] stack backtrace:
[INFO] [stdout]    0:     0x64b33a5e3975 - <unknown>
[INFO] [stdout]    1:     0x64b33a5c3fc4 - <unknown>
[INFO] [stdout]    2:     0x64b33a5e301b - <unknown>
[INFO] [stdout]    3:     0x64b33a5e2c19 - <unknown>
[INFO] [stdout]    4:     0x64b33a5e289a - <unknown>
[INFO] [stdout]    5:     0x64b33a5e23cb - <unknown>
[INFO] [stdout]    6:     0x64b33a608231 - <unknown>
[INFO] [stdout]    7:     0x64b33a6081e9 - <unknown>
[INFO] [stdout]    8:     0x64b33a6086dc - <unknown>
[INFO] [stdout]    9:     0x64b33a5c3e5b - <unknown>
[INFO] [stdout]   10:     0x64b33a5c6d01 - <unknown>
[INFO] [stdout]   11:     0x64b33a5bc5cf - <unknown>
[INFO] [stdout]   12:     0x64b33a5bffb4 - <unknown>
[INFO] [stdout]   13:     0x64b33a622f7b - <unknown>
[INFO] [stdout]   14:     0x64b33a61f206 - <unknown>
[INFO] [stdout]   15:     0x64b33a61ea2c - <unknown>
[INFO] [stdout]   16:     0x64b33a63ce5c - <unknown>
[INFO] [stdout]   17:     0x64b33a609e98 - <unknown>
[INFO] [stdout]   18:     0x7ed7c6dd2dfa - <unknown>
[INFO] [stdout]   19:     0x7ed7c6e663d4 - clone
[INFO] [stdout]   20:                0x0 - <unknown>
[INFO] [stdout] 
[INFO] [stdout] ---- test_detects_claude_config stdout ----
[INFO] [stdout] 
[INFO] [stdout] thread 'test_detects_claude_config' (1517) panicked at tests/integration.rs:23:10:
[INFO] [stdout] failed to run tenter binary: Os { code: 2, kind: NotFound, message: "No such file or directory" }
[INFO] [stdout] stack backtrace:
[INFO] [stdout]    0:     0x64b33a5e3975 - <unknown>
[INFO] [stdout]    1:     0x64b33a5c3fc4 - <unknown>
[INFO] [stdout]    2:     0x64b33a5e301b - <unknown>
[INFO] [stdout]    3:     0x64b33a5e2c19 - <unknown>
[INFO] [stdout]    4:     0x64b33a5e289a - <unknown>
[INFO] [stdout]    5:     0x64b33a5e23cb - <unknown>
[INFO] [stdout]    6:     0x64b33a608231 - <unknown>
[INFO] [stdout]    7:     0x64b33a6081e9 - <unknown>
[INFO] [stdout]    8:     0x64b33a6086dc - <unknown>
[INFO] [stdout]    9:     0x64b33a5c3e5b - <unknown>
[INFO] [stdout]   10:     0x64b33a5c6d01 - <unknown>
[INFO] [stdout]   11:     0x64b33a5bc5cf - <unknown>
[INFO] [stdout]   12:     0x64b33a5c025e - <unknown>
[INFO] [stdout]   13:     0x64b33a622f7b - <unknown>
[INFO] [stdout]   14:     0x64b33a61f206 - <unknown>
[INFO] [stdout]   15:     0x64b33a61ea2c - <unknown>
[INFO] [stdout]   16:     0x64b33a63ce5c - <unknown>
[INFO] [stdout]   17:     0x64b33a609e98 - <unknown>
[INFO] [stdout]   18:     0x7ed7c6dd2dfa - <unknown>
[INFO] [stdout]   19:     0x7ed7c6e663d4 - clone
[INFO] [stdout]   20:                0x0 - <unknown>
[INFO] [stdout] 
[INFO] [stdout] ---- test_fail_on_threshold stdout ----
[INFO] [stdout] 
[INFO] [stdout] thread 'test_fail_on_threshold' (1534) panicked at tests/integration.rs:23:10:
[INFO] [stdout] failed to run tenter binary: Os { code: 2, kind: NotFound, message: "No such file or directory" }
[INFO] [stdout] stack backtrace:
[INFO] [stdout]    0:     0x64b33a5e3975 - <unknown>
[INFO] [stdout]    1:     0x64b33a5c3fc4 - <unknown>
[INFO] [stdout]    2:     0x64b33a5e301b - <unknown>
[INFO] [stdout]    3:     0x64b33a5e2c19 - <unknown>
[INFO] [stdout]    4:     0x64b33a5e289a - <unknown>
[INFO] [stdout]    5:     0x64b33a5e23cb - <unknown>
[INFO] [stdout]    6:     0x64b33a608231 - <unknown>
[INFO] [stdout]    7:     0x64b33a6081e9 - <unknown>
[INFO] [stdout]    8:     0x64b33a6086dc - <unknown>
[INFO] [stdout]    9:     0x64b33a5c3e5b - <unknown>
[INFO] [stderr] error: test failed, to rerun pass `--test integration`
[INFO] [stdout]   10:     0x64b33a5c6d01 - <unknown>
[INFO] [stdout]   11:     0x64b33a5bc5cf - <unknown>
[INFO] [stdout]   12:     0x64b33a5bf2f1 - <unknown>
[INFO] [stdout]   13:     0x64b33a622f7b - <unknown>
[INFO] [stdout]   14:     0x64b33a61f206 - <unknown>
[INFO] [stdout]   15:     0x64b33a61ea2c - <unknown>
[INFO] [stdout]   16:     0x64b33a63ce5c - <unknown>
[INFO] [stdout]   17:     0x64b33a609e98 - <unknown>
[INFO] [stdout]   18:     0x7ed7c6dd2dfa - <unknown>
[INFO] [stdout]   19:     0x7ed7c6e663d4 - clone
[INFO] [stdout]   20:                0x0 - <unknown>
[INFO] [stdout] 
[INFO] [stdout] ---- test_human_clean_output stdout ----
[INFO] [stdout] 
[INFO] [stdout] thread 'test_human_clean_output' (1535) panicked at tests/integration.rs:23:10:
[INFO] [stdout] failed to run tenter binary: Os { code: 2, kind: NotFound, message: "No such file or directory" }
[INFO] [stdout] stack backtrace:
[INFO] [stdout]    0:     0x64b33a5e3975 - <unknown>
[INFO] [stdout]    1:     0x64b33a5c3fc4 - <unknown>
[INFO] [stdout]    2:     0x64b33a5e301b - <unknown>
[INFO] [stdout]    3:     0x64b33a5e2c19 - <unknown>
[INFO] [stdout]    4:     0x64b33a5e289a - <unknown>
[INFO] [stdout]    5:     0x64b33a5e23cb - <unknown>
[INFO] [stdout]    6:     0x64b33a608231 - <unknown>
[INFO] [stdout]    7:     0x64b33a6081e9 - <unknown>
[INFO] [stdout]    8:     0x64b33a6086dc - <unknown>
[INFO] [stdout]    9:     0x64b33a5c3e5b - <unknown>
[INFO] [stdout]   10:     0x64b33a5c6d01 - <unknown>
[INFO] [stdout]   11:     0x64b33a5bc5cf - <unknown>
[INFO] [stdout]   12:     0x64b33a5bf69a - <unknown>
[INFO] [stdout]   13:     0x64b33a622f7b - <unknown>
[INFO] [stdout]   14:     0x64b33a61f206 - <unknown>
[INFO] [stdout]   15:     0x64b33a61ea2c - <unknown>
[INFO] [stdout]   16:     0x64b33a63ce5c - <unknown>
[INFO] [stdout]   17:     0x64b33a609e98 - <unknown>
[INFO] [stdout]   18:     0x7ed7c6dd2dfa - <unknown>
[INFO] [stdout]   19:     0x7ed7c6e663d4 - clone
[INFO] [stdout]   20:                0x0 - <unknown>
[INFO] [stdout] 
[INFO] [stdout] ---- test_detects_pdb stdout ----
[INFO] [stdout] 
[INFO] [stdout] thread 'test_detects_pdb' (1524) panicked at tests/integration.rs:23:10:
[INFO] [stdout] failed to run tenter binary: Os { code: 2, kind: NotFound, message: "No such file or directory" }
[INFO] [stdout] stack backtrace:
[INFO] [stdout]    0:     0x64b33a5e3975 - <unknown>
[INFO] [stdout]    1:     0x64b33a5c3fc4 - <unknown>
[INFO] [stdout]    2:     0x64b33a5e301b - <unknown>
[INFO] [stdout]    3:     0x64b33a5e2c19 - <unknown>
[INFO] [stdout]    4:     0x64b33a5e289a - <unknown>
[INFO] [stdout]    5:     0x64b33a5e23cb - <unknown>
[INFO] [stdout]    6:     0x64b33a608231 - <unknown>
[INFO] [stdout]    7:     0x64b33a6081e9 - <unknown>
[INFO] [stdout]    8:     0x64b33a6086dc - <unknown>
[INFO] [stdout]    9:     0x64b33a5c3e5b - <unknown>
[INFO] [stdout]   10:     0x64b33a5c6d01 - <unknown>
[INFO] [stdout]   11:     0x64b33a5bc5cf - <unknown>
[INFO] [stdout]   12:     0x64b33a5bea7d - <unknown>
[INFO] [stdout]   13:     0x64b33a622f7b - <unknown>
[INFO] [stdout]   14:     0x64b33a61f206 - <unknown>
[INFO] [stdout]   15:     0x64b33a61ea2c - <unknown>
[INFO] [stdout]   16:     0x64b33a63ce5c - <unknown>
[INFO] [stdout]   17:     0x64b33a609e98 - <unknown>
[INFO] [stdout]   18:     0x7ed7c6dd2dfa - <unknown>
[INFO] [stdout]   19:     0x7ed7c6e663d4 - clone
[INFO] [stdout]   20:                0x0 - <unknown>
[INFO] [stdout] 
[INFO] [stdout] ---- test_detects_sourcemapping_url_local stdout ----
[INFO] [stdout] 
[INFO] [stdout] thread 'test_detects_sourcemapping_url_local' (1527) panicked at tests/integration.rs:23:10:
[INFO] [stdout] failed to run tenter binary: Os { code: 2, kind: NotFound, message: "No such file or directory" }
[INFO] [stdout] stack backtrace:
[INFO] [stdout]    0:     0x64b33a5e3975 - <unknown>
[INFO] [stdout]    1:     0x64b33a5c3fc4 - <unknown>
[INFO] [stdout]    2:     0x64b33a5e301b - <unknown>
[INFO] [stdout]    3:     0x64b33a5e2c19 - <unknown>
[INFO] [stdout]    4:     0x64b33a5e289a - <unknown>
[INFO] [stdout]    5:     0x64b33a5e23cb - <unknown>
[INFO] [stdout]    6:     0x64b33a608231 - <unknown>
[INFO] [stdout]    7:     0x64b33a6081e9 - <unknown>
[INFO] [stdout]    8:     0x64b33a6086dc - <unknown>
[INFO] [stdout]    9:     0x64b33a5c3e5b - <unknown>
[INFO] [stdout]   10:     0x64b33a5c6d01 - <unknown>
[INFO] [stdout]   11:     0x64b33a5bc5cf - <unknown>
[INFO] [stdout]   12:     0x64b33a5c1d77 - <unknown>
[INFO] [stdout]   13:     0x64b33a622f7b - <unknown>
[INFO] [stdout]   14:     0x64b33a61f206 - <unknown>
[INFO] [stdout]   15:     0x64b33a61ea2c - <unknown>
[INFO] [stdout]   16:     0x64b33a63ce5c - <unknown>
[INFO] [stdout]   17:     0x64b33a609e98 - <unknown>
[INFO] [stdout]   18:     0x7ed7c6dd2dfa - <unknown>
[INFO] [stdout]   19:     0x7ed7c6e663d4 - clone
[INFO] [stdout]   20:                0x0 - <unknown>
[INFO] [stdout] 
[INFO] [stdout] ---- test_detects_claude_md stdout ----
[INFO] [stdout] 
[INFO] [stdout] thread 'test_detects_claude_md' (1518) panicked at tests/integration.rs:23:10:
[INFO] [stdout] failed to run tenter binary: Os { code: 2, kind: NotFound, message: "No such file or directory" }
[INFO] [stdout] stack backtrace:
[INFO] [stdout]    0:     0x64b33a5e3975 - <unknown>
[INFO] [stdout]    1:     0x64b33a5c3fc4 - <unknown>
[INFO] [stdout]    2:     0x64b33a5e301b - <unknown>
[INFO] [stdout]    3:     0x64b33a5e2c19 - <unknown>
[INFO] [stdout]    4:     0x64b33a5e289a - <unknown>
[INFO] [stdout]    5:     0x64b33a5e23cb - <unknown>
[INFO] [stdout]    6:     0x64b33a608231 - <unknown>
[INFO] [stdout]    7:     0x64b33a6081e9 - <unknown>
[INFO] [stdout]    8:     0x64b33a6086dc - <unknown>
[INFO] [stdout]    9:     0x64b33a5c3e5b - <unknown>
[INFO] [stdout]   10:     0x64b33a5c6d01 - <unknown>
[INFO] [stdout]   11:     0x64b33a5bc5cf - <unknown>
[INFO] [stdout]   12:     0x64b33a5bf18e - <unknown>
[INFO] [stdout]   13:     0x64b33a622f7b - <unknown>
[INFO] [stdout]   14:     0x64b33a61f206 - <unknown>
[INFO] [stdout]   15:     0x64b33a61ea2c - <unknown>
[INFO] [stdout]   16:     0x64b33a63ce5c - <unknown>
[INFO] [stdout]   17:     0x64b33a609e98 - <unknown>
[INFO] [stdout]   18:     0x7ed7c6dd2dfa - <unknown>
[INFO] [stdout]   19:     0x7ed7c6e663d4 - clone
[INFO] [stdout]   20:                0x0 - <unknown>
[INFO] [stdout] 
[INFO] [stdout] ---- test_allowlist_skips_file stdout ----
[INFO] [stdout] 
[INFO] [stdout] thread 'test_allowlist_skips_file' (1514) panicked at tests/integration.rs:23:10:
[INFO] [stdout] failed to run tenter binary: Os { code: 2, kind: NotFound, message: "No such file or directory" }
[INFO] [stdout] stack backtrace:
[INFO] [stdout]    0:     0x64b33a5e3975 - <unknown>
[INFO] [stdout]    1:     0x64b33a5c3fc4 - <unknown>
[INFO] [stdout]    2:     0x64b33a5e301b - <unknown>
[INFO] [stdout]    3:     0x64b33a5e2c19 - <unknown>
[INFO] [stdout]    4:     0x64b33a5e289a - <unknown>
[INFO] [stdout]    5:     0x64b33a5e23cb - <unknown>
[INFO] [stdout]    6:     0x64b33a608231 - <unknown>
[INFO] [stdout]    7:     0x64b33a6081e9 - <unknown>
[INFO] [stdout]    8:     0x64b33a6086dc - <unknown>
[INFO] [stdout]    9:     0x64b33a5c3e5b - <unknown>
[INFO] [stdout]   10:     0x64b33a5c6d01 - <unknown>
[INFO] [stdout]   11:     0x64b33a5bc5cf - <unknown>
[INFO] [stdout]   12:     0x64b33a5bfe13 - <unknown>
[INFO] [stdout]   13:     0x64b33a622f7b - <unknown>
[INFO] [stdout]   14:     0x64b33a61f206 - <unknown>
[INFO] [stdout]   15:     0x64b33a61ea2c - <unknown>
[INFO] [stdout]   16:     0x64b33a63ce5c - <unknown>
[INFO] [stdout]   17:     0x64b33a609e98 - <unknown>
[INFO] [stdout]   18:     0x7ed7c6dd2dfa - <unknown>
[INFO] [stdout]   19:     0x7ed7c6e663d4 - clone
[INFO] [stdout]   20:                0x0 - <unknown>
[INFO] [stdout] 
[INFO] [stdout] ---- test_detects_private_key stdout ----
[INFO] [stdout] 
[INFO] [stdout] thread 'test_detects_private_key' (1525) panicked at tests/integration.rs:23:10:
[INFO] [stdout] failed to run tenter binary: Os { code: 2, kind: NotFound, message: "No such file or directory" }
[INFO] [stdout] stack backtrace:
[INFO] [stdout]    0:     0x64b33a5e3975 - <unknown>
[INFO] [stdout]    1:     0x64b33a5c3fc4 - <unknown>
[INFO] [stdout]    2:     0x64b33a5e301b - <unknown>
[INFO] [stdout]    3:     0x64b33a5e2c19 - <unknown>
[INFO] [stdout]    4:     0x64b33a5e289a - <unknown>
[INFO] [stdout]    5:     0x64b33a5e23cb - <unknown>
[INFO] [stdout]    6:     0x64b33a608231 - <unknown>
[INFO] [stdout]    7:     0x64b33a6081e9 - <unknown>
[INFO] [stdout]    8:     0x64b33a6086dc - <unknown>
[INFO] [stdout]    9:     0x64b33a5c3e5b - <unknown>
[INFO] [stdout]   10:     0x64b33a5c6d01 - <unknown>
[INFO] [stdout]   11:     0x64b33a5bc5cf - <unknown>
[INFO] [stdout]   12:     0x64b33a5bf9f1 - <unknown>
[INFO] [stdout]   13:     0x64b33a622f7b - <unknown>
[INFO] [stdout]   14:     0x64b33a61f206 - <unknown>
[INFO] [stdout]   15:     0x64b33a61ea2c - <unknown>
[INFO] [stdout]   16:     0x64b33a63ce5c - <unknown>
[INFO] [stdout]   17:     0x64b33a609e98 - <unknown>
[INFO] [stdout]   18:     0x7ed7c6dd2dfa - <unknown>
[INFO] [stdout]   19:     0x7ed7c6e663d4 - clone
[INFO] [stdout]   20:                0x0 - <unknown>
[INFO] [stdout] 
[INFO] [stdout] ---- test_detects_sourcemapping_url_external stdout ----
[INFO] [stdout] 
[INFO] [stdout] thread 'test_detects_sourcemapping_url_external' (1526) panicked at tests/integration.rs:23:10:
[INFO] [stdout] failed to run tenter binary: Os { code: 2, kind: NotFound, message: "No such file or directory" }
[INFO] [stdout] stack backtrace:
[INFO] [stdout]    0:     0x64b33a5e3975 - <unknown>
[INFO] [stdout]    1:     0x64b33a5c3fc4 - <unknown>
[INFO] [stdout]    2:     0x64b33a5e301b - <unknown>
[INFO] [stdout]    3:     0x64b33a5e2c19 - <unknown>
[INFO] [stdout]    4:     0x64b33a5e289a - <unknown>
[INFO] [stdout]    5:     0x64b33a5e23cb - <unknown>
[INFO] [stdout]    6:     0x64b33a608231 - <unknown>
[INFO] [stdout]    7:     0x64b33a6081e9 - <unknown>
[INFO] [stdout]    8:     0x64b33a6086dc - <unknown>
[INFO] [stdout]    9:     0x64b33a5c3e5b - <unknown>
[INFO] [stdout]   10:     0x64b33a5c6d01 - <unknown>
[INFO] [stdout]   11:     0x64b33a5bc5cf - <unknown>
[INFO] [stdout]   12:     0x64b33a5c1f01 - <unknown>
[INFO] [stdout]   13:     0x64b33a622f7b - <unknown>
[INFO] [stdout]   14:     0x64b33a61f206 - <unknown>
[INFO] [stdout]   15:     0x64b33a61ea2c - <unknown>
[INFO] [stdout]   16:     0x64b33a63ce5c - <unknown>
[INFO] [stdout]   17:     0x64b33a609e98 - <unknown>
[INFO] [stdout]   18:     0x7ed7c6dd2dfa - <unknown>
[INFO] [stdout]   19:     0x7ed7c6e663d4 - clone
[INFO] [stdout]   20:                0x0 - <unknown>
[INFO] [stdout] 
[INFO] [stdout] ---- test_detects_github_token stdout ----
[INFO] [stdout] 
[INFO] [stdout] thread 'test_detects_github_token' (1521) panicked at tests/integration.rs:23:10:
[INFO] [stdout] failed to run tenter binary: Os { code: 2, kind: NotFound, message: "No such file or directory" }
[INFO] [stdout] stack backtrace:
[INFO] [stdout]    0:     0x64b33a5e3975 - <unknown>
[INFO] [stdout]    1:     0x64b33a5c3fc4 - <unknown>
[INFO] [stdout]    2:     0x64b33a5e301b - <unknown>
[INFO] [stdout]    3:     0x64b33a5e2c19 - <unknown>
[INFO] [stdout]    4:     0x64b33a5e289a - <unknown>
[INFO] [stdout]    5:     0x64b33a5e23cb - <unknown>
[INFO] [stdout]    6:     0x64b33a608231 - <unknown>
[INFO] [stdout]    7:     0x64b33a6081e9 - <unknown>
[INFO] [stdout]    8:     0x64b33a6086dc - <unknown>
[INFO] [stdout]    9:     0x64b33a5c3e5b - <unknown>
[INFO] [stdout]   10:     0x64b33a5c6d01 - <unknown>
[INFO] [stdout]   11:     0x64b33a5bc5cf - <unknown>
[INFO] [stdout]   12:     0x64b33a5c0109 - <unknown>
[INFO] [stdout]   13:     0x64b33a622f7b - <unknown>
[INFO] [stdout]   14:     0x64b33a61f206 - <unknown>
[INFO] [stdout]   15:     0x64b33a61ea2c - <unknown>
[INFO] [stdout]   16:     0x64b33a63ce5c - <unknown>
[INFO] [stdout]   17:     0x64b33a609e98 - <unknown>
[INFO] [stdout]   18:     0x7ed7c6dd2dfa - <unknown>
[INFO] [stdout]   19:     0x7ed7c6e663d4 - clone
[INFO] [stdout]   20:                0x0 - <unknown>
[INFO] [stdout] 
[INFO] [stdout] ---- test_json_output_schema stdout ----
[INFO] [stdout] 
[INFO] [stdout] thread 'test_json_output_schema' (1547) panicked at tests/integration.rs:23:10:
[INFO] [stdout] failed to run tenter binary: Os { code: 2, kind: NotFound, message: "No such file or directory" }
[INFO] [stdout] stack backtrace:
[INFO] [stdout]    0:     0x64b33a5e3975 - <unknown>
[INFO] [stdout]    1:     0x64b33a5c3fc4 - <unknown>
[INFO] [stdout]    2:     0x64b33a5e301b - <unknown>
[INFO] [stdout]    3:     0x64b33a5e2c19 - <unknown>
[INFO] [stdout]    4:     0x64b33a5e289a - <unknown>
[INFO] [stdout]    5:     0x64b33a5e23cb - <unknown>
[INFO] [stdout]    6:     0x64b33a608231 - <unknown>
[INFO] [stdout]    7:     0x64b33a6081e9 - <unknown>
[INFO] [stdout]    8:     0x64b33a6086dc - <unknown>
[INFO] [stdout]    9:     0x64b33a5c3e5b - <unknown>
[INFO] [stdout]   10:     0x64b33a5c6d01 - <unknown>
[INFO] [stdout]   11:     0x64b33a5bc5cf - <unknown>
[INFO] [stdout]   12:     0x64b33a5bf823 - <unknown>
[INFO] [stdout]   13:     0x64b33a622f7b - <unknown>
[INFO] [stdout]   14:     0x64b33a61f206 - <unknown>
[INFO] [stdout]   15:     0x64b33a61ea2c - <unknown>
[INFO] [stdout]   16:     0x64b33a63ce5c - <unknown>
[INFO] [stdout]   17:     0x64b33a609e98 - <unknown>
[INFO] [stdout]   18:     0x7ed7c6dd2dfa - <unknown>
[INFO] [stdout]   19:     0x7ed7c6e663d4 - clone
[INFO] [stdout]   20:                0x0 - <unknown>
[INFO] [stdout] 
[INFO] [stdout] ---- test_directory_scan_prunes_vcs_dirs stdout ----
[INFO] [stdout] 
[INFO] [stdout] thread 'test_directory_scan_prunes_vcs_dirs' (1529) panicked at tests/integration.rs:23:10:
[INFO] [stdout] failed to run tenter binary: Os { code: 2, kind: NotFound, message: "No such file or directory" }
[INFO] [stdout] stack backtrace:
[INFO] [stdout]    0:     0x64b33a5e3975 - <unknown>
[INFO] [stdout]    1:     0x64b33a5c3fc4 - <unknown>
[INFO] [stdout]    2:     0x64b33a5e301b - <unknown>
[INFO] [stdout]    3:     0x64b33a5e2c19 - <unknown>
[INFO] [stdout]    4:     0x64b33a5e289a - <unknown>
[INFO] [stdout]    5:     0x64b33a5e23cb - <unknown>
[INFO] [stdout]    6:     0x64b33a608231 - <unknown>
[INFO] [stdout]    7:     0x64b33a6081e9 - <unknown>
[INFO] [stdout]    8:     0x64b33a6086dc - <unknown>
[INFO] [stdout]    9:     0x64b33a5c3e5b - <unknown>
[INFO] [stdout]   10:     0x64b33a5c6d01 - <unknown>
[INFO] [stdout]   11:     0x64b33a5bc5cf - <unknown>
[INFO] [stdout]   12:     0x64b33a5c1ab8 - <unknown>
[INFO] [stdout]   13:     0x64b33a622f7b - <unknown>
[INFO] [stdout]   14:     0x64b33a61f206 - <unknown>
[INFO] [stdout]   15:     0x64b33a61ea2c - <unknown>
[INFO] [stdout]   16:     0x64b33a63ce5c - <unknown>
[INFO] [stdout]   17:     0x64b33a609e98 - <unknown>
[INFO] [stdout]   18:     0x7ed7c6dd2dfa - <unknown>
[INFO] [stdout]   19:     0x7ed7c6e663d4 - clone
[INFO] [stdout]   20:                0x0 - <unknown>
[INFO] [stdout] 
[INFO] [stdout] ---- test_detects_src_zip stdout ----
[INFO] [stdout] 
[INFO] [stdout] thread 'test_detects_src_zip' (1528) panicked at tests/integration.rs:23:10:
[INFO] [stdout] failed to run tenter binary: Os { code: 2, kind: NotFound, message: "No such file or directory" }
[INFO] [stdout] stack backtrace:
[INFO] [stdout]    0:     0x64b33a5e3975 - <unknown>
[INFO] [stdout]    1:     0x64b33a5c3fc4 - <unknown>
[INFO] [stdout]    2:     0x64b33a5e301b - <unknown>
[INFO] [stdout]    3:     0x64b33a5e2c19 - <unknown>
[INFO] [stdout]    4:     0x64b33a5e289a - <unknown>
[INFO] [stdout]    5:     0x64b33a5e23cb - <unknown>
[INFO] [stdout]    6:     0x64b33a608231 - <unknown>
[INFO] [stdout]    7:     0x64b33a6081e9 - <unknown>
[INFO] [stdout]    8:     0x64b33a6086dc - <unknown>
[INFO] [stdout]    9:     0x64b33a5c3e5b - <unknown>
[INFO] [stdout]   10:     0x64b33a5c6d01 - <unknown>
[INFO] [stdout]   11:     0x64b33a5bc5cf - <unknown>
[INFO] [stdout]   12:     0x64b33a5bed5c - <unknown>
[INFO] [stdout]   13:     0x64b33a622f7b - <unknown>
[INFO] [stdout]   14:     0x64b33a61f206 - <unknown>
[INFO] [stdout]   15:     0x64b33a61ea2c - <unknown>
[INFO] [stdout]   16:     0x64b33a63ce5c - <unknown>
[INFO] [stdout]   17:     0x64b33a609e98 - <unknown>
[INFO] [stdout]   18:     0x7ed7c6dd2dfa - <unknown>
[INFO] [stdout]   19:     0x7ed7c6e663d4 - clone
[INFO] [stdout]   20:                0x0 - <unknown>
[INFO] [stdout] 
[INFO] [stdout] ---- test_internal_dir_aggregated_one_finding stdout ----
[INFO] [stdout] 
[INFO] [stdout] thread 'test_internal_dir_aggregated_one_finding' (1544) panicked at tests/integration.rs:23:10:
[INFO] [stdout] failed to run tenter binary: Os { code: 2, kind: NotFound, message: "No such file or directory" }
[INFO] [stdout] stack backtrace:
[INFO] [stdout]    0:     0x64b33a5e3975 - <unknown>
[INFO] [stdout]    1:     0x64b33a5c3fc4 - <unknown>
[INFO] [stdout]    2:     0x64b33a5e301b - <unknown>
[INFO] [stdout]    3:     0x64b33a5e2c19 - <unknown>
[INFO] [stdout]    4:     0x64b33a5e289a - <unknown>
[INFO] [stdout]    5:     0x64b33a5e23cb - <unknown>
[INFO] [stdout]    6:     0x64b33a608231 - <unknown>
[INFO] [stdout]    7:     0x64b33a6081e9 - <unknown>
[INFO] [stdout]    8:     0x64b33a6086dc - <unknown>
[INFO] [stdout]    9:     0x64b33a5c3e5b - <unknown>
[INFO] [stdout]   10:     0x64b33a5c6d01 - <unknown>
[INFO] [stdout]   11:     0x64b33a5bc5cf - <unknown>
[INFO] [stdout]   12:     0x64b33a5c2093 - <unknown>
[INFO] [stdout]   13:     0x64b33a622f7b - <unknown>
[INFO] [stdout]   14:     0x64b33a61f206 - <unknown>
[INFO] [stdout]   15:     0x64b33a61ea2c - <unknown>
[INFO] [stdout]   16:     0x64b33a63ce5c - <unknown>
[INFO] [stdout]   17:     0x64b33a609e98 - <unknown>
[INFO] [stdout]   18:     0x7ed7c6dd2dfa - <unknown>
[INFO] [stdout]   19:     0x7ed7c6e663d4 - clone
[INFO] [stdout]   20:                0x0 - <unknown>
[INFO] [stdout] 
[INFO] [stdout] ---- test_secret_inside_internal_dir_still_detected stdout ----
[INFO] [stdout] 
[INFO] [stdout] thread 'test_secret_inside_internal_dir_still_detected' (1555) panicked at tests/integration.rs:23:10:
[INFO] [stdout] failed to run tenter binary: Os { code: 2, kind: NotFound, message: "No such file or directory" }
[INFO] [stdout] stack backtrace:
[INFO] [stdout]    0:     0x64b33a5e3975 - <unknown>
[INFO] [stdout]    1:     0x64b33a5c3fc4 - <unknown>
[INFO] [stdout]    2:     0x64b33a5e301b - <unknown>
[INFO] [stdout]    3:     0x64b33a5e2c19 - <unknown>
[INFO] [stdout]    4:     0x64b33a5e289a - <unknown>
[INFO] [stdout]    5:     0x64b33a5e23cb - <unknown>
[INFO] [stdout]    6:     0x64b33a608231 - <unknown>
[INFO] [stdout]    7:     0x64b33a6081e9 - <unknown>
[INFO] [stdout]    8:     0x64b33a6086dc - <unknown>
[INFO] [stdout]    9:     0x64b33a5c3e5b - <unknown>
[INFO] [stdout]   10:     0x64b33a5c6d01 - <unknown>
[INFO] [stdout]   11:     0x64b33a5bc5cf - <unknown>
[INFO] [stdout]   12:     0x64b33a5c2710 - <unknown>
[INFO] [stdout]   13:     0x64b33a622f7b - <unknown>
[INFO] [stdout]   14:     0x64b33a61f206 - <unknown>
[INFO] [stdout]   15:     0x64b33a61ea2c - <unknown>
[INFO] [stdout]   16:     0x64b33a63ce5c - <unknown>
[INFO] [stdout]   17:     0x64b33a609e98 - <unknown>
[INFO] [stdout]   18:     0x7ed7c6dd2dfa - <unknown>
[INFO] [stdout]   19:     0x7ed7c6e663d4 - clone
[INFO] [stdout]   20:                0x0 - <unknown>
[INFO] [stdout] 
[INFO] [stdout] ---- test_sarif_output_schema stdout ----
[INFO] [stdout] 
[INFO] [stdout] thread 'test_sarif_output_schema' (1554) panicked at tests/integration.rs:23:10:
[INFO] [stdout] failed to run tenter binary: Os { code: 2, kind: NotFound, message: "No such file or directory" }
[INFO] [stdout] stack backtrace:
[INFO] [stdout]    0:     0x64b33a5e3975 - <unknown>
[INFO] [stdout]    1:     0x64b33a5c3fc4 - <unknown>
[INFO] [stdout]    2:     0x64b33a5e301b - <unknown>
[INFO] [stdout]    3:     0x64b33a5e2c19 - <unknown>
[INFO] [stdout]    4:     0x64b33a5e289a - <unknown>
[INFO] [stdout]    5:     0x64b33a5e23cb - <unknown>
[INFO] [stdout]    6:     0x64b33a608231 - <unknown>
[INFO] [stdout]    7:     0x64b33a6081e9 - <unknown>
[INFO] [stdout]    8:     0x64b33a6086dc - <unknown>
[INFO] [stdout]    9:     0x64b33a5c3e5b - <unknown>
[INFO] [stdout]   10:     0x64b33a5c6d01 - <unknown>
[INFO] [stdout]   11:     0x64b33a5bc5cf - <unknown>
[INFO] [stdout]   12:     0x64b33a5bfb4d - <unknown>
[INFO] [stdout]   13:     0x64b33a622f7b - <unknown>
[INFO] [stdout]   14:     0x64b33a61f206 - <unknown>
[INFO] [stdout]   15:     0x64b33a61ea2c - <unknown>
[INFO] [stdout]   16:     0x64b33a63ce5c - <unknown>
[INFO] [stdout]   17:     0x64b33a609e98 - <unknown>
[INFO] [stdout]   18:     0x7ed7c6dd2dfa - <unknown>
[INFO] [stdout]   19:     0x7ed7c6e663d4 - clone
[INFO] [stdout]   20:                0x0 - <unknown>
[INFO] [stdout] 
[INFO] [stdout] ---- test_standalone_pyc_still_perfile stdout ----
[INFO] [stdout] 
[INFO] [stdout] thread 'test_standalone_pyc_still_perfile' (1556) panicked at tests/integration.rs:23:10:
[INFO] [stdout] failed to run tenter binary: Os { code: 2, kind: NotFound, message: "No such file or directory" }
[INFO] [stdout] stack backtrace:
[INFO] [stdout]    0:     0x64b33a5e3975 - <unknown>
[INFO] [stdout]    1:     0x64b33a5c3fc4 - <unknown>
[INFO] [stdout]    2:     0x64b33a5e301b - <unknown>
[INFO] [stdout]    3:     0x64b33a5e2c19 - <unknown>
[INFO] [stdout]    4:     0x64b33a5e289a - <unknown>
[INFO] [stdout]    5:     0x64b33a5e23cb - <unknown>
[INFO] [stdout]    6:     0x64b33a608231 - <unknown>
[INFO] [stdout]    7:     0x64b33a6081e9 - <unknown>
[INFO] [stdout]    8:     0x64b33a6086dc - <unknown>
[INFO] [stdout]    9:     0x64b33a5c3e5b - <unknown>
[INFO] [stdout]   10:     0x64b33a5c6d01 - <unknown>
[INFO] [stdout]   11:     0x64b33a5bc5cf - <unknown>
[INFO] [stdout]   12:     0x64b33a5c04f0 - <unknown>
[INFO] [stdout]   13:     0x64b33a622f7b - <unknown>
[INFO] [stdout]   14:     0x64b33a61f206 - <unknown>
[INFO] [stdout]   15:     0x64b33a61ea2c - <unknown>
[INFO] [stdout]   16:     0x64b33a63ce5c - <unknown>
[INFO] [stdout]   17:     0x64b33a609e98 - <unknown>
[INFO] [stdout]   18:     0x7ed7c6dd2dfa - <unknown>
[INFO] [stdout]   19:     0x7ed7c6e663d4 - clone
[INFO] [stdout]   20:                0x0 - <unknown>
[INFO] [stdout] 
[INFO] [stdout] ---- test_detects_map_file stdout ----
[INFO] [stdout] 
[INFO] [stdout] thread 'test_detects_map_file' (1523) panicked at tests/integration.rs:23:10:
[INFO] [stdout] failed to run tenter binary: Os { code: 2, kind: NotFound, message: "No such file or directory" }
[INFO] [stdout] stack backtrace:
[INFO] [stdout]    0:     0x64b33a5e3975 - <unknown>
[INFO] [stdout]    1:     0x64b33a5c3fc4 - <unknown>
[INFO] [stdout]    2:     0x64b33a5e301b - <unknown>
[INFO] [stdout]    3:     0x64b33a5e2c19 - <unknown>
[INFO] [stdout]    4:     0x64b33a5e289a - <unknown>
[INFO] [stdout]    5:     0x64b33a5e23cb - <unknown>
[INFO] [stdout]    6:     0x64b33a608231 - <unknown>
[INFO] [stdout]    7:     0x64b33a6081e9 - <unknown>
[INFO] [stdout]    8:     0x64b33a6086dc - <unknown>
[INFO] [stdout]    9:     0x64b33a5c3e5b - <unknown>
[INFO] [stdout]   10:     0x64b33a5c6d01 - <unknown>
[INFO] [stdout]   11:     0x64b33a5bc5cf - <unknown>
[INFO] [stdout]   12:     0x64b33a5bf006 - <unknown>
[INFO] [stdout]   13:     0x64b33a622f7b - <unknown>
[INFO] [stdout]   14:     0x64b33a61f206 - <unknown>
[INFO] [stdout]   15:     0x64b33a61ea2c - <unknown>
[INFO] [stdout]   16:     0x64b33a63ce5c - <unknown>
[INFO] [stdout]   17:     0x64b33a609e98 - <unknown>
[INFO] [stdout]   18:     0x7ed7c6dd2dfa - <unknown>
[INFO] [stdout]   19:     0x7ed7c6e663d4 - clone
[INFO] [stdout]   20:                0x0 - <unknown>
[INFO] [stdout] 
[INFO] [stdout] ---- test_detects_aws_key stdout ----
[INFO] [stdout] 
[INFO] [stdout] thread 'test_detects_aws_key' (1516) panicked at tests/integration.rs:23:10:
[INFO] [stdout] failed to run tenter binary: Os { code: 2, kind: NotFound, message: "No such file or directory" }
[INFO] [stdout] stack backtrace:
[INFO] [stdout]    0:     0x64b33a5e3975 - <unknown>
[INFO] [stdout]    1:     0x64b33a5c3fc4 - <unknown>
[INFO] [stdout]    2:     0x64b33a5e301b - <unknown>
[INFO] [stdout]    3:     0x64b33a5e2c19 - <unknown>
[INFO] [stdout]    4:     0x64b33a5e289a - <unknown>
[INFO] [stdout]    5:     0x64b33a5e23cb - <unknown>
[INFO] [stdout]    6:     0x64b33a608231 - <unknown>
[INFO] [stdout]    7:     0x64b33a6081e9 - <unknown>
[INFO] [stdout]    8:     0x64b33a6086dc - <unknown>
[INFO] [stdout]    9:     0x64b33a5c3e5b - <unknown>
[INFO] [stdout]   10:     0x64b33a5c6d01 - <unknown>
[INFO] [stdout]   11:     0x64b33a5bc5cf - <unknown>
[INFO] [stdout]   12:     0x64b33a5bebd9 - <unknown>
[INFO] [stdout]   13:     0x64b33a622f7b - <unknown>
[INFO] [stdout]   14:     0x64b33a61f206 - <unknown>
[INFO] [stdout]   15:     0x64b33a61ea2c - <unknown>
[INFO] [stdout]   16:     0x64b33a63ce5c - <unknown>
[INFO] [stdout]   17:     0x64b33a609e98 - <unknown>
[INFO] [stdout]   18:     0x7ed7c6dd2dfa - <unknown>
[INFO] [stdout]   19:     0x7ed7c6e663d4 - clone
[INFO] [stdout]   20:                0x0 - <unknown>
[INFO] [stdout] 
[INFO] [stdout] ---- test_detects_env_file stdout ----
[INFO] [stdout] 
[INFO] [stdout] thread 'test_detects_env_file' (1520) panicked at tests/integration.rs:23:10:
[INFO] [stdout] failed to run tenter binary: Os { code: 2, kind: NotFound, message: "No such file or directory" }
[INFO] [stdout] stack backtrace:
[INFO] [stdout]    0:     0x64b33a5e3975 - <unknown>
[INFO] [stdout]    1:     0x64b33a5c3fc4 - <unknown>
[INFO] [stdout]    2:     0x64b33a5e301b - <unknown>
[INFO] [stdout]    3:     0x64b33a5e2c19 - <unknown>
[INFO] [stdout]    4:     0x64b33a5e289a - <unknown>
[INFO] [stdout]    5:     0x64b33a5e23cb - <unknown>
[INFO] [stdout]    6:     0x64b33a608231 - <unknown>
[INFO] [stdout]    7:     0x64b33a6081e9 - <unknown>
[INFO] [stdout]    8:     0x64b33a6086dc - <unknown>
[INFO] [stdout]    9:     0x64b33a5c3e5b - <unknown>
[INFO] [stdout]   10:     0x64b33a5c6d01 - <unknown>
[INFO] [stdout]   11:     0x64b33a5bc5cf - <unknown>
[INFO] [stdout]   12:     0x64b33a5beeb1 - <unknown>
[INFO] [stdout]   13:     0x64b33a622f7b - <unknown>
[INFO] [stdout]   14:     0x64b33a61f206 - <unknown>
[INFO] [stdout]   15:     0x64b33a61ea2c - <unknown>
[INFO] [stdout]   16:     0x64b33a63ce5c - <unknown>
[INFO] [stdout]   17:     0x64b33a609e98 - <unknown>
[INFO] [stdout]   18:     0x7ed7c6dd2dfa - <unknown>
[INFO] [stdout]   19:     0x7ed7c6e663d4 - clone
[INFO] [stdout]   20:                0x0 - <unknown>
[INFO] [stdout] 
[INFO] [stdout] ---- test_tarball_git_dir_flagged_once stdout ----
[INFO] [stdout] 
[INFO] [stdout] thread 'test_tarball_git_dir_flagged_once' (1557) panicked at tests/integration.rs:23:10:
[INFO] [stdout] failed to run tenter binary: Os { code: 2, kind: NotFound, message: "No such file or directory" }
[INFO] [stdout] stack backtrace:
[INFO] [stdout]    0:     0x64b33a5e3975 - <unknown>
[INFO] [stdout]    1:     0x64b33a5c3fc4 - <unknown>
[INFO] [stdout]    2:     0x64b33a5e301b - <unknown>
[INFO] [stdout]    3:     0x64b33a5e2c19 - <unknown>
[INFO] [stdout]    4:     0x64b33a5e289a - <unknown>
[INFO] [stdout]    5:     0x64b33a5e23cb - <unknown>
[INFO] [stdout]    6:     0x64b33a608231 - <unknown>
[INFO] [stdout]    7:     0x64b33a6081e9 - <unknown>
[INFO] [stdout]    8:     0x64b33a6086dc - <unknown>
[INFO] [stdout]    9:     0x64b33a5c3e5b - <unknown>
[INFO] [stdout]   10:     0x64b33a5c6d01 - <unknown>
[INFO] [stdout]   11:     0x64b33a5bc5cf - <unknown>
[INFO] [stdout]   12:     0x64b33a5c11a1 - <unknown>
[INFO] [stdout]   13:     0x64b33a622f7b - <unknown>
[INFO] [stdout]   14:     0x64b33a61f206 - <unknown>
[INFO] [stdout]   15:     0x64b33a61ea2c - <unknown>
[INFO] [stdout]   16:     0x64b33a63ce5c - <unknown>
[INFO] [stdout]   17:     0x64b33a609e98 - <unknown>
[INFO] [stdout]   18:     0x7ed7c6dd2dfa - <unknown>
[INFO] [stdout]   19:     0x7ed7c6e663d4 - clone
[INFO] [stdout]   20:                0x0 - <unknown>
[INFO] [stdout] 
[INFO] [stdout] ---- test_clean_js_no_map_findings stdout ----
[INFO] [stdout] 
[INFO] [stdout] thread 'test_clean_js_no_map_findings' (1515) panicked at tests/integration.rs:23:10:
[INFO] [stdout] failed to run tenter binary: Os { code: 2, kind: NotFound, message: "No such file or directory" }
[INFO] [stdout] stack backtrace:
[INFO] [stdout]    0:     0x64b33a5e3975 - <unknown>
[INFO] [stdout]    1:     0x64b33a5c3fc4 - <unknown>
[INFO] [stdout]    2:     0x64b33a5e301b - <unknown>
[INFO] [stdout]    3:     0x64b33a5e2c19 - <unknown>
[INFO] [stdout]    4:     0x64b33a5e289a - <unknown>
[INFO] [stdout]    5:     0x64b33a5e23cb - <unknown>
[INFO] [stdout]    6:     0x64b33a608231 - <unknown>
[INFO] [stdout]    7:     0x64b33a6081e9 - <unknown>
[INFO] [stdout]    8:     0x64b33a6086dc - <unknown>
[INFO] [stdout]    9:     0x64b33a5c3e5b - <unknown>
[INFO] [stdout]   10:     0x64b33a5c6d01 - <unknown>
[INFO] [stdout]   11:     0x64b33a5bc5cf - <unknown>
[INFO] [stdout]   12:     0x64b33a5c03b5 - <unknown>
[INFO] [stdout]   13:     0x64b33a622f7b - <unknown>
[INFO] [stdout]   14:     0x64b33a61f206 - <unknown>
[INFO] [stdout]   15:     0x64b33a61ea2c - <unknown>
[INFO] [stdout]   16:     0x64b33a63ce5c - <unknown>
[INFO] [stdout]   17:     0x64b33a609e98 - <unknown>
[INFO] [stdout]   18:     0x7ed7c6dd2dfa - <unknown>
[INFO] [stdout]   19:     0x7ed7c6e663d4 - clone
[INFO] [stdout]   20:                0x0 - <unknown>
[INFO] [stdout] 
[INFO] [stdout] ---- test_no_perfile_finding_inside_internal_dir stdout ----
[INFO] [stdout] 
[INFO] [stdout] thread 'test_no_perfile_finding_inside_internal_dir' (1548) panicked at tests/integration.rs:23:10:
[INFO] [stdout] failed to run tenter binary: Os { code: 2, kind: NotFound, message: "No such file or directory" }
[INFO] [stdout] stack backtrace:
[INFO] [stdout]    0:     0x64b33a5e3975 - <unknown>
[INFO] [stdout]    1:     0x64b33a5c3fc4 - <unknown>
[INFO] [stdout]    2:     0x64b33a5e301b - <unknown>
[INFO] [stdout]    3:     0x64b33a5e2c19 - <unknown>
[INFO] [stdout]    4:     0x64b33a5e289a - <unknown>
[INFO] [stdout]    5:     0x64b33a5e23cb - <unknown>
[INFO] [stdout]    6:     0x64b33a608231 - <unknown>
[INFO] [stdout]    7:     0x64b33a6081e9 - <unknown>
[INFO] [stdout]    8:     0x64b33a6086dc - <unknown>
[INFO] [stdout]    9:     0x64b33a5c3e5b - <unknown>
[INFO] [stdout]   10:     0x64b33a5c6d01 - <unknown>
[INFO] [stdout]   11:     0x64b33a5bc5cf - <unknown>
[INFO] [stdout]   12:     0x64b33a5c23d9 - <unknown>
[INFO] [stdout]   13:     0x64b33a622f7b - <unknown>
[INFO] [stdout]   14:     0x64b33a61f206 - <unknown>
[INFO] [stdout]   15:     0x64b33a61ea2c - <unknown>
[INFO] [stdout]   16:     0x64b33a63ce5c - <unknown>
[INFO] [stdout]   17:     0x64b33a609e98 - <unknown>
[INFO] [stdout]   18:     0x7ed7c6dd2dfa - <unknown>
[INFO] [stdout]   19:     0x7ed7c6e663d4 - clone
[INFO] [stdout]   20:                0x0 - <unknown>
[INFO] [stdout] 
[INFO] [stdout] ---- test_detects_large_file stdout ----
[INFO] [stdout] 
[INFO] [stdout] thread 'test_detects_large_file' (1522) panicked at tests/integration.rs:23:10:
[INFO] [stdout] failed to run tenter binary: Os { code: 2, kind: NotFound, message: "No such file or directory" }
[INFO] [stdout] stack backtrace:
[INFO] [stdout]    0:     0x64b33a5e3975 - <unknown>
[INFO] [stdout]    1:     0x64b33a5c3fc4 - <unknown>
[INFO] [stdout]    2:     0x64b33a5e301b - <unknown>
[INFO] [stdout]    3:     0x64b33a5e2c19 - <unknown>
[INFO] [stdout]    4:     0x64b33a5e289a - <unknown>
[INFO] [stdout]    5:     0x64b33a5e23cb - <unknown>
[INFO] [stdout]    6:     0x64b33a608231 - <unknown>
[INFO] [stdout]    7:     0x64b33a6081e9 - <unknown>
[INFO] [stdout]    8:     0x64b33a6086dc - <unknown>
[INFO] [stdout]    9:     0x64b33a5c3e5b - <unknown>
[INFO] [stdout]   10:     0x64b33a5c6d01 - <unknown>
[INFO] [stdout]   11:     0x64b33a5bc5cf - <unknown>
[INFO] [stdout]   12:     0x64b33a5bf526 - <unknown>
[INFO] [stdout]   13:     0x64b33a622f7b - <unknown>
[INFO] [stdout]   14:     0x64b33a61f206 - <unknown>
[INFO] [stdout]   15:     0x64b33a61ea2c - <unknown>
[INFO] [stdout]   16:     0x64b33a63ce5c - <unknown>
[INFO] [stdout]   17:     0x64b33a609e98 - <unknown>
[INFO] [stdout]   18:     0x7ed7c6dd2dfa - <unknown>
[INFO] [stdout]   19:     0x7ed7c6e663d4 - clone
[INFO] [stdout]   20:                0x0 - <unknown>
[INFO] [stdout] 
[INFO] [stdout] 
[INFO] [stdout] failures:
[INFO] [stdout]     test_allowlist_skips_file
[INFO] [stdout]     test_clean_js_no_map_findings
[INFO] [stdout]     test_detects_aws_key
[INFO] [stdout]     test_detects_claude_config
[INFO] [stdout]     test_detects_claude_md
[INFO] [stdout]     test_detects_coverage_dir
[INFO] [stdout]     test_detects_env_file
[INFO] [stdout]     test_detects_github_token
[INFO] [stdout]     test_detects_large_file
[INFO] [stdout]     test_detects_map_file
[INFO] [stdout]     test_detects_pdb
[INFO] [stdout]     test_detects_private_key
[INFO] [stdout]     test_detects_sourcemapping_url_external
[INFO] [stdout]     test_detects_sourcemapping_url_local
[INFO] [stdout]     test_detects_src_zip
[INFO] [stdout]     test_directory_scan_prunes_vcs_dirs
[INFO] [stdout]     test_fail_on_threshold
[INFO] [stdout]     test_human_clean_output
[INFO] [stdout]     test_internal_dir_aggregated_one_finding
[INFO] [stdout]     test_json_output_schema
[INFO] [stdout]     test_no_perfile_finding_inside_internal_dir
[INFO] [stdout]     test_sarif_output_schema
[INFO] [stdout]     test_secret_inside_internal_dir_still_detected
[INFO] [stdout]     test_standalone_pyc_still_perfile
[INFO] [stdout]     test_tarball_git_dir_flagged_once
[INFO] [stdout] 
[INFO] [stdout] test result: FAILED. 0 passed; 25 failed; 0 ignored; 0 measured; 0 filtered out; finished in 0.18s
[INFO] [stdout] 
[INFO] running `Command { std: "docker" "inspect" "96393235d15d54debf61cc70830e1a12199f43d0b0275800b3c019e1768e178e", kill_on_drop: false }`
[INFO] running `Command { std: "docker" "rm" "-f" "96393235d15d54debf61cc70830e1a12199f43d0b0275800b3c019e1768e178e", kill_on_drop: false }`
[INFO] [stdout] 96393235d15d54debf61cc70830e1a12199f43d0b0275800b3c019e1768e178e
