[INFO] cloning repository https://github.com/gngeorgiev/gopro-merge
[INFO] running `Command { std: "git" "-c" "credential.helper=" "-c" "credential.helper=/workspace/cargo-home/bin/git-credential-null" "clone" "--bare" "https://github.com/gngeorgiev/gopro-merge" "/workspace/cache/git-repos/https%3A%2F%2Fgithub.com%2Fgngeorgiev%2Fgopro-merge", kill_on_drop: false }`
[INFO] [stderr] Cloning into bare repository '/workspace/cache/git-repos/https%3A%2F%2Fgithub.com%2Fgngeorgiev%2Fgopro-merge'...
[INFO] running `Command { std: "git" "rev-parse" "HEAD", kill_on_drop: false }`
[INFO] [stdout] b68b8bd5e47683d129305328dae3311814a10ddd
[INFO] testing gngeorgiev/gopro-merge against 1.99.0-beta.8+cargoflags=--release for beta-release-1.100-3
[INFO] running `Command { std: "git" "clone" "/workspace/cache/git-repos/https%3A%2F%2Fgithub.com%2Fgngeorgiev%2Fgopro-merge" "/workspace/builds/worker-6-tc1/source", kill_on_drop: false }`
[INFO] [stderr] Cloning into '/workspace/builds/worker-6-tc1/source'...
[INFO] [stderr] done.
[INFO] started tweaking git repo https://github.com/gngeorgiev/gopro-merge
[INFO] finished tweaking git repo https://github.com/gngeorgiev/gopro-merge
[INFO] tweaked toml for git repo https://github.com/gngeorgiev/gopro-merge written to /workspace/builds/worker-6-tc1/source/Cargo.toml
[INFO] validating manifest of git repo https://github.com/gngeorgiev/gopro-merge on toolchain 1.99.0-beta.8
[INFO] running `Command { std: CARGO_HOME="/workspace/cargo-home" RUSTUP_HOME="/workspace/rustup-home" "/workspace/cargo-home/bin/cargo" "+1.99.0-beta.8" "metadata" "--manifest-path" "Cargo.toml" "--no-deps", kill_on_drop: false }`
[INFO] crate git repo https://github.com/gngeorgiev/gopro-merge already has a lockfile, it will not be regenerated
[INFO] running `Command { std: CARGO_HOME="/workspace/cargo-home" RUSTUP_HOME="/workspace/rustup-home" "/workspace/cargo-home/bin/cargo" "+1.99.0-beta.8" "fetch" "--manifest-path" "Cargo.toml", kill_on_drop: false }`
[INFO] [stderr]     Blocking waiting for file lock on package cache
[INFO] [stderr]     Updating crates.io index
[INFO] [stderr]     Blocking waiting for file lock on package cache
[INFO] [stderr]  Downloading crates ...
[INFO] [stderr]   Downloaded unicode-xid v0.2.1
[INFO] [stderr]   Downloaded quote v1.0.7
[INFO] [stderr]   Downloaded thiserror-impl v1.0.29
[INFO] [stderr]   Downloaded thiserror v1.0.29
[INFO] [stderr]   Downloaded either v1.5.3
[INFO] [stderr]   Downloaded adler v0.2.3
[INFO] [stderr]   Downloaded proc-macro-error-attr v1.0.3
[INFO] [stderr]   Downloaded test-env-log v0.2.7
[INFO] [stderr]   Downloaded memoffset v0.6.4
[INFO] [stderr]   Downloaded version_check v0.9.2
[INFO] [stderr]   Downloaded proc-macro-error v1.0.3
[INFO] [stderr]   Downloaded unicode-width v0.1.8
[INFO] [stderr]   Downloaded crossbeam-deque v0.8.1
[INFO] [stderr]   Downloaded console v0.14.1
[INFO] [stderr]   Downloaded termcolor v1.1.0
[INFO] [stderr]   Downloaded rustc-demangle v0.1.16
[INFO] [stderr]   Downloaded addr2line v0.13.0
[INFO] [stderr]   Downloaded structopt-derive v0.4.16
[INFO] [stderr]   Downloaded proc-macro2 v1.0.29
[INFO] [stderr]   Downloaded crossbeam-epoch v0.9.5
[INFO] [stderr]   Downloaded indicatif v0.16.2
[INFO] [stderr]   Downloaded color-backtrace v0.5.1
[INFO] [stderr]   Downloaded miniz_oxide v0.4.2
[INFO] [stderr]   Downloaded rayon-core v1.9.1
[INFO] [stderr]   Downloaded syn v1.0.77
[INFO] [stderr]   Downloaded structopt v0.3.23
[INFO] [stderr]   Downloaded backtrace v0.3.50
[INFO] [stderr]   Downloaded rayon v1.5.1
[INFO] [stderr]   Downloaded object v0.20.0
[INFO] [stderr]   Downloaded clap v2.33.1
[INFO] [stderr]   Downloaded gimli v0.22.0
[INFO] running `Command { std: "docker" "create" "-v" "/var/lib/crater-agent-workspace/builds/worker-6-tc1/source:/opt/rustwide/workdir:ro,Z" "-v" "/var/lib/crater-agent-workspace/builds/worker-6-tc1/target:/opt/rustwide/target:rw,Z" "-v" "/var/lib/crater-agent-workspace/cargo-home:/opt/rustwide/cargo-home:ro,Z" "-v" "/var/lib/crater-agent-workspace/rustup-home:/opt/rustwide/rustup-home:ro,Z" "-m" "1610612736" "--network" "none" "ghcr.io/rust-lang/crates-build-env/linux@sha256:77db811e55d90add9212f6832c23229e3de5f1c1f9905e8cb07319ea15df73ac" "sleep" "infinity", kill_on_drop: false }`
[INFO] [stdout] 6cfcd336c45cf406452803dba5f661e0681cd4c91c9445a61ea5d22b757d02dc
[INFO] running `Command { std: "docker" "start" "6cfcd336c45cf406452803dba5f661e0681cd4c91c9445a61ea5d22b757d02dc", kill_on_drop: false }`
[INFO] running `Command { std: "docker" "inspect" "6cfcd336c45cf406452803dba5f661e0681cd4c91c9445a61ea5d22b757d02dc", kill_on_drop: false }`
[INFO] running `Command { std: "docker" "exec" "-e" "SOURCE_DIR=/opt/rustwide/workdir" "-e" "CARGO_HOME=/opt/rustwide/cargo-home" "-e" "RUSTUP_HOME=/opt/rustwide/rustup-home" "-e" "CARGO_TARGET_DIR=/opt/rustwide/target" "-w" "/opt/rustwide/workdir" "--user" "0:0" "6cfcd336c45cf406452803dba5f661e0681cd4c91c9445a61ea5d22b757d02dc" "/opt/rustwide/cargo-home/bin/cargo" "+1.99.0-beta.8" "metadata" "--no-deps" "--format-version=1", kill_on_drop: false }`
[INFO] running `Command { std: "docker" "inspect" "6cfcd336c45cf406452803dba5f661e0681cd4c91c9445a61ea5d22b757d02dc", kill_on_drop: false }`
[INFO] running `Command { std: "docker" "exec" "-e" "SOURCE_DIR=/opt/rustwide/workdir" "-e" "CARGO_HOME=/opt/rustwide/cargo-home" "-e" "RUSTUP_HOME=/opt/rustwide/rustup-home" "-e" "CARGO_TARGET_DIR=/opt/rustwide/target" "-e" "CARGO_INCREMENTAL=0" "-e" "RUST_BACKTRACE=full" "-e" "RUSTFLAGS=--cap-lints=warn" "-e" "RUSTDOCFLAGS=--cap-lints=warn" "-w" "/opt/rustwide/workdir" "--user" "0:0" "6cfcd336c45cf406452803dba5f661e0681cd4c91c9445a61ea5d22b757d02dc" "/opt/rustwide/cargo-home/bin/cargo" "+1.99.0-beta.8" "build" "--frozen" "--message-format=json" "--release", kill_on_drop: false }`
[INFO] [stderr]    Compiling libc v0.2.103
[INFO] [stderr]    Compiling autocfg v1.0.0
[INFO] [stderr]    Compiling proc-macro2 v1.0.29
[INFO] [stderr]    Compiling unicode-xid v0.2.1
[INFO] [stderr]    Compiling syn v1.0.77
[INFO] [stderr]    Compiling version_check v0.9.2
[INFO] [stderr]    Compiling crossbeam-utils v0.8.5
[INFO] [stderr]    Compiling memchr v2.4.1
[INFO] [stderr]    Compiling unicode-width v0.1.8
[INFO] [stderr]    Compiling crossbeam-epoch v0.9.5
[INFO] [stderr]    Compiling regex-syntax v0.6.25
[INFO] [stderr]    Compiling memoffset v0.6.4
[INFO] [stderr]    Compiling proc-macro-error-attr v1.0.3
[INFO] [stderr]    Compiling proc-macro-error v1.0.3
[INFO] [stderr]    Compiling miniz_oxide v0.4.2
[INFO] [stderr]    Compiling bitflags v1.2.1
[INFO] [stderr]    Compiling rayon-core v1.9.1
[INFO] [stderr]    Compiling ryu v1.0.5
[INFO] [stderr]    Compiling adler v0.2.3
[INFO] [stderr]    Compiling unicode-segmentation v1.6.0
[INFO] [stderr]    Compiling aho-corasick v0.7.18
[INFO] [stderr]    Compiling quote v1.0.7
[INFO] [stderr]    Compiling atty v0.2.14
[INFO] [stderr]    Compiling serde v1.0.130
[INFO] [stderr]    Compiling log v0.4.14
[INFO] [stderr]    Compiling gimli v0.22.0
[INFO] [stderr]    Compiling heck v0.3.1
[INFO] [stderr]    Compiling terminal_size v0.1.17
[INFO] [stderr]    Compiling crossbeam-deque v0.8.1
[INFO] [stderr]    Compiling num_cpus v1.13.0
[INFO] [stderr]    Compiling crossbeam-channel v0.5.1
[INFO] [stderr]    Compiling rayon v1.5.1
[INFO] [stderr]    Compiling textwrap v0.11.0
[INFO] [stderr]    Compiling regex v1.5.4
[INFO] [stderr]    Compiling instant v0.1.11
[INFO] [stderr]    Compiling strsim v0.8.0
[INFO] [stderr]    Compiling rustc-demangle v0.1.16
[INFO] [stderr]    Compiling object v0.20.0
[INFO] [stderr]    Compiling termcolor v1.1.0
[INFO] [stderr]    Compiling serde_json v1.0.68
[INFO] [stderr]    Compiling cfg-if v0.1.10
[INFO] [stderr]    Compiling ansi_term v0.11.0
[INFO] [stderr]    Compiling addr2line v0.13.0
[INFO] [stderr]    Compiling vec_map v0.8.2
[INFO] [stderr]    Compiling clap v2.33.1
[INFO] [stderr]    Compiling console v0.14.1
[INFO] [stderr]    Compiling parking_lot_core v0.8.5
[INFO] [stderr]    Compiling syn-mid v0.5.0
[INFO] [stderr]    Compiling backtrace v0.3.50
[INFO] [stderr]    Compiling structopt-derive v0.4.16
[INFO] [stderr]    Compiling thiserror-impl v1.0.29
[INFO] [stderr]    Compiling itoa v0.4.8
[INFO] [stderr]    Compiling number_prefix v0.4.0
[INFO] [stderr]    Compiling either v1.5.3
[INFO] [stderr]    Compiling convert_case v0.4.0
[INFO] [stderr]    Compiling humantime v2.1.0
[INFO] [stderr]    Compiling structopt v0.3.23
[INFO] [stderr]    Compiling derive_more v0.99.16
[INFO] [stderr]    Compiling thiserror v1.0.29
[INFO] [stderr]    Compiling env_logger v0.9.0
[INFO] [stderr]    Compiling indicatif v0.16.2
[INFO] [stderr]    Compiling parking_lot v0.11.2
[INFO] [stderr]    Compiling color-backtrace v0.5.1
[INFO] [stderr]    Compiling gopro-merge v0.1.0 (/opt/rustwide/workdir)
[INFO] [stdout] warning: unused import: `parser::*`
[INFO] [stdout]  --> src/merge/ffmpeg/mod.rs:7:9
[INFO] [stdout]   |
[INFO] [stdout] 7 | pub use parser::*;
[INFO] [stdout]   |         ^^^^^^^^^
[INFO] [stdout]   |
[INFO] [stdout]   = note: `#[warn(unused_imports)]` (part of `#[warn(unused)]`) on by default
[INFO] [stdout] 
[INFO] [stdout] 
[INFO] [stdout] warning: this function depends on never type fallback being `()`
[INFO] [stdout]   --> src/merge/ffmpeg/parser.rs:68:5
[INFO] [stdout]    |
[INFO] [stdout] 68 |     fn parse(&mut self) -> Result<()> {
[INFO] [stdout]    |     ^^^^^^^^^^^^^^^^^^^^^^^^^^^^^^^^^
[INFO] [stdout]    |
[INFO] [stdout]    = help: specify the types explicitly
[INFO] [stdout] note: in edition 2024, the requirement `!: Default` will fail
[INFO] [stdout]   --> src/merge/ffmpeg/parser.rs:69:9
[INFO] [stdout]    |
[INFO] [stdout] 69 | /         parse_command_stream(self.stream.take().unwrap(), |name, value| match name {
[INFO] [stdout] 70 | |             "out_time" => {
[INFO] [stdout] 71 | |                 let duration = self.parse_timestamp_match(value);
[INFO] [stdout] 72 | |                 (self.cb)(duration);
[INFO] [stdout] ...  |
[INFO] [stdout] 75 | |             _ => None,
[INFO] [stdout] 76 | |         })?;
[INFO] [stdout]    | |__________^
[INFO] [stdout]    = warning: this was previously accepted by the compiler but is being phased out; it will become a hard error in Rust 2024 and in a future release in all editions!
[INFO] [stdout]    = note: for more information, see <https://doc.rust-lang.org/edition-guide/rust-2024/never-type-fallback.html>
[INFO] [stdout]    = note: `#[warn(dependency_on_unit_never_type_fallback)]` (part of `#[warn(rust_2024_compatibility)]`) on by default
[INFO] [stdout] help: use `()` annotations to avoid fallback changes
[INFO] [stdout]    |
[INFO] [stdout] 69 |         parse_command_stream::<()>(self.stream.take().unwrap(), |name, value| match name {
[INFO] [stdout]    |                             ++++++
[INFO] [stdout] 
[INFO] [stdout] 
[INFO] [stderr]     Finished `release` profile [optimized] target(s) in 1m 31s
[INFO] [stderr] warning: the following packages contain code that will be rejected by a future version of Rust: gopro-merge v0.1.0 (/opt/rustwide/workdir)
[INFO] [stderr] note: to see what the problems were, use the option `--future-incompat-report`, or run `cargo report future-incompatibilities --id 6`
[INFO] running `Command { std: "docker" "inspect" "6cfcd336c45cf406452803dba5f661e0681cd4c91c9445a61ea5d22b757d02dc", kill_on_drop: false }`
[INFO] running `Command { std: "docker" "exec" "-e" "SOURCE_DIR=/opt/rustwide/workdir" "-e" "CARGO_HOME=/opt/rustwide/cargo-home" "-e" "RUSTUP_HOME=/opt/rustwide/rustup-home" "-e" "CARGO_TARGET_DIR=/opt/rustwide/target" "-e" "CARGO_INCREMENTAL=0" "-e" "RUST_BACKTRACE=full" "-e" "RUSTFLAGS=--cap-lints=warn" "-e" "RUSTDOCFLAGS=--cap-lints=warn" "-w" "/opt/rustwide/workdir" "--user" "0:0" "6cfcd336c45cf406452803dba5f661e0681cd4c91c9445a61ea5d22b757d02dc" "/opt/rustwide/cargo-home/bin/cargo" "+1.99.0-beta.8" "test" "--frozen" "--no-run" "--message-format=json" "--release", kill_on_drop: false }`
[INFO] [stderr]    Compiling test-env-log v0.2.7
[INFO] [stderr]    Compiling gopro-merge v0.1.0 (/opt/rustwide/workdir)
[INFO] [stdout] warning: unused import: `parser::*`
[INFO] [stdout]  --> src/merge/ffmpeg/mod.rs:7:9
[INFO] [stdout]   |
[INFO] [stdout] 7 | pub use parser::*;
[INFO] [stdout]   |         ^^^^^^^^^
[INFO] [stdout]   |
[INFO] [stdout]   = note: `#[warn(unused_imports)]` (part of `#[warn(unused)]`) on by default
[INFO] [stdout] 
[INFO] [stdout] 
[INFO] [stdout] warning: this function depends on never type fallback being `()`
[INFO] [stdout]   --> src/merge/ffmpeg/parser.rs:68:5
[INFO] [stdout]    |
[INFO] [stdout] 68 |     fn parse(&mut self) -> Result<()> {
[INFO] [stdout]    |     ^^^^^^^^^^^^^^^^^^^^^^^^^^^^^^^^^
[INFO] [stdout]    |
[INFO] [stdout]    = help: specify the types explicitly
[INFO] [stdout] note: in edition 2024, the requirement `!: Default` will fail
[INFO] [stdout]   --> src/merge/ffmpeg/parser.rs:69:9
[INFO] [stdout]    |
[INFO] [stdout] 69 | /         parse_command_stream(self.stream.take().unwrap(), |name, value| match name {
[INFO] [stdout] 70 | |             "out_time" => {
[INFO] [stdout] 71 | |                 let duration = self.parse_timestamp_match(value);
[INFO] [stdout] 72 | |                 (self.cb)(duration);
[INFO] [stdout] ...  |
[INFO] [stdout] 75 | |             _ => None,
[INFO] [stdout] 76 | |         })?;
[INFO] [stdout]    | |__________^
[INFO] [stdout]    = warning: this was previously accepted by the compiler but is being phased out; it will become a hard error in Rust 2024 and in a future release in all editions!
[INFO] [stdout]    = note: for more information, see <https://doc.rust-lang.org/edition-guide/rust-2024/never-type-fallback.html>
[INFO] [stdout]    = note: `#[warn(dependency_on_unit_never_type_fallback)]` (part of `#[warn(rust_2024_compatibility)]`) on by default
[INFO] [stdout] help: use `()` annotations to avoid fallback changes
[INFO] [stdout]    |
[INFO] [stdout] 69 |         parse_command_stream::<()>(self.stream.take().unwrap(), |name, value| match name {
[INFO] [stdout]    |                             ++++++
[INFO] [stdout] 
[INFO] [stdout] 
[INFO] [stdout] warning: field `1` is never read
[INFO] [stdout]    --> src/group.rs:109:24
[INFO] [stdout]     |
[INFO] [stdout] 109 |     struct Fs(PathBuf, Vec<PathBuf>);
[INFO] [stdout]     |            --          ^^^^^^^^^^^^
[INFO] [stdout]     |            |
[INFO] [stdout]     |            field in this struct
[INFO] [stdout]     |
[INFO] [stdout]     = help: consider removing this field
[INFO] [stdout]     = note: `Fs` has a derived impl for the trait `Debug`, but this is intentionally ignored during dead code analysis
[INFO] [stdout]     = note: `#[warn(dead_code)]` (part of `#[warn(unused)]`) on by default
[INFO] [stdout] 
[INFO] [stdout] 
[INFO] [stdout] warning: struct `MockProgress` is never constructed
[INFO] [stdout]    --> src/merge/ffmpeg/parser.rs:187:16
[INFO] [stdout]     |
[INFO] [stdout] 187 |         struct MockProgress {
[INFO] [stdout]     |                ^^^^^^^^^^^^
[INFO] [stdout] 
[INFO] [stdout] 
[INFO] [stderr]     Finished `release` profile [optimized] target(s) in 4.73s
[INFO] [stderr] warning: the following packages contain code that will be rejected by a future version of Rust: gopro-merge v0.1.0 (/opt/rustwide/workdir)
[INFO] [stderr] note: to see what the problems were, use the option `--future-incompat-report`, or run `cargo report future-incompatibilities --id 6`
[INFO] running `Command { std: "docker" "inspect" "6cfcd336c45cf406452803dba5f661e0681cd4c91c9445a61ea5d22b757d02dc", kill_on_drop: false }`
[INFO] running `Command { std: "docker" "exec" "-e" "SOURCE_DIR=/opt/rustwide/workdir" "-e" "CARGO_HOME=/opt/rustwide/cargo-home" "-e" "RUSTUP_HOME=/opt/rustwide/rustup-home" "-e" "CARGO_TARGET_DIR=/opt/rustwide/target" "-e" "CARGO_INCREMENTAL=0" "-e" "RUST_BACKTRACE=full" "-e" "RUSTFLAGS=--cap-lints=warn" "-e" "RUSTDOCFLAGS=--cap-lints=warn" "-w" "/opt/rustwide/workdir" "--user" "0:0" "6cfcd336c45cf406452803dba5f661e0681cd4c91c9445a61ea5d22b757d02dc" "/opt/rustwide/cargo-home/bin/cargo" "+1.99.0-beta.8" "test" "--frozen" "--release", kill_on_drop: false }`
[INFO] [stderr] warning: unused import: `parser::*`
[INFO] [stderr]  --> src/merge/ffmpeg/mod.rs:7:9
[INFO] [stderr]   |
[INFO] [stderr] 7 | pub use parser::*;
[INFO] [stderr]   |         ^^^^^^^^^
[INFO] [stderr]   |
[INFO] [stderr]   = note: `#[warn(unused_imports)]` (part of `#[warn(unused)]`) on by default
[INFO] [stderr] 
[INFO] [stderr] warning: this function depends on never type fallback being `()`
[INFO] [stderr]   --> src/merge/ffmpeg/parser.rs:68:5
[INFO] [stderr]    |
[INFO] [stderr] 68 |     fn parse(&mut self) -> Result<()> {
[INFO] [stderr]    |     ^^^^^^^^^^^^^^^^^^^^^^^^^^^^^^^^^
[INFO] [stderr]    |
[INFO] [stderr]    = help: specify the types explicitly
[INFO] [stderr] note: in edition 2024, the requirement `!: Default` will fail
[INFO] [stderr]   --> src/merge/ffmpeg/parser.rs:69:9
[INFO] [stderr]    |
[INFO] [stderr] 69 | /         parse_command_stream(self.stream.take().unwrap(), |name, value| match name {
[INFO] [stderr] 70 | |             "out_time" => {
[INFO] [stderr] 71 | |                 let duration = self.parse_timestamp_match(value);
[INFO] [stderr] 72 | |                 (self.cb)(duration);
[INFO] [stderr] ...  |
[INFO] [stderr] 75 | |             _ => None,
[INFO] [stderr] 76 | |         })?;
[INFO] [stderr]    | |__________^
[INFO] [stderr]    = warning: this was previously accepted by the compiler but is being phased out; it will become a hard error in Rust 2024 and in a future release in all editions!
[INFO] [stderr]    = note: for more information, see <https://doc.rust-lang.org/edition-guide/rust-2024/never-type-fallback.html>
[INFO] [stderr]    = note: `#[warn(dependency_on_unit_never_type_fallback)]` (part of `#[warn(rust_2024_compatibility)]`) on by default
[INFO] [stderr] help: use `()` annotations to avoid fallback changes
[INFO] [stderr]    |
[INFO] [stderr] 69 |         parse_command_stream::<()>(self.stream.take().unwrap(), |name, value| match name {
[INFO] [stderr]    |                             ++++++
[INFO] [stderr] 
[INFO] [stderr] warning: field `1` is never read
[INFO] [stderr]    --> src/group.rs:109:24
[INFO] [stderr]     |
[INFO] [stderr] 109 |     struct Fs(PathBuf, Vec<PathBuf>);
[INFO] [stderr]     |            --          ^^^^^^^^^^^^
[INFO] [stderr]     |            |
[INFO] [stderr]     |            field in this struct
[INFO] [stderr]     |
[INFO] [stderr]     = help: consider removing this field
[INFO] [stderr]     = note: `Fs` has a derived impl for the trait `Debug`, but this is intentionally ignored during dead code analysis
[INFO] [stderr]     = note: `#[warn(dead_code)]` (part of `#[warn(unused)]`) on by default
[INFO] [stderr] 
[INFO] [stderr] warning: struct `MockProgress` is never constructed
[INFO] [stderr]    --> src/merge/ffmpeg/parser.rs:187:16
[INFO] [stderr]     |
[INFO] [stderr] 187 |         struct MockProgress {
[INFO] [stderr]     |                ^^^^^^^^^^^^
[INFO] [stderr] 
[INFO] [stderr] warning: `gopro-merge` (bin "gopro-merge" test) generated 4 warnings (run `cargo fix --bin "gopro-merge" -p gopro-merge --tests` to apply 2 suggestions)
[INFO] [stderr]     Finished `release` profile [optimized] target(s) in 0.13s
[INFO] [stderr] warning: the following packages contain code that will be rejected by a future version of Rust: gopro-merge v0.1.0 (/opt/rustwide/workdir)
[INFO] [stderr] note: to see what the problems were, use the option `--future-incompat-report`, or run `cargo report future-incompatibilities --id 6`
[INFO] [stderr]      Running unittests src/main.rs (/opt/rustwide/target/release/deps/gopro_merge-c95966509ef83839)
[INFO] [stdout] 
[INFO] [stdout] running 18 tests
[INFO] [stdout] test encoding::tests::encoding_try_from ... ok
[INFO] [stdout] test merge::ffmpeg::merger::tests::test_merger ... FAILED
[INFO] [stdout] test group::tests::test_movies ... ok
[INFO] [stdout] test encoding::tests::encoding_as_str ... ok
[INFO] [stdout] test merge::ffmpeg::parser::tests::test_ffmpeg_parse_duration_stream ... ok
[INFO] [stdout] test merge::ffmpeg::merger::tests::test_ffmpeg_tmp_file ... ok
[INFO] [stdout] test merge::ffmpeg::parser::tests::test_ffmpeg_parse_duration ... ok
[INFO] [stdout] test group::tests::test_collect_movies ... ok
[INFO] [stdout] test identifier::tests::identifier_try_from_err ... ok
[INFO] [stdout] test merge::ffmpeg::parser::tests::test_ffprobe_duration_parse_stream ... ok
[INFO] [stdout] test movie::tests::movie_try_from_err ... ok
[INFO] [stdout] test movie::tests::recoding_try_from_format ... ok
[INFO] [stdout] test progress::tests::test_calculate_percentage ... ok
[INFO] [stdout] test tests::test_opt_input_output ... ok
[INFO] [stdout] test identifier::tests::identifier_try_from_ok ... ok
[INFO] [stdout] test tests::test_opt_parallel ... ok
[INFO] [stdout] test tests::test_opt_reporter ... ok
[INFO] [stdout] test merge::ffmpeg::merger::tests::test_calculate_total_duration ... FAILED
[INFO] [stdout] 
[INFO] [stdout] failures:
[INFO] [stdout] 
[INFO] [stdout] ---- merge::ffmpeg::merger::tests::test_merger stdout ----
[INFO] [stdout] 
[INFO] [stdout] thread 'merge::ffmpeg::merger::tests::test_merger' (1495) panicked at src/merge/ffmpeg/merger.rs:257:44:
[INFO] [stdout] called `Result::unwrap()` on an `Err` value: Os { code: 30, kind: ReadOnlyFilesystem, message: "Read-only file system" }
[INFO] [stdout] stack backtrace:
[INFO] [stdout]    0:     0x5bc6e878b961 - <<std[70759c8f55707aa4]::sys::backtrace::BacktraceLock>::print::DisplayBacktrace as core[df12db4294e9bfd3]::fmt::Display>::fmt
[INFO] [stdout]    1:     0x5bc6e87a158a - core[df12db4294e9bfd3]::fmt::write
[INFO] [stdout]    2:     0x5bc6e87906ac - <alloc[2182bb758b4b3781]::vec::Vec<u8> as core[df12db4294e9bfd3]::io::write::Write>::write_fmt
[INFO] [stdout]    3:     0x5bc6e8766bb6 - std[70759c8f55707aa4]::panicking::default_hook::{closure#0}
[INFO] [stdout]    4:     0x5bc6e8783d39 - std[70759c8f55707aa4]::panicking::default_hook
[INFO] [stdout]    5:     0x5bc6e86b0e00 - test[9d35eded1c95d3be]::test_main_inner::<test[9d35eded1c95d3be]::test_main_static::{closure#0}>::{closure#0}
[INFO] [stdout]    6:     0x5bc6e8783ef2 - std[70759c8f55707aa4]::panicking::panic_with_hook
[INFO] [stdout]    7:     0x5bc6e8766c62 - std[70759c8f55707aa4]::panicking::panic_handler::{closure#0}
[INFO] [stdout]    8:     0x5bc6e875f7f9 - std[70759c8f55707aa4]::sys::backtrace::__rust_end_short_backtrace::<std[70759c8f55707aa4]::panicking::panic_handler::{closure#0}, !>
[INFO] [stdout]    9:     0x5bc6e876785d - __rustc[8fa7c3cbc660c2b3]::rust_begin_unwind
[INFO] [stdout]   10:     0x5bc6e87a1cec - core[df12db4294e9bfd3]::panicking::panic_fmt
[INFO] [stdout]   11:     0x5bc6e87a1ac2 - core[df12db4294e9bfd3]::result::unwrap_failed
[INFO] [stdout]   12:     0x5bc6e8694b9e - gopro_merge[3edca7d055529ac]::merge::ffmpeg::merger::tests::test_merger
[INFO] [stdout]   13:     0x5bc6e868f999 - <gopro_merge[3edca7d055529ac]::merge::ffmpeg::merger::tests::test_merger::{closure#0} as core[df12db4294e9bfd3]::ops::function::FnOnce<()>>::call_once
[INFO] [stdout]   14:     0x5bc6e86a40eb - test[9d35eded1c95d3be]::__rust_begin_short_backtrace::<core[df12db4294e9bfd3]::result::Result<(), alloc[2182bb758b4b3781]::string::String>, fn() -> core[df12db4294e9bfd3]::result::Result<(), alloc[2182bb758b4b3781]::string::String>>
[INFO] [stdout]   15:     0x5bc6e86b1755 - test[9d35eded1c95d3be]::run_test::{closure#0}
[INFO] [stdout]   16:     0x5bc6e86ab014 - std[70759c8f55707aa4]::sys::backtrace::__rust_begin_short_backtrace::<test[9d35eded1c95d3be]::run_test::{closure#1}, ()>
[INFO] [stdout]   17:     0x5bc6e86b48b2 - <std[70759c8f55707aa4]::thread::lifecycle::spawn_unchecked<test[9d35eded1c95d3be]::run_test::{closure#1}, ()>::{closure#1} as core[df12db4294e9bfd3]::ops::function::FnOnce<()>>::call_once::{shim:vtable#0}
[INFO] [stdout]   18:     0x5bc6e878b239 - <std[70759c8f55707aa4]::sys::thread::unix::Thread>::new::thread_start
[INFO] [stdout]   19:     0x768ccad4ddfa - <unknown>
[INFO] [stdout]   20:     0x768ccade13d4 - clone
[INFO] [stdout]   21:                0x0 - <unknown>
[INFO] [stdout] 
[INFO] [stdout] ---- merge::ffmpeg::merger::tests::test_calculate_total_duration stdout ----
[INFO] [stdout] 
[INFO] [stdout] thread 'merge::ffmpeg::merger::tests::test_calculate_total_duration' (1493) panicked at src/merge/ffmpeg/merger.rs:235:68:
[INFO] [stdout] called `Result::unwrap()` on an `Err` value: IO(Os { code: 2, kind: NotFound, message: "No such file or directory" })
[INFO] [stdout] stack backtrace:
[INFO] [stdout]    0:     0x5bc6e878b961 - <<std[70759c8f55707aa4]::sys::backtrace::BacktraceLock>::print::DisplayBacktrace as core[df12db4294e9bfd3]::fmt::Display>::fmt
[INFO] [stdout]    1:     0x5bc6e87a158a - core[df12db4294e9bfd3]::fmt::write
[INFO] [stdout]    2:     0x5bc6e87906ac - <alloc[2182bb758b4b3781]::vec::Vec<u8> as core[df12db4294e9bfd3]::io::write::Write>::write_fmt
[INFO] [stdout]    3:     0x5bc6e8766bb6 - std[70759c8f55707aa4]::panicking::default_hook::{closure#0}
[INFO] [stdout]    4:     0x5bc6e8783d39 - std[70759c8f55707aa4]::panicking::default_hook
[INFO] [stdout]    5:     0x5bc6e86b0e00 - test[9d35eded1c95d3be]::test_main_inner::<test[9d35eded1c95d3be]::test_main_static::{closure#0}>::{closure#0}
[INFO] [stdout]    6:     0x5bc6e8783ef2 - std[70759c8f55707aa4]::panicking::panic_with_hook
[INFO] [stdout]    7:     0x5bc6e8766c62 - std[70759c8f55707aa4]::panicking::panic_handler::{closure#0}
[INFO] [stdout]    8:     0x5bc6e875f7f9 - std[70759c8f55707aa4]::sys::backtrace::__rust_end_short_backtrace::<std[70759c8f55707aa4]::panicking::panic_handler::{closure#0}, !>
[INFO] [stdout]    9:     0x5bc6e876785d - __rustc[8fa7c3cbc660c2b3]::rust_begin_unwind
[INFO] [stdout]   10:     0x5bc6e87a1cec - core[df12db4294e9bfd3]::panicking::panic_fmt
[INFO] [stdout]   11:     0x5bc6e87a1ac2 - core[df12db4294e9bfd3]::result::unwrap_failed
[INFO] [stdout]   12:     0x5bc6e8695938 - gopro_merge[3edca7d055529ac]::merge::ffmpeg::merger::tests::test_calculate_total_duration
[INFO] [stdout]   13:     0x5bc6e868f9d9 - <gopro_merge[3edca7d055529ac]::merge::ffmpeg::merger::tests::test_calculate_total_duration::{closure#0} as core[df12db4294e9bfd3]::ops::function::FnOnce<()>>::call_once
[INFO] [stdout]   14:     0x5bc6e86a40eb - test[9d35eded1c95d3be]::__rust_begin_short_backtrace::<core[df12db4294e9bfd3]::result::Result<(), alloc[2182bb758b4b3781]::string::String>, fn() -> core[df12db4294e9bfd3]::result::Result<(), alloc[2182bb758b4b3781]::string::String>>
[INFO] [stdout]   15:     0x5bc6e86b1755 - test[9d35eded1c95d3be]::run_test::{closure#0}
[INFO] [stdout]   16:     0x5bc6e86ab014 - std[70759c8f55707aa4]::sys::backtrace::__rust_begin_short_backtrace::<test[9d35eded1c95d3be]::run_test::{closure#1}, ()>
[INFO] [stdout]   17:     0x5bc6e86b48b2 - <std[70759c8f55707aa4]::thread::lifecycle::spawn_unchecked<test[9d35eded1c95d3be]::run_test::{closure#1}, ()>::{closure#1} as core[df12db4294e9bfd3]::ops::function::FnOnce<()>>::call_once::{shim:vtable#0}
[INFO] [stdout]   18:     0x5bc6e878b239 - <std[70759c8f55707aa4]::sys::thread::unix::Thread>::new::thread_start
[INFO] [stdout]   19:     0x768ccad4ddfa - <unknown>
[INFO] [stdout]   20:     0x768ccade13d4 - clone
[INFO] [stdout]   21:                0x0 - <unknown>
[INFO] [stdout] 
[INFO] [stdout] 
[INFO] [stdout] failures:
[INFO] [stdout]     merge::ffmpeg::merger::tests::test_calculate_total_duration
[INFO] [stdout]     merge::ffmpeg::merger::tests::test_merger
[INFO] [stdout] 
[INFO] [stdout] test result: FAILED. 16 passed; 2 failed; 0 ignored; 0 measured; 0 filtered out; finished in 0.01s
[INFO] [stdout] 
[INFO] [stderr] error: test failed, to rerun pass `--bin gopro-merge`
[INFO] running `Command { std: "docker" "inspect" "6cfcd336c45cf406452803dba5f661e0681cd4c91c9445a61ea5d22b757d02dc", kill_on_drop: false }`
[INFO] running `Command { std: "docker" "rm" "-f" "6cfcd336c45cf406452803dba5f661e0681cd4c91c9445a61ea5d22b757d02dc", kill_on_drop: false }`
[INFO] [stdout] 6cfcd336c45cf406452803dba5f661e0681cd4c91c9445a61ea5d22b757d02dc
