[INFO] cloning repository https://github.com/glowe/mongo-tools-rs
[INFO] running `Command { std: "git" "-c" "credential.helper=" "-c" "credential.helper=/workspace/cargo-home/bin/git-credential-null" "clone" "--bare" "https://github.com/glowe/mongo-tools-rs" "/workspace/cache/git-repos/https%3A%2F%2Fgithub.com%2Fglowe%2Fmongo-tools-rs", kill_on_drop: false }`
[INFO] [stderr] Cloning into bare repository '/workspace/cache/git-repos/https%3A%2F%2Fgithub.com%2Fglowe%2Fmongo-tools-rs'...
[INFO] running `Command { std: "git" "rev-parse" "HEAD", kill_on_drop: false }`
[INFO] [stdout] 02a9be9b0e9f2db4d716151bf46198ee1b7c947b
[INFO] testing glowe/mongo-tools-rs against 1.100.0-beta.1+cargoflags=--release for beta-release-1.100-3
[INFO] running `Command { std: "git" "clone" "/workspace/cache/git-repos/https%3A%2F%2Fgithub.com%2Fglowe%2Fmongo-tools-rs" "/workspace/builds/worker-3-tc2/source", kill_on_drop: false }`
[INFO] [stderr] Cloning into '/workspace/builds/worker-3-tc2/source'...
[INFO] [stderr] done.
[INFO] started tweaking git repo https://github.com/glowe/mongo-tools-rs
[INFO] finished tweaking git repo https://github.com/glowe/mongo-tools-rs
[INFO] tweaked toml for git repo https://github.com/glowe/mongo-tools-rs written to /workspace/builds/worker-3-tc2/source/Cargo.toml
[INFO] validating manifest of git repo https://github.com/glowe/mongo-tools-rs on toolchain 1.100.0-beta.1
[INFO] running `Command { std: CARGO_HOME="/workspace/cargo-home" RUSTUP_HOME="/workspace/rustup-home" "/workspace/cargo-home/bin/cargo" "+1.100.0-beta.1" "metadata" "--manifest-path" "Cargo.toml" "--no-deps", kill_on_drop: false }`
[INFO] crate git repo https://github.com/glowe/mongo-tools-rs already has a lockfile, it will not be regenerated
[INFO] running `Command { std: CARGO_HOME="/workspace/cargo-home" RUSTUP_HOME="/workspace/rustup-home" "/workspace/cargo-home/bin/cargo" "+1.100.0-beta.1" "fetch" "--manifest-path" "Cargo.toml", kill_on_drop: false }`
[INFO] [stderr] warning: profiles for the non root package will be ignored, specify profiles at the workspace root:
[INFO] [stderr] package:   /workspace/builds/worker-3-tc2/source/bsondump/Cargo.toml
[INFO] [stderr] workspace: /workspace/builds/worker-3-tc2/source/Cargo.toml
[INFO] [stderr] warning: virtual workspace defaulting to `resolver = "1"` despite one or more workspace members being on edition 2021 which implies `resolver = "2"`
[INFO] [stderr]   |
[INFO] [stderr]   = note: to keep the current resolver, specify `workspace.resolver = "1"` in the workspace root's manifest
[INFO] [stderr]   = note: to use the edition 2021 resolver, specify `workspace.resolver = "2"` in the workspace root's manifest
[INFO] [stderr]   = note: for more details see https://doc.rust-lang.org/cargo/reference/resolver.html#resolver-versions
[INFO] running `Command { std: "docker" "create" "-v" "/var/lib/crater-agent-workspace/builds/worker-3-tc2/source:/opt/rustwide/workdir:ro,Z" "-v" "/var/lib/crater-agent-workspace/builds/worker-3-tc2/target:/opt/rustwide/target:rw,Z" "-v" "/var/lib/crater-agent-workspace/cargo-home:/opt/rustwide/cargo-home:ro,Z" "-v" "/var/lib/crater-agent-workspace/rustup-home:/opt/rustwide/rustup-home:ro,Z" "-m" "1610612736" "--network" "none" "ghcr.io/rust-lang/crates-build-env/linux@sha256:77db811e55d90add9212f6832c23229e3de5f1c1f9905e8cb07319ea15df73ac" "sleep" "infinity", kill_on_drop: false }`
[INFO] [stdout] 6eb5364fc2f4e9f1d499d0a67e04c27690ba26a69d197d4195bba9efb67399a7
[INFO] running `Command { std: "docker" "start" "6eb5364fc2f4e9f1d499d0a67e04c27690ba26a69d197d4195bba9efb67399a7", kill_on_drop: false }`
[INFO] running `Command { std: "docker" "inspect" "6eb5364fc2f4e9f1d499d0a67e04c27690ba26a69d197d4195bba9efb67399a7", kill_on_drop: false }`
[INFO] running `Command { std: "docker" "exec" "-e" "SOURCE_DIR=/opt/rustwide/workdir" "-e" "CARGO_HOME=/opt/rustwide/cargo-home" "-e" "RUSTUP_HOME=/opt/rustwide/rustup-home" "-e" "CARGO_TARGET_DIR=/opt/rustwide/target" "-w" "/opt/rustwide/workdir" "--user" "0:0" "6eb5364fc2f4e9f1d499d0a67e04c27690ba26a69d197d4195bba9efb67399a7" "/opt/rustwide/cargo-home/bin/cargo" "+1.100.0-beta.1" "metadata" "--no-deps" "--format-version=1", kill_on_drop: false }`
[INFO] running `Command { std: "docker" "inspect" "6eb5364fc2f4e9f1d499d0a67e04c27690ba26a69d197d4195bba9efb67399a7", kill_on_drop: false }`
[INFO] running `Command { std: "docker" "exec" "-e" "SOURCE_DIR=/opt/rustwide/workdir" "-e" "CARGO_HOME=/opt/rustwide/cargo-home" "-e" "RUSTUP_HOME=/opt/rustwide/rustup-home" "-e" "CARGO_TARGET_DIR=/opt/rustwide/target" "-e" "CARGO_INCREMENTAL=0" "-e" "RUST_BACKTRACE=full" "-e" "RUSTFLAGS=--cap-lints=warn" "-e" "RUSTDOCFLAGS=--cap-lints=warn" "-w" "/opt/rustwide/workdir" "--user" "0:0" "6eb5364fc2f4e9f1d499d0a67e04c27690ba26a69d197d4195bba9efb67399a7" "/opt/rustwide/cargo-home/bin/cargo" "+1.100.0-beta.1" "build" "--frozen" "--message-format=json" "--release", kill_on_drop: false }`
[INFO] [stderr] warning: profiles for the non root package will be ignored, specify profiles at the workspace root:
[INFO] [stderr] package:   /opt/rustwide/workdir/bsondump/Cargo.toml
[INFO] [stderr] workspace: /opt/rustwide/workdir/Cargo.toml
[INFO] [stderr] warning: virtual workspace defaulting to `resolver = "1"` despite one or more workspace members being on edition 2021 which implies `resolver = "2"`
[INFO] [stderr]   |
[INFO] [stderr]   = note: to keep the current resolver, specify `workspace.resolver = "1"` in the workspace root's manifest
[INFO] [stderr]   = note: to use the edition 2021 resolver, specify `workspace.resolver = "2"` in the workspace root's manifest
[INFO] [stderr]   = note: for more details see https://doc.rust-lang.org/cargo/reference/resolver.html#resolver-versions
[INFO] [stderr]    Compiling proc-macro2 v1.0.42
[INFO] [stderr]    Compiling quote v1.0.20
[INFO] [stderr]    Compiling libc v0.2.126
[INFO] [stderr]    Compiling unicode-ident v1.0.2
[INFO] [stderr]    Compiling syn v1.0.98
[INFO] [stderr]    Compiling serde_derive v1.0.140
[INFO] [stderr]    Compiling proc-macro-error-attr v1.0.4
[INFO] [stderr]    Compiling indexmap v1.9.1
[INFO] [stderr]    Compiling serde v1.0.140
[INFO] [stderr]    Compiling proc-macro-error v1.0.4
[INFO] [stderr]    Compiling memchr v2.5.0
[INFO] [stderr]    Compiling hashbrown v0.12.3
[INFO] [stderr]    Compiling log v0.4.17
[INFO] [stderr]    Compiling once_cell v1.13.0
[INFO] [stderr]    Compiling heck v0.4.0
[INFO] [stderr]    Compiling serde_json v1.0.82
[INFO] [stderr]    Compiling itoa v1.0.2
[INFO] [stderr]    Compiling termcolor v1.1.3
[INFO] [stderr]    Compiling os_str_bytes v6.2.0
[INFO] [stderr]    Compiling time-macros v0.2.4
[INFO] [stderr]    Compiling getrandom v0.2.7
[INFO] [stderr]    Compiling atty v0.2.14
[INFO] [stderr]    Compiling clap_lex v0.2.4
[INFO] [stderr]    Compiling textwrap v0.15.0
[INFO] [stderr]    Compiling rand_core v0.6.3
[INFO] [stderr]    Compiling aho-corasick v0.7.18
[INFO] [stderr]    Compiling rand_chacha v0.3.1
[INFO] [stderr]    Compiling num_threads v0.1.6
[INFO] [stderr]    Compiling regex-syntax v0.6.27
[INFO] [stderr]    Compiling strsim v0.10.0
[INFO] [stderr]    Compiling ryu v1.0.10
[INFO] [stderr]    Compiling rand v0.8.5
[INFO] [stderr]    Compiling ahash v0.7.6
[INFO] [stderr]    Compiling time v0.3.11
[INFO] [stderr]    Compiling humantime v2.1.0
[INFO] [stderr]    Compiling regex v1.6.0
[INFO] [stderr]    Compiling env_logger v0.9.0
[INFO] [stderr]    Compiling clap_derive v3.2.15
[INFO] [stderr]    Compiling clap v3.2.15
[INFO] [stderr]    Compiling clap-verbosity-flag v1.0.1
[INFO] [stderr]    Compiling uuid v0.8.2
[INFO] [stderr]    Compiling serde_bytes v0.11.6
[INFO] [stderr]    Compiling bson v2.3.0
[INFO] [stderr]    Compiling bsondump v0.1.0 (/opt/rustwide/workdir/bsondump)
[INFO] [stdout] warning: hiding a lifetime that's elided elsewhere is confusing
[INFO] [stdout]   --> bsondump/src/docbytes.rs:11:32
[INFO] [stdout]    |
[INFO] [stdout] 11 | pub fn source<R: Read>(reader: &mut R) -> Source<R> {
[INFO] [stdout]    |                                ^^^^^^     ^^^^^^^^^ the same lifetime is hidden here
[INFO] [stdout]    |                                |
[INFO] [stdout]    |                                the lifetime is elided here
[INFO] [stdout]    |
[INFO] [stdout]    = help: the same lifetime is referred to in inconsistent ways, making the signature confusing
[INFO] [stdout]    = note: `#[warn(mismatched_lifetime_syntaxes)]` on by default
[INFO] [stdout] help: use `'_` for type paths
[INFO] [stdout]    |
[INFO] [stdout] 11 | pub fn source<R: Read>(reader: &mut R) -> Source<'_, R> {
[INFO] [stdout]    |                                                  +++
[INFO] [stdout] 
[INFO] [stdout] 
[INFO] [stderr]     Finished `release` profile [optimized] target(s) in 1m 20s
[INFO] running `Command { std: "docker" "inspect" "6eb5364fc2f4e9f1d499d0a67e04c27690ba26a69d197d4195bba9efb67399a7", kill_on_drop: false }`
[INFO] running `Command { std: "docker" "exec" "-e" "SOURCE_DIR=/opt/rustwide/workdir" "-e" "CARGO_HOME=/opt/rustwide/cargo-home" "-e" "RUSTUP_HOME=/opt/rustwide/rustup-home" "-e" "CARGO_TARGET_DIR=/opt/rustwide/target" "-e" "CARGO_INCREMENTAL=0" "-e" "RUST_BACKTRACE=full" "-e" "RUSTFLAGS=--cap-lints=warn" "-e" "RUSTDOCFLAGS=--cap-lints=warn" "-w" "/opt/rustwide/workdir" "--user" "0:0" "6eb5364fc2f4e9f1d499d0a67e04c27690ba26a69d197d4195bba9efb67399a7" "/opt/rustwide/cargo-home/bin/cargo" "+1.100.0-beta.1" "test" "--frozen" "--no-run" "--message-format=json" "--release", kill_on_drop: false }`
[INFO] [stderr] warning: profiles for the non root package will be ignored, specify profiles at the workspace root:
[INFO] [stderr] package:   /opt/rustwide/workdir/bsondump/Cargo.toml
[INFO] [stderr] workspace: /opt/rustwide/workdir/Cargo.toml
[INFO] [stderr] warning: virtual workspace defaulting to `resolver = "1"` despite one or more workspace members being on edition 2021 which implies `resolver = "2"`
[INFO] [stderr]   |
[INFO] [stderr]   = note: to keep the current resolver, specify `workspace.resolver = "1"` in the workspace root's manifest
[INFO] [stderr]   = note: to use the edition 2021 resolver, specify `workspace.resolver = "2"` in the workspace root's manifest
[INFO] [stderr]   = note: for more details see https://doc.rust-lang.org/cargo/reference/resolver.html#resolver-versions
[INFO] [stderr]    Compiling remove_dir_all v0.5.3
[INFO] [stderr]    Compiling fastrand v1.8.0
[INFO] [stderr]    Compiling test_bin v0.4.0
[INFO] [stdout] warning: hiding a lifetime that's elided elsewhere is confusing
[INFO] [stdout]   --> bsondump/src/docbytes.rs:11:32
[INFO] [stdout]    |
[INFO] [stdout] 11 | pub fn source<R: Read>(reader: &mut R) -> Source<R> {
[INFO] [stdout]    |                                ^^^^^^     ^^^^^^^^^ the same lifetime is hidden here
[INFO] [stdout]    |                                |
[INFO] [stdout]    |                                the lifetime is elided here
[INFO] [stdout]    |
[INFO] [stdout]    = help: the same lifetime is referred to in inconsistent ways, making the signature confusing
[INFO] [stdout]    = note: `#[warn(mismatched_lifetime_syntaxes)]` on by default
[INFO] [stdout] help: use `'_` for type paths
[INFO] [stdout]    |
[INFO] [stdout] 11 | pub fn source<R: Read>(reader: &mut R) -> Source<'_, R> {
[INFO] [stdout]    |                                                  +++
[INFO] [stdout] 
[INFO] [stdout] 
[INFO] [stderr]    Compiling tempfile v3.3.0
[INFO] [stderr]    Compiling bsondump v0.1.0 (/opt/rustwide/workdir/bsondump)
[INFO] [stdout] warning: hiding a lifetime that's elided elsewhere is confusing
[INFO] [stdout]   --> bsondump/src/docbytes.rs:11:32
[INFO] [stdout]    |
[INFO] [stdout] 11 | pub fn source<R: Read>(reader: &mut R) -> Source<R> {
[INFO] [stdout]    |                                ^^^^^^     ^^^^^^^^^ the same lifetime is hidden here
[INFO] [stdout]    |                                |
[INFO] [stdout]    |                                the lifetime is elided here
[INFO] [stdout]    |
[INFO] [stdout]    = help: the same lifetime is referred to in inconsistent ways, making the signature confusing
[INFO] [stdout]    = note: `#[warn(mismatched_lifetime_syntaxes)]` on by default
[INFO] [stdout] help: use `'_` for type paths
[INFO] [stdout]    |
[INFO] [stdout] 11 | pub fn source<R: Read>(reader: &mut R) -> Source<'_, R> {
[INFO] [stdout]    |                                                  +++
[INFO] [stdout] 
[INFO] [stdout] 
[INFO] [stderr]     Finished `release` profile [optimized] target(s) in 2.67s
[INFO] running `Command { std: "docker" "inspect" "6eb5364fc2f4e9f1d499d0a67e04c27690ba26a69d197d4195bba9efb67399a7", kill_on_drop: false }`
[INFO] running `Command { std: "docker" "exec" "-e" "SOURCE_DIR=/opt/rustwide/workdir" "-e" "CARGO_HOME=/opt/rustwide/cargo-home" "-e" "RUSTUP_HOME=/opt/rustwide/rustup-home" "-e" "CARGO_TARGET_DIR=/opt/rustwide/target" "-e" "CARGO_INCREMENTAL=0" "-e" "RUST_BACKTRACE=full" "-e" "RUSTFLAGS=--cap-lints=warn" "-e" "RUSTDOCFLAGS=--cap-lints=warn" "-w" "/opt/rustwide/workdir" "--user" "0:0" "6eb5364fc2f4e9f1d499d0a67e04c27690ba26a69d197d4195bba9efb67399a7" "/opt/rustwide/cargo-home/bin/cargo" "+1.100.0-beta.1" "test" "--frozen" "--release", kill_on_drop: false }`
[INFO] [stderr] warning: profiles for the non root package will be ignored, specify profiles at the workspace root:
[INFO] [stderr] package:   /opt/rustwide/workdir/bsondump/Cargo.toml
[INFO] [stderr] workspace: /opt/rustwide/workdir/Cargo.toml
[INFO] [stderr] warning: virtual workspace defaulting to `resolver = "1"` despite one or more workspace members being on edition 2021 which implies `resolver = "2"`
[INFO] [stderr]   |
[INFO] [stderr]   = note: to keep the current resolver, specify `workspace.resolver = "1"` in the workspace root's manifest
[INFO] [stderr]   = note: to use the edition 2021 resolver, specify `workspace.resolver = "2"` in the workspace root's manifest
[INFO] [stderr]   = note: for more details see https://doc.rust-lang.org/cargo/reference/resolver.html#resolver-versions
[INFO] [stderr] warning: hiding a lifetime that's elided elsewhere is confusing
[INFO] [stderr]   --> bsondump/src/docbytes.rs:11:32
[INFO] [stderr]    |
[INFO] [stderr] 11 | pub fn source<R: Read>(reader: &mut R) -> Source<R> {
[INFO] [stderr]    |                                ^^^^^^     ^^^^^^^^^ the same lifetime is hidden here
[INFO] [stderr]    |                                |
[INFO] [stderr]    |                                the lifetime is elided here
[INFO] [stderr]    |
[INFO] [stderr]    = help: the same lifetime is referred to in inconsistent ways, making the signature confusing
[INFO] [stderr]    = note: `#[warn(mismatched_lifetime_syntaxes)]` on by default
[INFO] [stderr] help: use `'_` for type paths
[INFO] [stderr]    |
[INFO] [stderr] 11 | pub fn source<R: Read>(reader: &mut R) -> Source<'_, R> {
[INFO] [stderr]    |                                                  +++
[INFO] [stderr] 
[INFO] [stderr] warning: `bsondump` (lib) generated 1 warning (run `cargo fix --lib -p bsondump` to apply 1 suggestion)
[INFO] [stderr] warning: `bsondump` (lib test) generated 1 warning (1 duplicate)
[INFO] [stderr]     Finished `release` profile [optimized] target(s) in 0.10s
[INFO] [stderr]      Running unittests src/lib.rs (/opt/rustwide/target/release/build/bsondump/ac13cbb72c96791f/out/bsondump-ac13cbb72c96791f)
[INFO] [stdout] 
[INFO] [stdout] running 0 tests
[INFO] [stdout] 
[INFO] [stdout] test result: ok. 0 passed; 0 failed; 0 ignored; 0 measured; 0 filtered out; finished in 0.00s
[INFO] [stdout] 
[INFO] [stderr]      Running unittests src/main.rs (/opt/rustwide/target/release/build/bsondump/d6f8b0469a5e3fee/out/bsondump-d6f8b0469a5e3fee)
[INFO] [stdout] 
[INFO] [stdout] running 0 tests
[INFO] [stdout] 
[INFO] [stdout] test result: ok. 0 passed; 0 failed; 0 ignored; 0 measured; 0 filtered out; finished in 0.00s
[INFO] [stdout] 
[INFO] [stderr]      Running tests/bsondump.rs (/opt/rustwide/target/release/build/bsondump/00824fd81df595e4/out/bsondump-00824fd81df595e4)
[INFO] [stdout] 
[INFO] [stdout] running 6 tests
[INFO] [stdout] test tests::from_file_with_positional_argument_to_file ... FAILED
[INFO] [stdout] test tests::from_stdin_to_file ... FAILED
[INFO] [stdout] test tests::from_file_with_positional_argument_to_stdout ... FAILED
[INFO] [stdout] test tests::from_stdin_to_stdout ... FAILED
[INFO] [stdout] test tests::max_bson_size ... FAILED
[INFO] [stdout] test tests::more_than_max_bson_size ... FAILED
[INFO] [stdout] 
[INFO] [stdout] failures:
[INFO] [stdout] 
[INFO] [stdout] ---- tests::from_file_with_positional_argument_to_file stdout ----
[INFO] [stdout] 
[INFO] [stdout] thread 'tests::from_file_with_positional_argument_to_file' (1168) panicked at /opt/rustwide/cargo-home/registry/src/index.crates.io-1949cf8c6b5b557f/test_bin-0.4.0/src/lib.rs:41:5:
[INFO] [stdout] assertion failed: path.exists()
[INFO] [stdout] stack backtrace:
[INFO] [stdout]    0:     0x5cdab0f0a2c1 - <<std[617be2ca0a6fd877]::sys::backtrace::BacktraceLock>::print::DisplayBacktrace as core[a373ad73a504971]::fmt::Display>::fmt
[INFO] [stdout]    1:     0x5cdab0f1f54a - core[a373ad73a504971]::fmt::write
[INFO] [stdout]    2:     0x5cdab0f0e5bc - <alloc[2e1b2a31b91974c5]::vec::Vec<u8> as core[a373ad73a504971]::io::write::Write>::write_fmt
[INFO] [stdout]    3:     0x5cdab0ee5cd6 - std[617be2ca0a6fd877]::panicking::default_hook::{closure#0}
[INFO] [stdout]    4:     0x5cdab0f02839 - std[617be2ca0a6fd877]::panicking::default_hook
[INFO] [stdout]    5:     0x5cdab0e99fd0 - test[aada8e7e76ba119b]::test_main_inner::{closure#0}
[INFO] [stdout]    6:     0x5cdab0f029f2 - std[617be2ca0a6fd877]::panicking::panic_with_hook
[INFO] [stdout]    7:     0x5cdab0ee5db4 - std[617be2ca0a6fd877]::panicking::panic_handler::{closure#0}
[INFO] [stdout]    8:     0x5cdab0ede9e9 - std[617be2ca0a6fd877]::sys::backtrace::__rust_end_short_backtrace::<std[617be2ca0a6fd877]::panicking::panic_handler::{closure#0}, !>
[INFO] [stdout]    9:     0x5cdab0ee698d - __rustc[ea4f61d10b84890b]::rust_begin_unwind
[INFO] [stdout]   10:     0x5cdab0f1fc7c - core[a373ad73a504971]::panicking::panic_fmt
[INFO] [stdout]   11:     0x5cdab0f1fc42 - core[a373ad73a504971]::panicking::panic
[INFO] [stdout]   12:     0x5cdab0e8d3a4 - test_bin[7c38c887a2d43a7e]::get_test_bin
[INFO] [stdout]   13:     0x5cdab0e89634 - <bsondump[6cb788a2ac30fcca]::tests::from_file_with_positional_argument_to_file::{closure#0} as core[a373ad73a504971]::ops::function::FnOnce<()>>::call_once
[INFO] [stdout]   14:     0x5cdab0e8d41b - test[aada8e7e76ba119b]::__rust_begin_short_backtrace::<core[a373ad73a504971]::result::Result<(), alloc[2e1b2a31b91974c5]::string::String>, fn() -> core[a373ad73a504971]::result::Result<(), alloc[2e1b2a31b91974c5]::string::String>>
[INFO] [stdout]   15:     0x5cdab0e9a5f5 - test[aada8e7e76ba119b]::run_test::{closure#0}
[INFO] [stdout]   16:     0x5cdab0e93ee4 - std[617be2ca0a6fd877]::sys::backtrace::__rust_begin_short_backtrace::<test[aada8e7e76ba119b]::run_test::{closure#1}, ()>
[INFO] [stdout]   17:     0x5cdab0e9d682 - <std[617be2ca0a6fd877]::thread::lifecycle::spawn_unchecked<test[aada8e7e76ba119b]::run_test::{closure#1}, ()>::{closure#1} as core[a373ad73a504971]::ops::function::FnOnce<()>>::call_once::{shim:vtable#0}
[INFO] [stdout]   18:     0x5cdab0f09b1f - <std[617be2ca0a6fd877]::sys::thread::unix::Thread>::new::thread_start
[INFO] [stdout]   19:     0x70e6db39cdfa - <unknown>
[INFO] [stdout]   20:     0x70e6db4303d4 - clone
[INFO] [stdout]   21:                0x0 - <unknown>
[INFO] [stdout] 
[INFO] [stdout] ---- tests::from_stdin_to_file stdout ----
[INFO] [stdout] 
[INFO] [stdout] thread 'tests::from_stdin_to_file' (1170) panicked at /opt/rustwide/cargo-home/registry/src/index.crates.io-1949cf8c6b5b557f/test_bin-0.4.0/src/lib.rs:41:5:
[INFO] [stdout] assertion failed: path.exists()
[INFO] [stdout] stack backtrace:
[INFO] [stdout]    0:     0x5cdab0f0a2c1 - <<std[617be2ca0a6fd877]::sys::backtrace::BacktraceLock>::print::DisplayBacktrace as core[a373ad73a504971]::fmt::Display>::fmt
[INFO] [stdout]    1:     0x5cdab0f1f54a - core[a373ad73a504971]::fmt::write
[INFO] [stdout]    2:     0x5cdab0f0e5bc - <alloc[2e1b2a31b91974c5]::vec::Vec<u8> as core[a373ad73a504971]::io::write::Write>::write_fmt
[INFO] [stdout]    3:     0x5cdab0ee5cd6 - std[617be2ca0a6fd877]::panicking::default_hook::{closure#0}
[INFO] [stdout]    4:     0x5cdab0f02839 - std[617be2ca0a6fd877]::panicking::default_hook
[INFO] [stdout]    5:     0x5cdab0e99fd0 - test[aada8e7e76ba119b]::test_main_inner::{closure#0}
[INFO] [stdout]    6:     0x5cdab0f029f2 - std[617be2ca0a6fd877]::panicking::panic_with_hook
[INFO] [stdout]    7:     0x5cdab0ee5db4 - std[617be2ca0a6fd877]::panicking::panic_handler::{closure#0}
[INFO] [stdout]    8:     0x5cdab0ede9e9 - std[617be2ca0a6fd877]::sys::backtrace::__rust_end_short_backtrace::<std[617be2ca0a6fd877]::panicking::panic_handler::{closure#0}, !>
[INFO] [stdout]    9:     0x5cdab0ee698d - __rustc[ea4f61d10b84890b]::rust_begin_unwind
[INFO] [stdout]   10:     0x5cdab0f1fc7c - core[a373ad73a504971]::panicking::panic_fmt
[INFO] [stdout]   11:     0x5cdab0f1fc42 - core[a373ad73a504971]::panicking::panic
[INFO] [stdout]   12:     0x5cdab0e8d3a4 - test_bin[7c38c887a2d43a7e]::get_test_bin
[INFO] [stdout]   13:     0x5cdab0e88bd4 - <bsondump[6cb788a2ac30fcca]::tests::from_stdin_to_file::{closure#0} as core[a373ad73a504971]::ops::function::FnOnce<()>>::call_once
[INFO] [stdout]   14:     0x5cdab0e8d41b - test[aada8e7e76ba119b]::__rust_begin_short_backtrace::<core[a373ad73a504971]::result::Result<(), alloc[2e1b2a31b91974c5]::string::String>, fn() -> core[a373ad73a504971]::result::Result<(), alloc[2e1b2a31b91974c5]::string::String>>
[INFO] [stdout]   15:     0x5cdab0e9a5f5 - test[aada8e7e76ba119b]::run_test::{closure#0}
[INFO] [stdout]   16:     0x5cdab0e93ee4 - std[617be2ca0a6fd877]::sys::backtrace::__rust_begin_short_backtrace::<test[aada8e7e76ba119b]::run_test::{closure#1}, ()>
[INFO] [stdout]   17:     0x5cdab0e9d682 - <std[617be2ca0a6fd877]::thread::lifecycle::spawn_unchecked<test[aada8e7e76ba119b]::run_test::{closure#1}, ()>::{closure#1} as core[a373ad73a504971]::ops::function::FnOnce<()>>::call_once::{shim:vtable#0}
[INFO] [stdout]   18:     0x5cdab0f09b1f - <std[617be2ca0a6fd877]::sys::thread::unix::Thread>::new::thread_start
[INFO] [stdout]   19:     0x70e6db39cdfa - <unknown>
[INFO] [stdout]   20:     0x70e6db4303d4 - clone
[INFO] [stdout]   21:                0x0 - <unknown>
[INFO] [stdout] 
[INFO] [stdout] ---- tests::from_file_with_positional_argument_to_stdout stdout ----
[INFO] [stdout] 
[INFO] [stdout] thread 'tests::from_file_with_positional_argument_to_stdout' (1169) panicked at /opt/rustwide/cargo-home/registry/src/index.crates.io-1949cf8c6b5b557f/test_bin-0.4.0/src/lib.rs:41:5:
[INFO] [stdout] assertion failed: path.exists()
[INFO] [stdout] stack backtrace:
[INFO] [stdout]    0:     0x5cdab0f0a2c1 - <<std[617be2ca0a6fd877]::sys::backtrace::BacktraceLock>::print::DisplayBacktrace as core[a373ad73a504971]::fmt::Display>::fmt
[INFO] [stdout]    1:     0x5cdab0f1f54a - core[a373ad73a504971]::fmt::write
[INFO] [stdout]    2:     0x5cdab0f0e5bc - <alloc[2e1b2a31b91974c5]::vec::Vec<u8> as core[a373ad73a504971]::io::write::Write>::write_fmt
[INFO] [stdout]    3:     0x5cdab0ee5cd6 - std[617be2ca0a6fd877]::panicking::default_hook::{closure#0}
[INFO] [stdout]    4:     0x5cdab0f02839 - std[617be2ca0a6fd877]::panicking::default_hook
[INFO] [stdout]    5:     0x5cdab0e99fd0 - test[aada8e7e76ba119b]::test_main_inner::{closure#0}
[INFO] [stdout]    6:     0x5cdab0f029f2 - std[617be2ca0a6fd877]::panicking::panic_with_hook
[INFO] [stdout]    7:     0x5cdab0ee5db4 - std[617be2ca0a6fd877]::panicking::panic_handler::{closure#0}
[INFO] [stdout]    8:     0x5cdab0ede9e9 - std[617be2ca0a6fd877]::sys::backtrace::__rust_end_short_backtrace::<std[617be2ca0a6fd877]::panicking::panic_handler::{closure#0}, !>
[INFO] [stdout]    9:     0x5cdab0ee698d - __rustc[ea4f61d10b84890b]::rust_begin_unwind
[INFO] [stdout]   10:     0x5cdab0f1fc7c - core[a373ad73a504971]::panicking::panic_fmt
[INFO] [stdout]   11:     0x5cdab0f1fc42 - core[a373ad73a504971]::panicking::panic
[INFO] [stdout]   12:     0x5cdab0e8d3a4 - test_bin[7c38c887a2d43a7e]::get_test_bin
[INFO] [stdout]   13:     0x5cdab0e89aa7 - <bsondump[6cb788a2ac30fcca]::tests::from_file_with_positional_argument_to_stdout::{closure#0} as core[a373ad73a504971]::ops::function::FnOnce<()>>::call_once
[INFO] [stdout]   14:     0x5cdab0e8d41b - test[aada8e7e76ba119b]::__rust_begin_short_backtrace::<core[a373ad73a504971]::result::Result<(), alloc[2e1b2a31b91974c5]::string::String>, fn() -> core[a373ad73a504971]::result::Result<(), alloc[2e1b2a31b91974c5]::string::String>>
[INFO] [stdout]   15:     0x5cdab0e9a5f5 - test[aada8e7e76ba119b]::run_test::{closure#0}
[INFO] [stdout]   16:     0x5cdab0e93ee4 - std[617be2ca0a6fd877]::sys::backtrace::__rust_begin_short_backtrace::<test[aada8e7e76ba119b]::run_test::{closure#1}, ()>
[INFO] [stdout]   17:     0x5cdab0e9d682 - <std[617be2ca0a6fd877]::thread::lifecycle::spawn_unchecked<test[aada8e7e76ba119b]::run_test::{closure#1}, ()>::{closure#1} as core[a373ad73a504971]::ops::function::FnOnce<()>>::call_once::{shim:vtable#0}
[INFO] [stdout]   18:     0x5cdab0f09b1f - <std[617be2ca0a6fd877]::sys::thread::unix::Thread>::new::thread_start
[INFO] [stdout]   19:     0x70e6db39cdfa - <unknown>
[INFO] [stdout]   20:     0x70e6db4303d4 - clone
[INFO] [stdout]   21:                0x0 - <unknown>
[INFO] [stdout] 
[INFO] [stdout] ---- tests::from_stdin_to_stdout stdout ----
[INFO] [stdout] 
[INFO] [stdout] thread 'tests::from_stdin_to_stdout' (1171) panicked at /opt/rustwide/cargo-home/registry/src/index.crates.io-1949cf8c6b5b557f/test_bin-0.4.0/src/lib.rs:41:5:
[INFO] [stdout] assertion failed: path.exists()
[INFO] [stdout] stack backtrace:
[INFO] [stdout]    0:     0x5cdab0f0a2c1 - <<std[617be2ca0a6fd877]::sys::backtrace::BacktraceLock>::print::DisplayBacktrace as core[a373ad73a504971]::fmt::Display>::fmt
[INFO] [stdout]    1:     0x5cdab0f1f54a - core[a373ad73a504971]::fmt::write
[INFO] [stdout]    2:     0x5cdab0f0e5bc - <alloc[2e1b2a31b91974c5]::vec::Vec<u8> as core[a373ad73a504971]::io::write::Write>::write_fmt
[INFO] [stdout]    3:     0x5cdab0ee5cd6 - std[617be2ca0a6fd877]::panicking::default_hook::{closure#0}
[INFO] [stdout]    4:     0x5cdab0f02839 - std[617be2ca0a6fd877]::panicking::default_hook
[INFO] [stdout]    5:     0x5cdab0e99fd0 - test[aada8e7e76ba119b]::test_main_inner::{closure#0}
[INFO] [stdout]    6:     0x5cdab0f029f2 - std[617be2ca0a6fd877]::panicking::panic_with_hook
[INFO] [stdout]    7:     0x5cdab0ee5db4 - std[617be2ca0a6fd877]::panicking::panic_handler::{closure#0}
[INFO] [stdout]    8:     0x5cdab0ede9e9 - std[617be2ca0a6fd877]::sys::backtrace::__rust_end_short_backtrace::<std[617be2ca0a6fd877]::panicking::panic_handler::{closure#0}, !>
[INFO] [stdout]    9:     0x5cdab0ee698d - __rustc[ea4f61d10b84890b]::rust_begin_unwind
[INFO] [stdout]   10:     0x5cdab0f1fc7c - core[a373ad73a504971]::panicking::panic_fmt
[INFO] [stdout]   11:     0x5cdab0f1fc42 - core[a373ad73a504971]::panicking::panic
[INFO] [stdout]   12:     0x5cdab0e8d3a4 - test_bin[7c38c887a2d43a7e]::get_test_bin
[INFO] [stdout]   13:     0x5cdab0e89117 - <bsondump[6cb788a2ac30fcca]::tests::from_stdin_to_stdout::{closure#0} as core[a373ad73a504971]::ops::function::FnOnce<()>>::call_once
[INFO] [stdout]   14:     0x5cdab0e8d41b - test[aada8e7e76ba119b]::__rust_begin_short_backtrace::<core[a373ad73a504971]::result::Result<(), alloc[2e1b2a31b91974c5]::string::String>, fn() -> core[a373ad73a504971]::result::Result<(), alloc[2e1b2a31b91974c5]::string::String>>
[INFO] [stdout]   15:     0x5cdab0e9a5f5 - test[aada8e7e76ba119b]::run_test::{closure#0}
[INFO] [stdout]   16:     0x5cdab0e93ee4 - std[617be2ca0a6fd877]::sys::backtrace::__rust_begin_short_backtrace::<test[aada8e7e76ba119b]::run_test::{closure#1}, ()>
[INFO] [stdout]   17:     0x5cdab0e9d682 - <std[617be2ca0a6fd877]::thread::lifecycle::spawn_unchecked<test[aada8e7e76ba119b]::run_test::{closure#1}, ()>::{closure#1} as core[a373ad73a504971]::ops::function::FnOnce<()>>::call_once::{shim:vtable#0}
[INFO] [stdout]   18:     0x5cdab0f09b1f - <std[617be2ca0a6fd877]::sys::thread::unix::Thread>::new::thread_start
[INFO] [stdout]   19:     0x70e6db39cdfa - <unknown>
[INFO] [stdout]   20:     0x70e6db4303d4 - clone
[INFO] [stdout]   21:                0x0 - <unknown>
[INFO] [stdout] 
[INFO] [stdout] ---- tests::max_bson_size stdout ----
[INFO] [stdout] 
[INFO] [stdout] thread 'tests::max_bson_size' (1172) panicked at /opt/rustwide/cargo-home/registry/src/index.crates.io-1949cf8c6b5b557f/test_bin-0.4.0/src/lib.rs:41:5:
[INFO] [stdout] assertion failed: path.exists()
[INFO] [stdout] stack backtrace:
[INFO] [stdout]    0:     0x5cdab0f0a2c1 - <<std[617be2ca0a6fd877]::sys::backtrace::BacktraceLock>::print::DisplayBacktrace as core[a373ad73a504971]::fmt::Display>::fmt
[INFO] [stdout]    1:     0x5cdab0f1f54a - core[a373ad73a504971]::fmt::write
[INFO] [stdout]    2:     0x5cdab0f0e5bc - <alloc[2e1b2a31b91974c5]::vec::Vec<u8> as core[a373ad73a504971]::io::write::Write>::write_fmt
[INFO] [stdout]    3:     0x5cdab0ee5cd6 - std[617be2ca0a6fd877]::panicking::default_hook::{closure#0}
[INFO] [stdout]    4:     0x5cdab0f02839 - std[617be2ca0a6fd877]::panicking::default_hook
[INFO] [stdout]    5:     0x5cdab0e99fd0 - test[aada8e7e76ba119b]::test_main_inner::{closure#0}
[INFO] [stdout]    6:     0x5cdab0f029f2 - std[617be2ca0a6fd877]::panicking::panic_with_hook
[INFO] [stdout]    7:     0x5cdab0ee5db4 - std[617be2ca0a6fd877]::panicking::panic_handler::{closure#0}
[INFO] [stdout]    8:     0x5cdab0ede9e9 - std[617be2ca0a6fd877]::sys::backtrace::__rust_end_short_backtrace::<std[617be2ca0a6fd877]::panicking::panic_handler::{closure#0}, !>
[INFO] [stdout]    9:     0x5cdab0ee698d - __rustc[ea4f61d10b84890b]::rust_begin_unwind
[INFO] [stdout]   10:     0x5cdab0f1fc7c - core[a373ad73a504971]::panicking::panic_fmt
[INFO] [stdout]   11:     0x5cdab0f1fc42 - core[a373ad73a504971]::panicking::panic
[INFO] [stdout]   12:     0x5cdab0e8d3a4 - test_bin[7c38c887a2d43a7e]::get_test_bin
[INFO] [stdout]   13:     0x5cdab0e88423 - bsondump[6cb788a2ac30fcca]::tests::run_with_bson_size
[INFO] [stdout]   14:     0x5cdab0e88af7 - <bsondump[6cb788a2ac30fcca]::tests::max_bson_size::{closure#0} as core[a373ad73a504971]::ops::function::FnOnce<()>>::call_once
[INFO] [stdout]   15:     0x5cdab0e8d41b - test[aada8e7e76ba119b]::__rust_begin_short_backtrace::<core[a373ad73a504971]::result::Result<(), alloc[2e1b2a31b91974c5]::string::String>, fn() -> core[a373ad73a504971]::result::Result<(), alloc[2e1b2a31b91974c5]::string::String>>
[INFO] [stdout]   16:     0x5cdab0e9a5f5 - test[aada8e7e76ba119b]::run_test::{closure#0}
[INFO] [stdout]   17:     0x5cdab0e93ee4 - std[617be2ca0a6fd877]::sys::backtrace::__rust_begin_short_backtrace::<test[aada8e7e76ba119b]::run_test::{closure#1}, ()>
[INFO] [stdout]   18:     0x5cdab0e9d682 - <std[617be2ca0a6fd877]::thread::lifecycle::spawn_unchecked<test[aada8e7e76ba119b]::run_test::{closure#1}, ()>::{closure#1} as core[a373ad73a504971]::ops::function::FnOnce<()>>::call_once::{shim:vtable#0}
[INFO] [stdout]   19:     0x5cdab0f09b1f - <std[617be2ca0a6fd877]::sys::thread::unix::Thread>::new::thread_start
[INFO] [stdout]   20:     0x70e6db39cdfa - <unknown>
[INFO] [stdout]   21:     0x70e6db4303d4 - clone
[INFO] [stdout]   22:                0x0 - <unknown>
[INFO] [stdout] 
[INFO] [stdout] ---- tests::more_than_max_bson_size stdout ----
[INFO] [stdout] 
[INFO] [stdout] thread 'tests::more_than_max_bson_size' (1173) panicked at /opt/rustwide/cargo-home/registry/src/index.crates.io-1949cf8c6b5b557f/test_bin-0.4.0/src/lib.rs:41:5:
[INFO] [stdout] assertion failed: path.exists()
[INFO] [stdout] stack backtrace:
[INFO] [stdout]    0:     0x5cdab0f0a2c1 - <<std[617be2ca0a6fd877]::sys::backtrace::BacktraceLock>::print::DisplayBacktrace as core[a373ad73a504971]::fmt::Display>::fmt
[INFO] [stdout]    1:     0x5cdab0f1f54a - core[a373ad73a504971]::fmt::write
[INFO] [stdout]    2:     0x5cdab0f0e5bc - <alloc[2e1b2a31b91974c5]::vec::Vec<u8> as core[a373ad73a504971]::io::write::Write>::write_fmt
[INFO] [stdout]    3:     0x5cdab0ee5cd6 - std[617be2ca0a6fd877]::panicking::default_hook::{closure#0}
[INFO] [stdout]    4:     0x5cdab0f02839 - std[617be2ca0a6fd877]::panicking::default_hook
[INFO] [stdout]    5:     0x5cdab0e99fd0 - test[aada8e7e76ba119b]::test_main_inner::{closure#0}
[INFO] [stdout]    6:     0x5cdab0f029f2 - std[617be2ca0a6fd877]::panicking::panic_with_hook
[INFO] [stdout]    7:     0x5cdab0ee5db4 - std[617be2ca0a6fd877]::panicking::panic_handler::{closure#0}
[INFO] [stdout]    8:     0x5cdab0ede9e9 - std[617be2ca0a6fd877]::sys::backtrace::__rust_end_short_backtrace::<std[617be2ca0a6fd877]::panicking::panic_handler::{closure#0}, !>
[INFO] [stdout]    9:     0x5cdab0ee698d - __rustc[ea4f61d10b84890b]::rust_begin_unwind
[INFO] [stdout]   10:     0x5cdab0f1fc7c - core[a373ad73a504971]::panicking::panic_fmt
[INFO] [stdout]   11:     0x5cdab0f1fc42 - core[a373ad73a504971]::panicking::panic
[INFO] [stdout]   12:     0x5cdab0e8d3a4 - test_bin[7c38c887a2d43a7e]::get_test_bin
[INFO] [stdout]   13:     0x5cdab0e88423 - bsondump[6cb788a2ac30fcca]::tests::run_with_bson_size
[INFO] [stdout]   14:     0x5cdab0e8941e - <bsondump[6cb788a2ac30fcca]::tests::more_than_max_bson_size::{closure#0} as core[a373ad73a504971]::ops::function::FnOnce<()>>::call_once
[INFO] [stdout]   15:     0x5cdab0e8d41b - test[aada8e7e76ba119b]::__rust_begin_short_backtrace::<core[a373ad73a504971]::result::Result<(), alloc[2e1b2a31b91974c5]::string::String>, fn() -> core[a373ad73a504971]::result::Result<(), alloc[2e1b2a31b91974c5]::string::String>>
[INFO] [stdout]   16:     0x5cdab0e9a5f5 - test[aada8e7e76ba119b]::run_test::{closure#0}
[INFO] [stdout]   17:     0x5cdab0e93ee4 - std[617be2ca0a6fd877]::sys::backtrace::__rust_begin_short_backtrace::<test[aada8e7e76ba119b]::run_test::{closure#1}, ()>
[INFO] [stdout]   18:     0x5cdab0e9d682 - <std[617be2ca0a6fd877]::thread::lifecycle::spawn_unchecked<test[aada8e7e76ba119b]::run_test::{closure#1}, ()>::{closure#1} as core[a373ad73a504971]::ops::function::FnOnce<()>>::call_once::{shim:vtable#0}
[INFO] [stdout]   19:     0x5cdab0f09b1f - <std[617be2ca0a6fd877]::sys::thread::unix::Thread>::new::thread_start
[INFO] [stdout]   20:     0x70e6db39cdfa - <unknown>
[INFO] [stdout]   21:     0x70e6db4303d4 - clone
[INFO] [stdout]   22:                0x0 - <unknown>
[INFO] [stdout] 
[INFO] [stderr] error: test failed, to rerun pass `--test bsondump`
[INFO] [stdout] 
[INFO] [stdout] failures:
[INFO] [stdout]     tests::from_file_with_positional_argument_to_file
[INFO] [stdout]     tests::from_file_with_positional_argument_to_stdout
[INFO] [stdout]     tests::from_stdin_to_file
[INFO] [stdout]     tests::from_stdin_to_stdout
[INFO] [stdout]     tests::max_bson_size
[INFO] [stdout]     tests::more_than_max_bson_size
[INFO] [stdout] 
[INFO] [stdout] test result: FAILED. 0 passed; 6 failed; 0 ignored; 0 measured; 0 filtered out; finished in 0.27s
[INFO] [stdout] 
[INFO] running `Command { std: "docker" "inspect" "6eb5364fc2f4e9f1d499d0a67e04c27690ba26a69d197d4195bba9efb67399a7", kill_on_drop: false }`
[INFO] running `Command { std: "docker" "rm" "-f" "6eb5364fc2f4e9f1d499d0a67e04c27690ba26a69d197d4195bba9efb67399a7", kill_on_drop: false }`
[INFO] [stdout] 6eb5364fc2f4e9f1d499d0a67e04c27690ba26a69d197d4195bba9efb67399a7
