[INFO] cloning repository https://github.com/getdoover/channel-gate-encoder-rs
[INFO] running `Command { std: "git" "-c" "credential.helper=" "-c" "credential.helper=/workspace/cargo-home/bin/git-credential-null" "clone" "--bare" "https://github.com/getdoover/channel-gate-encoder-rs" "/workspace/cache/git-repos/https%3A%2F%2Fgithub.com%2Fgetdoover%2Fchannel-gate-encoder-rs", kill_on_drop: false }`
[INFO] [stderr] Cloning into bare repository '/workspace/cache/git-repos/https%3A%2F%2Fgithub.com%2Fgetdoover%2Fchannel-gate-encoder-rs'...
[INFO] running `Command { std: "git" "rev-parse" "HEAD", kill_on_drop: false }`
[INFO] [stdout] c92cab692e93558a1bf3311c9e7f9d8f130ebf1b
[INFO] testing getdoover/channel-gate-encoder-rs against 1.100.0-beta.1+cargoflags=--release for beta-release-1.100-3
[INFO] running `Command { std: "git" "clone" "/workspace/cache/git-repos/https%3A%2F%2Fgithub.com%2Fgetdoover%2Fchannel-gate-encoder-rs" "/workspace/builds/worker-2-tc2/source", kill_on_drop: false }`
[INFO] [stderr] Cloning into '/workspace/builds/worker-2-tc2/source'...
[INFO] [stderr] done.
[INFO] started tweaking git repo https://github.com/getdoover/channel-gate-encoder-rs
[INFO] finished tweaking git repo https://github.com/getdoover/channel-gate-encoder-rs
[INFO] tweaked toml for git repo https://github.com/getdoover/channel-gate-encoder-rs written to /workspace/builds/worker-2-tc2/source/Cargo.toml
[INFO] validating manifest of git repo https://github.com/getdoover/channel-gate-encoder-rs on toolchain 1.100.0-beta.1
[INFO] running `Command { std: CARGO_HOME="/workspace/cargo-home" RUSTUP_HOME="/workspace/rustup-home" "/workspace/cargo-home/bin/cargo" "+1.100.0-beta.1" "metadata" "--manifest-path" "Cargo.toml" "--no-deps", kill_on_drop: false }`
[INFO] crate git repo https://github.com/getdoover/channel-gate-encoder-rs already has a lockfile, it will not be regenerated
[INFO] running `Command { std: CARGO_HOME="/workspace/cargo-home" RUSTUP_HOME="/workspace/rustup-home" "/workspace/cargo-home/bin/cargo" "+1.100.0-beta.1" "fetch" "--manifest-path" "Cargo.toml", kill_on_drop: false }`
[INFO] running `Command { std: "docker" "create" "-v" "/var/lib/crater-agent-workspace/builds/worker-2-tc2/source:/opt/rustwide/workdir:ro,Z" "-v" "/var/lib/crater-agent-workspace/builds/worker-2-tc2/target:/opt/rustwide/target:rw,Z" "-v" "/var/lib/crater-agent-workspace/cargo-home:/opt/rustwide/cargo-home:ro,Z" "-v" "/var/lib/crater-agent-workspace/rustup-home:/opt/rustwide/rustup-home:ro,Z" "-m" "1610612736" "--network" "none" "ghcr.io/rust-lang/crates-build-env/linux@sha256:77db811e55d90add9212f6832c23229e3de5f1c1f9905e8cb07319ea15df73ac" "sleep" "infinity", kill_on_drop: false }`
[INFO] [stdout] c9c2b8f85d9ae9376ce737c0c04503d718e962057439190e8c27403438540e26
[INFO] running `Command { std: "docker" "start" "c9c2b8f85d9ae9376ce737c0c04503d718e962057439190e8c27403438540e26", kill_on_drop: false }`
[INFO] running `Command { std: "docker" "inspect" "c9c2b8f85d9ae9376ce737c0c04503d718e962057439190e8c27403438540e26", kill_on_drop: false }`
[INFO] running `Command { std: "docker" "exec" "-e" "SOURCE_DIR=/opt/rustwide/workdir" "-e" "CARGO_HOME=/opt/rustwide/cargo-home" "-e" "RUSTUP_HOME=/opt/rustwide/rustup-home" "-e" "CARGO_TARGET_DIR=/opt/rustwide/target" "-w" "/opt/rustwide/workdir" "--user" "0:0" "c9c2b8f85d9ae9376ce737c0c04503d718e962057439190e8c27403438540e26" "/opt/rustwide/cargo-home/bin/cargo" "+1.100.0-beta.1" "metadata" "--no-deps" "--format-version=1", kill_on_drop: false }`
[INFO] running `Command { std: "docker" "inspect" "c9c2b8f85d9ae9376ce737c0c04503d718e962057439190e8c27403438540e26", kill_on_drop: false }`
[INFO] running `Command { std: "docker" "exec" "-e" "SOURCE_DIR=/opt/rustwide/workdir" "-e" "CARGO_HOME=/opt/rustwide/cargo-home" "-e" "RUSTUP_HOME=/opt/rustwide/rustup-home" "-e" "CARGO_TARGET_DIR=/opt/rustwide/target" "-e" "CARGO_INCREMENTAL=0" "-e" "RUST_BACKTRACE=full" "-e" "RUSTFLAGS=--cap-lints=warn" "-e" "RUSTDOCFLAGS=--cap-lints=warn" "-w" "/opt/rustwide/workdir" "--user" "0:0" "c9c2b8f85d9ae9376ce737c0c04503d718e962057439190e8c27403438540e26" "/opt/rustwide/cargo-home/bin/cargo" "+1.100.0-beta.1" "build" "--frozen" "--message-format=json" "--release", kill_on_drop: false }`
[INFO] [stderr]    Compiling proc-macro2 v1.0.107
[INFO] [stderr]    Compiling unicode-ident v1.0.24
[INFO] [stderr]    Compiling quote v1.0.47
[INFO] [stderr]    Compiling libc v0.2.189
[INFO] [stderr]    Compiling bytes v1.12.1
[INFO] [stderr]    Compiling pin-project-lite v0.2.17
[INFO] [stderr]    Compiling futures-core v0.3.33
[INFO] [stderr]    Compiling anyhow v1.0.104
[INFO] [stderr]    Compiling itoa v1.0.18
[INFO] [stderr]    Compiling once_cell v1.21.4
[INFO] [stderr]    Compiling either v1.17.0
[INFO] [stderr]    Compiling hashbrown v0.17.1
[INFO] [stderr]    Compiling equivalent v1.0.2
[INFO] [stderr]    Compiling futures-sink v0.3.33
[INFO] [stderr]    Compiling slab v0.4.12
[INFO] [stderr]    Compiling rustix v1.1.4
[INFO] [stderr]    Compiling getrandom v0.4.3
[INFO] [stderr]    Compiling regex-syntax v0.8.11
[INFO] [stderr]    Compiling tower-service v0.3.3
[INFO] [stderr]    Compiling prettyplease v0.2.37
[INFO] [stderr]    Compiling bitflags v2.13.1
[INFO] [stderr]    Compiling itertools v0.14.0
[INFO] [stderr]    Compiling serde_core v1.0.229
[INFO] [stderr]    Compiling futures-task v0.3.33
[INFO] [stderr]    Compiling linux-raw-sys v0.12.1
[INFO] [stderr]    Compiling cfg-if v1.0.4
[INFO] [stderr]    Compiling httparse v1.10.1
[INFO] [stderr]    Compiling futures-util v0.3.33
[INFO] [stderr]    Compiling tracing-core v0.1.36
[INFO] [stderr]    Compiling fnv v1.0.7
[INFO] [stderr]    Compiling smallvec v1.15.2
[INFO] [stderr]    Compiling fastrand v2.5.0
[INFO] [stderr]    Compiling atomic-waker v1.1.2
[INFO] [stderr]    Compiling fixedbitset v0.5.7
[INFO] [stderr]    Compiling try-lock v0.2.5
[INFO] [stderr]    Compiling futures-channel v0.3.33
[INFO] [stderr]    Compiling want v0.3.1
[INFO] [stderr]    Compiling indexmap v2.14.0
[INFO] [stderr]    Compiling log v0.4.33
[INFO] [stderr]    Compiling http v1.4.2
[INFO] [stderr]    Compiling sync_wrapper v1.0.2
[INFO] [stderr]    Compiling tower-layer v0.3.3
[INFO] [stderr]    Compiling heck v0.5.0
[INFO] [stderr]    Compiling regex-automata v0.4.16
[INFO] [stderr]    Compiling syn v2.0.119
[INFO] [stderr]    Compiling syn v3.0.3
[INFO] [stderr]    Compiling httpdate v1.0.3
[INFO] [stderr]    Compiling multimap v0.10.1
[INFO] [stderr]    Compiling protoc-bin-vendored-linux-x86_64 v3.2.0
[INFO] [stderr]    Compiling mime v0.3.17
[INFO] [stderr]    Compiling protoc-bin-vendored-macos-x86_64 v3.2.0
[INFO] [stderr]    Compiling protoc-bin-vendored-linux-aarch_64 v3.2.0
[INFO] [stderr]    Compiling protoc-bin-vendored-linux-s390_64 v3.2.0
[INFO] [stderr]    Compiling memchr v2.8.3
[INFO] [stderr]    Compiling errno v0.3.14
[INFO] [stderr]    Compiling socket2 v0.6.5
[INFO] [stderr]    Compiling signal-hook-registry v1.4.8
[INFO] [stderr]    Compiling mio v1.2.2
[INFO] [stderr]    Compiling protoc-bin-vendored-macos-aarch_64 v3.2.0
[INFO] [stderr]    Compiling protoc-bin-vendored-win32 v3.2.0
[INFO] [stderr]    Compiling protoc-bin-vendored-linux-ppcle_64 v3.2.0
[INFO] [stderr]    Compiling protoc-bin-vendored-linux-x86_32 v3.2.0
[INFO] [stderr]    Compiling percent-encoding v2.3.2
[INFO] [stderr]    Compiling protoc-bin-vendored v3.2.0
[INFO] [stderr]    Compiling matchit v0.8.4
[INFO] [stderr]    Compiling zmij v1.0.23
[INFO] [stderr]    Compiling socket2 v0.5.10
[INFO] [stderr]    Compiling serde_json v1.0.151
[INFO] [stderr]    Compiling tempfile v3.27.0
[INFO] [stderr]    Compiling thiserror v2.0.19
[INFO] [stderr]    Compiling petgraph v0.7.1
[INFO] [stderr]    Compiling serde v1.0.229
[INFO] [stderr]    Compiling base64 v0.22.1
[INFO] [stderr]    Compiling http-body v1.1.0
[INFO] [stderr]    Compiling lazy_static v1.5.0
[INFO] [stderr]    Compiling http-body-util v0.1.4
[INFO] [stderr]    Compiling sharded-slab v0.1.7
[INFO] [stderr]    Compiling nu-ansi-term v0.50.3
[INFO] [stderr]    Compiling tracing-log v0.2.0
[INFO] [stderr]    Compiling thread_local v1.1.10
[INFO] [stderr]    Compiling tracing-subscriber v0.3.23
[INFO] [stderr]    Compiling axum-core v0.5.6
[INFO] [stderr]    Compiling regex v1.13.1
[INFO] [stderr]    Compiling async-trait v0.1.91
[INFO] [stderr]    Compiling serde_derive v1.0.229
[INFO] [stderr]    Compiling thiserror-impl v2.0.19
[INFO] [stderr]    Compiling tokio-macros v2.7.1
[INFO] [stderr]    Compiling prost-derive v0.13.5
[INFO] [stderr]    Compiling tracing-attributes v0.1.31
[INFO] [stderr]    Compiling pin-project-internal v1.1.13
[INFO] [stderr]    Compiling doover-macros v0.1.3 (https://github.com/getdoover/doover-rs.git?tag=0.1.3#c8a9f704)
[INFO] [stderr]    Compiling tokio v1.53.1
[INFO] [stderr]    Compiling pin-project v1.1.13
[INFO] [stderr]    Compiling tracing v0.1.44
[INFO] [stderr]    Compiling prost v0.13.5
[INFO] [stderr]    Compiling prost-types v0.13.5
[INFO] [stderr]    Compiling prost-build v0.13.5
[INFO] [stderr]    Compiling tonic-build v0.13.1
[INFO] [stderr]    Compiling doover-proto v0.1.3 (https://github.com/getdoover/doover-rs.git?tag=0.1.3#c8a9f704)
[INFO] [stderr]    Compiling tokio-util v0.7.19
[INFO] [stderr]    Compiling tokio-stream v0.1.19
[INFO] [stderr]    Compiling h2 v0.4.15
[INFO] [stderr]    Compiling tower v0.5.3
[INFO] [stderr]    Compiling axum v0.8.9
[INFO] [stderr]    Compiling hyper v1.11.0
[INFO] [stderr]    Compiling hyper-util v0.1.20
[INFO] [stderr]    Compiling hyper-timeout v0.5.2
[INFO] [stderr]    Compiling tonic v0.13.1
[INFO] [stderr]    Compiling doover v0.1.3 (https://github.com/getdoover/doover-rs.git?tag=0.1.3#c8a9f704)
[INFO] [stderr]    Compiling channel-gate-encoder v0.1.0 (/opt/rustwide/workdir)
[INFO] [stderr]     Finished `release` profile [optimized] target(s) in 1m 56s
[INFO] running `Command { std: "docker" "inspect" "c9c2b8f85d9ae9376ce737c0c04503d718e962057439190e8c27403438540e26", kill_on_drop: false }`
[INFO] running `Command { std: "docker" "exec" "-e" "SOURCE_DIR=/opt/rustwide/workdir" "-e" "CARGO_HOME=/opt/rustwide/cargo-home" "-e" "RUSTUP_HOME=/opt/rustwide/rustup-home" "-e" "CARGO_TARGET_DIR=/opt/rustwide/target" "-e" "CARGO_INCREMENTAL=0" "-e" "RUST_BACKTRACE=full" "-e" "RUSTFLAGS=--cap-lints=warn" "-e" "RUSTDOCFLAGS=--cap-lints=warn" "-w" "/opt/rustwide/workdir" "--user" "0:0" "c9c2b8f85d9ae9376ce737c0c04503d718e962057439190e8c27403438540e26" "/opt/rustwide/cargo-home/bin/cargo" "+1.100.0-beta.1" "test" "--frozen" "--no-run" "--message-format=json" "--release", kill_on_drop: false }`
[INFO] [stderr]    Compiling channel-gate-encoder v0.1.0 (/opt/rustwide/workdir)
[INFO] [stderr]     Finished `release` profile [optimized] target(s) in 1m 50s
[INFO] running `Command { std: "docker" "inspect" "c9c2b8f85d9ae9376ce737c0c04503d718e962057439190e8c27403438540e26", kill_on_drop: false }`
[INFO] running `Command { std: "docker" "exec" "-e" "SOURCE_DIR=/opt/rustwide/workdir" "-e" "CARGO_HOME=/opt/rustwide/cargo-home" "-e" "RUSTUP_HOME=/opt/rustwide/rustup-home" "-e" "CARGO_TARGET_DIR=/opt/rustwide/target" "-e" "CARGO_INCREMENTAL=0" "-e" "RUST_BACKTRACE=full" "-e" "RUSTFLAGS=--cap-lints=warn" "-e" "RUSTDOCFLAGS=--cap-lints=warn" "-w" "/opt/rustwide/workdir" "--user" "0:0" "c9c2b8f85d9ae9376ce737c0c04503d718e962057439190e8c27403438540e26" "/opt/rustwide/cargo-home/bin/cargo" "+1.100.0-beta.1" "test" "--frozen" "--release", kill_on_drop: false }`
[INFO] [stderr]     Finished `release` profile [optimized] target(s) in 0.25s
[INFO] [stderr]      Running unittests src/lib.rs (/opt/rustwide/target/release/build/channel-gate-encoder/a1aba3e7726cc170/out/channel_gate_encoder-a1aba3e7726cc170)
[INFO] [stderr]      Running unittests src/main.rs (/opt/rustwide/target/release/build/channel-gate-encoder/bb0d05a5828e18e5/out/channel_gate_encoder-bb0d05a5828e18e5)
[INFO] [stdout] 
[INFO] [stdout] running 0 tests
[INFO] [stdout] 
[INFO] [stdout] test result: ok. 0 passed; 0 failed; 0 ignored; 0 measured; 0 filtered out; finished in 0.00s
[INFO] [stdout] 
[INFO] [stdout] 
[INFO] [stdout] running 0 tests
[INFO] [stdout] 
[INFO] [stdout] test result: ok. 0 passed; 0 failed; 0 ignored; 0 measured; 0 filtered out; finished in 0.00s
[INFO] [stdout] 
[INFO] [stderr]      Running tests/app_e2e.rs (/opt/rustwide/target/release/build/channel-gate-encoder/389cb63448d257bc/out/app_e2e-389cb63448d257bc)
[INFO] [stdout] 
[INFO] [stdout] running 1 test
[INFO] [stderr] error: test failed, to rerun pass `--test app_e2e`
[INFO] [stdout] test the_real_runner_publishes_position_to_tags_at_the_configured_cadence ... FAILED
[INFO] [stdout] 
[INFO] [stdout] failures:
[INFO] [stdout] 
[INFO] [stdout] ---- the_real_runner_publishes_position_to_tags_at_the_configured_cadence stdout ----
[INFO] [stdout] 
[INFO] [stdout] thread 'the_real_runner_publishes_position_to_tags_at_the_configured_cadence' (1922) panicked at tests/app_e2e.rs:159:5:
[INFO] [stdout] assertion `left == right` failed: direction must not latch after motion ends: [String("stopped"), String("opening")]
[INFO] [stdout]   left: Some("opening")
[INFO] [stdout]  right: Some("stopped")
[INFO] [stdout] stack backtrace:
[INFO] [stdout]    0:     0x5b7f94ebe977 - <unknown>
[INFO] [stdout]    1:     0x5b7f94e0c0da - <unknown>
[INFO] [stdout]    2:     0x5b7f94ebdf2b - <unknown>
[INFO] [stdout]    3:     0x5b7f94ebda0f - <unknown>
[INFO] [stdout]    4:     0x5b7f94ebd63a - <unknown>
[INFO] [stdout]    5:     0x5b7f94ebd175 - <unknown>
[INFO] [stdout]    6:     0x5b7f94ee3ff1 - <unknown>
[INFO] [stdout]    7:     0x5b7f94ee3fa9 - <unknown>
[INFO] [stdout]    8:     0x5b7f94ee44ac - <unknown>
[INFO] [stdout]    9:     0x5b7f94e0bf6b - <unknown>
[INFO] [stdout]   10:     0x5b7f94e0bef0 - <unknown>
[INFO] [stdout]   11:     0x5b7f94c3ebc7 - <unknown>
[INFO] [stdout]   12:     0x5b7f94c7f2e0 - <unknown>
[INFO] [stdout]   13:     0x5b7f94da08cf - <unknown>
[INFO] [stdout]   14:     0x5b7f94f001db - <unknown>
[INFO] [stdout]   15:     0x5b7f94efbc22 - <unknown>
[INFO] [stdout]   16:     0x5b7f94efb68c - <unknown>
[INFO] [stdout]   17:     0x5b7f94f1967c - <unknown>
[INFO] [stdout]   18:     0x5b7f94ee5f94 - <unknown>
[INFO] [stdout]   19:     0x73f3c349adfa - <unknown>
[INFO] [stdout]   20:     0x73f3c352e3d4 - clone
[INFO] [stdout]   21:                0x0 - <unknown>
[INFO] [stdout] 
[INFO] [stdout] 
[INFO] [stdout] failures:
[INFO] [stdout]     the_real_runner_publishes_position_to_tags_at_the_configured_cadence
[INFO] [stdout] 
[INFO] [stdout] test result: FAILED. 0 passed; 1 failed; 0 ignored; 0 measured; 0 filtered out; finished in 2.94s
[INFO] [stdout] 
[INFO] running `Command { std: "docker" "inspect" "c9c2b8f85d9ae9376ce737c0c04503d718e962057439190e8c27403438540e26", kill_on_drop: false }`
[INFO] running `Command { std: "docker" "rm" "-f" "c9c2b8f85d9ae9376ce737c0c04503d718e962057439190e8c27403438540e26", kill_on_drop: false }`
[INFO] [stdout] c9c2b8f85d9ae9376ce737c0c04503d718e962057439190e8c27403438540e26
