[INFO] cloning repository https://github.com/gauravmm/jqi
[INFO] running `Command { std: "git" "-c" "credential.helper=" "-c" "credential.helper=/workspace/cargo-home/bin/git-credential-null" "clone" "--bare" "https://github.com/gauravmm/jqi" "/workspace/cache/git-repos/https%3A%2F%2Fgithub.com%2Fgauravmm%2Fjqi", kill_on_drop: false }`
[INFO] [stderr] Cloning into bare repository '/workspace/cache/git-repos/https%3A%2F%2Fgithub.com%2Fgauravmm%2Fjqi'...
[INFO] running `Command { std: "git" "rev-parse" "HEAD", kill_on_drop: false }`
[INFO] [stdout] 34d1130a970cc4bf0fef6f7447e76627f59e269a
[INFO] testing gauravmm/jqi against 1.100.0-beta.1+cargoflags=--release for beta-release-1.100-3
[INFO] running `Command { std: "git" "clone" "/workspace/cache/git-repos/https%3A%2F%2Fgithub.com%2Fgauravmm%2Fjqi" "/workspace/builds/worker-1-tc2/source", kill_on_drop: false }`
[INFO] [stderr] Cloning into '/workspace/builds/worker-1-tc2/source'...
[INFO] [stderr] done.
[INFO] started tweaking git repo https://github.com/gauravmm/jqi
[INFO] finished tweaking git repo https://github.com/gauravmm/jqi
[INFO] tweaked toml for git repo https://github.com/gauravmm/jqi written to /workspace/builds/worker-1-tc2/source/Cargo.toml
[INFO] validating manifest of git repo https://github.com/gauravmm/jqi on toolchain 1.100.0-beta.1
[INFO] running `Command { std: CARGO_HOME="/workspace/cargo-home" RUSTUP_HOME="/workspace/rustup-home" "/workspace/cargo-home/bin/cargo" "+1.100.0-beta.1" "metadata" "--manifest-path" "Cargo.toml" "--no-deps", kill_on_drop: false }`
[INFO] crate git repo https://github.com/gauravmm/jqi already has a lockfile, it will not be regenerated
[INFO] running `Command { std: CARGO_HOME="/workspace/cargo-home" RUSTUP_HOME="/workspace/rustup-home" "/workspace/cargo-home/bin/cargo" "+1.100.0-beta.1" "fetch" "--manifest-path" "Cargo.toml", kill_on_drop: false }`
[INFO] running `Command { std: "docker" "create" "-v" "/var/lib/crater-agent-workspace/builds/worker-1-tc2/source:/opt/rustwide/workdir:ro,Z" "-v" "/var/lib/crater-agent-workspace/builds/worker-1-tc2/target:/opt/rustwide/target:rw,Z" "-v" "/var/lib/crater-agent-workspace/cargo-home:/opt/rustwide/cargo-home:ro,Z" "-v" "/var/lib/crater-agent-workspace/rustup-home:/opt/rustwide/rustup-home:ro,Z" "-m" "1610612736" "--network" "none" "ghcr.io/rust-lang/crates-build-env/linux@sha256:77db811e55d90add9212f6832c23229e3de5f1c1f9905e8cb07319ea15df73ac" "sleep" "infinity", kill_on_drop: false }`
[INFO] [stdout] 71f8a3ecf01145f04ad83c7b4f9c7c81ba2f0bbdc28b1b94ff8c11f609814a9e
[INFO] running `Command { std: "docker" "start" "71f8a3ecf01145f04ad83c7b4f9c7c81ba2f0bbdc28b1b94ff8c11f609814a9e", kill_on_drop: false }`
[INFO] running `Command { std: "docker" "inspect" "71f8a3ecf01145f04ad83c7b4f9c7c81ba2f0bbdc28b1b94ff8c11f609814a9e", kill_on_drop: false }`
[INFO] running `Command { std: "docker" "exec" "-e" "SOURCE_DIR=/opt/rustwide/workdir" "-e" "CARGO_HOME=/opt/rustwide/cargo-home" "-e" "RUSTUP_HOME=/opt/rustwide/rustup-home" "-e" "CARGO_TARGET_DIR=/opt/rustwide/target" "-w" "/opt/rustwide/workdir" "--user" "0:0" "71f8a3ecf01145f04ad83c7b4f9c7c81ba2f0bbdc28b1b94ff8c11f609814a9e" "/opt/rustwide/cargo-home/bin/cargo" "+1.100.0-beta.1" "metadata" "--no-deps" "--format-version=1", kill_on_drop: false }`
[INFO] running `Command { std: "docker" "inspect" "71f8a3ecf01145f04ad83c7b4f9c7c81ba2f0bbdc28b1b94ff8c11f609814a9e", kill_on_drop: false }`
[INFO] running `Command { std: "docker" "exec" "-e" "SOURCE_DIR=/opt/rustwide/workdir" "-e" "CARGO_HOME=/opt/rustwide/cargo-home" "-e" "RUSTUP_HOME=/opt/rustwide/rustup-home" "-e" "CARGO_TARGET_DIR=/opt/rustwide/target" "-e" "CARGO_INCREMENTAL=0" "-e" "RUST_BACKTRACE=full" "-e" "RUSTFLAGS=--cap-lints=warn" "-e" "RUSTDOCFLAGS=--cap-lints=warn" "-w" "/opt/rustwide/workdir" "--user" "0:0" "71f8a3ecf01145f04ad83c7b4f9c7c81ba2f0bbdc28b1b94ff8c11f609814a9e" "/opt/rustwide/cargo-home/bin/cargo" "+1.100.0-beta.1" "build" "--frozen" "--message-format=json" "--release", kill_on_drop: false }`
[INFO] [stderr]    Compiling proc-macro2 v1.0.106
[INFO] [stderr]    Compiling libc v0.2.183
[INFO] [stderr]    Compiling unicode-ident v1.0.24
[INFO] [stderr]    Compiling quote v1.0.45
[INFO] [stderr]    Compiling zerocopy v0.8.47
[INFO] [stderr]    Compiling cfg-if v1.0.4
[INFO] [stderr]    Compiling serde_core v1.0.228
[INFO] [stderr]    Compiling memchr v2.8.0
[INFO] [stderr]    Compiling utf8parse v0.2.2
[INFO] [stderr]    Compiling zmij v1.0.21
[INFO] [stderr]    Compiling anstyle-query v1.1.5
[INFO] [stderr]    Compiling anstyle v1.0.14
[INFO] [stderr]    Compiling colorchoice v1.0.5
[INFO] [stderr]    Compiling getrandom v0.3.4
[INFO] [stderr]    Compiling is_terminal_polyfill v1.70.2
[INFO] [stderr]    Compiling version_check v0.9.5
[INFO] [stderr]    Compiling regex-syntax v0.8.10
[INFO] [stderr]    Compiling anstyle-parse v1.0.0
[INFO] [stderr]    Compiling serde_json v1.0.149
[INFO] [stderr]    Compiling serde v1.0.228
[INFO] [stderr]    Compiling strsim v0.11.1
[INFO] [stderr]    Compiling anyhow v1.0.102
[INFO] [stderr]    Compiling heck v0.5.0
[INFO] [stderr]    Compiling ahash v0.8.12
[INFO] [stderr]    Compiling clap_lex v1.1.0
[INFO] [stderr]    Compiling once_cell v1.21.4
[INFO] [stderr]    Compiling itoa v1.0.18
[INFO] [stderr]    Compiling anstream v1.0.0
[INFO] [stderr]    Compiling clap_builder v4.6.0
[INFO] [stderr]    Compiling aho-corasick v1.1.4
[INFO] [stderr]    Compiling syn v2.0.117
[INFO] [stderr]    Compiling getrandom v0.2.17
[INFO] [stderr]    Compiling rand_core v0.6.4
[INFO] [stderr]    Compiling regex-automata v0.4.14
[INFO] [stderr]    Compiling serde_derive v1.0.228
[INFO] [stderr]    Compiling clap_derive v4.6.0
[INFO] [stderr]    Compiling clap v4.6.0
[INFO] [stderr]    Compiling ppv-lite86 v0.2.21
[INFO] [stderr]    Compiling regex v1.12.3
[INFO] [stderr]    Compiling rand_chacha v0.3.1
[INFO] [stderr]    Compiling rand v0.8.5
[INFO] [stderr]    Compiling jqi v0.1.2 (/opt/rustwide/workdir)
[INFO] [stderr]     Finished `release` profile [optimized] target(s) in 37.54s
[INFO] running `Command { std: "docker" "inspect" "71f8a3ecf01145f04ad83c7b4f9c7c81ba2f0bbdc28b1b94ff8c11f609814a9e", kill_on_drop: false }`
[INFO] running `Command { std: "docker" "exec" "-e" "SOURCE_DIR=/opt/rustwide/workdir" "-e" "CARGO_HOME=/opt/rustwide/cargo-home" "-e" "RUSTUP_HOME=/opt/rustwide/rustup-home" "-e" "CARGO_TARGET_DIR=/opt/rustwide/target" "-e" "CARGO_INCREMENTAL=0" "-e" "RUST_BACKTRACE=full" "-e" "RUSTFLAGS=--cap-lints=warn" "-e" "RUSTDOCFLAGS=--cap-lints=warn" "-w" "/opt/rustwide/workdir" "--user" "0:0" "71f8a3ecf01145f04ad83c7b4f9c7c81ba2f0bbdc28b1b94ff8c11f609814a9e" "/opt/rustwide/cargo-home/bin/cargo" "+1.100.0-beta.1" "test" "--frozen" "--no-run" "--message-format=json" "--release", kill_on_drop: false }`
[INFO] [stderr]    Compiling jqi v0.1.2 (/opt/rustwide/workdir)
[INFO] [stderr]     Finished `release` profile [optimized] target(s) in 1.31s
[INFO] running `Command { std: "docker" "inspect" "71f8a3ecf01145f04ad83c7b4f9c7c81ba2f0bbdc28b1b94ff8c11f609814a9e", kill_on_drop: false }`
[INFO] running `Command { std: "docker" "exec" "-e" "SOURCE_DIR=/opt/rustwide/workdir" "-e" "CARGO_HOME=/opt/rustwide/cargo-home" "-e" "RUSTUP_HOME=/opt/rustwide/rustup-home" "-e" "CARGO_TARGET_DIR=/opt/rustwide/target" "-e" "CARGO_INCREMENTAL=0" "-e" "RUST_BACKTRACE=full" "-e" "RUSTFLAGS=--cap-lints=warn" "-e" "RUSTDOCFLAGS=--cap-lints=warn" "-w" "/opt/rustwide/workdir" "--user" "0:0" "71f8a3ecf01145f04ad83c7b4f9c7c81ba2f0bbdc28b1b94ff8c11f609814a9e" "/opt/rustwide/cargo-home/bin/cargo" "+1.100.0-beta.1" "test" "--frozen" "--release", kill_on_drop: false }`
[INFO] [stderr]     Finished `release` profile [optimized] target(s) in 0.06s
[INFO] [stderr]      Running unittests src/main.rs (/opt/rustwide/target/release/build/jqi/daba5465a4834e30/out/jqi-daba5465a4834e30)
[INFO] [stdout] 
[INFO] [stderr]      Running tests/integration.rs (/opt/rustwide/target/release/build/jqi/7b54a6bd22fbf049/out/integration-7b54a6bd22fbf049)
[INFO] [stdout] running 0 tests
[INFO] [stdout] 
[INFO] [stdout] test result: ok. 0 passed; 0 failed; 0 ignored; 0 measured; 0 filtered out; finished in 0.00s
[INFO] [stdout] 
[INFO] [stdout] 
[INFO] [stdout] running 24 tests
[INFO] [stdout] test inline_identical_strings_do_not_repeat_as_prefix_and_suffix ... FAILED
[INFO] [stdout] test synthetic_empty ... FAILED
[INFO] [stdout] test json_output_parses ... FAILED
[INFO] [stdout] test synthetic_api_responses ... FAILED
[INFO] [stdout] test external_frasier ... FAILED
[INFO] [stdout] test inline_large_object_with_many_keys ... FAILED
[INFO] [stdout] test inline_large_object_json_output_reports_omitted_fields ... FAILED
[INFO] [stdout] test json_output_single_object ... FAILED
[INFO] [stdout] test inline_long_string_preview_is_capped ... FAILED
[INFO] [stdout] test external_gdp ... FAILED
[INFO] [stdout] test synthetic_large_uniform ... FAILED
[INFO] [stdout] test external_nginx ... FAILED
[INFO] [stdout] test external_nobelprize ... FAILED
[INFO] [stdout] test synthetic_events_multi_type ... FAILED
[INFO] [stdout] test external_tvmaze_frasier ... FAILED
[INFO] [stdout] test synthetic_single_object ... FAILED
[INFO] [stdout] test quiet_mode ... FAILED
[INFO] [stdout] test synthetic_single_value_array ... FAILED
[INFO] [stdout] test external_rickandmorty ... FAILED
[INFO] [stdout] test synthetic_shapes ... FAILED
[INFO] [stdout] test synthetic_mixed_bad ... FAILED
[INFO] [stdout] test synthetic_nested_deep ... FAILED
[INFO] [stdout] test inline_large_object_with_very_long_strings_json ... FAILED
[INFO] [stderr] error: test failed, to rerun pass `--test integration`
[INFO] [stdout] test synthetic_weather_readings ... FAILED
[INFO] [stdout] 
[INFO] [stdout] failures:
[INFO] [stdout] 
[INFO] [stdout] ---- inline_identical_strings_do_not_repeat_as_prefix_and_suffix stdout ----
[INFO] [stdout] 
[INFO] [stdout] thread 'inline_identical_strings_do_not_repeat_as_prefix_and_suffix' (1167) panicked at tests/integration.rs:62:10:
[INFO] [stdout] failed to spawn jqi: Os { code: 2, kind: NotFound, message: "No such file or directory" }
[INFO] [stdout] stack backtrace:
[INFO] [stdout]    0:     0x57563a885701 - <<std[617be2ca0a6fd877]::sys::backtrace::BacktraceLock>::print::DisplayBacktrace as core[a373ad73a504971]::fmt::Display>::fmt
[INFO] [stdout]    1:     0x57563a89a13a - core[a373ad73a504971]::fmt::write
[INFO] [stdout]    2:     0x57563a88998c - <alloc[2e1b2a31b91974c5]::vec::Vec<u8> as core[a373ad73a504971]::io::write::Write>::write_fmt
[INFO] [stdout]    3:     0x57563a8611f6 - std[617be2ca0a6fd877]::panicking::default_hook::{closure#0}
[INFO] [stdout]    4:     0x57563a87dd99 - std[617be2ca0a6fd877]::panicking::default_hook
[INFO] [stdout]    5:     0x57563a819a80 - test[aada8e7e76ba119b]::test_main_inner::{closure#0}
[INFO] [stdout]    6:     0x57563a87df52 - std[617be2ca0a6fd877]::panicking::panic_with_hook
[INFO] [stdout]    7:     0x57563a8612a2 - std[617be2ca0a6fd877]::panicking::panic_handler::{closure#0}
[INFO] [stdout]    8:     0x57563a859fb9 - std[617be2ca0a6fd877]::sys::backtrace::__rust_end_short_backtrace::<std[617be2ca0a6fd877]::panicking::panic_handler::{closure#0}, !>
[INFO] [stdout]    9:     0x57563a861ead - __rustc[ea4f61d10b84890b]::rust_begin_unwind
[INFO] [stdout]   10:     0x57563a89a86c - core[a373ad73a504971]::panicking::panic_fmt
[INFO] [stdout]   11:     0x57563a89a642 - core[a373ad73a504971]::result::unwrap_failed
[INFO] [stdout]   12:     0x57563a7fc54c - integration[fc53b440d869bf61]::run_stdin
[INFO] [stdout]   13:     0x57563a80074b - <integration[fc53b440d869bf61]::inline_identical_strings_do_not_repeat_as_prefix_and_suffix::{closure#0} as core[a373ad73a504971]::ops::function::FnOnce<()>>::call_once
[INFO] [stdout]   14:     0x57563a80cecb - test[aada8e7e76ba119b]::__rust_begin_short_backtrace::<core[a373ad73a504971]::result::Result<(), alloc[2e1b2a31b91974c5]::string::String>, fn() -> core[a373ad73a504971]::result::Result<(), alloc[2e1b2a31b91974c5]::string::String>>
[INFO] [stdout]   15:     0x57563a81a0a5 - test[aada8e7e76ba119b]::run_test::{closure#0}
[INFO] [stdout]   16:     0x57563a813994 - std[617be2ca0a6fd877]::sys::backtrace::__rust_begin_short_backtrace::<test[aada8e7e76ba119b]::run_test::{closure#1}, ()>
[INFO] [stdout]   17:     0x57563a81d132 - <std[617be2ca0a6fd877]::thread::lifecycle::spawn_unchecked<test[aada8e7e76ba119b]::run_test::{closure#1}, ()>::{closure#1} as core[a373ad73a504971]::ops::function::FnOnce<()>>::call_once::{shim:vtable#0}
[INFO] [stdout]   18:     0x57563a884f5f - <std[617be2ca0a6fd877]::sys::thread::unix::Thread>::new::thread_start
[INFO] [stdout]   19:     0x7db6dced7dfa - <unknown>
[INFO] [stdout]   20:     0x7db6dcf6b3d4 - clone
[INFO] [stdout]   21:                0x0 - <unknown>
[INFO] [stdout] 
[INFO] [stdout] ---- synthetic_empty stdout ----
[INFO] [stdout] 
[INFO] [stdout] thread 'synthetic_empty' (1176) panicked at tests/integration.rs:41:10:
[INFO] [stdout] failed to spawn jqi: Os { code: 2, kind: NotFound, message: "No such file or directory" }
[INFO] [stdout] stack backtrace:
[INFO] [stdout]    0:     0x57563a885701 - <<std[617be2ca0a6fd877]::sys::backtrace::BacktraceLock>::print::DisplayBacktrace as core[a373ad73a504971]::fmt::Display>::fmt
[INFO] [stdout]    1:     0x57563a89a13a - core[a373ad73a504971]::fmt::write
[INFO] [stdout]    2:     0x57563a88998c - <alloc[2e1b2a31b91974c5]::vec::Vec<u8> as core[a373ad73a504971]::io::write::Write>::write_fmt
[INFO] [stdout]    3:     0x57563a8611f6 - std[617be2ca0a6fd877]::panicking::default_hook::{closure#0}
[INFO] [stdout]    4:     0x57563a87dd99 - std[617be2ca0a6fd877]::panicking::default_hook
[INFO] [stdout]    5:     0x57563a819a80 - test[aada8e7e76ba119b]::test_main_inner::{closure#0}
[INFO] [stdout]    6:     0x57563a87df52 - std[617be2ca0a6fd877]::panicking::panic_with_hook
[INFO] [stdout]    7:     0x57563a8612a2 - std[617be2ca0a6fd877]::panicking::panic_handler::{closure#0}
[INFO] [stdout]    8:     0x57563a859fb9 - std[617be2ca0a6fd877]::sys::backtrace::__rust_end_short_backtrace::<std[617be2ca0a6fd877]::panicking::panic_handler::{closure#0}, !>
[INFO] [stdout]    9:     0x57563a861ead - __rustc[ea4f61d10b84890b]::rust_begin_unwind
[INFO] [stdout]   10:     0x57563a89a86c - core[a373ad73a504971]::panicking::panic_fmt
[INFO] [stdout]   11:     0x57563a89a642 - core[a373ad73a504971]::result::unwrap_failed
[INFO] [stdout]   12:     0x57563a7fb9af - integration[fc53b440d869bf61]::run_xz_piped
[INFO] [stdout]   13:     0x57563a7fc004 - integration[fc53b440d869bf61]::header
[INFO] [stdout]   14:     0x57563a7fd737 - <integration[fc53b440d869bf61]::synthetic_empty::{closure#0} as core[a373ad73a504971]::ops::function::FnOnce<()>>::call_once
[INFO] [stdout]   15:     0x57563a80cecb - test[aada8e7e76ba119b]::__rust_begin_short_backtrace::<core[a373ad73a504971]::result::Result<(), alloc[2e1b2a31b91974c5]::string::String>, fn() -> core[a373ad73a504971]::result::Result<(), alloc[2e1b2a31b91974c5]::string::String>>
[INFO] [stdout]   16:     0x57563a81a0a5 - test[aada8e7e76ba119b]::run_test::{closure#0}
[INFO] [stdout]   17:     0x57563a813994 - std[617be2ca0a6fd877]::sys::backtrace::__rust_begin_short_backtrace::<test[aada8e7e76ba119b]::run_test::{closure#1}, ()>
[INFO] [stdout]   18:     0x57563a81d132 - <std[617be2ca0a6fd877]::thread::lifecycle::spawn_unchecked<test[aada8e7e76ba119b]::run_test::{closure#1}, ()>::{closure#1} as core[a373ad73a504971]::ops::function::FnOnce<()>>::call_once::{shim:vtable#0}
[INFO] [stdout]   19:     0x57563a884f5f - <std[617be2ca0a6fd877]::sys::thread::unix::Thread>::new::thread_start
[INFO] [stdout]   20:     0x7db6dced7dfa - <unknown>
[INFO] [stdout]   21:     0x7db6dcf6b3d4 - clone
[INFO] [stdout]   22:                0x0 - <unknown>
[INFO] [stdout] 
[INFO] [stdout] ---- json_output_parses stdout ----
[INFO] [stdout] 
[INFO] [stdout] thread 'json_output_parses' (1172) panicked at tests/integration.rs:41:10:
[INFO] [stdout] failed to spawn jqi: Os { code: 2, kind: NotFound, message: "No such file or directory" }
[INFO] [stdout] stack backtrace:
[INFO] [stdout]    0:     0x57563a885701 - <<std[617be2ca0a6fd877]::sys::backtrace::BacktraceLock>::print::DisplayBacktrace as core[a373ad73a504971]::fmt::Display>::fmt
[INFO] [stdout]    1:     0x57563a89a13a - core[a373ad73a504971]::fmt::write
[INFO] [stdout]    2:     0x57563a88998c - <alloc[2e1b2a31b91974c5]::vec::Vec<u8> as core[a373ad73a504971]::io::write::Write>::write_fmt
[INFO] [stdout]    3:     0x57563a8611f6 - std[617be2ca0a6fd877]::panicking::default_hook::{closure#0}
[INFO] [stdout]    4:     0x57563a87dd99 - std[617be2ca0a6fd877]::panicking::default_hook
[INFO] [stdout]    5:     0x57563a819a80 - test[aada8e7e76ba119b]::test_main_inner::{closure#0}
[INFO] [stdout]    6:     0x57563a87df52 - std[617be2ca0a6fd877]::panicking::panic_with_hook
[INFO] [stdout]    7:     0x57563a8612a2 - std[617be2ca0a6fd877]::panicking::panic_handler::{closure#0}
[INFO] [stdout]    8:     0x57563a859fb9 - std[617be2ca0a6fd877]::sys::backtrace::__rust_end_short_backtrace::<std[617be2ca0a6fd877]::panicking::panic_handler::{closure#0}, !>
[INFO] [stdout]    9:     0x57563a861ead - __rustc[ea4f61d10b84890b]::rust_begin_unwind
[INFO] [stdout]   10:     0x57563a89a86c - core[a373ad73a504971]::panicking::panic_fmt
[INFO] [stdout]   11:     0x57563a89a642 - core[a373ad73a504971]::result::unwrap_failed
[INFO] [stdout]   12:     0x57563a7fb9af - integration[fc53b440d869bf61]::run_xz_piped
[INFO] [stdout]   13:     0x57563a7fda69 - <integration[fc53b440d869bf61]::json_output_parses::{closure#0} as core[a373ad73a504971]::ops::function::FnOnce<()>>::call_once
[INFO] [stdout]   14:     0x57563a80cecb - test[aada8e7e76ba119b]::__rust_begin_short_backtrace::<core[a373ad73a504971]::result::Result<(), alloc[2e1b2a31b91974c5]::string::String>, fn() -> core[a373ad73a504971]::result::Result<(), alloc[2e1b2a31b91974c5]::string::String>>
[INFO] [stdout]   15:     0x57563a81a0a5 - test[aada8e7e76ba119b]::run_test::{closure#0}
[INFO] [stdout]   16:     0x57563a813994 - std[617be2ca0a6fd877]::sys::backtrace::__rust_begin_short_backtrace::<test[aada8e7e76ba119b]::run_test::{closure#1}, ()>
[INFO] [stdout]   17:     0x57563a81d132 - <std[617be2ca0a6fd877]::thread::lifecycle::spawn_unchecked<test[aada8e7e76ba119b]::run_test::{closure#1}, ()>::{closure#1} as core[a373ad73a504971]::ops::function::FnOnce<()>>::call_once::{shim:vtable#0}
[INFO] [stdout]   18:     0x57563a884f5f - <std[617be2ca0a6fd877]::sys::thread::unix::Thread>::new::thread_start
[INFO] [stdout]   19:     0x7db6dced7dfa - <unknown>
[INFO] [stdout]   20:     0x7db6dcf6b3d4 - clone
[INFO] [stdout]   21:                0x0 - <unknown>
[INFO] [stdout] 
[INFO] [stdout] ---- synthetic_api_responses stdout ----
[INFO] [stdout] 
[INFO] [stdout] thread 'synthetic_api_responses' (1175) panicked at tests/integration.rs:41:10:
[INFO] [stdout] failed to spawn jqi: Os { code: 2, kind: NotFound, message: "No such file or directory" }
[INFO] [stdout] stack backtrace:
[INFO] [stdout]    0:     0x57563a885701 - <<std[617be2ca0a6fd877]::sys::backtrace::BacktraceLock>::print::DisplayBacktrace as core[a373ad73a504971]::fmt::Display>::fmt
[INFO] [stdout]    1:     0x57563a89a13a - core[a373ad73a504971]::fmt::write
[INFO] [stdout]    2:     0x57563a88998c - <alloc[2e1b2a31b91974c5]::vec::Vec<u8> as core[a373ad73a504971]::io::write::Write>::write_fmt
[INFO] [stdout]    3:     0x57563a8611f6 - std[617be2ca0a6fd877]::panicking::default_hook::{closure#0}
[INFO] [stdout]    4:     0x57563a87dd99 - std[617be2ca0a6fd877]::panicking::default_hook
[INFO] [stdout]    5:     0x57563a819a80 - test[aada8e7e76ba119b]::test_main_inner::{closure#0}
[INFO] [stdout]    6:     0x57563a87df52 - std[617be2ca0a6fd877]::panicking::panic_with_hook
[INFO] [stdout]    7:     0x57563a8612a2 - std[617be2ca0a6fd877]::panicking::panic_handler::{closure#0}
[INFO] [stdout]    8:     0x57563a859fb9 - std[617be2ca0a6fd877]::sys::backtrace::__rust_end_short_backtrace::<std[617be2ca0a6fd877]::panicking::panic_handler::{closure#0}, !>
[INFO] [stdout]    9:     0x57563a861ead - __rustc[ea4f61d10b84890b]::rust_begin_unwind
[INFO] [stdout]   10:     0x57563a89a86c - core[a373ad73a504971]::panicking::panic_fmt
[INFO] [stdout]   11:     0x57563a89a642 - core[a373ad73a504971]::result::unwrap_failed
[INFO] [stdout]   12:     0x57563a7fb9af - integration[fc53b440d869bf61]::run_xz_piped
[INFO] [stdout]   13:     0x57563a7fc004 - integration[fc53b440d869bf61]::header
[INFO] [stdout]   14:     0x57563a7fe287 - <integration[fc53b440d869bf61]::synthetic_api_responses::{closure#0} as core[a373ad73a504971]::ops::function::FnOnce<()>>::call_once
[INFO] [stdout]   15:     0x57563a80cecb - test[aada8e7e76ba119b]::__rust_begin_short_backtrace::<core[a373ad73a504971]::result::Result<(), alloc[2e1b2a31b91974c5]::string::String>, fn() -> core[a373ad73a504971]::result::Result<(), alloc[2e1b2a31b91974c5]::string::String>>
[INFO] [stdout]   16:     0x57563a81a0a5 - test[aada8e7e76ba119b]::run_test::{closure#0}
[INFO] [stdout]   17:     0x57563a813994 - std[617be2ca0a6fd877]::sys::backtrace::__rust_begin_short_backtrace::<test[aada8e7e76ba119b]::run_test::{closure#1}, ()>
[INFO] [stdout]   18:     0x57563a81d132 - <std[617be2ca0a6fd877]::thread::lifecycle::spawn_unchecked<test[aada8e7e76ba119b]::run_test::{closure#1}, ()>::{closure#1} as core[a373ad73a504971]::ops::function::FnOnce<()>>::call_once::{shim:vtable#0}
[INFO] [stdout]   19:     0x57563a884f5f - <std[617be2ca0a6fd877]::sys::thread::unix::Thread>::new::thread_start
[INFO] [stdout]   20:     0x7db6dced7dfa - <unknown>
[INFO] [stdout]   21:     0x7db6dcf6b3d4 - clone
[INFO] [stdout]   22:                0x0 - <unknown>
[INFO] [stdout] 
[INFO] [stdout] ---- external_frasier stdout ----
[INFO] [stdout] 
[INFO] [stdout] thread 'external_frasier' (1161) panicked at tests/integration.rs:41:10:
[INFO] [stdout] failed to spawn jqi: Os { code: 2, kind: NotFound, message: "No such file or directory" }
[INFO] [stdout] stack backtrace:
[INFO] [stdout]    0:     0x57563a885701 - <<std[617be2ca0a6fd877]::sys::backtrace::BacktraceLock>::print::DisplayBacktrace as core[a373ad73a504971]::fmt::Display>::fmt
[INFO] [stdout]    1:     0x57563a89a13a - core[a373ad73a504971]::fmt::write
[INFO] [stdout]    2:     0x57563a88998c - <alloc[2e1b2a31b91974c5]::vec::Vec<u8> as core[a373ad73a504971]::io::write::Write>::write_fmt
[INFO] [stdout]    3:     0x57563a8611f6 - std[617be2ca0a6fd877]::panicking::default_hook::{closure#0}
[INFO] [stdout]    4:     0x57563a87dd99 - std[617be2ca0a6fd877]::panicking::default_hook
[INFO] [stdout]    5:     0x57563a819a80 - test[aada8e7e76ba119b]::test_main_inner::{closure#0}
[INFO] [stdout]    6:     0x57563a87df52 - std[617be2ca0a6fd877]::panicking::panic_with_hook
[INFO] [stdout]    7:     0x57563a8612a2 - std[617be2ca0a6fd877]::panicking::panic_handler::{closure#0}
[INFO] [stdout]    8:     0x57563a859fb9 - std[617be2ca0a6fd877]::sys::backtrace::__rust_end_short_backtrace::<std[617be2ca0a6fd877]::panicking::panic_handler::{closure#0}, !>
[INFO] [stdout]    9:     0x57563a861ead - __rustc[ea4f61d10b84890b]::rust_begin_unwind
[INFO] [stdout]   10:     0x57563a89a86c - core[a373ad73a504971]::panicking::panic_fmt
[INFO] [stdout]   11:     0x57563a89a642 - core[a373ad73a504971]::result::unwrap_failed
[INFO] [stdout]   12:     0x57563a7fb9af - integration[fc53b440d869bf61]::run_xz_piped
[INFO] [stdout]   13:     0x57563a7fbcdc - integration[fc53b440d869bf61]::header_with_args
[INFO] [stdout]   14:     0x57563a7fd84f - <integration[fc53b440d869bf61]::external_frasier::{closure#0} as core[a373ad73a504971]::ops::function::FnOnce<()>>::call_once
[INFO] [stdout]   15:     0x57563a80cecb - test[aada8e7e76ba119b]::__rust_begin_short_backtrace::<core[a373ad73a504971]::result::Result<(), alloc[2e1b2a31b91974c5]::string::String>, fn() -> core[a373ad73a504971]::result::Result<(), alloc[2e1b2a31b91974c5]::string::String>>
[INFO] [stdout]   16:     0x57563a81a0a5 - test[aada8e7e76ba119b]::run_test::{closure#0}
[INFO] [stdout]   17:     0x57563a813994 - std[617be2ca0a6fd877]::sys::backtrace::__rust_begin_short_backtrace::<test[aada8e7e76ba119b]::run_test::{closure#1}, ()>
[INFO] [stdout]   18:     0x57563a81d132 - <std[617be2ca0a6fd877]::thread::lifecycle::spawn_unchecked<test[aada8e7e76ba119b]::run_test::{closure#1}, ()>::{closure#1} as core[a373ad73a504971]::ops::function::FnOnce<()>>::call_once::{shim:vtable#0}
[INFO] [stdout]   19:     0x57563a884f5f - <std[617be2ca0a6fd877]::sys::thread::unix::Thread>::new::thread_start
[INFO] [stdout]   20:     0x7db6dced7dfa - <unknown>
[INFO] [stdout]   21:     0x7db6dcf6b3d4 - clone
[INFO] [stdout]   22:                0x0 - <unknown>
[INFO] [stdout] 
[INFO] [stdout] ---- inline_large_object_with_many_keys stdout ----
[INFO] [stdout] 
[INFO] [stdout] thread 'inline_large_object_with_many_keys' (1169) panicked at tests/integration.rs:62:10:
[INFO] [stdout] failed to spawn jqi: Os { code: 2, kind: NotFound, message: "No such file or directory" }
[INFO] [stdout] stack backtrace:
[INFO] [stdout]    0:     0x57563a885701 - <<std[617be2ca0a6fd877]::sys::backtrace::BacktraceLock>::print::DisplayBacktrace as core[a373ad73a504971]::fmt::Display>::fmt
[INFO] [stdout]    1:     0x57563a89a13a - core[a373ad73a504971]::fmt::write
[INFO] [stdout]    2:     0x57563a88998c - <alloc[2e1b2a31b91974c5]::vec::Vec<u8> as core[a373ad73a504971]::io::write::Write>::write_fmt
[INFO] [stdout]    3:     0x57563a8611f6 - std[617be2ca0a6fd877]::panicking::default_hook::{closure#0}
[INFO] [stdout]    4:     0x57563a87dd99 - std[617be2ca0a6fd877]::panicking::default_hook
[INFO] [stdout]    5:     0x57563a819a80 - test[aada8e7e76ba119b]::test_main_inner::{closure#0}
[INFO] [stdout]    6:     0x57563a87df52 - std[617be2ca0a6fd877]::panicking::panic_with_hook
[INFO] [stdout]    7:     0x57563a8612a2 - std[617be2ca0a6fd877]::panicking::panic_handler::{closure#0}
[INFO] [stdout]    8:     0x57563a859fb9 - std[617be2ca0a6fd877]::sys::backtrace::__rust_end_short_backtrace::<std[617be2ca0a6fd877]::panicking::panic_handler::{closure#0}, !>
[INFO] [stdout]    9:     0x57563a861ead - __rustc[ea4f61d10b84890b]::rust_begin_unwind
[INFO] [stdout]   10:     0x57563a89a86c - core[a373ad73a504971]::panicking::panic_fmt
[INFO] [stdout]   11:     0x57563a89a642 - core[a373ad73a504971]::result::unwrap_failed
[INFO] [stdout]   12:     0x57563a7fc54c - integration[fc53b440d869bf61]::run_stdin
[INFO] [stdout]   13:     0x57563a7fedea - <integration[fc53b440d869bf61]::inline_large_object_with_many_keys::{closure#0} as core[a373ad73a504971]::ops::function::FnOnce<()>>::call_once
[INFO] [stdout]   14:     0x57563a80cecb - test[aada8e7e76ba119b]::__rust_begin_short_backtrace::<core[a373ad73a504971]::result::Result<(), alloc[2e1b2a31b91974c5]::string::String>, fn() -> core[a373ad73a504971]::result::Result<(), alloc[2e1b2a31b91974c5]::string::String>>
[INFO] [stdout]   15:     0x57563a81a0a5 - test[aada8e7e76ba119b]::run_test::{closure#0}
[INFO] [stdout]   16:     0x57563a813994 - std[617be2ca0a6fd877]::sys::backtrace::__rust_begin_short_backtrace::<test[aada8e7e76ba119b]::run_test::{closure#1}, ()>
[INFO] [stdout]   17:     0x57563a81d132 - <std[617be2ca0a6fd877]::thread::lifecycle::spawn_unchecked<test[aada8e7e76ba119b]::run_test::{closure#1}, ()>::{closure#1} as core[a373ad73a504971]::ops::function::FnOnce<()>>::call_once::{shim:vtable#0}
[INFO] [stdout]   18:     0x57563a884f5f - <std[617be2ca0a6fd877]::sys::thread::unix::Thread>::new::thread_start
[INFO] [stdout]   19:     0x7db6dced7dfa - <unknown>
[INFO] [stdout]   20:     0x7db6dcf6b3d4 - clone
[INFO] [stdout]   21:                0x0 - <unknown>
[INFO] [stdout] 
[INFO] [stdout] ---- inline_large_object_json_output_reports_omitted_fields stdout ----
[INFO] [stdout] 
[INFO] [stdout] thread 'inline_large_object_json_output_reports_omitted_fields' (1168) panicked at tests/integration.rs:62:10:
[INFO] [stdout] failed to spawn jqi: Os { code: 2, kind: NotFound, message: "No such file or directory" }
[INFO] [stdout] stack backtrace:
[INFO] [stdout]    0:     0x57563a885701 - <<std[617be2ca0a6fd877]::sys::backtrace::BacktraceLock>::print::DisplayBacktrace as core[a373ad73a504971]::fmt::Display>::fmt
[INFO] [stdout]    1:     0x57563a89a13a - core[a373ad73a504971]::fmt::write
[INFO] [stdout]    2:     0x57563a88998c - <alloc[2e1b2a31b91974c5]::vec::Vec<u8> as core[a373ad73a504971]::io::write::Write>::write_fmt
[INFO] [stdout]    3:     0x57563a8611f6 - std[617be2ca0a6fd877]::panicking::default_hook::{closure#0}
[INFO] [stdout]    4:     0x57563a87dd99 - std[617be2ca0a6fd877]::panicking::default_hook
[INFO] [stdout]    5:     0x57563a819a80 - test[aada8e7e76ba119b]::test_main_inner::{closure#0}
[INFO] [stdout]    6:     0x57563a87df52 - std[617be2ca0a6fd877]::panicking::panic_with_hook
[INFO] [stdout]    7:     0x57563a8612a2 - std[617be2ca0a6fd877]::panicking::panic_handler::{closure#0}
[INFO] [stdout]    8:     0x57563a859fb9 - std[617be2ca0a6fd877]::sys::backtrace::__rust_end_short_backtrace::<std[617be2ca0a6fd877]::panicking::panic_handler::{closure#0}, !>
[INFO] [stdout]    9:     0x57563a861ead - __rustc[ea4f61d10b84890b]::rust_begin_unwind
[INFO] [stdout]   10:     0x57563a89a86c - core[a373ad73a504971]::panicking::panic_fmt
[INFO] [stdout]   11:     0x57563a89a642 - core[a373ad73a504971]::result::unwrap_failed
[INFO] [stdout]   12:     0x57563a7fc54c - integration[fc53b440d869bf61]::run_stdin
[INFO] [stdout]   13:     0x57563a8003dc - <integration[fc53b440d869bf61]::inline_large_object_json_output_reports_omitted_fields::{closure#0} as core[a373ad73a504971]::ops::function::FnOnce<()>>::call_once
[INFO] [stdout]   14:     0x57563a80cecb - test[aada8e7e76ba119b]::__rust_begin_short_backtrace::<core[a373ad73a504971]::result::Result<(), alloc[2e1b2a31b91974c5]::string::String>, fn() -> core[a373ad73a504971]::result::Result<(), alloc[2e1b2a31b91974c5]::string::String>>
[INFO] [stdout]   15:     0x57563a81a0a5 - test[aada8e7e76ba119b]::run_test::{closure#0}
[INFO] [stdout]   16:     0x57563a813994 - std[617be2ca0a6fd877]::sys::backtrace::__rust_begin_short_backtrace::<test[aada8e7e76ba119b]::run_test::{closure#1}, ()>
[INFO] [stdout]   17:     0x57563a81d132 - <std[617be2ca0a6fd877]::thread::lifecycle::spawn_unchecked<test[aada8e7e76ba119b]::run_test::{closure#1}, ()>::{closure#1} as core[a373ad73a504971]::ops::function::FnOnce<()>>::call_once::{shim:vtable#0}
[INFO] [stdout]   18:     0x57563a884f5f - <std[617be2ca0a6fd877]::sys::thread::unix::Thread>::new::thread_start
[INFO] [stdout]   19:     0x7db6dced7dfa - <unknown>
[INFO] [stdout]   20:     0x7db6dcf6b3d4 - clone
[INFO] [stdout]   21:                0x0 - <unknown>
[INFO] [stdout] 
[INFO] [stdout] ---- json_output_single_object stdout ----
[INFO] [stdout] 
[INFO] [stdout] thread 'json_output_single_object' (1173) panicked at tests/integration.rs:41:10:
[INFO] [stdout] failed to spawn jqi: Os { code: 2, kind: NotFound, message: "No such file or directory" }
[INFO] [stdout] stack backtrace:
[INFO] [stdout]    0:     0x57563a885701 - <<std[617be2ca0a6fd877]::sys::backtrace::BacktraceLock>::print::DisplayBacktrace as core[a373ad73a504971]::fmt::Display>::fmt
[INFO] [stdout]    1:     0x57563a89a13a - core[a373ad73a504971]::fmt::write
[INFO] [stdout]    2:     0x57563a88998c - <alloc[2e1b2a31b91974c5]::vec::Vec<u8> as core[a373ad73a504971]::io::write::Write>::write_fmt
[INFO] [stdout]    3:     0x57563a8611f6 - std[617be2ca0a6fd877]::panicking::default_hook::{closure#0}
[INFO] [stdout]    4:     0x57563a87dd99 - std[617be2ca0a6fd877]::panicking::default_hook
[INFO] [stdout]    5:     0x57563a819a80 - test[aada8e7e76ba119b]::test_main_inner::{closure#0}
[INFO] [stdout]    6:     0x57563a87df52 - std[617be2ca0a6fd877]::panicking::panic_with_hook
[INFO] [stdout]    7:     0x57563a8612a2 - std[617be2ca0a6fd877]::panicking::panic_handler::{closure#0}
[INFO] [stdout]    8:     0x57563a859fb9 - std[617be2ca0a6fd877]::sys::backtrace::__rust_end_short_backtrace::<std[617be2ca0a6fd877]::panicking::panic_handler::{closure#0}, !>
[INFO] [stdout]    9:     0x57563a861ead - __rustc[ea4f61d10b84890b]::rust_begin_unwind
[INFO] [stdout]   10:     0x57563a89a86c - core[a373ad73a504971]::panicking::panic_fmt
[INFO] [stdout]   11:     0x57563a89a642 - core[a373ad73a504971]::result::unwrap_failed
[INFO] [stdout]   12:     0x57563a7fb9af - integration[fc53b440d869bf61]::run_xz_piped
[INFO] [stdout]   13:     0x57563a7fe5b9 - <integration[fc53b440d869bf61]::json_output_single_object::{closure#0} as core[a373ad73a504971]::ops::function::FnOnce<()>>::call_once
[INFO] [stdout]   14:     0x57563a80cecb - test[aada8e7e76ba119b]::__rust_begin_short_backtrace::<core[a373ad73a504971]::result::Result<(), alloc[2e1b2a31b91974c5]::string::String>, fn() -> core[a373ad73a504971]::result::Result<(), alloc[2e1b2a31b91974c5]::string::String>>
[INFO] [stdout]   15:     0x57563a81a0a5 - test[aada8e7e76ba119b]::run_test::{closure#0}
[INFO] [stdout]   16:     0x57563a813994 - std[617be2ca0a6fd877]::sys::backtrace::__rust_begin_short_backtrace::<test[aada8e7e76ba119b]::run_test::{closure#1}, ()>
[INFO] [stdout]   17:     0x57563a81d132 - <std[617be2ca0a6fd877]::thread::lifecycle::spawn_unchecked<test[aada8e7e76ba119b]::run_test::{closure#1}, ()>::{closure#1} as core[a373ad73a504971]::ops::function::FnOnce<()>>::call_once::{shim:vtable#0}
[INFO] [stdout]   18:     0x57563a884f5f - <std[617be2ca0a6fd877]::sys::thread::unix::Thread>::new::thread_start
[INFO] [stdout]   19:     0x7db6dced7dfa - <unknown>
[INFO] [stdout]   20:     0x7db6dcf6b3d4 - clone
[INFO] [stdout]   21:                0x0 - <unknown>
[INFO] [stdout] 
[INFO] [stdout] ---- inline_long_string_preview_is_capped stdout ----
[INFO] [stdout] 
[INFO] [stdout] thread 'inline_long_string_preview_is_capped' (1171) panicked at tests/integration.rs:62:10:
[INFO] [stdout] failed to spawn jqi: Os { code: 2, kind: NotFound, message: "No such file or directory" }
[INFO] [stdout] stack backtrace:
[INFO] [stdout]    0:     0x57563a885701 - <<std[617be2ca0a6fd877]::sys::backtrace::BacktraceLock>::print::DisplayBacktrace as core[a373ad73a504971]::fmt::Display>::fmt
[INFO] [stdout]    1:     0x57563a89a13a - core[a373ad73a504971]::fmt::write
[INFO] [stdout]    2:     0x57563a88998c - <alloc[2e1b2a31b91974c5]::vec::Vec<u8> as core[a373ad73a504971]::io::write::Write>::write_fmt
[INFO] [stdout]    3:     0x57563a8611f6 - std[617be2ca0a6fd877]::panicking::default_hook::{closure#0}
[INFO] [stdout]    4:     0x57563a87dd99 - std[617be2ca0a6fd877]::panicking::default_hook
[INFO] [stdout]    5:     0x57563a819a80 - test[aada8e7e76ba119b]::test_main_inner::{closure#0}
[INFO] [stdout]    6:     0x57563a87df52 - std[617be2ca0a6fd877]::panicking::panic_with_hook
[INFO] [stdout]    7:     0x57563a8612a2 - std[617be2ca0a6fd877]::panicking::panic_handler::{closure#0}
[INFO] [stdout]    8:     0x57563a859fb9 - std[617be2ca0a6fd877]::sys::backtrace::__rust_end_short_backtrace::<std[617be2ca0a6fd877]::panicking::panic_handler::{closure#0}, !>
[INFO] [stdout]    9:     0x57563a861ead - __rustc[ea4f61d10b84890b]::rust_begin_unwind
[INFO] [stdout]   10:     0x57563a89a86c - core[a373ad73a504971]::panicking::panic_fmt
[INFO] [stdout]   11:     0x57563a89a642 - core[a373ad73a504971]::result::unwrap_failed
[INFO] [stdout]   12:     0x57563a7fc54c - integration[fc53b440d869bf61]::run_stdin
[INFO] [stdout]   13:     0x57563a7ff37e - <integration[fc53b440d869bf61]::inline_long_string_preview_is_capped::{closure#0} as core[a373ad73a504971]::ops::function::FnOnce<()>>::call_once
[INFO] [stdout]   14:     0x57563a80cecb - test[aada8e7e76ba119b]::__rust_begin_short_backtrace::<core[a373ad73a504971]::result::Result<(), alloc[2e1b2a31b91974c5]::string::String>, fn() -> core[a373ad73a504971]::result::Result<(), alloc[2e1b2a31b91974c5]::string::String>>
[INFO] [stdout]   15:     0x57563a81a0a5 - test[aada8e7e76ba119b]::run_test::{closure#0}
[INFO] [stdout]   16:     0x57563a813994 - std[617be2ca0a6fd877]::sys::backtrace::__rust_begin_short_backtrace::<test[aada8e7e76ba119b]::run_test::{closure#1}, ()>
[INFO] [stdout]   17:     0x57563a81d132 - <std[617be2ca0a6fd877]::thread::lifecycle::spawn_unchecked<test[aada8e7e76ba119b]::run_test::{closure#1}, ()>::{closure#1} as core[a373ad73a504971]::ops::function::FnOnce<()>>::call_once::{shim:vtable#0}
[INFO] [stdout]   18:     0x57563a884f5f - <std[617be2ca0a6fd877]::sys::thread::unix::Thread>::new::thread_start
[INFO] [stdout]   19:     0x7db6dced7dfa - <unknown>
[INFO] [stdout]   20:     0x7db6dcf6b3d4 - clone
[INFO] [stdout]   21:                0x0 - <unknown>
[INFO] [stdout] 
[INFO] [stdout] ---- external_gdp stdout ----
[INFO] [stdout] 
[INFO] [stdout] thread 'external_gdp' (1162) panicked at tests/integration.rs:41:10:
[INFO] [stdout] failed to spawn jqi: Os { code: 2, kind: NotFound, message: "No such file or directory" }
[INFO] [stdout] stack backtrace:
[INFO] [stdout]    0:     0x57563a885701 - <<std[617be2ca0a6fd877]::sys::backtrace::BacktraceLock>::print::DisplayBacktrace as core[a373ad73a504971]::fmt::Display>::fmt
[INFO] [stdout]    1:     0x57563a89a13a - core[a373ad73a504971]::fmt::write
[INFO] [stdout]    2:     0x57563a88998c - <alloc[2e1b2a31b91974c5]::vec::Vec<u8> as core[a373ad73a504971]::io::write::Write>::write_fmt
[INFO] [stdout]    3:     0x57563a8611f6 - std[617be2ca0a6fd877]::panicking::default_hook::{closure#0}
[INFO] [stdout]    4:     0x57563a87dd99 - std[617be2ca0a6fd877]::panicking::default_hook
[INFO] [stdout]    5:     0x57563a819a80 - test[aada8e7e76ba119b]::test_main_inner::{closure#0}
[INFO] [stdout]    6:     0x57563a87df52 - std[617be2ca0a6fd877]::panicking::panic_with_hook
[INFO] [stdout]    7:     0x57563a8612a2 - std[617be2ca0a6fd877]::panicking::panic_handler::{closure#0}
[INFO] [stdout]    8:     0x57563a859fb9 - std[617be2ca0a6fd877]::sys::backtrace::__rust_end_short_backtrace::<std[617be2ca0a6fd877]::panicking::panic_handler::{closure#0}, !>
[INFO] [stdout]    9:     0x57563a861ead - __rustc[ea4f61d10b84890b]::rust_begin_unwind
[INFO] [stdout]   10:     0x57563a89a86c - core[a373ad73a504971]::panicking::panic_fmt
[INFO] [stdout]   11:     0x57563a89a642 - core[a373ad73a504971]::result::unwrap_failed
[INFO] [stdout]   12:     0x57563a7fb9af - integration[fc53b440d869bf61]::run_xz_piped
[INFO] [stdout]   13:     0x57563a7fbcdc - integration[fc53b440d869bf61]::header_with_args
[INFO] [stdout]   14:     0x57563a7fd524 - <integration[fc53b440d869bf61]::external_gdp::{closure#0} as core[a373ad73a504971]::ops::function::FnOnce<()>>::call_once
[INFO] [stdout]   15:     0x57563a80cecb - test[aada8e7e76ba119b]::__rust_begin_short_backtrace::<core[a373ad73a504971]::result::Result<(), alloc[2e1b2a31b91974c5]::string::String>, fn() -> core[a373ad73a504971]::result::Result<(), alloc[2e1b2a31b91974c5]::string::String>>
[INFO] [stdout]   16:     0x57563a81a0a5 - test[aada8e7e76ba119b]::run_test::{closure#0}
[INFO] [stdout]   17:     0x57563a813994 - std[617be2ca0a6fd877]::sys::backtrace::__rust_begin_short_backtrace::<test[aada8e7e76ba119b]::run_test::{closure#1}, ()>
[INFO] [stdout]   18:     0x57563a81d132 - <std[617be2ca0a6fd877]::thread::lifecycle::spawn_unchecked<test[aada8e7e76ba119b]::run_test::{closure#1}, ()>::{closure#1} as core[a373ad73a504971]::ops::function::FnOnce<()>>::call_once::{shim:vtable#0}
[INFO] [stdout]   19:     0x57563a884f5f - <std[617be2ca0a6fd877]::sys::thread::unix::Thread>::new::thread_start
[INFO] [stdout]   20:     0x7db6dced7dfa - <unknown>
[INFO] [stdout]   21:     0x7db6dcf6b3d4 - clone
[INFO] [stdout]   22:                0x0 - <unknown>
[INFO] [stdout] 
[INFO] [stdout] ---- synthetic_large_uniform stdout ----
[INFO] [stdout] 
[INFO] [stdout] thread 'synthetic_large_uniform' (1201) panicked at tests/integration.rs:41:10:
[INFO] [stdout] failed to spawn jqi: Os { code: 2, kind: NotFound, message: "No such file or directory" }
[INFO] [stdout] stack backtrace:
[INFO] [stdout]    0:     0x57563a885701 - <<std[617be2ca0a6fd877]::sys::backtrace::BacktraceLock>::print::DisplayBacktrace as core[a373ad73a504971]::fmt::Display>::fmt
[INFO] [stdout]    1:     0x57563a89a13a - core[a373ad73a504971]::fmt::write
[INFO] [stdout]    2:     0x57563a88998c - <alloc[2e1b2a31b91974c5]::vec::Vec<u8> as core[a373ad73a504971]::io::write::Write>::write_fmt
[INFO] [stdout]    3:     0x57563a8611f6 - std[617be2ca0a6fd877]::panicking::default_hook::{closure#0}
[INFO] [stdout]    4:     0x57563a87dd99 - std[617be2ca0a6fd877]::panicking::default_hook
[INFO] [stdout]    5:     0x57563a819a80 - test[aada8e7e76ba119b]::test_main_inner::{closure#0}
[INFO] [stdout]    6:     0x57563a87df52 - std[617be2ca0a6fd877]::panicking::panic_with_hook
[INFO] [stdout]    7:     0x57563a8612a2 - std[617be2ca0a6fd877]::panicking::panic_handler::{closure#0}
[INFO] [stdout]    8:     0x57563a859fb9 - std[617be2ca0a6fd877]::sys::backtrace::__rust_end_short_backtrace::<std[617be2ca0a6fd877]::panicking::panic_handler::{closure#0}, !>
[INFO] [stdout]    9:     0x57563a861ead - __rustc[ea4f61d10b84890b]::rust_begin_unwind
[INFO] [stdout]   10:     0x57563a89a86c - core[a373ad73a504971]::panicking::panic_fmt
[INFO] [stdout]   11:     0x57563a89a642 - core[a373ad73a504971]::result::unwrap_failed
[INFO] [stdout]   12:     0x57563a7fb9af - integration[fc53b440d869bf61]::run_xz_piped
[INFO] [stdout]   13:     0x57563a7fc004 - integration[fc53b440d869bf61]::header
[INFO] [stdout]   14:     0x57563a7fe387 - <integration[fc53b440d869bf61]::synthetic_large_uniform::{closure#0} as core[a373ad73a504971]::ops::function::FnOnce<()>>::call_once
[INFO] [stdout]   15:     0x57563a80cecb - test[aada8e7e76ba119b]::__rust_begin_short_backtrace::<core[a373ad73a504971]::result::Result<(), alloc[2e1b2a31b91974c5]::string::String>, fn() -> core[a373ad73a504971]::result::Result<(), alloc[2e1b2a31b91974c5]::string::String>>
[INFO] [stdout]   16:     0x57563a81a0a5 - test[aada8e7e76ba119b]::run_test::{closure#0}
[INFO] [stdout]   17:     0x57563a813994 - std[617be2ca0a6fd877]::sys::backtrace::__rust_begin_short_backtrace::<test[aada8e7e76ba119b]::run_test::{closure#1}, ()>
[INFO] [stdout]   18:     0x57563a81d132 - <std[617be2ca0a6fd877]::thread::lifecycle::spawn_unchecked<test[aada8e7e76ba119b]::run_test::{closure#1}, ()>::{closure#1} as core[a373ad73a504971]::ops::function::FnOnce<()>>::call_once::{shim:vtable#0}
[INFO] [stdout]   19:     0x57563a884f5f - <std[617be2ca0a6fd877]::sys::thread::unix::Thread>::new::thread_start
[INFO] [stdout]   20:     0x7db6dced7dfa - <unknown>
[INFO] [stdout]   21:     0x7db6dcf6b3d4 - clone
[INFO] [stdout]   22:                0x0 - <unknown>
[INFO] [stdout] 
[INFO] [stdout] ---- external_nginx stdout ----
[INFO] [stdout] 
[INFO] [stdout] thread 'external_nginx' (1163) panicked at tests/integration.rs:41:10:
[INFO] [stdout] failed to spawn jqi: Os { code: 2, kind: NotFound, message: "No such file or directory" }
[INFO] [stdout] stack backtrace:
[INFO] [stdout]    0:     0x57563a885701 - <<std[617be2ca0a6fd877]::sys::backtrace::BacktraceLock>::print::DisplayBacktrace as core[a373ad73a504971]::fmt::Display>::fmt
[INFO] [stdout]    1:     0x57563a89a13a - core[a373ad73a504971]::fmt::write
[INFO] [stdout]    2:     0x57563a88998c - <alloc[2e1b2a31b91974c5]::vec::Vec<u8> as core[a373ad73a504971]::io::write::Write>::write_fmt
[INFO] [stdout]    3:     0x57563a8611f6 - std[617be2ca0a6fd877]::panicking::default_hook::{closure#0}
[INFO] [stdout]    4:     0x57563a87dd99 - std[617be2ca0a6fd877]::panicking::default_hook
[INFO] [stdout]    5:     0x57563a819a80 - test[aada8e7e76ba119b]::test_main_inner::{closure#0}
[INFO] [stdout]    6:     0x57563a87df52 - std[617be2ca0a6fd877]::panicking::panic_with_hook
[INFO] [stdout]    7:     0x57563a8612a2 - std[617be2ca0a6fd877]::panicking::panic_handler::{closure#0}
[INFO] [stdout]    8:     0x57563a859fb9 - std[617be2ca0a6fd877]::sys::backtrace::__rust_end_short_backtrace::<std[617be2ca0a6fd877]::panicking::panic_handler::{closure#0}, !>
[INFO] [stdout]    9:     0x57563a861ead - __rustc[ea4f61d10b84890b]::rust_begin_unwind
[INFO] [stdout]   10:     0x57563a89a86c - core[a373ad73a504971]::panicking::panic_fmt
[INFO] [stdout]   11:     0x57563a89a642 - core[a373ad73a504971]::result::unwrap_failed
[INFO] [stdout]   12:     0x57563a7fb9af - integration[fc53b440d869bf61]::run_xz_piped
[INFO] [stdout]   13:     0x57563a7fc004 - integration[fc53b440d869bf61]::header
[INFO] [stdout]   14:     0x57563a7fd637 - <integration[fc53b440d869bf61]::external_nginx::{closure#0} as core[a373ad73a504971]::ops::function::FnOnce<()>>::call_once
[INFO] [stdout]   15:     0x57563a80cecb - test[aada8e7e76ba119b]::__rust_begin_short_backtrace::<core[a373ad73a504971]::result::Result<(), alloc[2e1b2a31b91974c5]::string::String>, fn() -> core[a373ad73a504971]::result::Result<(), alloc[2e1b2a31b91974c5]::string::String>>
[INFO] [stdout]   16:     0x57563a81a0a5 - test[aada8e7e76ba119b]::run_test::{closure#0}
[INFO] [stdout]   17:     0x57563a813994 - std[617be2ca0a6fd877]::sys::backtrace::__rust_begin_short_backtrace::<test[aada8e7e76ba119b]::run_test::{closure#1}, ()>
[INFO] [stdout]   18:     0x57563a81d132 - <std[617be2ca0a6fd877]::thread::lifecycle::spawn_unchecked<test[aada8e7e76ba119b]::run_test::{closure#1}, ()>::{closure#1} as core[a373ad73a504971]::ops::function::FnOnce<()>>::call_once::{shim:vtable#0}
[INFO] [stdout]   19:     0x57563a884f5f - <std[617be2ca0a6fd877]::sys::thread::unix::Thread>::new::thread_start
[INFO] [stdout]   20:     0x7db6dced7dfa - <unknown>
[INFO] [stdout]   21:     0x7db6dcf6b3d4 - clone
[INFO] [stdout]   22:                0x0 - <unknown>
[INFO] [stdout] 
[INFO] [stdout] ---- external_nobelprize stdout ----
[INFO] [stdout] 
[INFO] [stdout] thread 'external_nobelprize' (1164) panicked at tests/integration.rs:41:10:
[INFO] [stdout] failed to spawn jqi: Os { code: 2, kind: NotFound, message: "No such file or directory" }
[INFO] [stdout] stack backtrace:
[INFO] [stdout]    0:     0x57563a885701 - <<std[617be2ca0a6fd877]::sys::backtrace::BacktraceLock>::print::DisplayBacktrace as core[a373ad73a504971]::fmt::Display>::fmt
[INFO] [stdout]    1:     0x57563a89a13a - core[a373ad73a504971]::fmt::write
[INFO] [stdout]    2:     0x57563a88998c - <alloc[2e1b2a31b91974c5]::vec::Vec<u8> as core[a373ad73a504971]::io::write::Write>::write_fmt
[INFO] [stdout]    3:     0x57563a8611f6 - std[617be2ca0a6fd877]::panicking::default_hook::{closure#0}
[INFO] [stdout]    4:     0x57563a87dd99 - std[617be2ca0a6fd877]::panicking::default_hook
[INFO] [stdout]    5:     0x57563a819a80 - test[aada8e7e76ba119b]::test_main_inner::{closure#0}
[INFO] [stdout]    6:     0x57563a87df52 - std[617be2ca0a6fd877]::panicking::panic_with_hook
[INFO] [stdout]    7:     0x57563a8612a2 - std[617be2ca0a6fd877]::panicking::panic_handler::{closure#0}
[INFO] [stdout]    8:     0x57563a859fb9 - std[617be2ca0a6fd877]::sys::backtrace::__rust_end_short_backtrace::<std[617be2ca0a6fd877]::panicking::panic_handler::{closure#0}, !>
[INFO] [stdout]    9:     0x57563a861ead - __rustc[ea4f61d10b84890b]::rust_begin_unwind
[INFO] [stdout]   10:     0x57563a89a86c - core[a373ad73a504971]::panicking::panic_fmt
[INFO] [stdout]   11:     0x57563a89a642 - core[a373ad73a504971]::result::unwrap_failed
[INFO] [stdout]   12:     0x57563a7fb9af - integration[fc53b440d869bf61]::run_xz_piped
[INFO] [stdout]   13:     0x57563a7fbcdc - integration[fc53b440d869bf61]::header_with_args
[INFO] [stdout]   14:     0x57563a7fdd14 - <integration[fc53b440d869bf61]::external_nobelprize::{closure#0} as core[a373ad73a504971]::ops::function::FnOnce<()>>::call_once
[INFO] [stdout]   15:     0x57563a80cecb - test[aada8e7e76ba119b]::__rust_begin_short_backtrace::<core[a373ad73a504971]::result::Result<(), alloc[2e1b2a31b91974c5]::string::String>, fn() -> core[a373ad73a504971]::result::Result<(), alloc[2e1b2a31b91974c5]::string::String>>
[INFO] [stdout]   16:     0x57563a81a0a5 - test[aada8e7e76ba119b]::run_test::{closure#0}
[INFO] [stdout]   17:     0x57563a813994 - std[617be2ca0a6fd877]::sys::backtrace::__rust_begin_short_backtrace::<test[aada8e7e76ba119b]::run_test::{closure#1}, ()>
[INFO] [stdout]   18:     0x57563a81d132 - <std[617be2ca0a6fd877]::thread::lifecycle::spawn_unchecked<test[aada8e7e76ba119b]::run_test::{closure#1}, ()>::{closure#1} as core[a373ad73a504971]::ops::function::FnOnce<()>>::call_once::{shim:vtable#0}
[INFO] [stdout]   19:     0x57563a884f5f - <std[617be2ca0a6fd877]::sys::thread::unix::Thread>::new::thread_start
[INFO] [stdout]   20:     0x7db6dced7dfa - <unknown>
[INFO] [stdout]   21:     0x7db6dcf6b3d4 - clone
[INFO] [stdout]   22:                0x0 - <unknown>
[INFO] [stdout] 
[INFO] [stdout] ---- synthetic_events_multi_type stdout ----
[INFO] [stdout] 
[INFO] [stdout] thread 'synthetic_events_multi_type' (1200) panicked at tests/integration.rs:41:10:
[INFO] [stdout] failed to spawn jqi: Os { code: 2, kind: NotFound, message: "No such file or directory" }
[INFO] [stdout] stack backtrace:
[INFO] [stdout]    0:     0x57563a885701 - <<std[617be2ca0a6fd877]::sys::backtrace::BacktraceLock>::print::DisplayBacktrace as core[a373ad73a504971]::fmt::Display>::fmt
[INFO] [stdout]    1:     0x57563a89a13a - core[a373ad73a504971]::fmt::write
[INFO] [stdout]    2:     0x57563a88998c - <alloc[2e1b2a31b91974c5]::vec::Vec<u8> as core[a373ad73a504971]::io::write::Write>::write_fmt
[INFO] [stdout]    3:     0x57563a8611f6 - std[617be2ca0a6fd877]::panicking::default_hook::{closure#0}
[INFO] [stdout]    4:     0x57563a87dd99 - std[617be2ca0a6fd877]::panicking::default_hook
[INFO] [stdout]    5:     0x57563a819a80 - test[aada8e7e76ba119b]::test_main_inner::{closure#0}
[INFO] [stdout]    6:     0x57563a87df52 - std[617be2ca0a6fd877]::panicking::panic_with_hook
[INFO] [stdout]    7:     0x57563a8612a2 - std[617be2ca0a6fd877]::panicking::panic_handler::{closure#0}
[INFO] [stdout]    8:     0x57563a859fb9 - std[617be2ca0a6fd877]::sys::backtrace::__rust_end_short_backtrace::<std[617be2ca0a6fd877]::panicking::panic_handler::{closure#0}, !>
[INFO] [stdout]    9:     0x57563a861ead - __rustc[ea4f61d10b84890b]::rust_begin_unwind
[INFO] [stdout]   10:     0x57563a89a86c - core[a373ad73a504971]::panicking::panic_fmt
[INFO] [stdout]   11:     0x57563a89a642 - core[a373ad73a504971]::result::unwrap_failed
[INFO] [stdout]   12:     0x57563a7fb9af - integration[fc53b440d869bf61]::run_xz_piped
[INFO] [stdout]   13:     0x57563a7fc004 - integration[fc53b440d869bf61]::header
[INFO] [stdout]   14:     0x57563a7fea67 - <integration[fc53b440d869bf61]::synthetic_events_multi_type::{closure#0} as core[a373ad73a504971]::ops::function::FnOnce<()>>::call_once
[INFO] [stdout]   15:     0x57563a80cecb - test[aada8e7e76ba119b]::__rust_begin_short_backtrace::<core[a373ad73a504971]::result::Result<(), alloc[2e1b2a31b91974c5]::string::String>, fn() -> core[a373ad73a504971]::result::Result<(), alloc[2e1b2a31b91974c5]::string::String>>
[INFO] [stdout]   16:     0x57563a81a0a5 - test[aada8e7e76ba119b]::run_test::{closure#0}
[INFO] [stdout]   17:     0x57563a813994 - std[617be2ca0a6fd877]::sys::backtrace::__rust_begin_short_backtrace::<test[aada8e7e76ba119b]::run_test::{closure#1}, ()>
[INFO] [stdout]   18:     0x57563a81d132 - <std[617be2ca0a6fd877]::thread::lifecycle::spawn_unchecked<test[aada8e7e76ba119b]::run_test::{closure#1}, ()>::{closure#1} as core[a373ad73a504971]::ops::function::FnOnce<()>>::call_once::{shim:vtable#0}
[INFO] [stdout]   19:     0x57563a884f5f - <std[617be2ca0a6fd877]::sys::thread::unix::Thread>::new::thread_start
[INFO] [stdout]   20:     0x7db6dced7dfa - <unknown>
[INFO] [stdout]   21:     0x7db6dcf6b3d4 - clone
[INFO] [stdout]   22:                0x0 - <unknown>
[INFO] [stdout] 
[INFO] [stdout] ---- external_tvmaze_frasier stdout ----
[INFO] [stdout] 
[INFO] [stdout] thread 'external_tvmaze_frasier' (1166) panicked at tests/integration.rs:41:10:
[INFO] [stdout] failed to spawn jqi: Os { code: 2, kind: NotFound, message: "No such file or directory" }
[INFO] [stdout] stack backtrace:
[INFO] [stdout]    0:     0x57563a885701 - <<std[617be2ca0a6fd877]::sys::backtrace::BacktraceLock>::print::DisplayBacktrace as core[a373ad73a504971]::fmt::Display>::fmt
[INFO] [stdout]    1:     0x57563a89a13a - core[a373ad73a504971]::fmt::write
[INFO] [stdout]    2:     0x57563a88998c - <alloc[2e1b2a31b91974c5]::vec::Vec<u8> as core[a373ad73a504971]::io::write::Write>::write_fmt
[INFO] [stdout]    3:     0x57563a8611f6 - std[617be2ca0a6fd877]::panicking::default_hook::{closure#0}
[INFO] [stdout]    4:     0x57563a87dd99 - std[617be2ca0a6fd877]::panicking::default_hook
[INFO] [stdout]    5:     0x57563a819a80 - test[aada8e7e76ba119b]::test_main_inner::{closure#0}
[INFO] [stdout]    6:     0x57563a87df52 - std[617be2ca0a6fd877]::panicking::panic_with_hook
[INFO] [stdout]    7:     0x57563a8612a2 - std[617be2ca0a6fd877]::panicking::panic_handler::{closure#0}
[INFO] [stdout]    8:     0x57563a859fb9 - std[617be2ca0a6fd877]::sys::backtrace::__rust_end_short_backtrace::<std[617be2ca0a6fd877]::panicking::panic_handler::{closure#0}, !>
[INFO] [stdout]    9:     0x57563a861ead - __rustc[ea4f61d10b84890b]::rust_begin_unwind
[INFO] [stdout]   10:     0x57563a89a86c - core[a373ad73a504971]::panicking::panic_fmt
[INFO] [stdout]   11:     0x57563a89a642 - core[a373ad73a504971]::result::unwrap_failed
[INFO] [stdout]   12:     0x57563a7fb9af - integration[fc53b440d869bf61]::run_xz_piped
[INFO] [stdout]   13:     0x57563a7fbcdc - integration[fc53b440d869bf61]::header_with_args
[INFO] [stdout]   14:     0x57563a7fe174 - <integration[fc53b440d869bf61]::external_tvmaze_frasier::{closure#0} as core[a373ad73a504971]::ops::function::FnOnce<()>>::call_once
[INFO] [stdout]   15:     0x57563a80cecb - test[aada8e7e76ba119b]::__rust_begin_short_backtrace::<core[a373ad73a504971]::result::Result<(), alloc[2e1b2a31b91974c5]::string::String>, fn() -> core[a373ad73a504971]::result::Result<(), alloc[2e1b2a31b91974c5]::string::String>>
[INFO] [stdout]   16:     0x57563a81a0a5 - test[aada8e7e76ba119b]::run_test::{closure#0}
[INFO] [stdout]   17:     0x57563a813994 - std[617be2ca0a6fd877]::sys::backtrace::__rust_begin_short_backtrace::<test[aada8e7e76ba119b]::run_test::{closure#1}, ()>
[INFO] [stdout]   18:     0x57563a81d132 - <std[617be2ca0a6fd877]::thread::lifecycle::spawn_unchecked<test[aada8e7e76ba119b]::run_test::{closure#1}, ()>::{closure#1} as core[a373ad73a504971]::ops::function::FnOnce<()>>::call_once::{shim:vtable#0}
[INFO] [stdout]   19:     0x57563a884f5f - <std[617be2ca0a6fd877]::sys::thread::unix::Thread>::new::thread_start
[INFO] [stdout]   20:     0x7db6dced7dfa - <unknown>
[INFO] [stdout]   21:     0x7db6dcf6b3d4 - clone
[INFO] [stdout]   22:                0x0 - <unknown>
[INFO] [stdout] 
[INFO] [stdout] ---- synthetic_single_object stdout ----
[INFO] [stdout] 
[INFO] [stdout] thread 'synthetic_single_object' (1208) panicked at tests/integration.rs:41:10:
[INFO] [stdout] failed to spawn jqi: Os { code: 2, kind: NotFound, message: "No such file or directory" }
[INFO] [stdout] stack backtrace:
[INFO] [stdout]    0:     0x57563a885701 - <<std[617be2ca0a6fd877]::sys::backtrace::BacktraceLock>::print::DisplayBacktrace as core[a373ad73a504971]::fmt::Display>::fmt
[INFO] [stdout]    1:     0x57563a89a13a - core[a373ad73a504971]::fmt::write
[INFO] [stdout]    2:     0x57563a88998c - <alloc[2e1b2a31b91974c5]::vec::Vec<u8> as core[a373ad73a504971]::io::write::Write>::write_fmt
[INFO] [stdout]    3:     0x57563a8611f6 - std[617be2ca0a6fd877]::panicking::default_hook::{closure#0}
[INFO] [stdout]    4:     0x57563a87dd99 - std[617be2ca0a6fd877]::panicking::default_hook
[INFO] [stdout]    5:     0x57563a819a80 - test[aada8e7e76ba119b]::test_main_inner::{closure#0}
[INFO] [stdout]    6:     0x57563a87df52 - std[617be2ca0a6fd877]::panicking::panic_with_hook
[INFO] [stdout]    7:     0x57563a8612a2 - std[617be2ca0a6fd877]::panicking::panic_handler::{closure#0}
[INFO] [stdout]    8:     0x57563a859fb9 - std[617be2ca0a6fd877]::sys::backtrace::__rust_end_short_backtrace::<std[617be2ca0a6fd877]::panicking::panic_handler::{closure#0}, !>
[INFO] [stdout]    9:     0x57563a861ead - __rustc[ea4f61d10b84890b]::rust_begin_unwind
[INFO] [stdout]   10:     0x57563a89a86c - core[a373ad73a504971]::panicking::panic_fmt
[INFO] [stdout]   11:     0x57563a89a642 - core[a373ad73a504971]::result::unwrap_failed
[INFO] [stdout]   12:     0x57563a7fb9af - integration[fc53b440d869bf61]::run_xz_piped
[INFO] [stdout]   13:     0x57563a7fbcdc - integration[fc53b440d869bf61]::header_with_args
[INFO] [stdout]   14:     0x57563a7fe494 - <integration[fc53b440d869bf61]::synthetic_single_object::{closure#0} as core[a373ad73a504971]::ops::function::FnOnce<()>>::call_once
[INFO] [stdout]   15:     0x57563a80cecb - test[aada8e7e76ba119b]::__rust_begin_short_backtrace::<core[a373ad73a504971]::result::Result<(), alloc[2e1b2a31b91974c5]::string::String>, fn() -> core[a373ad73a504971]::result::Result<(), alloc[2e1b2a31b91974c5]::string::String>>
[INFO] [stdout]   16:     0x57563a81a0a5 - test[aada8e7e76ba119b]::run_test::{closure#0}
[INFO] [stdout]   17:     0x57563a813994 - std[617be2ca0a6fd877]::sys::backtrace::__rust_begin_short_backtrace::<test[aada8e7e76ba119b]::run_test::{closure#1}, ()>
[INFO] [stdout]   18:     0x57563a81d132 - <std[617be2ca0a6fd877]::thread::lifecycle::spawn_unchecked<test[aada8e7e76ba119b]::run_test::{closure#1}, ()>::{closure#1} as core[a373ad73a504971]::ops::function::FnOnce<()>>::call_once::{shim:vtable#0}
[INFO] [stdout]   19:     0x57563a884f5f - <std[617be2ca0a6fd877]::sys::thread::unix::Thread>::new::thread_start
[INFO] [stdout]   20:     0x7db6dced7dfa - <unknown>
[INFO] [stdout]   21:     0x7db6dcf6b3d4 - clone
[INFO] [stdout]   22:                0x0 - <unknown>
[INFO] [stdout] 
[INFO] [stdout] ---- quiet_mode stdout ----
[INFO] [stdout] 
[INFO] [stdout] thread 'quiet_mode' (1174) panicked at tests/integration.rs:41:10:
[INFO] [stdout] failed to spawn jqi: Os { code: 2, kind: NotFound, message: "No such file or directory" }
[INFO] [stdout] stack backtrace:
[INFO] [stdout]    0:     0x57563a885701 - <<std[617be2ca0a6fd877]::sys::backtrace::BacktraceLock>::print::DisplayBacktrace as core[a373ad73a504971]::fmt::Display>::fmt
[INFO] [stdout]    1:     0x57563a89a13a - core[a373ad73a504971]::fmt::write
[INFO] [stdout]    2:     0x57563a88998c - <alloc[2e1b2a31b91974c5]::vec::Vec<u8> as core[a373ad73a504971]::io::write::Write>::write_fmt
[INFO] [stdout]    3:     0x57563a8611f6 - std[617be2ca0a6fd877]::panicking::default_hook::{closure#0}
[INFO] [stdout]    4:     0x57563a87dd99 - std[617be2ca0a6fd877]::panicking::default_hook
[INFO] [stdout]    5:     0x57563a819a80 - test[aada8e7e76ba119b]::test_main_inner::{closure#0}
[INFO] [stdout]    6:     0x57563a87df52 - std[617be2ca0a6fd877]::panicking::panic_with_hook
[INFO] [stdout]    7:     0x57563a8612a2 - std[617be2ca0a6fd877]::panicking::panic_handler::{closure#0}
[INFO] [stdout]    8:     0x57563a859fb9 - std[617be2ca0a6fd877]::sys::backtrace::__rust_end_short_backtrace::<std[617be2ca0a6fd877]::panicking::panic_handler::{closure#0}, !>
[INFO] [stdout]    9:     0x57563a861ead - __rustc[ea4f61d10b84890b]::rust_begin_unwind
[INFO] [stdout]   10:     0x57563a89a86c - core[a373ad73a504971]::panicking::panic_fmt
[INFO] [stdout]   11:     0x57563a89a642 - core[a373ad73a504971]::result::unwrap_failed
[INFO] [stdout]   12:     0x57563a7fb9af - integration[fc53b440d869bf61]::run_xz_piped
[INFO] [stdout]   13:     0x57563a7fd2eb - <integration[fc53b440d869bf61]::quiet_mode::{closure#0} as core[a373ad73a504971]::ops::function::FnOnce<()>>::call_once
[INFO] [stdout]   14:     0x57563a80cecb - test[aada8e7e76ba119b]::__rust_begin_short_backtrace::<core[a373ad73a504971]::result::Result<(), alloc[2e1b2a31b91974c5]::string::String>, fn() -> core[a373ad73a504971]::result::Result<(), alloc[2e1b2a31b91974c5]::string::String>>
[INFO] [stdout]   15:     0x57563a81a0a5 - test[aada8e7e76ba119b]::run_test::{closure#0}
[INFO] [stdout]   16:     0x57563a813994 - std[617be2ca0a6fd877]::sys::backtrace::__rust_begin_short_backtrace::<test[aada8e7e76ba119b]::run_test::{closure#1}, ()>
[INFO] [stdout]   17:     0x57563a81d132 - <std[617be2ca0a6fd877]::thread::lifecycle::spawn_unchecked<test[aada8e7e76ba119b]::run_test::{closure#1}, ()>::{closure#1} as core[a373ad73a504971]::ops::function::FnOnce<()>>::call_once::{shim:vtable#0}
[INFO] [stdout]   18:     0x57563a884f5f - <std[617be2ca0a6fd877]::sys::thread::unix::Thread>::new::thread_start
[INFO] [stdout]   19:     0x7db6dced7dfa - <unknown>
[INFO] [stdout]   20:     0x7db6dcf6b3d4 - clone
[INFO] [stdout]   21:                0x0 - <unknown>
[INFO] [stdout] 
[INFO] [stdout] ---- synthetic_single_value_array stdout ----
[INFO] [stdout] 
[INFO] [stdout] thread 'synthetic_single_value_array' (1209) panicked at tests/integration.rs:41:10:
[INFO] [stdout] failed to spawn jqi: Os { code: 2, kind: NotFound, message: "No such file or directory" }
[INFO] [stdout] stack backtrace:
[INFO] [stdout]    0:     0x57563a885701 - <<std[617be2ca0a6fd877]::sys::backtrace::BacktraceLock>::print::DisplayBacktrace as core[a373ad73a504971]::fmt::Display>::fmt
[INFO] [stdout]    1:     0x57563a89a13a - core[a373ad73a504971]::fmt::write
[INFO] [stdout]    2:     0x57563a88998c - <alloc[2e1b2a31b91974c5]::vec::Vec<u8> as core[a373ad73a504971]::io::write::Write>::write_fmt
[INFO] [stdout]    3:     0x57563a8611f6 - std[617be2ca0a6fd877]::panicking::default_hook::{closure#0}
[INFO] [stdout]    4:     0x57563a87dd99 - std[617be2ca0a6fd877]::panicking::default_hook
[INFO] [stdout]    5:     0x57563a819a80 - test[aada8e7e76ba119b]::test_main_inner::{closure#0}
[INFO] [stdout]    6:     0x57563a87df52 - std[617be2ca0a6fd877]::panicking::panic_with_hook
[INFO] [stdout]    7:     0x57563a8612a2 - std[617be2ca0a6fd877]::panicking::panic_handler::{closure#0}
[INFO] [stdout]    8:     0x57563a859fb9 - std[617be2ca0a6fd877]::sys::backtrace::__rust_end_short_backtrace::<std[617be2ca0a6fd877]::panicking::panic_handler::{closure#0}, !>
[INFO] [stdout]    9:     0x57563a861ead - __rustc[ea4f61d10b84890b]::rust_begin_unwind
[INFO] [stdout]   10:     0x57563a89a86c - core[a373ad73a504971]::panicking::panic_fmt
[INFO] [stdout]   11:     0x57563a89a642 - core[a373ad73a504971]::result::unwrap_failed
[INFO] [stdout]   12:     0x57563a7fb9af - integration[fc53b440d869bf61]::run_xz_piped
[INFO] [stdout]   13:     0x57563a7fbcdc - integration[fc53b440d869bf61]::header_with_args
[INFO] [stdout]   14:     0x57563a7feb74 - <integration[fc53b440d869bf61]::synthetic_single_value_array::{closure#0} as core[a373ad73a504971]::ops::function::FnOnce<()>>::call_once
[INFO] [stdout]   15:     0x57563a80cecb - test[aada8e7e76ba119b]::__rust_begin_short_backtrace::<core[a373ad73a504971]::result::Result<(), alloc[2e1b2a31b91974c5]::string::String>, fn() -> core[a373ad73a504971]::result::Result<(), alloc[2e1b2a31b91974c5]::string::String>>
[INFO] [stdout]   16:     0x57563a81a0a5 - test[aada8e7e76ba119b]::run_test::{closure#0}
[INFO] [stdout]   17:     0x57563a813994 - std[617be2ca0a6fd877]::sys::backtrace::__rust_begin_short_backtrace::<test[aada8e7e76ba119b]::run_test::{closure#1}, ()>
[INFO] [stdout]   18:     0x57563a81d132 - <std[617be2ca0a6fd877]::thread::lifecycle::spawn_unchecked<test[aada8e7e76ba119b]::run_test::{closure#1}, ()>::{closure#1} as core[a373ad73a504971]::ops::function::FnOnce<()>>::call_once::{shim:vtable#0}
[INFO] [stdout]   19:     0x57563a884f5f - <std[617be2ca0a6fd877]::sys::thread::unix::Thread>::new::thread_start
[INFO] [stdout]   20:     0x7db6dced7dfa - <unknown>
[INFO] [stdout]   21:     0x7db6dcf6b3d4 - clone
[INFO] [stdout]   22:                0x0 - <unknown>
[INFO] [stdout] 
[INFO] [stdout] ---- external_rickandmorty stdout ----
[INFO] [stdout] 
[INFO] [stdout] thread 'external_rickandmorty' (1165) panicked at tests/integration.rs:41:10:
[INFO] [stdout] failed to spawn jqi: Os { code: 2, kind: NotFound, message: "No such file or directory" }
[INFO] [stdout] stack backtrace:
[INFO] [stdout]    0:     0x57563a885701 - <<std[617be2ca0a6fd877]::sys::backtrace::BacktraceLock>::print::DisplayBacktrace as core[a373ad73a504971]::fmt::Display>::fmt
[INFO] [stdout]    1:     0x57563a89a13a - core[a373ad73a504971]::fmt::write
[INFO] [stdout]    2:     0x57563a88998c - <alloc[2e1b2a31b91974c5]::vec::Vec<u8> as core[a373ad73a504971]::io::write::Write>::write_fmt
[INFO] [stdout]    3:     0x57563a8611f6 - std[617be2ca0a6fd877]::panicking::default_hook::{closure#0}
[INFO] [stdout]    4:     0x57563a87dd99 - std[617be2ca0a6fd877]::panicking::default_hook
[INFO] [stdout]    5:     0x57563a819a80 - test[aada8e7e76ba119b]::test_main_inner::{closure#0}
[INFO] [stdout]    6:     0x57563a87df52 - std[617be2ca0a6fd877]::panicking::panic_with_hook
[INFO] [stdout]    7:     0x57563a8612a2 - std[617be2ca0a6fd877]::panicking::panic_handler::{closure#0}
[INFO] [stdout]    8:     0x57563a859fb9 - std[617be2ca0a6fd877]::sys::backtrace::__rust_end_short_backtrace::<std[617be2ca0a6fd877]::panicking::panic_handler::{closure#0}, !>
[INFO] [stdout]    9:     0x57563a861ead - __rustc[ea4f61d10b84890b]::rust_begin_unwind
[INFO] [stdout]   10:     0x57563a89a86c - core[a373ad73a504971]::panicking::panic_fmt
[INFO] [stdout]   11:     0x57563a89a642 - core[a373ad73a504971]::result::unwrap_failed
[INFO] [stdout]   12:     0x57563a7fb9af - integration[fc53b440d869bf61]::run_xz_piped
[INFO] [stdout]   13:     0x57563a7fbcdc - integration[fc53b440d869bf61]::header_with_args
[INFO] [stdout]   14:     0x57563a7fdf34 - <integration[fc53b440d869bf61]::external_rickandmorty::{closure#0} as core[a373ad73a504971]::ops::function::FnOnce<()>>::call_once
[INFO] [stdout]   15:     0x57563a80cecb - test[aada8e7e76ba119b]::__rust_begin_short_backtrace::<core[a373ad73a504971]::result::Result<(), alloc[2e1b2a31b91974c5]::string::String>, fn() -> core[a373ad73a504971]::result::Result<(), alloc[2e1b2a31b91974c5]::string::String>>
[INFO] [stdout]   16:     0x57563a81a0a5 - test[aada8e7e76ba119b]::run_test::{closure#0}
[INFO] [stdout]   17:     0x57563a813994 - std[617be2ca0a6fd877]::sys::backtrace::__rust_begin_short_backtrace::<test[aada8e7e76ba119b]::run_test::{closure#1}, ()>
[INFO] [stdout]   18:     0x57563a81d132 - <std[617be2ca0a6fd877]::thread::lifecycle::spawn_unchecked<test[aada8e7e76ba119b]::run_test::{closure#1}, ()>::{closure#1} as core[a373ad73a504971]::ops::function::FnOnce<()>>::call_once::{shim:vtable#0}
[INFO] [stdout]   19:     0x57563a884f5f - <std[617be2ca0a6fd877]::sys::thread::unix::Thread>::new::thread_start
[INFO] [stdout]   20:     0x7db6dced7dfa - <unknown>
[INFO] [stdout]   21:     0x7db6dcf6b3d4 - clone
[INFO] [stdout]   22:                0x0 - <unknown>
[INFO] [stdout] 
[INFO] [stdout] ---- synthetic_shapes stdout ----
[INFO] [stdout] 
[INFO] [stdout] thread 'synthetic_shapes' (1207) panicked at tests/integration.rs:41:10:
[INFO] [stdout] failed to spawn jqi: Os { code: 2, kind: NotFound, message: "No such file or directory" }
[INFO] [stdout] stack backtrace:
[INFO] [stdout]    0:     0x57563a885701 - <<std[617be2ca0a6fd877]::sys::backtrace::BacktraceLock>::print::DisplayBacktrace as core[a373ad73a504971]::fmt::Display>::fmt
[INFO] [stdout]    1:     0x57563a89a13a - core[a373ad73a504971]::fmt::write
[INFO] [stdout]    2:     0x57563a88998c - <alloc[2e1b2a31b91974c5]::vec::Vec<u8> as core[a373ad73a504971]::io::write::Write>::write_fmt
[INFO] [stdout]    3:     0x57563a8611f6 - std[617be2ca0a6fd877]::panicking::default_hook::{closure#0}
[INFO] [stdout]    4:     0x57563a87dd99 - std[617be2ca0a6fd877]::panicking::default_hook
[INFO] [stdout]    5:     0x57563a819a80 - test[aada8e7e76ba119b]::test_main_inner::{closure#0}
[INFO] [stdout]    6:     0x57563a87df52 - std[617be2ca0a6fd877]::panicking::panic_with_hook
[INFO] [stdout]    7:     0x57563a8612a2 - std[617be2ca0a6fd877]::panicking::panic_handler::{closure#0}
[INFO] [stdout]    8:     0x57563a859fb9 - std[617be2ca0a6fd877]::sys::backtrace::__rust_end_short_backtrace::<std[617be2ca0a6fd877]::panicking::panic_handler::{closure#0}, !>
[INFO] [stdout]    9:     0x57563a861ead - __rustc[ea4f61d10b84890b]::rust_begin_unwind
[INFO] [stdout]   10:     0x57563a89a86c - core[a373ad73a504971]::panicking::panic_fmt
[INFO] [stdout]   11:     0x57563a89a642 - core[a373ad73a504971]::result::unwrap_failed
[INFO] [stdout]   12:     0x57563a7fb9af - integration[fc53b440d869bf61]::run_xz_piped
[INFO] [stdout]   13:     0x57563a7fc004 - integration[fc53b440d869bf61]::header
[INFO] [stdout]   14:     0x57563a7fd957 - <integration[fc53b440d869bf61]::synthetic_shapes::{closure#0} as core[a373ad73a504971]::ops::function::FnOnce<()>>::call_once
[INFO] [stdout]   15:     0x57563a80cecb - test[aada8e7e76ba119b]::__rust_begin_short_backtrace::<core[a373ad73a504971]::result::Result<(), alloc[2e1b2a31b91974c5]::string::String>, fn() -> core[a373ad73a504971]::result::Result<(), alloc[2e1b2a31b91974c5]::string::String>>
[INFO] [stdout]   16:     0x57563a81a0a5 - test[aada8e7e76ba119b]::run_test::{closure#0}
[INFO] [stdout]   17:     0x57563a813994 - std[617be2ca0a6fd877]::sys::backtrace::__rust_begin_short_backtrace::<test[aada8e7e76ba119b]::run_test::{closure#1}, ()>
[INFO] [stdout]   18:     0x57563a81d132 - <std[617be2ca0a6fd877]::thread::lifecycle::spawn_unchecked<test[aada8e7e76ba119b]::run_test::{closure#1}, ()>::{closure#1} as core[a373ad73a504971]::ops::function::FnOnce<()>>::call_once::{shim:vtable#0}
[INFO] [stdout]   19:     0x57563a884f5f - <std[617be2ca0a6fd877]::sys::thread::unix::Thread>::new::thread_start
[INFO] [stdout]   20:     0x7db6dced7dfa - <unknown>
[INFO] [stdout]   21:     0x7db6dcf6b3d4 - clone
[INFO] [stdout]   22:                0x0 - <unknown>
[INFO] [stdout] 
[INFO] [stdout] ---- synthetic_mixed_bad stdout ----
[INFO] [stdout] 
[INFO] [stdout] thread 'synthetic_mixed_bad' (1202) panicked at tests/integration.rs:41:10:
[INFO] [stdout] failed to spawn jqi: Os { code: 2, kind: NotFound, message: "No such file or directory" }
[INFO] [stdout] stack backtrace:
[INFO] [stdout]    0:     0x57563a885701 - <<std[617be2ca0a6fd877]::sys::backtrace::BacktraceLock>::print::DisplayBacktrace as core[a373ad73a504971]::fmt::Display>::fmt
[INFO] [stdout]    1:     0x57563a89a13a - core[a373ad73a504971]::fmt::write
[INFO] [stdout]    2:     0x57563a88998c - <alloc[2e1b2a31b91974c5]::vec::Vec<u8> as core[a373ad73a504971]::io::write::Write>::write_fmt
[INFO] [stdout]    3:     0x57563a8611f6 - std[617be2ca0a6fd877]::panicking::default_hook::{closure#0}
[INFO] [stdout]    4:     0x57563a87dd99 - std[617be2ca0a6fd877]::panicking::default_hook
[INFO] [stdout]    5:     0x57563a819a80 - test[aada8e7e76ba119b]::test_main_inner::{closure#0}
[INFO] [stdout]    6:     0x57563a87df52 - std[617be2ca0a6fd877]::panicking::panic_with_hook
[INFO] [stdout]    7:     0x57563a8612a2 - std[617be2ca0a6fd877]::panicking::panic_handler::{closure#0}
[INFO] [stdout]    8:     0x57563a859fb9 - std[617be2ca0a6fd877]::sys::backtrace::__rust_end_short_backtrace::<std[617be2ca0a6fd877]::panicking::panic_handler::{closure#0}, !>
[INFO] [stdout]    9:     0x57563a861ead - __rustc[ea4f61d10b84890b]::rust_begin_unwind
[INFO] [stdout]   10:     0x57563a89a86c - core[a373ad73a504971]::panicking::panic_fmt
[INFO] [stdout]   11:     0x57563a89a642 - core[a373ad73a504971]::result::unwrap_failed
[INFO] [stdout]   12:     0x57563a7fb9af - integration[fc53b440d869bf61]::run_xz_piped
[INFO] [stdout]   13:     0x57563a7fc004 - integration[fc53b440d869bf61]::header
[INFO] [stdout]   14:     0x57563a7fde27 - <integration[fc53b440d869bf61]::synthetic_mixed_bad::{closure#0} as core[a373ad73a504971]::ops::function::FnOnce<()>>::call_once
[INFO] [stdout]   15:     0x57563a80cecb - test[aada8e7e76ba119b]::__rust_begin_short_backtrace::<core[a373ad73a504971]::result::Result<(), alloc[2e1b2a31b91974c5]::string::String>, fn() -> core[a373ad73a504971]::result::Result<(), alloc[2e1b2a31b91974c5]::string::String>>
[INFO] [stdout]   16:     0x57563a81a0a5 - test[aada8e7e76ba119b]::run_test::{closure#0}
[INFO] [stdout]   17:     0x57563a813994 - std[617be2ca0a6fd877]::sys::backtrace::__rust_begin_short_backtrace::<test[aada8e7e76ba119b]::run_test::{closure#1}, ()>
[INFO] [stdout]   18:     0x57563a81d132 - <std[617be2ca0a6fd877]::thread::lifecycle::spawn_unchecked<test[aada8e7e76ba119b]::run_test::{closure#1}, ()>::{closure#1} as core[a373ad73a504971]::ops::function::FnOnce<()>>::call_once::{shim:vtable#0}
[INFO] [stdout]   19:     0x57563a884f5f - <std[617be2ca0a6fd877]::sys::thread::unix::Thread>::new::thread_start
[INFO] [stdout]   20:     0x7db6dced7dfa - <unknown>
[INFO] [stdout]   21:     0x7db6dcf6b3d4 - clone
[INFO] [stdout]   22:                0x0 - <unknown>
[INFO] [stdout] 
[INFO] [stdout] ---- synthetic_nested_deep stdout ----
[INFO] [stdout] 
[INFO] [stdout] thread 'synthetic_nested_deep' (1205) panicked at tests/integration.rs:41:10:
[INFO] [stdout] failed to spawn jqi: Os { code: 2, kind: NotFound, message: "No such file or directory" }
[INFO] [stdout] stack backtrace:
[INFO] [stdout]    0:     0x57563a885701 - <<std[617be2ca0a6fd877]::sys::backtrace::BacktraceLock>::print::DisplayBacktrace as core[a373ad73a504971]::fmt::Display>::fmt
[INFO] [stdout]    1:     0x57563a89a13a - core[a373ad73a504971]::fmt::write
[INFO] [stdout]    2:     0x57563a88998c - <alloc[2e1b2a31b91974c5]::vec::Vec<u8> as core[a373ad73a504971]::io::write::Write>::write_fmt
[INFO] [stdout]    3:     0x57563a8611f6 - std[617be2ca0a6fd877]::panicking::default_hook::{closure#0}
[INFO] [stdout]    4:     0x57563a87dd99 - std[617be2ca0a6fd877]::panicking::default_hook
[INFO] [stdout]    5:     0x57563a819a80 - test[aada8e7e76ba119b]::test_main_inner::{closure#0}
[INFO] [stdout]    6:     0x57563a87df52 - std[617be2ca0a6fd877]::panicking::panic_with_hook
[INFO] [stdout]    7:     0x57563a8612a2 - std[617be2ca0a6fd877]::panicking::panic_handler::{closure#0}
[INFO] [stdout]    8:     0x57563a859fb9 - std[617be2ca0a6fd877]::sys::backtrace::__rust_end_short_backtrace::<std[617be2ca0a6fd877]::panicking::panic_handler::{closure#0}, !>
[INFO] [stdout]    9:     0x57563a861ead - __rustc[ea4f61d10b84890b]::rust_begin_unwind
[INFO] [stdout]   10:     0x57563a89a86c - core[a373ad73a504971]::panicking::panic_fmt
[INFO] [stdout]   11:     0x57563a89a642 - core[a373ad73a504971]::result::unwrap_failed
[INFO] [stdout]   12:     0x57563a7fb9af - integration[fc53b440d869bf61]::run_xz_piped
[INFO] [stdout]   13:     0x57563a7fbcdc - integration[fc53b440d869bf61]::header_with_args
[INFO] [stdout]   14:     0x57563a7fe054 - <integration[fc53b440d869bf61]::synthetic_nested_deep::{closure#0} as core[a373ad73a504971]::ops::function::FnOnce<()>>::call_once
[INFO] [stdout]   15:     0x57563a80cecb - test[aada8e7e76ba119b]::__rust_begin_short_backtrace::<core[a373ad73a504971]::result::Result<(), alloc[2e1b2a31b91974c5]::string::String>, fn() -> core[a373ad73a504971]::result::Result<(), alloc[2e1b2a31b91974c5]::string::String>>
[INFO] [stdout]   16:     0x57563a81a0a5 - test[aada8e7e76ba119b]::run_test::{closure#0}
[INFO] [stdout]   17:     0x57563a813994 - std[617be2ca0a6fd877]::sys::backtrace::__rust_begin_short_backtrace::<test[aada8e7e76ba119b]::run_test::{closure#1}, ()>
[INFO] [stdout]   18:     0x57563a81d132 - <std[617be2ca0a6fd877]::thread::lifecycle::spawn_unchecked<test[aada8e7e76ba119b]::run_test::{closure#1}, ()>::{closure#1} as core[a373ad73a504971]::ops::function::FnOnce<()>>::call_once::{shim:vtable#0}
[INFO] [stdout]   19:     0x57563a884f5f - <std[617be2ca0a6fd877]::sys::thread::unix::Thread>::new::thread_start
[INFO] [stdout]   20:     0x7db6dced7dfa - <unknown>
[INFO] [stdout]   21:     0x7db6dcf6b3d4 - clone
[INFO] [stdout]   22:                0x0 - <unknown>
[INFO] [stdout] 
[INFO] [stdout] ---- inline_large_object_with_very_long_strings_json stdout ----
[INFO] [stdout] 
[INFO] [stdout] thread 'inline_large_object_with_very_long_strings_json' (1170) panicked at tests/integration.rs:62:10:
[INFO] [stdout] failed to spawn jqi: Os { code: 2, kind: NotFound, message: "No such file or directory" }
[INFO] [stdout] stack backtrace:
[INFO] [stdout]    0:     0x57563a885701 - <<std[617be2ca0a6fd877]::sys::backtrace::BacktraceLock>::print::DisplayBacktrace as core[a373ad73a504971]::fmt::Display>::fmt
[INFO] [stdout]    1:     0x57563a89a13a - core[a373ad73a504971]::fmt::write
[INFO] [stdout]    2:     0x57563a88998c - <alloc[2e1b2a31b91974c5]::vec::Vec<u8> as core[a373ad73a504971]::io::write::Write>::write_fmt
[INFO] [stdout]    3:     0x57563a8611f6 - std[617be2ca0a6fd877]::panicking::default_hook::{closure#0}
[INFO] [stdout]    4:     0x57563a87dd99 - std[617be2ca0a6fd877]::panicking::default_hook
[INFO] [stdout]    5:     0x57563a819a80 - test[aada8e7e76ba119b]::test_main_inner::{closure#0}
[INFO] [stdout]    6:     0x57563a87df52 - std[617be2ca0a6fd877]::panicking::panic_with_hook
[INFO] [stdout]    7:     0x57563a8612a2 - std[617be2ca0a6fd877]::panicking::panic_handler::{closure#0}
[INFO] [stdout]    8:     0x57563a859fb9 - std[617be2ca0a6fd877]::sys::backtrace::__rust_end_short_backtrace::<std[617be2ca0a6fd877]::panicking::panic_handler::{closure#0}, !>
[INFO] [stdout]    9:     0x57563a861ead - __rustc[ea4f61d10b84890b]::rust_begin_unwind
[INFO] [stdout]   10:     0x57563a89a86c - core[a373ad73a504971]::panicking::panic_fmt
[INFO] [stdout]   11:     0x57563a89a642 - core[a373ad73a504971]::result::unwrap_failed
[INFO] [stdout]   12:     0x57563a7fc54c - integration[fc53b440d869bf61]::run_stdin
[INFO] [stdout]   13:     0x57563a7ff9da - <integration[fc53b440d869bf61]::inline_large_object_with_very_long_strings_json::{closure#0} as core[a373ad73a504971]::ops::function::FnOnce<()>>::call_once
[INFO] [stdout]   14:     0x57563a80cecb - test[aada8e7e76ba119b]::__rust_begin_short_backtrace::<core[a373ad73a504971]::result::Result<(), alloc[2e1b2a31b91974c5]::string::String>, fn() -> core[a373ad73a504971]::result::Result<(), alloc[2e1b2a31b91974c5]::string::String>>
[INFO] [stdout]   15:     0x57563a81a0a5 - test[aada8e7e76ba119b]::run_test::{closure#0}
[INFO] [stdout]   16:     0x57563a813994 - std[617be2ca0a6fd877]::sys::backtrace::__rust_begin_short_backtrace::<test[aada8e7e76ba119b]::run_test::{closure#1}, ()>
[INFO] [stdout]   17:     0x57563a81d132 - <std[617be2ca0a6fd877]::thread::lifecycle::spawn_unchecked<test[aada8e7e76ba119b]::run_test::{closure#1}, ()>::{closure#1} as core[a373ad73a504971]::ops::function::FnOnce<()>>::call_once::{shim:vtable#0}
[INFO] [stdout]   18:     0x57563a884f5f - <std[617be2ca0a6fd877]::sys::thread::unix::Thread>::new::thread_start
[INFO] [stdout]   19:     0x7db6dced7dfa - <unknown>
[INFO] [stdout]   20:     0x7db6dcf6b3d4 - clone
[INFO] [stdout]   21:                0x0 - <unknown>
[INFO] [stdout] 
[INFO] [stdout] ---- synthetic_weather_readings stdout ----
[INFO] [stdout] 
[INFO] [stdout] thread 'synthetic_weather_readings' (1212) panicked at tests/integration.rs:41:10:
[INFO] [stdout] failed to spawn jqi: Os { code: 2, kind: NotFound, message: "No such file or directory" }
[INFO] [stdout] stack backtrace:
[INFO] [stdout]    0:     0x57563a885701 - <<std[617be2ca0a6fd877]::sys::backtrace::BacktraceLock>::print::DisplayBacktrace as core[a373ad73a504971]::fmt::Display>::fmt
[INFO] [stdout]    1:     0x57563a89a13a - core[a373ad73a504971]::fmt::write
[INFO] [stdout]    2:     0x57563a88998c - <alloc[2e1b2a31b91974c5]::vec::Vec<u8> as core[a373ad73a504971]::io::write::Write>::write_fmt
[INFO] [stdout]    3:     0x57563a8611f6 - std[617be2ca0a6fd877]::panicking::default_hook::{closure#0}
[INFO] [stdout]    4:     0x57563a87dd99 - std[617be2ca0a6fd877]::panicking::default_hook
[INFO] [stdout]    5:     0x57563a819a80 - test[aada8e7e76ba119b]::test_main_inner::{closure#0}
[INFO] [stdout]    6:     0x57563a87df52 - std[617be2ca0a6fd877]::panicking::panic_with_hook
[INFO] [stdout]    7:     0x57563a8612a2 - std[617be2ca0a6fd877]::panicking::panic_handler::{closure#0}
[INFO] [stdout]    8:     0x57563a859fb9 - std[617be2ca0a6fd877]::sys::backtrace::__rust_end_short_backtrace::<std[617be2ca0a6fd877]::panicking::panic_handler::{closure#0}, !>
[INFO] [stdout]    9:     0x57563a861ead - __rustc[ea4f61d10b84890b]::rust_begin_unwind
[INFO] [stdout]   10:     0x57563a89a86c - core[a373ad73a504971]::panicking::panic_fmt
[INFO] [stdout]   11:     0x57563a89a642 - core[a373ad73a504971]::result::unwrap_failed
[INFO] [stdout]   12:     0x57563a7fb9af - integration[fc53b440d869bf61]::run_xz_piped
[INFO] [stdout]   13:     0x57563a7fc004 - integration[fc53b440d869bf61]::header
[INFO] [stdout]   14:     0x57563a7fe967 - <integration[fc53b440d869bf61]::synthetic_weather_readings::{closure#0} as core[a373ad73a504971]::ops::function::FnOnce<()>>::call_once
[INFO] [stdout]   15:     0x57563a80cecb - test[aada8e7e76ba119b]::__rust_begin_short_backtrace::<core[a373ad73a504971]::result::Result<(), alloc[2e1b2a31b91974c5]::string::String>, fn() -> core[a373ad73a504971]::result::Result<(), alloc[2e1b2a31b91974c5]::string::String>>
[INFO] [stdout]   16:     0x57563a81a0a5 - test[aada8e7e76ba119b]::run_test::{closure#0}
[INFO] [stdout]   17:     0x57563a813994 - std[617be2ca0a6fd877]::sys::backtrace::__rust_begin_short_backtrace::<test[aada8e7e76ba119b]::run_test::{closure#1}, ()>
[INFO] [stdout]   18:     0x57563a81d132 - <std[617be2ca0a6fd877]::thread::lifecycle::spawn_unchecked<test[aada8e7e76ba119b]::run_test::{closure#1}, ()>::{closure#1} as core[a373ad73a504971]::ops::function::FnOnce<()>>::call_once::{shim:vtable#0}
[INFO] [stdout]   19:     0x57563a884f5f - <std[617be2ca0a6fd877]::sys::thread::unix::Thread>::new::thread_start
[INFO] [stdout]   20:     0x7db6dced7dfa - <unknown>
[INFO] [stdout]   21:     0x7db6dcf6b3d4 - clone
[INFO] [stdout]   22:                0x0 - <unknown>
[INFO] [stdout] 
[INFO] [stdout] 
[INFO] [stdout] failures:
[INFO] [stdout]     external_frasier
[INFO] [stdout]     external_gdp
[INFO] [stdout]     external_nginx
[INFO] [stdout]     external_nobelprize
[INFO] [stdout]     external_rickandmorty
[INFO] [stdout]     external_tvmaze_frasier
[INFO] [stdout]     inline_identical_strings_do_not_repeat_as_prefix_and_suffix
[INFO] [stdout]     inline_large_object_json_output_reports_omitted_fields
[INFO] [stdout]     inline_large_object_with_many_keys
[INFO] [stdout]     inline_large_object_with_very_long_strings_json
[INFO] [stdout]     inline_long_string_preview_is_capped
[INFO] [stdout]     json_output_parses
[INFO] [stdout]     json_output_single_object
[INFO] [stdout]     quiet_mode
[INFO] [stdout]     synthetic_api_responses
[INFO] [stdout]     synthetic_empty
[INFO] [stdout]     synthetic_events_multi_type
[INFO] [stdout]     synthetic_large_uniform
[INFO] [stdout]     synthetic_mixed_bad
[INFO] [stdout]     synthetic_nested_deep
[INFO] [stdout]     synthetic_shapes
[INFO] [stdout]     synthetic_single_object
[INFO] [stdout]     synthetic_single_value_array
[INFO] [stdout]     synthetic_weather_readings
[INFO] [stdout] 
[INFO] [stdout] test result: FAILED. 0 passed; 24 failed; 0 ignored; 0 measured; 0 filtered out; finished in 0.03s
[INFO] [stdout] 
[INFO] running `Command { std: "docker" "inspect" "71f8a3ecf01145f04ad83c7b4f9c7c81ba2f0bbdc28b1b94ff8c11f609814a9e", kill_on_drop: false }`
[INFO] running `Command { std: "docker" "rm" "-f" "71f8a3ecf01145f04ad83c7b4f9c7c81ba2f0bbdc28b1b94ff8c11f609814a9e", kill_on_drop: false }`
[INFO] [stdout] 71f8a3ecf01145f04ad83c7b4f9c7c81ba2f0bbdc28b1b94ff8c11f609814a9e
