[INFO] cloning repository https://github.com/fleblond07/ansible-lint-but-fast
[INFO] running `Command { std: "git" "-c" "credential.helper=" "-c" "credential.helper=/workspace/cargo-home/bin/git-credential-null" "clone" "--bare" "https://github.com/fleblond07/ansible-lint-but-fast" "/workspace/cache/git-repos/https%3A%2F%2Fgithub.com%2Ffleblond07%2Fansible-lint-but-fast", kill_on_drop: false }`
[INFO] [stderr] Cloning into bare repository '/workspace/cache/git-repos/https%3A%2F%2Fgithub.com%2Ffleblond07%2Fansible-lint-but-fast'...
[INFO] running `Command { std: "git" "rev-parse" "HEAD", kill_on_drop: false }`
[INFO] [stdout] ec1878a801216f10f60a41626d683ad4c2c21147
[INFO] testing fleblond07/ansible-lint-but-fast against 1.100.0-beta.1+cargoflags=--release for beta-release-1.100-3
[INFO] running `Command { std: "git" "clone" "/workspace/cache/git-repos/https%3A%2F%2Fgithub.com%2Ffleblond07%2Fansible-lint-but-fast" "/workspace/builds/worker-6-tc2/source", kill_on_drop: false }`
[INFO] [stderr] Cloning into '/workspace/builds/worker-6-tc2/source'...
[INFO] [stderr] done.
[INFO] started tweaking git repo https://github.com/fleblond07/ansible-lint-but-fast
[INFO] finished tweaking git repo https://github.com/fleblond07/ansible-lint-but-fast
[INFO] tweaked toml for git repo https://github.com/fleblond07/ansible-lint-but-fast written to /workspace/builds/worker-6-tc2/source/Cargo.toml
[INFO] validating manifest of git repo https://github.com/fleblond07/ansible-lint-but-fast on toolchain 1.100.0-beta.1
[INFO] running `Command { std: CARGO_HOME="/workspace/cargo-home" RUSTUP_HOME="/workspace/rustup-home" "/workspace/cargo-home/bin/cargo" "+1.100.0-beta.1" "metadata" "--manifest-path" "Cargo.toml" "--no-deps", kill_on_drop: false }`
[INFO] crate git repo https://github.com/fleblond07/ansible-lint-but-fast already has a lockfile, it will not be regenerated
[INFO] running `Command { std: CARGO_HOME="/workspace/cargo-home" RUSTUP_HOME="/workspace/rustup-home" "/workspace/cargo-home/bin/cargo" "+1.100.0-beta.1" "fetch" "--manifest-path" "Cargo.toml", kill_on_drop: false }`
[INFO] running `Command { std: "docker" "create" "-v" "/var/lib/crater-agent-workspace/builds/worker-6-tc2/source:/opt/rustwide/workdir:ro,Z" "-v" "/var/lib/crater-agent-workspace/builds/worker-6-tc2/target:/opt/rustwide/target:rw,Z" "-v" "/var/lib/crater-agent-workspace/cargo-home:/opt/rustwide/cargo-home:ro,Z" "-v" "/var/lib/crater-agent-workspace/rustup-home:/opt/rustwide/rustup-home:ro,Z" "-m" "1610612736" "--network" "none" "ghcr.io/rust-lang/crates-build-env/linux@sha256:77db811e55d90add9212f6832c23229e3de5f1c1f9905e8cb07319ea15df73ac" "sleep" "infinity", kill_on_drop: false }`
[INFO] [stdout] 8ad2d74f154b6a621c5e77f3c48dece68c09f5144f428ee1ceb9ab5430c622c3
[INFO] running `Command { std: "docker" "start" "8ad2d74f154b6a621c5e77f3c48dece68c09f5144f428ee1ceb9ab5430c622c3", kill_on_drop: false }`
[INFO] running `Command { std: "docker" "inspect" "8ad2d74f154b6a621c5e77f3c48dece68c09f5144f428ee1ceb9ab5430c622c3", kill_on_drop: false }`
[INFO] running `Command { std: "docker" "exec" "-e" "SOURCE_DIR=/opt/rustwide/workdir" "-e" "CARGO_HOME=/opt/rustwide/cargo-home" "-e" "RUSTUP_HOME=/opt/rustwide/rustup-home" "-e" "CARGO_TARGET_DIR=/opt/rustwide/target" "-w" "/opt/rustwide/workdir" "--user" "0:0" "8ad2d74f154b6a621c5e77f3c48dece68c09f5144f428ee1ceb9ab5430c622c3" "/opt/rustwide/cargo-home/bin/cargo" "+1.100.0-beta.1" "metadata" "--no-deps" "--format-version=1", kill_on_drop: false }`
[INFO] running `Command { std: "docker" "inspect" "8ad2d74f154b6a621c5e77f3c48dece68c09f5144f428ee1ceb9ab5430c622c3", kill_on_drop: false }`
[INFO] running `Command { std: "docker" "exec" "-e" "SOURCE_DIR=/opt/rustwide/workdir" "-e" "CARGO_HOME=/opt/rustwide/cargo-home" "-e" "RUSTUP_HOME=/opt/rustwide/rustup-home" "-e" "CARGO_TARGET_DIR=/opt/rustwide/target" "-e" "CARGO_INCREMENTAL=0" "-e" "RUST_BACKTRACE=full" "-e" "RUSTFLAGS=--cap-lints=warn" "-e" "RUSTDOCFLAGS=--cap-lints=warn" "-w" "/opt/rustwide/workdir" "--user" "0:0" "8ad2d74f154b6a621c5e77f3c48dece68c09f5144f428ee1ceb9ab5430c622c3" "/opt/rustwide/cargo-home/bin/cargo" "+1.100.0-beta.1" "build" "--frozen" "--message-format=json" "--release", kill_on_drop: false }`
[INFO] [stderr]    Compiling memchr v2.8.1
[INFO] [stderr]    Compiling regex-syntax v0.8.10
[INFO] [stderr]    Compiling hashbrown v0.17.1
[INFO] [stderr]    Compiling anstyle-query v1.1.5
[INFO] [stderr]    Compiling is_terminal_polyfill v1.70.2
[INFO] [stderr]    Compiling anstyle v1.0.14
[INFO] [stderr]    Compiling colorchoice v1.0.5
[INFO] [stderr]    Compiling foldhash v0.1.5
[INFO] [stderr]    Compiling anstyle-parse v1.0.0
[INFO] [stderr]    Compiling clap_lex v1.1.0
[INFO] [stderr]    Compiling winnow v0.7.15
[INFO] [stderr]    Compiling anyhow v1.0.102
[INFO] [stderr]    Compiling syn v2.0.117
[INFO] [stderr]    Compiling crossbeam-epoch v0.9.18
[INFO] [stderr]    Compiling owo-colors v4.3.0
[INFO] [stderr]    Compiling log v0.4.30
[INFO] [stderr]    Compiling serde_json v1.0.150
[INFO] [stderr]    Compiling thiserror v2.0.18
[INFO] [stderr]    Compiling same-file v1.0.6
[INFO] [stderr]    Compiling toml_write v0.1.2
[INFO] [stderr]    Compiling walkdir v2.5.0
[INFO] [stderr]    Compiling encoding_rs v0.8.35
[INFO] [stderr]    Compiling unsafe-libyaml v0.2.11
[INFO] [stderr]    Compiling hashbrown v0.15.5
[INFO] [stderr]    Compiling crossbeam-deque v0.8.6
[INFO] [stderr]    Compiling anstream v1.0.0
[INFO] [stderr]    Compiling arraydeque v0.5.1
[INFO] [stderr]    Compiling clap_builder v4.6.0
[INFO] [stderr]    Compiling aho-corasick v1.1.4
[INFO] [stderr]    Compiling bstr v1.12.1
[INFO] [stderr]    Compiling indexmap v2.14.0
[INFO] [stderr]    Compiling hashlink v0.10.0
[INFO] [stderr]    Compiling yaml-rust2 v0.10.4
[INFO] [stderr]    Compiling regex-automata v0.4.14
[INFO] [stderr]    Compiling serde_derive v1.0.228
[INFO] [stderr]    Compiling clap_derive v4.6.1
[INFO] [stderr]    Compiling thiserror-impl v2.0.18
[INFO] [stderr]    Compiling clap v4.6.1
[INFO] [stderr]    Compiling globset v0.4.18
[INFO] [stderr]    Compiling regex v1.12.3
[INFO] [stderr]    Compiling serde v1.0.228
[INFO] [stderr]    Compiling ignore v0.4.25
[INFO] [stderr]    Compiling serde_spanned v0.6.9
[INFO] [stderr]    Compiling toml_datetime v0.6.11
[INFO] [stderr]    Compiling serde_yaml v0.9.34+deprecated
[INFO] [stderr]    Compiling toml_edit v0.22.27
[INFO] [stderr]    Compiling toml v0.8.23
[INFO] [stderr]    Compiling ansible-lint-core v25.5.0 (/opt/rustwide/workdir/crates/ansible-lint-core)
[INFO] [stderr]    Compiling ansible-lint v25.5.0 (/opt/rustwide/workdir/crates/ansible-lint)
[INFO] [stderr] warning: unused dependency `anyhow`
[INFO] [stderr]  --> crates/ansible-lint-core/Cargo.toml:9:1
[INFO] [stderr]   |
[INFO] [stderr] 9 | anyhow = { workspace = true }
[INFO] [stderr]   | ^^^^^^^^^^^^^^^^^^^^^^^^^^^^^
[INFO] [stderr]   |
[INFO] [stderr]   = note: `cargo::unused_dependencies` is set to `warn` by default
[INFO] [stderr] help: consider removing the dependency on `anyhow`
[INFO] [stderr] warning: unused dependency `ignore`
[INFO] [stderr]   --> crates/ansible-lint-core/Cargo.toml:17:1
[INFO] [stderr]    |
[INFO] [stderr] 17 | ignore = { workspace = true }
[INFO] [stderr]    | ^^^^^^^^^^^^^^^^^^^^^^^^^^^^^
[INFO] [stderr]    |
[INFO] [stderr] help: consider removing the dependency on `ignore`
[INFO] [stderr] warning: `ansible-lint-core` (manifest) generated 2 warnings
[INFO] [stderr]     Finished `release` profile [optimized] target(s) in 1m 03s
[INFO] running `Command { std: "docker" "inspect" "8ad2d74f154b6a621c5e77f3c48dece68c09f5144f428ee1ceb9ab5430c622c3", kill_on_drop: false }`
[INFO] running `Command { std: "docker" "exec" "-e" "SOURCE_DIR=/opt/rustwide/workdir" "-e" "CARGO_HOME=/opt/rustwide/cargo-home" "-e" "RUSTUP_HOME=/opt/rustwide/rustup-home" "-e" "CARGO_TARGET_DIR=/opt/rustwide/target" "-e" "CARGO_INCREMENTAL=0" "-e" "RUST_BACKTRACE=full" "-e" "RUSTFLAGS=--cap-lints=warn" "-e" "RUSTDOCFLAGS=--cap-lints=warn" "-w" "/opt/rustwide/workdir" "--user" "0:0" "8ad2d74f154b6a621c5e77f3c48dece68c09f5144f428ee1ceb9ab5430c622c3" "/opt/rustwide/cargo-home/bin/cargo" "+1.100.0-beta.1" "test" "--frozen" "--no-run" "--message-format=json" "--release", kill_on_drop: false }`
[INFO] [stderr]    Compiling libc v0.2.186
[INFO] [stderr]    Compiling getrandom v0.4.2
[INFO] [stderr]    Compiling rustix v1.1.4
[INFO] [stderr]    Compiling linux-raw-sys v0.12.1
[INFO] [stderr]    Compiling bitflags v2.11.1
[INFO] [stderr]    Compiling once_cell v1.21.4
[INFO] [stderr]    Compiling fastrand v2.4.1
[INFO] [stderr]    Compiling ansible-lint v25.5.0 (/opt/rustwide/workdir/crates/ansible-lint)
[INFO] [stdout] warning: unused variable: `code`
[INFO] [stdout]   --> crates/ansible-lint/tests/integration.rs:64:10
[INFO] [stdout]    |
[INFO] [stdout] 64 |     let (code, stdout, _) = run(&["--no-color", "--format", "brief",
[INFO] [stdout]    |          ^^^^ help: if this is intentional, prefix it with an underscore: `_code`
[INFO] [stdout]    |
[INFO] [stdout]    = note: `#[warn(unused_variables)]` (part of `#[warn(unused)]`) on by default
[INFO] [stdout] 
[INFO] [stdout] 
[INFO] [stdout] warning: unused variable: `code`
[INFO] [stdout]    --> crates/ansible-lint/tests/integration.rs:115:10
[INFO] [stdout]     |
[INFO] [stdout] 115 |     let (code, stdout, _) = run(&["--no-color", "--strict",
[INFO] [stdout]     |          ^^^^ help: if this is intentional, prefix it with an underscore: `_code`
[INFO] [stdout] 
[INFO] [stdout] 
[INFO] [stderr]    Compiling tempfile v3.27.0
[INFO] [stderr]    Compiling ansible-lint-core v25.5.0 (/opt/rustwide/workdir/crates/ansible-lint-core)
[INFO] [stdout] warning: unused import: `std::path::PathBuf`
[INFO] [stdout]   --> crates/ansible-lint-core/src/formatter/full.rs:42:9
[INFO] [stdout]    |
[INFO] [stdout] 42 |     use std::path::PathBuf;
[INFO] [stdout]    |         ^^^^^^^^^^^^^^^^^^
[INFO] [stdout]    |
[INFO] [stdout]    = note: `#[warn(unused_imports)]` (part of `#[warn(unused)]`) on by default
[INFO] [stdout] 
[INFO] [stdout] 
[INFO] [stderr] warning: unused dependency `anyhow`
[INFO] [stderr]  --> crates/ansible-lint-core/Cargo.toml:9:1
[INFO] [stderr]   |
[INFO] [stderr] 9 | anyhow = { workspace = true }
[INFO] [stderr]   | ^^^^^^^^^^^^^^^^^^^^^^^^^^^^^
[INFO] [stderr]   |
[INFO] [stderr]   = note: `cargo::unused_dependencies` is set to `warn` by default
[INFO] [stderr] help: consider removing the dependency on `anyhow`
[INFO] [stderr] warning: unused dependency `ignore`
[INFO] [stderr]   --> crates/ansible-lint-core/Cargo.toml:17:1
[INFO] [stderr]    |
[INFO] [stderr] 17 | ignore = { workspace = true }
[INFO] [stderr]    | ^^^^^^^^^^^^^^^^^^^^^^^^^^^^^
[INFO] [stderr]    |
[INFO] [stderr] help: consider removing the dependency on `ignore`
[INFO] [stderr] warning: `ansible-lint-core` (manifest) generated 2 warnings
[INFO] [stderr]     Finished `release` profile [optimized] target(s) in 11.53s
[INFO] running `Command { std: "docker" "inspect" "8ad2d74f154b6a621c5e77f3c48dece68c09f5144f428ee1ceb9ab5430c622c3", kill_on_drop: false }`
[INFO] running `Command { std: "docker" "exec" "-e" "SOURCE_DIR=/opt/rustwide/workdir" "-e" "CARGO_HOME=/opt/rustwide/cargo-home" "-e" "RUSTUP_HOME=/opt/rustwide/rustup-home" "-e" "CARGO_TARGET_DIR=/opt/rustwide/target" "-e" "CARGO_INCREMENTAL=0" "-e" "RUST_BACKTRACE=full" "-e" "RUSTFLAGS=--cap-lints=warn" "-e" "RUSTDOCFLAGS=--cap-lints=warn" "-w" "/opt/rustwide/workdir" "--user" "0:0" "8ad2d74f154b6a621c5e77f3c48dece68c09f5144f428ee1ceb9ab5430c622c3" "/opt/rustwide/cargo-home/bin/cargo" "+1.100.0-beta.1" "test" "--frozen" "--release", kill_on_drop: false }`
[INFO] [stderr] warning: unused variable: `code`
[INFO] [stderr]   --> crates/ansible-lint/tests/integration.rs:64:10
[INFO] [stderr]    |
[INFO] [stderr] 64 |     let (code, stdout, _) = run(&["--no-color", "--format", "brief",
[INFO] [stderr]    |          ^^^^ help: if this is intentional, prefix it with an underscore: `_code`
[INFO] [stderr]    |
[INFO] [stderr]    = note: `#[warn(unused_variables)]` (part of `#[warn(unused)]`) on by default
[INFO] [stderr] 
[INFO] [stderr] warning: unused variable: `code`
[INFO] [stderr]    --> crates/ansible-lint/tests/integration.rs:115:10
[INFO] [stderr]     |
[INFO] [stderr] 115 |     let (code, stdout, _) = run(&["--no-color", "--strict",
[INFO] [stderr]     |          ^^^^ help: if this is intentional, prefix it with an underscore: `_code`
[INFO] [stderr] 
[INFO] [stderr] warning: `ansible-lint` (test "integration") generated 2 warnings (run `cargo fix --test "integration" -p ansible-lint` to apply 2 suggestions)
[INFO] [stderr] warning: unused import: `std::path::PathBuf`
[INFO] [stderr]   --> crates/ansible-lint-core/src/formatter/full.rs:42:9
[INFO] [stderr]    |
[INFO] [stderr] 42 |     use std::path::PathBuf;
[INFO] [stderr]    |         ^^^^^^^^^^^^^^^^^^
[INFO] [stderr]    |
[INFO] [stderr]    = note: `#[warn(unused_imports)]` (part of `#[warn(unused)]`) on by default
[INFO] [stderr] 
[INFO] [stderr] warning: `ansible-lint-core` (lib test) generated 1 warning (run `cargo fix --lib -p ansible-lint-core --tests` to apply 1 suggestion)
[INFO] [stderr] warning: unused dependency `anyhow`
[INFO] [stderr]  --> crates/ansible-lint-core/Cargo.toml:9:1
[INFO] [stderr]   |
[INFO] [stderr] 9 | anyhow = { workspace = true }
[INFO] [stderr]   | ^^^^^^^^^^^^^^^^^^^^^^^^^^^^^
[INFO] [stderr]   |
[INFO] [stderr]   = note: `cargo::unused_dependencies` is set to `warn` by default
[INFO] [stderr] help: consider removing the dependency on `anyhow`
[INFO] [stderr] warning: unused dependency `ignore`
[INFO] [stderr]   --> crates/ansible-lint-core/Cargo.toml:17:1
[INFO] [stderr]    |
[INFO] [stderr] 17 | ignore = { workspace = true }
[INFO] [stderr]    | ^^^^^^^^^^^^^^^^^^^^^^^^^^^^^
[INFO] [stderr]    |
[INFO] [stderr] help: consider removing the dependency on `ignore`
[INFO] [stderr] warning: `ansible-lint-core` (manifest) generated 2 warnings
[INFO] [stderr]     Finished `release` profile [optimized] target(s) in 0.13s
[INFO] [stderr]      Running unittests src/main.rs (/opt/rustwide/target/release/build/ansible-lint/4a9310722be9623e/out/ansible_rust_lint-4a9310722be9623e)
[INFO] [stderr]      Running tests/integration.rs (/opt/rustwide/target/release/build/ansible-lint/931833a6b1fb5b1d/out/integration-931833a6b1fb5b1d)
[INFO] [stdout] 
[INFO] [stdout] running 0 tests
[INFO] [stdout] 
[INFO] [stdout] test result: ok. 0 passed; 0 failed; 0 ignored; 0 measured; 0 filtered out; finished in 0.00s
[INFO] [stdout] 
[INFO] [stdout] 
[INFO] [stdout] running 19 tests
[INFO] [stdout] test version_flag ... FAILED
[INFO] [stdout] test yaml_truthy_fail_file_exits_nonzero ... FAILED
[INFO] [stdout] test no_changed_when_detected ... FAILED
[INFO] [stdout] test skip_list_suppresses_rule ... FAILED
[INFO] [stdout] test codeclimate_format_output ... FAILED
[INFO] [stdout] test profile_min_suppresses_moderate_rules ... FAILED
[INFO] [stdout] test list_profiles_flag ... FAILED
[INFO] [stdout] test pep8_format_output ... FAILED
[INFO] [stdout] test sarif_format_output ... FAILED
[INFO] [stdout] test json_format_output ... FAILED
[INFO] [stdout] test document_start_rule_fires ... FAILED
[INFO] [stdout] test profile_moderate_triggers_moderate_rules ... FAILED
[INFO] [stdout] test nonexistent_file_exits_two ... FAILED
[INFO] [stdout] test list_tags_flag ... FAILED
[INFO] [stdout] test name_missing_detected ... FAILED
[INFO] [stdout] test no_changed_when_passes_when_set ... FAILED
[INFO] [stdout] test yaml_truthy_pass_file_exits_zero ... FAILED
[INFO] [stderr] error: test failed, to rerun pass `-p ansible-lint --test integration`
[INFO] [stdout] test yaml_truthy_fail_file_strict_exits_one ... FAILED
[INFO] [stdout] test list_rules_flag ... FAILED
[INFO] [stdout] 
[INFO] [stdout] failures:
[INFO] [stdout] 
[INFO] [stdout] ---- version_flag stdout ----
[INFO] [stdout] 
[INFO] [stdout] thread 'version_flag' (1458) panicked at crates/ansible-lint/tests/integration.rs:22:10:
[INFO] [stdout] Failed to run ansible-lint binary: Os { code: 2, kind: NotFound, message: "No such file or directory" }
[INFO] [stdout] stack backtrace:
[INFO] [stdout]    0:     0x5c8402c6edd1 - <<std[617be2ca0a6fd877]::sys::backtrace::BacktraceLock>::print::DisplayBacktrace as core[a373ad73a504971]::fmt::Display>::fmt
[INFO] [stdout]    1:     0x5c8402c8369a - core[a373ad73a504971]::fmt::write
[INFO] [stdout]    2:     0x5c8402c72fec - <alloc[2e1b2a31b91974c5]::vec::Vec<u8> as core[a373ad73a504971]::io::write::Write>::write_fmt
[INFO] [stdout]    3:     0x5c8402c4adb6 - std[617be2ca0a6fd877]::panicking::default_hook::{closure#0}
[INFO] [stdout]    4:     0x5c8402c67469 - std[617be2ca0a6fd877]::panicking::default_hook
[INFO] [stdout]    5:     0x5c8402c03690 - test[aada8e7e76ba119b]::test_main_inner::{closure#0}
[INFO] [stdout]    6:     0x5c8402c67622 - std[617be2ca0a6fd877]::panicking::panic_with_hook
[INFO] [stdout]    7:     0x5c8402c4ae62 - std[617be2ca0a6fd877]::panicking::panic_handler::{closure#0}
[INFO] [stdout]    8:     0x5c8402c43b79 - std[617be2ca0a6fd877]::sys::backtrace::__rust_end_short_backtrace::<std[617be2ca0a6fd877]::panicking::panic_handler::{closure#0}, !>
[INFO] [stdout]    9:     0x5c8402c4ba6d - __rustc[ea4f61d10b84890b]::rust_begin_unwind
[INFO] [stdout]   10:     0x5c8402c83dcc - core[a373ad73a504971]::panicking::panic_fmt
[INFO] [stdout]   11:     0x5c8402c83ba2 - core[a373ad73a504971]::result::unwrap_failed
[INFO] [stdout]   12:     0x5c8402be8d70 - integration[e3629047f0c769f]::run
[INFO] [stdout]   13:     0x5c8402be9861 - <integration[e3629047f0c769f]::version_flag::{closure#0} as core[a373ad73a504971]::ops::function::FnOnce<()>>::call_once
[INFO] [stdout]   14:     0x5c8402bf6adb - test[aada8e7e76ba119b]::__rust_begin_short_backtrace::<core[a373ad73a504971]::result::Result<(), alloc[2e1b2a31b91974c5]::string::String>, fn() -> core[a373ad73a504971]::result::Result<(), alloc[2e1b2a31b91974c5]::string::String>>
[INFO] [stdout]   15:     0x5c8402c03cb5 - test[aada8e7e76ba119b]::run_test::{closure#0}
[INFO] [stdout]   16:     0x5c8402bfd5a4 - std[617be2ca0a6fd877]::sys::backtrace::__rust_begin_short_backtrace::<test[aada8e7e76ba119b]::run_test::{closure#1}, ()>
[INFO] [stdout]   17:     0x5c8402c06d42 - <std[617be2ca0a6fd877]::thread::lifecycle::spawn_unchecked<test[aada8e7e76ba119b]::run_test::{closure#1}, ()>::{closure#1} as core[a373ad73a504971]::ops::function::FnOnce<()>>::call_once::{shim:vtable#0}
[INFO] [stdout]   18:     0x5c8402c6e62f - <std[617be2ca0a6fd877]::sys::thread::unix::Thread>::new::thread_start
[INFO] [stdout]   19:     0x7a90da983dfa - <unknown>
[INFO] [stdout]   20:     0x7a90daa173d4 - clone
[INFO] [stdout]   21:                0x0 - <unknown>
[INFO] [stdout] 
[INFO] [stdout] ---- yaml_truthy_fail_file_exits_nonzero stdout ----
[INFO] [stdout] 
[INFO] [stdout] thread 'yaml_truthy_fail_file_exits_nonzero' (1465) panicked at crates/ansible-lint/tests/integration.rs:22:10:
[INFO] [stdout] Failed to run ansible-lint binary: Os { code: 2, kind: NotFound, message: "No such file or directory" }
[INFO] [stdout] stack backtrace:
[INFO] [stdout]    0:     0x5c8402c6edd1 - <<std[617be2ca0a6fd877]::sys::backtrace::BacktraceLock>::print::DisplayBacktrace as core[a373ad73a504971]::fmt::Display>::fmt
[INFO] [stdout]    1:     0x5c8402c8369a - core[a373ad73a504971]::fmt::write
[INFO] [stdout]    2:     0x5c8402c72fec - <alloc[2e1b2a31b91974c5]::vec::Vec<u8> as core[a373ad73a504971]::io::write::Write>::write_fmt
[INFO] [stdout]    3:     0x5c8402c4adb6 - std[617be2ca0a6fd877]::panicking::default_hook::{closure#0}
[INFO] [stdout]    4:     0x5c8402c67469 - std[617be2ca0a6fd877]::panicking::default_hook
[INFO] [stdout]    5:     0x5c8402c03690 - test[aada8e7e76ba119b]::test_main_inner::{closure#0}
[INFO] [stdout]    6:     0x5c8402c67622 - std[617be2ca0a6fd877]::panicking::panic_with_hook
[INFO] [stdout]    7:     0x5c8402c4ae62 - std[617be2ca0a6fd877]::panicking::panic_handler::{closure#0}
[INFO] [stdout]    8:     0x5c8402c43b79 - std[617be2ca0a6fd877]::sys::backtrace::__rust_end_short_backtrace::<std[617be2ca0a6fd877]::panicking::panic_handler::{closure#0}, !>
[INFO] [stdout]    9:     0x5c8402c4ba6d - __rustc[ea4f61d10b84890b]::rust_begin_unwind
[INFO] [stdout]   10:     0x5c8402c83dcc - core[a373ad73a504971]::panicking::panic_fmt
[INFO] [stdout]   11:     0x5c8402c83ba2 - core[a373ad73a504971]::result::unwrap_failed
[INFO] [stdout]   12:     0x5c8402be8d70 - integration[e3629047f0c769f]::run
[INFO] [stdout]   13:     0x5c8402bebf87 - <integration[e3629047f0c769f]::yaml_truthy_fail_file_exits_nonzero::{closure#0} as core[a373ad73a504971]::ops::function::FnOnce<()>>::call_once
[INFO] [stdout]   14:     0x5c8402bf6adb - test[aada8e7e76ba119b]::__rust_begin_short_backtrace::<core[a373ad73a504971]::result::Result<(), alloc[2e1b2a31b91974c5]::string::String>, fn() -> core[a373ad73a504971]::result::Result<(), alloc[2e1b2a31b91974c5]::string::String>>
[INFO] [stdout]   15:     0x5c8402c03cb5 - test[aada8e7e76ba119b]::run_test::{closure#0}
[INFO] [stdout]   16:     0x5c8402bfd5a4 - std[617be2ca0a6fd877]::sys::backtrace::__rust_begin_short_backtrace::<test[aada8e7e76ba119b]::run_test::{closure#1}, ()>
[INFO] [stdout]   17:     0x5c8402c06d42 - <std[617be2ca0a6fd877]::thread::lifecycle::spawn_unchecked<test[aada8e7e76ba119b]::run_test::{closure#1}, ()>::{closure#1} as core[a373ad73a504971]::ops::function::FnOnce<()>>::call_once::{shim:vtable#0}
[INFO] [stdout]   18:     0x5c8402c6e62f - <std[617be2ca0a6fd877]::sys::thread::unix::Thread>::new::thread_start
[INFO] [stdout]   19:     0x7a90da983dfa - <unknown>
[INFO] [stdout]   20:     0x7a90daa173d4 - clone
[INFO] [stdout]   21:                0x0 - <unknown>
[INFO] [stdout] 
[INFO] [stdout] ---- no_changed_when_detected stdout ----
[INFO] [stdout] 
[INFO] [stdout] thread 'no_changed_when_detected' (1449) panicked at crates/ansible-lint/tests/integration.rs:22:10:
[INFO] [stdout] Failed to run ansible-lint binary: Os { code: 2, kind: NotFound, message: "No such file or directory" }
[INFO] [stdout] stack backtrace:
[INFO] [stdout]    0:     0x5c8402c6edd1 - <<std[617be2ca0a6fd877]::sys::backtrace::BacktraceLock>::print::DisplayBacktrace as core[a373ad73a504971]::fmt::Display>::fmt
[INFO] [stdout]    1:     0x5c8402c8369a - core[a373ad73a504971]::fmt::write
[INFO] [stdout]    2:     0x5c8402c72fec - <alloc[2e1b2a31b91974c5]::vec::Vec<u8> as core[a373ad73a504971]::io::write::Write>::write_fmt
[INFO] [stdout]    3:     0x5c8402c4adb6 - std[617be2ca0a6fd877]::panicking::default_hook::{closure#0}
[INFO] [stdout]    4:     0x5c8402c67469 - std[617be2ca0a6fd877]::panicking::default_hook
[INFO] [stdout]    5:     0x5c8402c03690 - test[aada8e7e76ba119b]::test_main_inner::{closure#0}
[INFO] [stdout]    6:     0x5c8402c67622 - std[617be2ca0a6fd877]::panicking::panic_with_hook
[INFO] [stdout]    7:     0x5c8402c4ae62 - std[617be2ca0a6fd877]::panicking::panic_handler::{closure#0}
[INFO] [stdout]    8:     0x5c8402c43b79 - std[617be2ca0a6fd877]::sys::backtrace::__rust_end_short_backtrace::<std[617be2ca0a6fd877]::panicking::panic_handler::{closure#0}, !>
[INFO] [stdout]    9:     0x5c8402c4ba6d - __rustc[ea4f61d10b84890b]::rust_begin_unwind
[INFO] [stdout]   10:     0x5c8402c83dcc - core[a373ad73a504971]::panicking::panic_fmt
[INFO] [stdout]   11:     0x5c8402c83ba2 - core[a373ad73a504971]::result::unwrap_failed
[INFO] [stdout]   12:     0x5c8402be8d70 - integration[e3629047f0c769f]::run
[INFO] [stdout]   13:     0x5c8402beace7 - <integration[e3629047f0c769f]::no_changed_when_detected::{closure#0} as core[a373ad73a504971]::ops::function::FnOnce<()>>::call_once
[INFO] [stdout]   14:     0x5c8402bf6adb - test[aada8e7e76ba119b]::__rust_begin_short_backtrace::<core[a373ad73a504971]::result::Result<(), alloc[2e1b2a31b91974c5]::string::String>, fn() -> core[a373ad73a504971]::result::Result<(), alloc[2e1b2a31b91974c5]::string::String>>
[INFO] [stdout]   15:     0x5c8402c03cb5 - test[aada8e7e76ba119b]::run_test::{closure#0}
[INFO] [stdout]   16:     0x5c8402bfd5a4 - std[617be2ca0a6fd877]::sys::backtrace::__rust_begin_short_backtrace::<test[aada8e7e76ba119b]::run_test::{closure#1}, ()>
[INFO] [stdout]   17:     0x5c8402c06d42 - <std[617be2ca0a6fd877]::thread::lifecycle::spawn_unchecked<test[aada8e7e76ba119b]::run_test::{closure#1}, ()>::{closure#1} as core[a373ad73a504971]::ops::function::FnOnce<()>>::call_once::{shim:vtable#0}
[INFO] [stdout]   18:     0x5c8402c6e62f - <std[617be2ca0a6fd877]::sys::thread::unix::Thread>::new::thread_start
[INFO] [stdout]   19:     0x7a90da983dfa - <unknown>
[INFO] [stdout]   20:     0x7a90daa173d4 - clone
[INFO] [stdout]   21:                0x0 - <unknown>
[INFO] [stdout] 
[INFO] [stdout] ---- skip_list_suppresses_rule stdout ----
[INFO] [stdout] 
[INFO] [stdout] thread 'skip_list_suppresses_rule' (1457) panicked at crates/ansible-lint/tests/integration.rs:22:10:
[INFO] [stdout] Failed to run ansible-lint binary: Os { code: 2, kind: NotFound, message: "No such file or directory" }
[INFO] [stdout] stack backtrace:
[INFO] [stdout]    0:     0x5c8402c6edd1 - <<std[617be2ca0a6fd877]::sys::backtrace::BacktraceLock>::print::DisplayBacktrace as core[a373ad73a504971]::fmt::Display>::fmt
[INFO] [stdout]    1:     0x5c8402c8369a - core[a373ad73a504971]::fmt::write
[INFO] [stdout]    2:     0x5c8402c72fec - <alloc[2e1b2a31b91974c5]::vec::Vec<u8> as core[a373ad73a504971]::io::write::Write>::write_fmt
[INFO] [stdout]    3:     0x5c8402c4adb6 - std[617be2ca0a6fd877]::panicking::default_hook::{closure#0}
[INFO] [stdout]    4:     0x5c8402c67469 - std[617be2ca0a6fd877]::panicking::default_hook
[INFO] [stdout]    5:     0x5c8402c03690 - test[aada8e7e76ba119b]::test_main_inner::{closure#0}
[INFO] [stdout]    6:     0x5c8402c67622 - std[617be2ca0a6fd877]::panicking::panic_with_hook
[INFO] [stdout]    7:     0x5c8402c4ae62 - std[617be2ca0a6fd877]::panicking::panic_handler::{closure#0}
[INFO] [stdout]    8:     0x5c8402c43b79 - std[617be2ca0a6fd877]::sys::backtrace::__rust_end_short_backtrace::<std[617be2ca0a6fd877]::panicking::panic_handler::{closure#0}, !>
[INFO] [stdout]    9:     0x5c8402c4ba6d - __rustc[ea4f61d10b84890b]::rust_begin_unwind
[INFO] [stdout]   10:     0x5c8402c83dcc - core[a373ad73a504971]::panicking::panic_fmt
[INFO] [stdout]   11:     0x5c8402c83ba2 - core[a373ad73a504971]::result::unwrap_failed
[INFO] [stdout]   12:     0x5c8402be8d70 - integration[e3629047f0c769f]::run
[INFO] [stdout]   13:     0x5c8402beb6da - <integration[e3629047f0c769f]::skip_list_suppresses_rule::{closure#0} as core[a373ad73a504971]::ops::function::FnOnce<()>>::call_once
[INFO] [stdout]   14:     0x5c8402bf6adb - test[aada8e7e76ba119b]::__rust_begin_short_backtrace::<core[a373ad73a504971]::result::Result<(), alloc[2e1b2a31b91974c5]::string::String>, fn() -> core[a373ad73a504971]::result::Result<(), alloc[2e1b2a31b91974c5]::string::String>>
[INFO] [stdout]   15:     0x5c8402c03cb5 - test[aada8e7e76ba119b]::run_test::{closure#0}
[INFO] [stdout]   16:     0x5c8402bfd5a4 - std[617be2ca0a6fd877]::sys::backtrace::__rust_begin_short_backtrace::<test[aada8e7e76ba119b]::run_test::{closure#1}, ()>
[INFO] [stdout]   17:     0x5c8402c06d42 - <std[617be2ca0a6fd877]::thread::lifecycle::spawn_unchecked<test[aada8e7e76ba119b]::run_test::{closure#1}, ()>::{closure#1} as core[a373ad73a504971]::ops::function::FnOnce<()>>::call_once::{shim:vtable#0}
[INFO] [stdout]   18:     0x5c8402c6e62f - <std[617be2ca0a6fd877]::sys::thread::unix::Thread>::new::thread_start
[INFO] [stdout]   19:     0x7a90da983dfa - <unknown>
[INFO] [stdout]   20:     0x7a90daa173d4 - clone
[INFO] [stdout]   21:                0x0 - <unknown>
[INFO] [stdout] 
[INFO] [stdout] ---- codeclimate_format_output stdout ----
[INFO] [stdout] 
[INFO] [stdout] thread 'codeclimate_format_output' (1442) panicked at crates/ansible-lint/tests/integration.rs:22:10:
[INFO] [stdout] Failed to run ansible-lint binary: Os { code: 2, kind: NotFound, message: "No such file or directory" }
[INFO] [stdout] stack backtrace:
[INFO] [stdout]    0:     0x5c8402c6edd1 - <<std[617be2ca0a6fd877]::sys::backtrace::BacktraceLock>::print::DisplayBacktrace as core[a373ad73a504971]::fmt::Display>::fmt
[INFO] [stdout]    1:     0x5c8402c8369a - core[a373ad73a504971]::fmt::write
[INFO] [stdout]    2:     0x5c8402c72fec - <alloc[2e1b2a31b91974c5]::vec::Vec<u8> as core[a373ad73a504971]::io::write::Write>::write_fmt
[INFO] [stdout]    3:     0x5c8402c4adb6 - std[617be2ca0a6fd877]::panicking::default_hook::{closure#0}
[INFO] [stdout]    4:     0x5c8402c67469 - std[617be2ca0a6fd877]::panicking::default_hook
[INFO] [stdout]    5:     0x5c8402c03690 - test[aada8e7e76ba119b]::test_main_inner::{closure#0}
[INFO] [stdout]    6:     0x5c8402c67622 - std[617be2ca0a6fd877]::panicking::panic_with_hook
[INFO] [stdout]    7:     0x5c8402c4ae62 - std[617be2ca0a6fd877]::panicking::panic_handler::{closure#0}
[INFO] [stdout]    8:     0x5c8402c43b79 - std[617be2ca0a6fd877]::sys::backtrace::__rust_end_short_backtrace::<std[617be2ca0a6fd877]::panicking::panic_handler::{closure#0}, !>
[INFO] [stdout]    9:     0x5c8402c4ba6d - __rustc[ea4f61d10b84890b]::rust_begin_unwind
[INFO] [stdout]   10:     0x5c8402c83dcc - core[a373ad73a504971]::panicking::panic_fmt
[INFO] [stdout]   11:     0x5c8402c83ba2 - core[a373ad73a504971]::result::unwrap_failed
[INFO] [stdout]   12:     0x5c8402be8d70 - integration[e3629047f0c769f]::run
[INFO] [stdout]   13:     0x5c8402beafbb - <integration[e3629047f0c769f]::codeclimate_format_output::{closure#0} as core[a373ad73a504971]::ops::function::FnOnce<()>>::call_once
[INFO] [stdout]   14:     0x5c8402bf6adb - test[aada8e7e76ba119b]::__rust_begin_short_backtrace::<core[a373ad73a504971]::result::Result<(), alloc[2e1b2a31b91974c5]::string::String>, fn() -> core[a373ad73a504971]::result::Result<(), alloc[2e1b2a31b91974c5]::string::String>>
[INFO] [stdout]   15:     0x5c8402c03cb5 - test[aada8e7e76ba119b]::run_test::{closure#0}
[INFO] [stdout]   16:     0x5c8402bfd5a4 - std[617be2ca0a6fd877]::sys::backtrace::__rust_begin_short_backtrace::<test[aada8e7e76ba119b]::run_test::{closure#1}, ()>
[INFO] [stdout]   17:     0x5c8402c06d42 - <std[617be2ca0a6fd877]::thread::lifecycle::spawn_unchecked<test[aada8e7e76ba119b]::run_test::{closure#1}, ()>::{closure#1} as core[a373ad73a504971]::ops::function::FnOnce<()>>::call_once::{shim:vtable#0}
[INFO] [stdout]   18:     0x5c8402c6e62f - <std[617be2ca0a6fd877]::sys::thread::unix::Thread>::new::thread_start
[INFO] [stdout]   19:     0x7a90da983dfa - <unknown>
[INFO] [stdout]   20:     0x7a90daa173d4 - clone
[INFO] [stdout]   21:                0x0 - <unknown>
[INFO] [stdout] 
[INFO] [stdout] ---- profile_min_suppresses_moderate_rules stdout ----
[INFO] [stdout] 
[INFO] [stdout] thread 'profile_min_suppresses_moderate_rules' (1454) panicked at crates/ansible-lint/tests/integration.rs:22:10:
[INFO] [stdout] Failed to run ansible-lint binary: Os { code: 2, kind: NotFound, message: "No such file or directory" }
[INFO] [stdout] stack backtrace:
[INFO] [stdout]    0:     0x5c8402c6edd1 - <<std[617be2ca0a6fd877]::sys::backtrace::BacktraceLock>::print::DisplayBacktrace as core[a373ad73a504971]::fmt::Display>::fmt
[INFO] [stdout]    1:     0x5c8402c8369a - core[a373ad73a504971]::fmt::write
[INFO] [stdout]    2:     0x5c8402c72fec - <alloc[2e1b2a31b91974c5]::vec::Vec<u8> as core[a373ad73a504971]::io::write::Write>::write_fmt
[INFO] [stdout]    3:     0x5c8402c4adb6 - std[617be2ca0a6fd877]::panicking::default_hook::{closure#0}
[INFO] [stdout]    4:     0x5c8402c67469 - std[617be2ca0a6fd877]::panicking::default_hook
[INFO] [stdout]    5:     0x5c8402c03690 - test[aada8e7e76ba119b]::test_main_inner::{closure#0}
[INFO] [stdout]    6:     0x5c8402c67622 - std[617be2ca0a6fd877]::panicking::panic_with_hook
[INFO] [stdout]    7:     0x5c8402c4ae62 - std[617be2ca0a6fd877]::panicking::panic_handler::{closure#0}
[INFO] [stdout]    8:     0x5c8402c43b79 - std[617be2ca0a6fd877]::sys::backtrace::__rust_end_short_backtrace::<std[617be2ca0a6fd877]::panicking::panic_handler::{closure#0}, !>
[INFO] [stdout]    9:     0x5c8402c4ba6d - __rustc[ea4f61d10b84890b]::rust_begin_unwind
[INFO] [stdout]   10:     0x5c8402c83dcc - core[a373ad73a504971]::panicking::panic_fmt
[INFO] [stdout]   11:     0x5c8402c83ba2 - core[a373ad73a504971]::result::unwrap_failed
[INFO] [stdout]   12:     0x5c8402be8d70 - integration[e3629047f0c769f]::run
[INFO] [stdout]   13:     0x5c8402bec221 - <integration[e3629047f0c769f]::profile_min_suppresses_moderate_rules::{closure#0} as core[a373ad73a504971]::ops::function::FnOnce<()>>::call_once
[INFO] [stdout]   14:     0x5c8402bf6adb - test[aada8e7e76ba119b]::__rust_begin_short_backtrace::<core[a373ad73a504971]::result::Result<(), alloc[2e1b2a31b91974c5]::string::String>, fn() -> core[a373ad73a504971]::result::Result<(), alloc[2e1b2a31b91974c5]::string::String>>
[INFO] [stdout]   15:     0x5c8402c03cb5 - test[aada8e7e76ba119b]::run_test::{closure#0}
[INFO] [stdout]   16:     0x5c8402bfd5a4 - std[617be2ca0a6fd877]::sys::backtrace::__rust_begin_short_backtrace::<test[aada8e7e76ba119b]::run_test::{closure#1}, ()>
[INFO] [stdout]   17:     0x5c8402c06d42 - <std[617be2ca0a6fd877]::thread::lifecycle::spawn_unchecked<test[aada8e7e76ba119b]::run_test::{closure#1}, ()>::{closure#1} as core[a373ad73a504971]::ops::function::FnOnce<()>>::call_once::{shim:vtable#0}
[INFO] [stdout]   18:     0x5c8402c6e62f - <std[617be2ca0a6fd877]::sys::thread::unix::Thread>::new::thread_start
[INFO] [stdout]   19:     0x7a90da983dfa - <unknown>
[INFO] [stdout]   20:     0x7a90daa173d4 - clone
[INFO] [stdout]   21:                0x0 - <unknown>
[INFO] [stdout] 
[INFO] [stdout] ---- list_profiles_flag stdout ----
[INFO] [stdout] 
[INFO] [stdout] thread 'list_profiles_flag' (1445) panicked at crates/ansible-lint/tests/integration.rs:22:10:
[INFO] [stdout] Failed to run ansible-lint binary: Os { code: 2, kind: NotFound, message: "No such file or directory" }
[INFO] [stdout] stack backtrace:
[INFO] [stdout]    0:     0x5c8402c6edd1 - <<std[617be2ca0a6fd877]::sys::backtrace::BacktraceLock>::print::DisplayBacktrace as core[a373ad73a504971]::fmt::Display>::fmt
[INFO] [stdout]    1:     0x5c8402c8369a - core[a373ad73a504971]::fmt::write
[INFO] [stdout]    2:     0x5c8402c72fec - <alloc[2e1b2a31b91974c5]::vec::Vec<u8> as core[a373ad73a504971]::io::write::Write>::write_fmt
[INFO] [stdout]    3:     0x5c8402c4adb6 - std[617be2ca0a6fd877]::panicking::default_hook::{closure#0}
[INFO] [stdout]    4:     0x5c8402c67469 - std[617be2ca0a6fd877]::panicking::default_hook
[INFO] [stdout]    5:     0x5c8402c03690 - test[aada8e7e76ba119b]::test_main_inner::{closure#0}
[INFO] [stdout]    6:     0x5c8402c67622 - std[617be2ca0a6fd877]::panicking::panic_with_hook
[INFO] [stdout]    7:     0x5c8402c4ae62 - std[617be2ca0a6fd877]::panicking::panic_handler::{closure#0}
[INFO] [stdout]    8:     0x5c8402c43b79 - std[617be2ca0a6fd877]::sys::backtrace::__rust_end_short_backtrace::<std[617be2ca0a6fd877]::panicking::panic_handler::{closure#0}, !>
[INFO] [stdout]    9:     0x5c8402c4ba6d - __rustc[ea4f61d10b84890b]::rust_begin_unwind
[INFO] [stdout]   10:     0x5c8402c83dcc - core[a373ad73a504971]::panicking::panic_fmt
[INFO] [stdout]   11:     0x5c8402c83ba2 - core[a373ad73a504971]::result::unwrap_failed
[INFO] [stdout]   12:     0x5c8402be8d70 - integration[e3629047f0c769f]::run
[INFO] [stdout]   13:     0x5c8402bea0c5 - <integration[e3629047f0c769f]::list_profiles_flag::{closure#0} as core[a373ad73a504971]::ops::function::FnOnce<()>>::call_once
[INFO] [stdout]   14:     0x5c8402bf6adb - test[aada8e7e76ba119b]::__rust_begin_short_backtrace::<core[a373ad73a504971]::result::Result<(), alloc[2e1b2a31b91974c5]::string::String>, fn() -> core[a373ad73a504971]::result::Result<(), alloc[2e1b2a31b91974c5]::string::String>>
[INFO] [stdout]   15:     0x5c8402c03cb5 - test[aada8e7e76ba119b]::run_test::{closure#0}
[INFO] [stdout]   16:     0x5c8402bfd5a4 - std[617be2ca0a6fd877]::sys::backtrace::__rust_begin_short_backtrace::<test[aada8e7e76ba119b]::run_test::{closure#1}, ()>
[INFO] [stdout]   17:     0x5c8402c06d42 - <std[617be2ca0a6fd877]::thread::lifecycle::spawn_unchecked<test[aada8e7e76ba119b]::run_test::{closure#1}, ()>::{closure#1} as core[a373ad73a504971]::ops::function::FnOnce<()>>::call_once::{shim:vtable#0}
[INFO] [stdout]   18:     0x5c8402c6e62f - <std[617be2ca0a6fd877]::sys::thread::unix::Thread>::new::thread_start
[INFO] [stdout]   19:     0x7a90da983dfa - <unknown>
[INFO] [stdout]   20:     0x7a90daa173d4 - clone
[INFO] [stdout]   21:                0x0 - <unknown>
[INFO] [stdout] 
[INFO] [stdout] ---- pep8_format_output stdout ----
[INFO] [stdout] 
[INFO] [stdout] thread 'pep8_format_output' (1453) panicked at crates/ansible-lint/tests/integration.rs:22:10:
[INFO] [stdout] Failed to run ansible-lint binary: Os { code: 2, kind: NotFound, message: "No such file or directory" }
[INFO] [stdout] stack backtrace:
[INFO] [stdout]    0:     0x5c8402c6edd1 - <<std[617be2ca0a6fd877]::sys::backtrace::BacktraceLock>::print::DisplayBacktrace as core[a373ad73a504971]::fmt::Display>::fmt
[INFO] [stdout]    1:     0x5c8402c8369a - core[a373ad73a504971]::fmt::write
[INFO] [stdout]    2:     0x5c8402c72fec - <alloc[2e1b2a31b91974c5]::vec::Vec<u8> as core[a373ad73a504971]::io::write::Write>::write_fmt
[INFO] [stdout]    3:     0x5c8402c4adb6 - std[617be2ca0a6fd877]::panicking::default_hook::{closure#0}
[INFO] [stdout]    4:     0x5c8402c67469 - std[617be2ca0a6fd877]::panicking::default_hook
[INFO] [stdout]    5:     0x5c8402c03690 - test[aada8e7e76ba119b]::test_main_inner::{closure#0}
[INFO] [stdout]    6:     0x5c8402c67622 - std[617be2ca0a6fd877]::panicking::panic_with_hook
[INFO] [stdout]    7:     0x5c8402c4ae62 - std[617be2ca0a6fd877]::panicking::panic_handler::{closure#0}
[INFO] [stdout]    8:     0x5c8402c43b79 - std[617be2ca0a6fd877]::sys::backtrace::__rust_end_short_backtrace::<std[617be2ca0a6fd877]::panicking::panic_handler::{closure#0}, !>
[INFO] [stdout]    9:     0x5c8402c4ba6d - __rustc[ea4f61d10b84890b]::rust_begin_unwind
[INFO] [stdout]   10:     0x5c8402c83dcc - core[a373ad73a504971]::panicking::panic_fmt
[INFO] [stdout]   11:     0x5c8402c83ba2 - core[a373ad73a504971]::result::unwrap_failed
[INFO] [stdout]   12:     0x5c8402be8d70 - integration[e3629047f0c769f]::run
[INFO] [stdout]   13:     0x5c8402bea347 - <integration[e3629047f0c769f]::pep8_format_output::{closure#0} as core[a373ad73a504971]::ops::function::FnOnce<()>>::call_once
[INFO] [stdout]   14:     0x5c8402bf6adb - test[aada8e7e76ba119b]::__rust_begin_short_backtrace::<core[a373ad73a504971]::result::Result<(), alloc[2e1b2a31b91974c5]::string::String>, fn() -> core[a373ad73a504971]::result::Result<(), alloc[2e1b2a31b91974c5]::string::String>>
[INFO] [stdout]   15:     0x5c8402c03cb5 - test[aada8e7e76ba119b]::run_test::{closure#0}
[INFO] [stdout]   16:     0x5c8402bfd5a4 - std[617be2ca0a6fd877]::sys::backtrace::__rust_begin_short_backtrace::<test[aada8e7e76ba119b]::run_test::{closure#1}, ()>
[INFO] [stdout]   17:     0x5c8402c06d42 - <std[617be2ca0a6fd877]::thread::lifecycle::spawn_unchecked<test[aada8e7e76ba119b]::run_test::{closure#1}, ()>::{closure#1} as core[a373ad73a504971]::ops::function::FnOnce<()>>::call_once::{shim:vtable#0}
[INFO] [stdout]   18:     0x5c8402c6e62f - <std[617be2ca0a6fd877]::sys::thread::unix::Thread>::new::thread_start
[INFO] [stdout]   19:     0x7a90da983dfa - <unknown>
[INFO] [stdout]   20:     0x7a90daa173d4 - clone
[INFO] [stdout]   21:                0x0 - <unknown>
[INFO] [stdout] 
[INFO] [stdout] ---- sarif_format_output stdout ----
[INFO] [stdout] 
[INFO] [stdout] thread 'sarif_format_output' (1456) panicked at crates/ansible-lint/tests/integration.rs:22:10:
[INFO] [stdout] Failed to run ansible-lint binary: Os { code: 2, kind: NotFound, message: "No such file or directory" }
[INFO] [stdout] stack backtrace:
[INFO] [stdout]    0:     0x5c8402c6edd1 - <<std[617be2ca0a6fd877]::sys::backtrace::BacktraceLock>::print::DisplayBacktrace as core[a373ad73a504971]::fmt::Display>::fmt
[INFO] [stdout]    1:     0x5c8402c8369a - core[a373ad73a504971]::fmt::write
[INFO] [stdout]    2:     0x5c8402c72fec - <alloc[2e1b2a31b91974c5]::vec::Vec<u8> as core[a373ad73a504971]::io::write::Write>::write_fmt
[INFO] [stdout]    3:     0x5c8402c4adb6 - std[617be2ca0a6fd877]::panicking::default_hook::{closure#0}
[INFO] [stdout]    4:     0x5c8402c67469 - std[617be2ca0a6fd877]::panicking::default_hook
[INFO] [stdout]    5:     0x5c8402c03690 - test[aada8e7e76ba119b]::test_main_inner::{closure#0}
[INFO] [stdout]    6:     0x5c8402c67622 - std[617be2ca0a6fd877]::panicking::panic_with_hook
[INFO] [stdout]    7:     0x5c8402c4ae62 - std[617be2ca0a6fd877]::panicking::panic_handler::{closure#0}
[INFO] [stdout]    8:     0x5c8402c43b79 - std[617be2ca0a6fd877]::sys::backtrace::__rust_end_short_backtrace::<std[617be2ca0a6fd877]::panicking::panic_handler::{closure#0}, !>
[INFO] [stdout]    9:     0x5c8402c4ba6d - __rustc[ea4f61d10b84890b]::rust_begin_unwind
[INFO] [stdout]   10:     0x5c8402c83dcc - core[a373ad73a504971]::panicking::panic_fmt
[INFO] [stdout]   11:     0x5c8402c83ba2 - core[a373ad73a504971]::result::unwrap_failed
[INFO] [stdout]   12:     0x5c8402be8d70 - integration[e3629047f0c769f]::run
[INFO] [stdout]   13:     0x5c8402bea62c - <integration[e3629047f0c769f]::sarif_format_output::{closure#0} as core[a373ad73a504971]::ops::function::FnOnce<()>>::call_once
[INFO] [stdout]   14:     0x5c8402bf6adb - test[aada8e7e76ba119b]::__rust_begin_short_backtrace::<core[a373ad73a504971]::result::Result<(), alloc[2e1b2a31b91974c5]::string::String>, fn() -> core[a373ad73a504971]::result::Result<(), alloc[2e1b2a31b91974c5]::string::String>>
[INFO] [stdout]   15:     0x5c8402c03cb5 - test[aada8e7e76ba119b]::run_test::{closure#0}
[INFO] [stdout]   16:     0x5c8402bfd5a4 - std[617be2ca0a6fd877]::sys::backtrace::__rust_begin_short_backtrace::<test[aada8e7e76ba119b]::run_test::{closure#1}, ()>
[INFO] [stdout]   17:     0x5c8402c06d42 - <std[617be2ca0a6fd877]::thread::lifecycle::spawn_unchecked<test[aada8e7e76ba119b]::run_test::{closure#1}, ()>::{closure#1} as core[a373ad73a504971]::ops::function::FnOnce<()>>::call_once::{shim:vtable#0}
[INFO] [stdout]   18:     0x5c8402c6e62f - <std[617be2ca0a6fd877]::sys::thread::unix::Thread>::new::thread_start
[INFO] [stdout]   19:     0x7a90da983dfa - <unknown>
[INFO] [stdout]   20:     0x7a90daa173d4 - clone
[INFO] [stdout]   21:                0x0 - <unknown>
[INFO] [stdout] 
[INFO] [stdout] ---- json_format_output stdout ----
[INFO] [stdout] 
[INFO] [stdout] thread 'json_format_output' (1444) panicked at crates/ansible-lint/tests/integration.rs:22:10:
[INFO] [stdout] Failed to run ansible-lint binary: Os { code: 2, kind: NotFound, message: "No such file or directory" }
[INFO] [stdout] stack backtrace:
[INFO] [stdout]    0:     0x5c8402c6edd1 - <<std[617be2ca0a6fd877]::sys::backtrace::BacktraceLock>::print::DisplayBacktrace as core[a373ad73a504971]::fmt::Display>::fmt
[INFO] [stdout]    1:     0x5c8402c8369a - core[a373ad73a504971]::fmt::write
[INFO] [stdout]    2:     0x5c8402c72fec - <alloc[2e1b2a31b91974c5]::vec::Vec<u8> as core[a373ad73a504971]::io::write::Write>::write_fmt
[INFO] [stdout]    3:     0x5c8402c4adb6 - std[617be2ca0a6fd877]::panicking::default_hook::{closure#0}
[INFO] [stdout]    4:     0x5c8402c67469 - std[617be2ca0a6fd877]::panicking::default_hook
[INFO] [stdout]    5:     0x5c8402c03690 - test[aada8e7e76ba119b]::test_main_inner::{closure#0}
[INFO] [stdout]    6:     0x5c8402c67622 - std[617be2ca0a6fd877]::panicking::panic_with_hook
[INFO] [stdout]    7:     0x5c8402c4ae62 - std[617be2ca0a6fd877]::panicking::panic_handler::{closure#0}
[INFO] [stdout]    8:     0x5c8402c43b79 - std[617be2ca0a6fd877]::sys::backtrace::__rust_end_short_backtrace::<std[617be2ca0a6fd877]::panicking::panic_handler::{closure#0}, !>
[INFO] [stdout]    9:     0x5c8402c4ba6d - __rustc[ea4f61d10b84890b]::rust_begin_unwind
[INFO] [stdout]   10:     0x5c8402c83dcc - core[a373ad73a504971]::panicking::panic_fmt
[INFO] [stdout]   11:     0x5c8402c83ba2 - core[a373ad73a504971]::result::unwrap_failed
[INFO] [stdout]   12:     0x5c8402be8d70 - integration[e3629047f0c769f]::run
[INFO] [stdout]   13:     0x5c8402be9d81 - <integration[e3629047f0c769f]::json_format_output::{closure#0} as core[a373ad73a504971]::ops::function::FnOnce<()>>::call_once
[INFO] [stdout]   14:     0x5c8402bf6adb - test[aada8e7e76ba119b]::__rust_begin_short_backtrace::<core[a373ad73a504971]::result::Result<(), alloc[2e1b2a31b91974c5]::string::String>, fn() -> core[a373ad73a504971]::result::Result<(), alloc[2e1b2a31b91974c5]::string::String>>
[INFO] [stdout]   15:     0x5c8402c03cb5 - test[aada8e7e76ba119b]::run_test::{closure#0}
[INFO] [stdout]   16:     0x5c8402bfd5a4 - std[617be2ca0a6fd877]::sys::backtrace::__rust_begin_short_backtrace::<test[aada8e7e76ba119b]::run_test::{closure#1}, ()>
[INFO] [stdout]   17:     0x5c8402c06d42 - <std[617be2ca0a6fd877]::thread::lifecycle::spawn_unchecked<test[aada8e7e76ba119b]::run_test::{closure#1}, ()>::{closure#1} as core[a373ad73a504971]::ops::function::FnOnce<()>>::call_once::{shim:vtable#0}
[INFO] [stdout]   18:     0x5c8402c6e62f - <std[617be2ca0a6fd877]::sys::thread::unix::Thread>::new::thread_start
[INFO] [stdout]   19:     0x7a90da983dfa - <unknown>
[INFO] [stdout]   20:     0x7a90daa173d4 - clone
[INFO] [stdout]   21:                0x0 - <unknown>
[INFO] [stdout] 
[INFO] [stdout] ---- document_start_rule_fires stdout ----
[INFO] [stdout] 
[INFO] [stdout] thread 'document_start_rule_fires' (1443) panicked at crates/ansible-lint/tests/integration.rs:22:10:
[INFO] [stdout] Failed to run ansible-lint binary: Os { code: 2, kind: NotFound, message: "No such file or directory" }
[INFO] [stdout] stack backtrace:
[INFO] [stdout]    0:     0x5c8402c6edd1 - <<std[617be2ca0a6fd877]::sys::backtrace::BacktraceLock>::print::DisplayBacktrace as core[a373ad73a504971]::fmt::Display>::fmt
[INFO] [stdout]    1:     0x5c8402c8369a - core[a373ad73a504971]::fmt::write
[INFO] [stdout]    2:     0x5c8402c72fec - <alloc[2e1b2a31b91974c5]::vec::Vec<u8> as core[a373ad73a504971]::io::write::Write>::write_fmt
[INFO] [stdout]    3:     0x5c8402c4adb6 - std[617be2ca0a6fd877]::panicking::default_hook::{closure#0}
[INFO] [stdout]    4:     0x5c8402c67469 - std[617be2ca0a6fd877]::panicking::default_hook
[INFO] [stdout]    5:     0x5c8402c03690 - test[aada8e7e76ba119b]::test_main_inner::{closure#0}
[INFO] [stdout]    6:     0x5c8402c67622 - std[617be2ca0a6fd877]::panicking::panic_with_hook
[INFO] [stdout]    7:     0x5c8402c4ae62 - std[617be2ca0a6fd877]::panicking::panic_handler::{closure#0}
[INFO] [stdout]    8:     0x5c8402c43b79 - std[617be2ca0a6fd877]::sys::backtrace::__rust_end_short_backtrace::<std[617be2ca0a6fd877]::panicking::panic_handler::{closure#0}, !>
[INFO] [stdout]    9:     0x5c8402c4ba6d - __rustc[ea4f61d10b84890b]::rust_begin_unwind
[INFO] [stdout]   10:     0x5c8402c83dcc - core[a373ad73a504971]::panicking::panic_fmt
[INFO] [stdout]   11:     0x5c8402c83ba2 - core[a373ad73a504971]::result::unwrap_failed
[INFO] [stdout]   12:     0x5c8402be8d70 - integration[e3629047f0c769f]::run
[INFO] [stdout]   13:     0x5c8402beb3e1 - <integration[e3629047f0c769f]::document_start_rule_fires::{closure#0} as core[a373ad73a504971]::ops::function::FnOnce<()>>::call_once
[INFO] [stdout]   14:     0x5c8402bf6adb - test[aada8e7e76ba119b]::__rust_begin_short_backtrace::<core[a373ad73a504971]::result::Result<(), alloc[2e1b2a31b91974c5]::string::String>, fn() -> core[a373ad73a504971]::result::Result<(), alloc[2e1b2a31b91974c5]::string::String>>
[INFO] [stdout]   15:     0x5c8402c03cb5 - test[aada8e7e76ba119b]::run_test::{closure#0}
[INFO] [stdout]   16:     0x5c8402bfd5a4 - std[617be2ca0a6fd877]::sys::backtrace::__rust_begin_short_backtrace::<test[aada8e7e76ba119b]::run_test::{closure#1}, ()>
[INFO] [stdout]   17:     0x5c8402c06d42 - <std[617be2ca0a6fd877]::thread::lifecycle::spawn_unchecked<test[aada8e7e76ba119b]::run_test::{closure#1}, ()>::{closure#1} as core[a373ad73a504971]::ops::function::FnOnce<()>>::call_once::{shim:vtable#0}
[INFO] [stdout]   18:     0x5c8402c6e62f - <std[617be2ca0a6fd877]::sys::thread::unix::Thread>::new::thread_start
[INFO] [stdout]   19:     0x7a90da983dfa - <unknown>
[INFO] [stdout]   20:     0x7a90daa173d4 - clone
[INFO] [stdout]   21:                0x0 - <unknown>
[INFO] [stdout] 
[INFO] [stdout] ---- profile_moderate_triggers_moderate_rules stdout ----
[INFO] [stdout] 
[INFO] [stdout] thread 'profile_moderate_triggers_moderate_rules' (1455) panicked at crates/ansible-lint/tests/integration.rs:22:10:
[INFO] [stdout] Failed to run ansible-lint binary: Os { code: 2, kind: NotFound, message: "No such file or directory" }
[INFO] [stdout] stack backtrace:
[INFO] [stdout]    0:     0x5c8402c6edd1 - <<std[617be2ca0a6fd877]::sys::backtrace::BacktraceLock>::print::DisplayBacktrace as core[a373ad73a504971]::fmt::Display>::fmt
[INFO] [stdout]    1:     0x5c8402c8369a - core[a373ad73a504971]::fmt::write
[INFO] [stdout]    2:     0x5c8402c72fec - <alloc[2e1b2a31b91974c5]::vec::Vec<u8> as core[a373ad73a504971]::io::write::Write>::write_fmt
[INFO] [stdout]    3:     0x5c8402c4adb6 - std[617be2ca0a6fd877]::panicking::default_hook::{closure#0}
[INFO] [stdout]    4:     0x5c8402c67469 - std[617be2ca0a6fd877]::panicking::default_hook
[INFO] [stdout]    5:     0x5c8402c03690 - test[aada8e7e76ba119b]::test_main_inner::{closure#0}
[INFO] [stdout]    6:     0x5c8402c67622 - std[617be2ca0a6fd877]::panicking::panic_with_hook
[INFO] [stdout]    7:     0x5c8402c4ae62 - std[617be2ca0a6fd877]::panicking::panic_handler::{closure#0}
[INFO] [stdout]    8:     0x5c8402c43b79 - std[617be2ca0a6fd877]::sys::backtrace::__rust_end_short_backtrace::<std[617be2ca0a6fd877]::panicking::panic_handler::{closure#0}, !>
[INFO] [stdout]    9:     0x5c8402c4ba6d - __rustc[ea4f61d10b84890b]::rust_begin_unwind
[INFO] [stdout]   10:     0x5c8402c83dcc - core[a373ad73a504971]::panicking::panic_fmt
[INFO] [stdout]   11:     0x5c8402c83ba2 - core[a373ad73a504971]::result::unwrap_failed
[INFO] [stdout]   12:     0x5c8402be8d70 - integration[e3629047f0c769f]::run
[INFO] [stdout]   13:     0x5c8402bec701 - <integration[e3629047f0c769f]::profile_moderate_triggers_moderate_rules::{closure#0} as core[a373ad73a504971]::ops::function::FnOnce<()>>::call_once
[INFO] [stdout]   14:     0x5c8402bf6adb - test[aada8e7e76ba119b]::__rust_begin_short_backtrace::<core[a373ad73a504971]::result::Result<(), alloc[2e1b2a31b91974c5]::string::String>, fn() -> core[a373ad73a504971]::result::Result<(), alloc[2e1b2a31b91974c5]::string::String>>
[INFO] [stdout]   15:     0x5c8402c03cb5 - test[aada8e7e76ba119b]::run_test::{closure#0}
[INFO] [stdout]   16:     0x5c8402bfd5a4 - std[617be2ca0a6fd877]::sys::backtrace::__rust_begin_short_backtrace::<test[aada8e7e76ba119b]::run_test::{closure#1}, ()>
[INFO] [stdout]   17:     0x5c8402c06d42 - <std[617be2ca0a6fd877]::thread::lifecycle::spawn_unchecked<test[aada8e7e76ba119b]::run_test::{closure#1}, ()>::{closure#1} as core[a373ad73a504971]::ops::function::FnOnce<()>>::call_once::{shim:vtable#0}
[INFO] [stdout]   18:     0x5c8402c6e62f - <std[617be2ca0a6fd877]::sys::thread::unix::Thread>::new::thread_start
[INFO] [stdout]   19:     0x7a90da983dfa - <unknown>
[INFO] [stdout]   20:     0x7a90daa173d4 - clone
[INFO] [stdout]   21:                0x0 - <unknown>
[INFO] [stdout] 
[INFO] [stdout] ---- nonexistent_file_exits_two stdout ----
[INFO] [stdout] 
[INFO] [stdout] thread 'nonexistent_file_exits_two' (1451) panicked at crates/ansible-lint/tests/integration.rs:22:10:
[INFO] [stdout] Failed to run ansible-lint binary: Os { code: 2, kind: NotFound, message: "No such file or directory" }
[INFO] [stdout] stack backtrace:
[INFO] [stdout]    0:     0x5c8402c6edd1 - <<std[617be2ca0a6fd877]::sys::backtrace::BacktraceLock>::print::DisplayBacktrace as core[a373ad73a504971]::fmt::Display>::fmt
[INFO] [stdout]    1:     0x5c8402c8369a - core[a373ad73a504971]::fmt::write
[INFO] [stdout]    2:     0x5c8402c72fec - <alloc[2e1b2a31b91974c5]::vec::Vec<u8> as core[a373ad73a504971]::io::write::Write>::write_fmt
[INFO] [stdout]    3:     0x5c8402c4adb6 - std[617be2ca0a6fd877]::panicking::default_hook::{closure#0}
[INFO] [stdout]    4:     0x5c8402c67469 - std[617be2ca0a6fd877]::panicking::default_hook
[INFO] [stdout]    5:     0x5c8402c03690 - test[aada8e7e76ba119b]::test_main_inner::{closure#0}
[INFO] [stdout]    6:     0x5c8402c67622 - std[617be2ca0a6fd877]::panicking::panic_with_hook
[INFO] [stdout]    7:     0x5c8402c4ae62 - std[617be2ca0a6fd877]::panicking::panic_handler::{closure#0}
[INFO] [stdout]    8:     0x5c8402c43b79 - std[617be2ca0a6fd877]::sys::backtrace::__rust_end_short_backtrace::<std[617be2ca0a6fd877]::panicking::panic_handler::{closure#0}, !>
[INFO] [stdout]    9:     0x5c8402c4ba6d - __rustc[ea4f61d10b84890b]::rust_begin_unwind
[INFO] [stdout]   10:     0x5c8402c83dcc - core[a373ad73a504971]::panicking::panic_fmt
[INFO] [stdout]   11:     0x5c8402c83ba2 - core[a373ad73a504971]::result::unwrap_failed
[INFO] [stdout]   12:     0x5c8402be8d70 - integration[e3629047f0c769f]::run
[INFO] [stdout]   13:     0x5c8402beb84f - <integration[e3629047f0c769f]::nonexistent_file_exits_two::{closure#0} as core[a373ad73a504971]::ops::function::FnOnce<()>>::call_once
[INFO] [stdout]   14:     0x5c8402bf6adb - test[aada8e7e76ba119b]::__rust_begin_short_backtrace::<core[a373ad73a504971]::result::Result<(), alloc[2e1b2a31b91974c5]::string::String>, fn() -> core[a373ad73a504971]::result::Result<(), alloc[2e1b2a31b91974c5]::string::String>>
[INFO] [stdout]   15:     0x5c8402c03cb5 - test[aada8e7e76ba119b]::run_test::{closure#0}
[INFO] [stdout]   16:     0x5c8402bfd5a4 - std[617be2ca0a6fd877]::sys::backtrace::__rust_begin_short_backtrace::<test[aada8e7e76ba119b]::run_test::{closure#1}, ()>
[INFO] [stdout]   17:     0x5c8402c06d42 - <std[617be2ca0a6fd877]::thread::lifecycle::spawn_unchecked<test[aada8e7e76ba119b]::run_test::{closure#1}, ()>::{closure#1} as core[a373ad73a504971]::ops::function::FnOnce<()>>::call_once::{shim:vtable#0}
[INFO] [stdout]   18:     0x5c8402c6e62f - <std[617be2ca0a6fd877]::sys::thread::unix::Thread>::new::thread_start
[INFO] [stdout]   19:     0x7a90da983dfa - <unknown>
[INFO] [stdout]   20:     0x7a90daa173d4 - clone
[INFO] [stdout]   21:                0x0 - <unknown>
[INFO] [stdout] 
[INFO] [stdout] ---- list_tags_flag stdout ----
[INFO] [stdout] 
[INFO] [stdout] thread 'list_tags_flag' (1447) panicked at crates/ansible-lint/tests/integration.rs:22:10:
[INFO] [stdout] Failed to run ansible-lint binary: Os { code: 2, kind: NotFound, message: "No such file or directory" }
[INFO] [stdout] stack backtrace:
[INFO] [stdout]    0:     0x5c8402c6edd1 - <<std[617be2ca0a6fd877]::sys::backtrace::BacktraceLock>::print::DisplayBacktrace as core[a373ad73a504971]::fmt::Display>::fmt
[INFO] [stdout]    1:     0x5c8402c8369a - core[a373ad73a504971]::fmt::write
[INFO] [stdout]    2:     0x5c8402c72fec - <alloc[2e1b2a31b91974c5]::vec::Vec<u8> as core[a373ad73a504971]::io::write::Write>::write_fmt
[INFO] [stdout]    3:     0x5c8402c4adb6 - std[617be2ca0a6fd877]::panicking::default_hook::{closure#0}
[INFO] [stdout]    4:     0x5c8402c67469 - std[617be2ca0a6fd877]::panicking::default_hook
[INFO] [stdout]    5:     0x5c8402c03690 - test[aada8e7e76ba119b]::test_main_inner::{closure#0}
[INFO] [stdout]    6:     0x5c8402c67622 - std[617be2ca0a6fd877]::panicking::panic_with_hook
[INFO] [stdout]    7:     0x5c8402c4ae62 - std[617be2ca0a6fd877]::panicking::panic_handler::{closure#0}
[INFO] [stdout]    8:     0x5c8402c43b79 - std[617be2ca0a6fd877]::sys::backtrace::__rust_end_short_backtrace::<std[617be2ca0a6fd877]::panicking::panic_handler::{closure#0}, !>
[INFO] [stdout]    9:     0x5c8402c4ba6d - __rustc[ea4f61d10b84890b]::rust_begin_unwind
[INFO] [stdout]   10:     0x5c8402c83dcc - core[a373ad73a504971]::panicking::panic_fmt
[INFO] [stdout]   11:     0x5c8402c83ba2 - core[a373ad73a504971]::result::unwrap_failed
[INFO] [stdout]   12:     0x5c8402be8d70 - integration[e3629047f0c769f]::run
[INFO] [stdout]   13:     0x5c8402be9985 - <integration[e3629047f0c769f]::list_tags_flag::{closure#0} as core[a373ad73a504971]::ops::function::FnOnce<()>>::call_once
[INFO] [stdout]   14:     0x5c8402bf6adb - test[aada8e7e76ba119b]::__rust_begin_short_backtrace::<core[a373ad73a504971]::result::Result<(), alloc[2e1b2a31b91974c5]::string::String>, fn() -> core[a373ad73a504971]::result::Result<(), alloc[2e1b2a31b91974c5]::string::String>>
[INFO] [stdout]   15:     0x5c8402c03cb5 - test[aada8e7e76ba119b]::run_test::{closure#0}
[INFO] [stdout]   16:     0x5c8402bfd5a4 - std[617be2ca0a6fd877]::sys::backtrace::__rust_begin_short_backtrace::<test[aada8e7e76ba119b]::run_test::{closure#1}, ()>
[INFO] [stdout]   17:     0x5c8402c06d42 - <std[617be2ca0a6fd877]::thread::lifecycle::spawn_unchecked<test[aada8e7e76ba119b]::run_test::{closure#1}, ()>::{closure#1} as core[a373ad73a504971]::ops::function::FnOnce<()>>::call_once::{shim:vtable#0}
[INFO] [stdout]   18:     0x5c8402c6e62f - <std[617be2ca0a6fd877]::sys::thread::unix::Thread>::new::thread_start
[INFO] [stdout]   19:     0x7a90da983dfa - <unknown>
[INFO] [stdout]   20:     0x7a90daa173d4 - clone
[INFO] [stdout]   21:                0x0 - <unknown>
[INFO] [stdout] 
[INFO] [stdout] ---- name_missing_detected stdout ----
[INFO] [stdout] 
[INFO] [stdout] thread 'name_missing_detected' (1448) panicked at crates/ansible-lint/tests/integration.rs:22:10:
[INFO] [stdout] Failed to run ansible-lint binary: Os { code: 2, kind: NotFound, message: "No such file or directory" }
[INFO] [stdout] stack backtrace:
[INFO] [stdout]    0:     0x5c8402c6edd1 - <<std[617be2ca0a6fd877]::sys::backtrace::BacktraceLock>::print::DisplayBacktrace as core[a373ad73a504971]::fmt::Display>::fmt
[INFO] [stdout]    1:     0x5c8402c8369a - core[a373ad73a504971]::fmt::write
[INFO] [stdout]    2:     0x5c8402c72fec - <alloc[2e1b2a31b91974c5]::vec::Vec<u8> as core[a373ad73a504971]::io::write::Write>::write_fmt
[INFO] [stdout]    3:     0x5c8402c4adb6 - std[617be2ca0a6fd877]::panicking::default_hook::{closure#0}
[INFO] [stdout]    4:     0x5c8402c67469 - std[617be2ca0a6fd877]::panicking::default_hook
[INFO] [stdout]    5:     0x5c8402c03690 - test[aada8e7e76ba119b]::test_main_inner::{closure#0}
[INFO] [stdout]    6:     0x5c8402c67622 - std[617be2ca0a6fd877]::panicking::panic_with_hook
[INFO] [stdout]    7:     0x5c8402c4ae62 - std[617be2ca0a6fd877]::panicking::panic_handler::{closure#0}
[INFO] [stdout]    8:     0x5c8402c43b79 - std[617be2ca0a6fd877]::sys::backtrace::__rust_end_short_backtrace::<std[617be2ca0a6fd877]::panicking::panic_handler::{closure#0}, !>
[INFO] [stdout]    9:     0x5c8402c4ba6d - __rustc[ea4f61d10b84890b]::rust_begin_unwind
[INFO] [stdout]   10:     0x5c8402c83dcc - core[a373ad73a504971]::panicking::panic_fmt
[INFO] [stdout]   11:     0x5c8402c83ba2 - core[a373ad73a504971]::result::unwrap_failed
[INFO] [stdout]   12:     0x5c8402be8d70 - integration[e3629047f0c769f]::run
[INFO] [stdout]   13:     0x5c8402beaa17 - <integration[e3629047f0c769f]::name_missing_detected::{closure#0} as core[a373ad73a504971]::ops::function::FnOnce<()>>::call_once
[INFO] [stdout]   14:     0x5c8402bf6adb - test[aada8e7e76ba119b]::__rust_begin_short_backtrace::<core[a373ad73a504971]::result::Result<(), alloc[2e1b2a31b91974c5]::string::String>, fn() -> core[a373ad73a504971]::result::Result<(), alloc[2e1b2a31b91974c5]::string::String>>
[INFO] [stdout]   15:     0x5c8402c03cb5 - test[aada8e7e76ba119b]::run_test::{closure#0}
[INFO] [stdout]   16:     0x5c8402bfd5a4 - std[617be2ca0a6fd877]::sys::backtrace::__rust_begin_short_backtrace::<test[aada8e7e76ba119b]::run_test::{closure#1}, ()>
[INFO] [stdout]   17:     0x5c8402c06d42 - <std[617be2ca0a6fd877]::thread::lifecycle::spawn_unchecked<test[aada8e7e76ba119b]::run_test::{closure#1}, ()>::{closure#1} as core[a373ad73a504971]::ops::function::FnOnce<()>>::call_once::{shim:vtable#0}
[INFO] [stdout]   18:     0x5c8402c6e62f - <std[617be2ca0a6fd877]::sys::thread::unix::Thread>::new::thread_start
[INFO] [stdout]   19:     0x7a90da983dfa - <unknown>
[INFO] [stdout]   20:     0x7a90daa173d4 - clone
[INFO] [stdout]   21:                0x0 - <unknown>
[INFO] [stdout] 
[INFO] [stdout] ---- no_changed_when_passes_when_set stdout ----
[INFO] [stdout] 
[INFO] [stdout] thread 'no_changed_when_passes_when_set' (1450) panicked at crates/ansible-lint/tests/integration.rs:22:10:
[INFO] [stdout] Failed to run ansible-lint binary: Os { code: 2, kind: NotFound, message: "No such file or directory" }
[INFO] [stdout] stack backtrace:
[INFO] [stdout]    0:     0x5c8402c6edd1 - <<std[617be2ca0a6fd877]::sys::backtrace::BacktraceLock>::print::DisplayBacktrace as core[a373ad73a504971]::fmt::Display>::fmt
[INFO] [stdout]    1:     0x5c8402c8369a - core[a373ad73a504971]::fmt::write
[INFO] [stdout]    2:     0x5c8402c72fec - <alloc[2e1b2a31b91974c5]::vec::Vec<u8> as core[a373ad73a504971]::io::write::Write>::write_fmt
[INFO] [stdout]    3:     0x5c8402c4adb6 - std[617be2ca0a6fd877]::panicking::default_hook::{closure#0}
[INFO] [stdout]    4:     0x5c8402c67469 - std[617be2ca0a6fd877]::panicking::default_hook
[INFO] [stdout]    5:     0x5c8402c03690 - test[aada8e7e76ba119b]::test_main_inner::{closure#0}
[INFO] [stdout]    6:     0x5c8402c67622 - std[617be2ca0a6fd877]::panicking::panic_with_hook
[INFO] [stdout]    7:     0x5c8402c4ae62 - std[617be2ca0a6fd877]::panicking::panic_handler::{closure#0}
[INFO] [stdout]    8:     0x5c8402c43b79 - std[617be2ca0a6fd877]::sys::backtrace::__rust_end_short_backtrace::<std[617be2ca0a6fd877]::panicking::panic_handler::{closure#0}, !>
[INFO] [stdout]    9:     0x5c8402c4ba6d - __rustc[ea4f61d10b84890b]::rust_begin_unwind
[INFO] [stdout]   10:     0x5c8402c83dcc - core[a373ad73a504971]::panicking::panic_fmt
[INFO] [stdout]   11:     0x5c8402c83ba2 - core[a373ad73a504971]::result::unwrap_failed
[INFO] [stdout]   12:     0x5c8402be8d70 - integration[e3629047f0c769f]::run
[INFO] [stdout]   13:     0x5c8402beba5f - <integration[e3629047f0c769f]::no_changed_when_passes_when_set::{closure#0} as core[a373ad73a504971]::ops::function::FnOnce<()>>::call_once
[INFO] [stdout]   14:     0x5c8402bf6adb - test[aada8e7e76ba119b]::__rust_begin_short_backtrace::<core[a373ad73a504971]::result::Result<(), alloc[2e1b2a31b91974c5]::string::String>, fn() -> core[a373ad73a504971]::result::Result<(), alloc[2e1b2a31b91974c5]::string::String>>
[INFO] [stdout]   15:     0x5c8402c03cb5 - test[aada8e7e76ba119b]::run_test::{closure#0}
[INFO] [stdout]   16:     0x5c8402bfd5a4 - std[617be2ca0a6fd877]::sys::backtrace::__rust_begin_short_backtrace::<test[aada8e7e76ba119b]::run_test::{closure#1}, ()>
[INFO] [stdout]   17:     0x5c8402c06d42 - <std[617be2ca0a6fd877]::thread::lifecycle::spawn_unchecked<test[aada8e7e76ba119b]::run_test::{closure#1}, ()>::{closure#1} as core[a373ad73a504971]::ops::function::FnOnce<()>>::call_once::{shim:vtable#0}
[INFO] [stdout]   18:     0x5c8402c6e62f - <std[617be2ca0a6fd877]::sys::thread::unix::Thread>::new::thread_start
[INFO] [stdout]   19:     0x7a90da983dfa - <unknown>
[INFO] [stdout]   20:     0x7a90daa173d4 - clone
[INFO] [stdout]   21:                0x0 - <unknown>
[INFO] [stdout] 
[INFO] [stdout] ---- yaml_truthy_pass_file_exits_zero stdout ----
[INFO] [stdout] 
[INFO] [stdout] thread 'yaml_truthy_pass_file_exits_zero' (1474) panicked at crates/ansible-lint/tests/integration.rs:22:10:
[INFO] [stdout] Failed to run ansible-lint binary: Os { code: 2, kind: NotFound, message: "No such file or directory" }
[INFO] [stdout] stack backtrace:
[INFO] [stdout]    0:     0x5c8402c6edd1 - <<std[617be2ca0a6fd877]::sys::backtrace::BacktraceLock>::print::DisplayBacktrace as core[a373ad73a504971]::fmt::Display>::fmt
[INFO] [stdout]    1:     0x5c8402c8369a - core[a373ad73a504971]::fmt::write
[INFO] [stdout]    2:     0x5c8402c72fec - <alloc[2e1b2a31b91974c5]::vec::Vec<u8> as core[a373ad73a504971]::io::write::Write>::write_fmt
[INFO] [stdout]    3:     0x5c8402c4adb6 - std[617be2ca0a6fd877]::panicking::default_hook::{closure#0}
[INFO] [stdout]    4:     0x5c8402c67469 - std[617be2ca0a6fd877]::panicking::default_hook
[INFO] [stdout]    5:     0x5c8402c03690 - test[aada8e7e76ba119b]::test_main_inner::{closure#0}
[INFO] [stdout]    6:     0x5c8402c67622 - std[617be2ca0a6fd877]::panicking::panic_with_hook
[INFO] [stdout]    7:     0x5c8402c4ae62 - std[617be2ca0a6fd877]::panicking::panic_handler::{closure#0}
[INFO] [stdout]    8:     0x5c8402c43b79 - std[617be2ca0a6fd877]::sys::backtrace::__rust_end_short_backtrace::<std[617be2ca0a6fd877]::panicking::panic_handler::{closure#0}, !>
[INFO] [stdout]    9:     0x5c8402c4ba6d - __rustc[ea4f61d10b84890b]::rust_begin_unwind
[INFO] [stdout]   10:     0x5c8402c83dcc - core[a373ad73a504971]::panicking::panic_fmt
[INFO] [stdout]   11:     0x5c8402c83ba2 - core[a373ad73a504971]::result::unwrap_failed
[INFO] [stdout]   12:     0x5c8402be8d70 - integration[e3629047f0c769f]::run
[INFO] [stdout]   13:     0x5c8402bebd1d - <integration[e3629047f0c769f]::yaml_truthy_pass_file_exits_zero::{closure#0} as core[a373ad73a504971]::ops::function::FnOnce<()>>::call_once
[INFO] [stdout]   14:     0x5c8402bf6adb - test[aada8e7e76ba119b]::__rust_begin_short_backtrace::<core[a373ad73a504971]::result::Result<(), alloc[2e1b2a31b91974c5]::string::String>, fn() -> core[a373ad73a504971]::result::Result<(), alloc[2e1b2a31b91974c5]::string::String>>
[INFO] [stdout]   15:     0x5c8402c03cb5 - test[aada8e7e76ba119b]::run_test::{closure#0}
[INFO] [stdout]   16:     0x5c8402bfd5a4 - std[617be2ca0a6fd877]::sys::backtrace::__rust_begin_short_backtrace::<test[aada8e7e76ba119b]::run_test::{closure#1}, ()>
[INFO] [stdout]   17:     0x5c8402c06d42 - <std[617be2ca0a6fd877]::thread::lifecycle::spawn_unchecked<test[aada8e7e76ba119b]::run_test::{closure#1}, ()>::{closure#1} as core[a373ad73a504971]::ops::function::FnOnce<()>>::call_once::{shim:vtable#0}
[INFO] [stdout]   18:     0x5c8402c6e62f - <std[617be2ca0a6fd877]::sys::thread::unix::Thread>::new::thread_start
[INFO] [stdout]   19:     0x7a90da983dfa - <unknown>
[INFO] [stdout]   20:     0x7a90daa173d4 - clone
[INFO] [stdout]   21:                0x0 - <unknown>
[INFO] [stdout] 
[INFO] [stdout] ---- yaml_truthy_fail_file_strict_exits_one stdout ----
[INFO] [stdout] 
[INFO] [stdout] thread 'yaml_truthy_fail_file_strict_exits_one' (1467) panicked at crates/ansible-lint/tests/integration.rs:22:10:
[INFO] [stdout] Failed to run ansible-lint binary: Os { code: 2, kind: NotFound, message: "No such file or directory" }
[INFO] [stdout] stack backtrace:
[INFO] [stdout]    0:     0x5c8402c6edd1 - <<std[617be2ca0a6fd877]::sys::backtrace::BacktraceLock>::print::DisplayBacktrace as core[a373ad73a504971]::fmt::Display>::fmt
[INFO] [stdout]    1:     0x5c8402c8369a - core[a373ad73a504971]::fmt::write
[INFO] [stdout]    2:     0x5c8402c72fec - <alloc[2e1b2a31b91974c5]::vec::Vec<u8> as core[a373ad73a504971]::io::write::Write>::write_fmt
[INFO] [stdout]    3:     0x5c8402c4adb6 - std[617be2ca0a6fd877]::panicking::default_hook::{closure#0}
[INFO] [stdout]    4:     0x5c8402c67469 - std[617be2ca0a6fd877]::panicking::default_hook
[INFO] [stdout]    5:     0x5c8402c03690 - test[aada8e7e76ba119b]::test_main_inner::{closure#0}
[INFO] [stdout]    6:     0x5c8402c67622 - std[617be2ca0a6fd877]::panicking::panic_with_hook
[INFO] [stdout]    7:     0x5c8402c4ae62 - std[617be2ca0a6fd877]::panicking::panic_handler::{closure#0}
[INFO] [stdout]    8:     0x5c8402c43b79 - std[617be2ca0a6fd877]::sys::backtrace::__rust_end_short_backtrace::<std[617be2ca0a6fd877]::panicking::panic_handler::{closure#0}, !>
[INFO] [stdout]    9:     0x5c8402c4ba6d - __rustc[ea4f61d10b84890b]::rust_begin_unwind
[INFO] [stdout]   10:     0x5c8402c83dcc - core[a373ad73a504971]::panicking::panic_fmt
[INFO] [stdout]   11:     0x5c8402c83ba2 - core[a373ad73a504971]::result::unwrap_failed
[INFO] [stdout]   12:     0x5c8402be8d70 - integration[e3629047f0c769f]::run
[INFO] [stdout]   13:     0x5c8402bec4c5 - <integration[e3629047f0c769f]::yaml_truthy_fail_file_strict_exits_one::{closure#0} as core[a373ad73a504971]::ops::function::FnOnce<()>>::call_once
[INFO] [stdout]   14:     0x5c8402bf6adb - test[aada8e7e76ba119b]::__rust_begin_short_backtrace::<core[a373ad73a504971]::result::Result<(), alloc[2e1b2a31b91974c5]::string::String>, fn() -> core[a373ad73a504971]::result::Result<(), alloc[2e1b2a31b91974c5]::string::String>>
[INFO] [stdout]   15:     0x5c8402c03cb5 - test[aada8e7e76ba119b]::run_test::{closure#0}
[INFO] [stdout]   16:     0x5c8402bfd5a4 - std[617be2ca0a6fd877]::sys::backtrace::__rust_begin_short_backtrace::<test[aada8e7e76ba119b]::run_test::{closure#1}, ()>
[INFO] [stdout]   17:     0x5c8402c06d42 - <std[617be2ca0a6fd877]::thread::lifecycle::spawn_unchecked<test[aada8e7e76ba119b]::run_test::{closure#1}, ()>::{closure#1} as core[a373ad73a504971]::ops::function::FnOnce<()>>::call_once::{shim:vtable#0}
[INFO] [stdout]   18:     0x5c8402c6e62f - <std[617be2ca0a6fd877]::sys::thread::unix::Thread>::new::thread_start
[INFO] [stdout]   19:     0x7a90da983dfa - <unknown>
[INFO] [stdout]   20:     0x7a90daa173d4 - clone
[INFO] [stdout]   21:                0x0 - <unknown>
[INFO] [stdout] 
[INFO] [stdout] ---- list_rules_flag stdout ----
[INFO] [stdout] 
[INFO] [stdout] thread 'list_rules_flag' (1446) panicked at crates/ansible-lint/tests/integration.rs:22:10:
[INFO] [stdout] Failed to run ansible-lint binary: Os { code: 2, kind: NotFound, message: "No such file or directory" }
[INFO] [stdout] stack backtrace:
[INFO] [stdout]    0:     0x5c8402c6edd1 - <<std[617be2ca0a6fd877]::sys::backtrace::BacktraceLock>::print::DisplayBacktrace as core[a373ad73a504971]::fmt::Display>::fmt
[INFO] [stdout]    1:     0x5c8402c8369a - core[a373ad73a504971]::fmt::write
[INFO] [stdout]    2:     0x5c8402c72fec - <alloc[2e1b2a31b91974c5]::vec::Vec<u8> as core[a373ad73a504971]::io::write::Write>::write_fmt
[INFO] [stdout]    3:     0x5c8402c4adb6 - std[617be2ca0a6fd877]::panicking::default_hook::{closure#0}
[INFO] [stdout]    4:     0x5c8402c67469 - std[617be2ca0a6fd877]::panicking::default_hook
[INFO] [stdout]    5:     0x5c8402c03690 - test[aada8e7e76ba119b]::test_main_inner::{closure#0}
[INFO] [stdout]    6:     0x5c8402c67622 - std[617be2ca0a6fd877]::panicking::panic_with_hook
[INFO] [stdout]    7:     0x5c8402c4ae62 - std[617be2ca0a6fd877]::panicking::panic_handler::{closure#0}
[INFO] [stdout]    8:     0x5c8402c43b79 - std[617be2ca0a6fd877]::sys::backtrace::__rust_end_short_backtrace::<std[617be2ca0a6fd877]::panicking::panic_handler::{closure#0}, !>
[INFO] [stdout]    9:     0x5c8402c4ba6d - __rustc[ea4f61d10b84890b]::rust_begin_unwind
[INFO] [stdout]   10:     0x5c8402c83dcc - core[a373ad73a504971]::panicking::panic_fmt
[INFO] [stdout]   11:     0x5c8402c83ba2 - core[a373ad73a504971]::result::unwrap_failed
[INFO] [stdout]   12:     0x5c8402be8d70 - integration[e3629047f0c769f]::run
[INFO] [stdout]   13:     0x5c8402be9ab7 - <integration[e3629047f0c769f]::list_rules_flag::{closure#0} as core[a373ad73a504971]::ops::function::FnOnce<()>>::call_once
[INFO] [stdout]   14:     0x5c8402bf6adb - test[aada8e7e76ba119b]::__rust_begin_short_backtrace::<core[a373ad73a504971]::result::Result<(), alloc[2e1b2a31b91974c5]::string::String>, fn() -> core[a373ad73a504971]::result::Result<(), alloc[2e1b2a31b91974c5]::string::String>>
[INFO] [stdout]   15:     0x5c8402c03cb5 - test[aada8e7e76ba119b]::run_test::{closure#0}
[INFO] [stdout]   16:     0x5c8402bfd5a4 - std[617be2ca0a6fd877]::sys::backtrace::__rust_begin_short_backtrace::<test[aada8e7e76ba119b]::run_test::{closure#1}, ()>
[INFO] [stdout]   17:     0x5c8402c06d42 - <std[617be2ca0a6fd877]::thread::lifecycle::spawn_unchecked<test[aada8e7e76ba119b]::run_test::{closure#1}, ()>::{closure#1} as core[a373ad73a504971]::ops::function::FnOnce<()>>::call_once::{shim:vtable#0}
[INFO] [stdout]   18:     0x5c8402c6e62f - <std[617be2ca0a6fd877]::sys::thread::unix::Thread>::new::thread_start
[INFO] [stdout]   19:     0x7a90da983dfa - <unknown>
[INFO] [stdout]   20:     0x7a90daa173d4 - clone
[INFO] [stdout]   21:                0x0 - <unknown>
[INFO] [stdout] 
[INFO] [stdout] 
[INFO] [stdout] failures:
[INFO] [stdout]     codeclimate_format_output
[INFO] [stdout]     document_start_rule_fires
[INFO] [stdout]     json_format_output
[INFO] [stdout]     list_profiles_flag
[INFO] [stdout]     list_rules_flag
[INFO] [stdout]     list_tags_flag
[INFO] [stdout]     name_missing_detected
[INFO] [stdout]     no_changed_when_detected
[INFO] [stdout]     no_changed_when_passes_when_set
[INFO] [stdout]     nonexistent_file_exits_two
[INFO] [stdout]     pep8_format_output
[INFO] [stdout]     profile_min_suppresses_moderate_rules
[INFO] [stdout]     profile_moderate_triggers_moderate_rules
[INFO] [stdout]     sarif_format_output
[INFO] [stdout]     skip_list_suppresses_rule
[INFO] [stdout]     version_flag
[INFO] [stdout]     yaml_truthy_fail_file_exits_nonzero
[INFO] [stdout]     yaml_truthy_fail_file_strict_exits_one
[INFO] [stdout]     yaml_truthy_pass_file_exits_zero
[INFO] [stdout] 
[INFO] [stdout] test result: FAILED. 0 passed; 19 failed; 0 ignored; 0 measured; 0 filtered out; finished in 0.03s
[INFO] [stdout] 
[INFO] running `Command { std: "docker" "inspect" "8ad2d74f154b6a621c5e77f3c48dece68c09f5144f428ee1ceb9ab5430c622c3", kill_on_drop: false }`
[INFO] running `Command { std: "docker" "rm" "-f" "8ad2d74f154b6a621c5e77f3c48dece68c09f5144f428ee1ceb9ab5430c622c3", kill_on_drop: false }`
[INFO] [stdout] 8ad2d74f154b6a621c5e77f3c48dece68c09f5144f428ee1ceb9ab5430c622c3
