[INFO] cloning repository https://github.com/film42/wahlberg
[INFO] running `Command { std: "git" "-c" "credential.helper=" "-c" "credential.helper=/workspace/cargo-home/bin/git-credential-null" "clone" "--bare" "https://github.com/film42/wahlberg" "/workspace/cache/git-repos/https%3A%2F%2Fgithub.com%2Ffilm42%2Fwahlberg", kill_on_drop: false }`
[INFO] [stderr] Cloning into bare repository '/workspace/cache/git-repos/https%3A%2F%2Fgithub.com%2Ffilm42%2Fwahlberg'...
[INFO] running `Command { std: "git" "rev-parse" "HEAD", kill_on_drop: false }`
[INFO] [stdout] 85b1f0af3cc9be76fe7c616ee260c0fb2f33c8d7
[INFO] testing film42/wahlberg against 1.100.0-beta.1+cargoflags=--release for beta-release-1.100-3
[INFO] running `Command { std: "git" "clone" "/workspace/cache/git-repos/https%3A%2F%2Fgithub.com%2Ffilm42%2Fwahlberg" "/workspace/builds/worker-7-tc2/source", kill_on_drop: false }`
[INFO] [stderr] Cloning into '/workspace/builds/worker-7-tc2/source'...
[INFO] [stderr] done.
[INFO] started tweaking git repo https://github.com/film42/wahlberg
[INFO] removed 0 missing examples
[INFO] finished tweaking git repo https://github.com/film42/wahlberg
[INFO] tweaked toml for git repo https://github.com/film42/wahlberg written to /workspace/builds/worker-7-tc2/source/Cargo.toml
[INFO] validating manifest of git repo https://github.com/film42/wahlberg on toolchain 1.100.0-beta.1
[INFO] running `Command { std: CARGO_HOME="/workspace/cargo-home" RUSTUP_HOME="/workspace/rustup-home" "/workspace/cargo-home/bin/cargo" "+1.100.0-beta.1" "metadata" "--manifest-path" "Cargo.toml" "--no-deps", kill_on_drop: false }`
[INFO] crate git repo https://github.com/film42/wahlberg already has a lockfile, it will not be regenerated
[INFO] running `Command { std: CARGO_HOME="/workspace/cargo-home" RUSTUP_HOME="/workspace/rustup-home" "/workspace/cargo-home/bin/cargo" "+1.100.0-beta.1" "fetch" "--manifest-path" "Cargo.toml", kill_on_drop: false }`
[INFO] running `Command { std: "docker" "create" "-v" "/var/lib/crater-agent-workspace/builds/worker-7-tc2/source:/opt/rustwide/workdir:ro,Z" "-v" "/var/lib/crater-agent-workspace/builds/worker-7-tc2/target:/opt/rustwide/target:rw,Z" "-v" "/var/lib/crater-agent-workspace/cargo-home:/opt/rustwide/cargo-home:ro,Z" "-v" "/var/lib/crater-agent-workspace/rustup-home:/opt/rustwide/rustup-home:ro,Z" "-m" "1610612736" "--network" "none" "ghcr.io/rust-lang/crates-build-env/linux@sha256:77db811e55d90add9212f6832c23229e3de5f1c1f9905e8cb07319ea15df73ac" "sleep" "infinity", kill_on_drop: false }`
[INFO] [stdout] 176c65518e438ce6dada61225d84fb806337652c5fa0e7685bf5ace2b6631c4e
[INFO] running `Command { std: "docker" "start" "176c65518e438ce6dada61225d84fb806337652c5fa0e7685bf5ace2b6631c4e", kill_on_drop: false }`
[INFO] running `Command { std: "docker" "inspect" "176c65518e438ce6dada61225d84fb806337652c5fa0e7685bf5ace2b6631c4e", kill_on_drop: false }`
[INFO] running `Command { std: "docker" "exec" "-e" "SOURCE_DIR=/opt/rustwide/workdir" "-e" "CARGO_HOME=/opt/rustwide/cargo-home" "-e" "RUSTUP_HOME=/opt/rustwide/rustup-home" "-e" "CARGO_TARGET_DIR=/opt/rustwide/target" "-w" "/opt/rustwide/workdir" "--user" "0:0" "176c65518e438ce6dada61225d84fb806337652c5fa0e7685bf5ace2b6631c4e" "/opt/rustwide/cargo-home/bin/cargo" "+1.100.0-beta.1" "metadata" "--no-deps" "--format-version=1", kill_on_drop: false }`
[INFO] running `Command { std: "docker" "inspect" "176c65518e438ce6dada61225d84fb806337652c5fa0e7685bf5ace2b6631c4e", kill_on_drop: false }`
[INFO] running `Command { std: "docker" "exec" "-e" "SOURCE_DIR=/opt/rustwide/workdir" "-e" "CARGO_HOME=/opt/rustwide/cargo-home" "-e" "RUSTUP_HOME=/opt/rustwide/rustup-home" "-e" "CARGO_TARGET_DIR=/opt/rustwide/target" "-e" "CARGO_INCREMENTAL=0" "-e" "RUST_BACKTRACE=full" "-e" "RUSTFLAGS=--cap-lints=warn" "-e" "RUSTDOCFLAGS=--cap-lints=warn" "-w" "/opt/rustwide/workdir" "--user" "0:0" "176c65518e438ce6dada61225d84fb806337652c5fa0e7685bf5ace2b6631c4e" "/opt/rustwide/cargo-home/bin/cargo" "+1.100.0-beta.1" "build" "--frozen" "--message-format=json" "--release", kill_on_drop: false }`
[INFO] [stderr]    Compiling unicode-ident v1.0.26
[INFO] [stderr]    Compiling libc v0.2.189
[INFO] [stderr]    Compiling zerocopy v0.8.58
[INFO] [stderr]    Compiling find-msvc-tools v0.1.13
[INFO] [stderr]    Compiling num-traits v0.2.19
[INFO] [stderr]    Compiling foldhash v0.1.5
[INFO] [stderr]    Compiling serde_json v1.0.151
[INFO] [stderr]    Compiling clap_lex v1.1.1
[INFO] [stderr]    Compiling proc-macro2 v1.0.107
[INFO] [stderr]    Compiling cc v1.4.7
[INFO] [stderr]    Compiling hashbrown v0.15.5
[INFO] [stderr]    Compiling thiserror v2.0.21
[INFO] [stderr]    Compiling clap_builder v4.6.7
[INFO] [stderr]    Compiling bitflags v2.13.2
[INFO] [stderr]    Compiling quote v1.0.47
[INFO] [stderr]    Compiling iana-time-zone v0.1.65
[INFO] [stderr]    Compiling syn v3.0.6
[INFO] [stderr]    Compiling syn v2.0.119
[INFO] [stderr]    Compiling hashlink v0.10.0
[INFO] [stderr]    Compiling smallvec v1.16.1
[INFO] [stderr]    Compiling getrandom v0.3.4
[INFO] [stderr]    Compiling libsqlite3-sys v0.33.0
[INFO] [stderr]    Compiling rand_core v0.9.5
[INFO] [stderr]    Compiling serde_derive v1.0.229
[INFO] [stderr]    Compiling clap_derive v4.6.7
[INFO] [stderr]    Compiling ppv-lite86 v0.2.21
[INFO] [stderr]    Compiling rand_chacha v0.9.0
[INFO] [stderr]    Compiling rand v0.9.5
[INFO] [stderr]    Compiling thiserror-impl v2.0.21
[INFO] [stderr]    Compiling walburg-derive v0.1.0 (/opt/rustwide/workdir/walburg-derive)
[INFO] [stderr]    Compiling clap v4.6.7
[INFO] [stderr]    Compiling serde v1.0.229
[INFO] [stderr]    Compiling ulid v1.2.1
[INFO] [stderr]    Compiling chrono v0.4.45
[INFO] [stderr]    Compiling rusqlite v0.35.0
[INFO] [stderr]    Compiling walburg v0.1.0 (/opt/rustwide/workdir)
[INFO] [stderr] warning: unused dependency `clap`
[INFO] [stderr]  --> Cargo.toml:9:15
[INFO] [stderr]   |
[INFO] [stderr] 9 | [dependencies.clap]
[INFO] [stderr]   |               ^^^^^
[INFO] [stderr]   |
[INFO] [stderr]   = note: `cargo::unused_dependencies` is set to `warn` by default
[INFO] [stderr] help: consider removing the dependency on `clap`
[INFO] [stderr] warning: unused dependency `rusqlite`
[INFO] [stderr]   --> Cargo.toml:13:15
[INFO] [stderr]    |
[INFO] [stderr] 13 | [dependencies.rusqlite]
[INFO] [stderr]    |               ^^^^^^^^^
[INFO] [stderr]    |
[INFO] [stderr] help: consider removing the dependency on `rusqlite`
[INFO] [stderr] warning: `walburg` (manifest) generated 2 warnings
[INFO] [stderr]     Finished `release` profile [optimized] target(s) in 2m 02s
[INFO] running `Command { std: "docker" "inspect" "176c65518e438ce6dada61225d84fb806337652c5fa0e7685bf5ace2b6631c4e", kill_on_drop: false }`
[INFO] running `Command { std: "docker" "exec" "-e" "SOURCE_DIR=/opt/rustwide/workdir" "-e" "CARGO_HOME=/opt/rustwide/cargo-home" "-e" "RUSTUP_HOME=/opt/rustwide/rustup-home" "-e" "CARGO_TARGET_DIR=/opt/rustwide/target" "-e" "CARGO_INCREMENTAL=0" "-e" "RUST_BACKTRACE=full" "-e" "RUSTFLAGS=--cap-lints=warn" "-e" "RUSTDOCFLAGS=--cap-lints=warn" "-w" "/opt/rustwide/workdir" "--user" "0:0" "176c65518e438ce6dada61225d84fb806337652c5fa0e7685bf5ace2b6631c4e" "/opt/rustwide/cargo-home/bin/cargo" "+1.100.0-beta.1" "test" "--frozen" "--no-run" "--message-format=json" "--release", kill_on_drop: false }`
[INFO] [stderr]    Compiling serde_core v1.0.229
[INFO] [stderr]    Compiling rusqlite v0.35.0
[INFO] [stderr]    Compiling getrandom v0.4.3
[INFO] [stderr]    Compiling libc v0.2.189
[INFO] [stderr]    Compiling target-tuple v1.0.2
[INFO] [stderr]    Compiling zerocopy v0.8.58
[INFO] [stderr]    Compiling getrandom v0.3.4
[INFO] [stderr]    Compiling cfg-if v1.0.5
[INFO] [stderr]    Compiling serde v1.0.229
[INFO] [stderr]    Compiling utf8parse v0.2.2
[INFO] [stderr]    Compiling anstyle v1.0.14
[INFO] [stderr]    Compiling anstyle-parse v1.0.0
[INFO] [stderr]    Compiling tempfile v3.27.0
[INFO] [stderr]    Compiling foldhash v0.1.5
[INFO] [stderr]    Compiling colorchoice v1.0.5
[INFO] [stderr]    Compiling anstyle-query v1.1.5
[INFO] [stderr]    Compiling is_terminal_polyfill v1.70.2
[INFO] [stderr]    Compiling hashbrown v0.15.5
[INFO] [stderr]    Compiling anstream v1.0.0
[INFO] [stderr]    Compiling libsqlite3-sys v0.33.0
[INFO] [stderr]    Compiling serde_json v1.0.151
[INFO] [stderr]    Compiling num-traits v0.2.19
[INFO] [stderr]    Compiling winnow v1.0.4
[INFO] [stderr]    Compiling strsim v0.11.1
[INFO] [stderr]    Compiling clap_lex v1.1.1
[INFO] [stderr]    Compiling memchr v2.8.3
[INFO] [stderr]    Compiling toml_parser v1.1.3+spec-1.1.0
[INFO] [stderr]    Compiling rand_core v0.9.5
[INFO] [stderr]    Compiling clap_builder v4.6.7
[INFO] [stderr]    Compiling hashlink v0.10.0
[INFO] [stderr]    Compiling toml_datetime v1.1.1+spec-1.1.0
[INFO] [stderr]    Compiling serde_spanned v1.1.1
[INFO] [stderr]    Compiling thiserror v2.0.21
[INFO] [stderr]    Compiling proc-macro2 v1.0.107
[INFO] [stderr]    Compiling unicode-ident v1.0.26
[INFO] [stderr]    Compiling toml_writer v1.1.2+spec-1.1.0
[INFO] [stderr]    Compiling fallible-streaming-iterator v0.1.9
[INFO] [stderr]    Compiling fallible-iterator v0.3.0
[INFO] [stderr]    Compiling bitflags v2.13.2
[INFO] [stderr]    Compiling smallvec v1.16.1
[INFO] [stderr]    Compiling iana-time-zone v0.1.65
[INFO] [stderr]    Compiling chrono v0.4.45
[INFO] [stderr]    Compiling ulid v1.2.1
[INFO] [stderr]    Compiling clap v4.6.7
[INFO] [stderr]    Compiling toml v1.1.6+spec-1.1.0
[INFO] [stderr]    Compiling ppv-lite86 v0.2.21
[INFO] [stderr]    Compiling quote v1.0.47
[INFO] [stderr]    Compiling termcolor v1.4.1
[INFO] [stderr]    Compiling walburg v0.1.0 (/opt/rustwide/workdir)
[INFO] [stderr]    Compiling rand_chacha v0.9.0
[INFO] [stderr]    Compiling glob v0.3.4
[INFO] [stderr]    Compiling rand v0.9.5
[INFO] [stderr]    Compiling trybuild v1.0.121
[INFO] [stderr]    Compiling syn v2.0.119
[INFO] [stderr]    Compiling walburg-derive v0.1.0 (/opt/rustwide/workdir/walburg-derive)
[INFO] [stderr]     Finished `release` profile [optimized] target(s) in 1m 36s
[INFO] running `Command { std: "docker" "inspect" "176c65518e438ce6dada61225d84fb806337652c5fa0e7685bf5ace2b6631c4e", kill_on_drop: false }`
[INFO] running `Command { std: "docker" "exec" "-e" "SOURCE_DIR=/opt/rustwide/workdir" "-e" "CARGO_HOME=/opt/rustwide/cargo-home" "-e" "RUSTUP_HOME=/opt/rustwide/rustup-home" "-e" "CARGO_TARGET_DIR=/opt/rustwide/target" "-e" "CARGO_INCREMENTAL=0" "-e" "RUST_BACKTRACE=full" "-e" "RUSTFLAGS=--cap-lints=warn" "-e" "RUSTDOCFLAGS=--cap-lints=warn" "-w" "/opt/rustwide/workdir" "--user" "0:0" "176c65518e438ce6dada61225d84fb806337652c5fa0e7685bf5ace2b6631c4e" "/opt/rustwide/cargo-home/bin/cargo" "+1.100.0-beta.1" "test" "--frozen" "--release", kill_on_drop: false }`
[INFO] [stderr]     Finished `release` profile [optimized] target(s) in 0.14s
[INFO] [stderr]      Running unittests src/lib.rs (/opt/rustwide/target/release/build/walburg/f27898e22e5fa46f/out/walburg-f27898e22e5fa46f)
[INFO] [stdout] 
[INFO] [stdout] running 10 tests
[INFO] [stdout] test wal::tests::empty_ops_errors ... ok
[INFO] [stdout] test store::tests::create_and_get ... ok
[INFO] [stdout] test store::tests::list_entities ... ok
[INFO] [stdout] test store::tests::tables_listing ... ok
[INFO] [stdout] test store::tests::soft_delete ... ok
[INFO] [stdout] test store::tests::update_entity ... ok
[INFO] [stdout] test store::tests::flush_and_sync ... ok
[INFO] [stdout] test wal::tests::roundtrip_wal_file ... ok
[INFO] [stdout] test wal::tests::reader_tracks_processed ... ok
[INFO] [stdout] test store::tests::lww_conflict_resolution ... ok
[INFO] [stdout] 
[INFO] [stdout] test result: ok. 10 passed; 0 failed; 0 ignored; 0 measured; 0 filtered out; finished in 0.03s
[INFO] [stdout] 
[INFO] [stderr]      Running tests/audit.rs (/opt/rustwide/target/release/build/walburg/45023068ea45aa0c/out/audit-45023068ea45aa0c)
[INFO] [stdout] 
[INFO] [stdout] running 16 tests
[INFO] [stdout] test compaction_of_only_corrupt_files_deletes_nothing ... ok
[INFO] [stdout] test flush_failure_keeps_pending_ops ... ok
[INFO] [stdout] test io_error_mid_sync_does_not_lose_earlier_files ... ok
[INFO] [stdout] test compaction_leaves_other_version_files_alone ... ok
[INFO] [stdout] test rapid_local_writes_never_tie ... ok
[INFO] [stdout] test same_millisecond_writes_by_one_session_stay_in_order ... ok
[INFO] [stdout] test invalid_utf8_file_does_not_wedge_sync_or_compaction ... ok
[INFO] [stdout] test ts_is_derived_from_tx ... ok
[INFO] [stdout] test wire_tx_sorts_lexicographically_and_ignores_case ... ok
[INFO] [stdout] test compaction_never_deletes_unreadable_files ... ok
[INFO] [stdout] test skewed_clock_wins_conflicts_documented_v3_limitation ... ok
[INFO] [stdout] test auto_restore_when_field_is_newer_than_delete ... ok
[INFO] [stdout] test exact_tx_ties_resolve_the_same_everywhere ... ok
[INFO] [stdout] test purge_converges_regardless_of_file_order ... ok
[INFO] [stdout] test same_ms_transactions_do_not_tear ... ok
[INFO] [stderr] error: test failed, to rerun pass `-p walburg --test audit`
[INFO] [stdout] test exporter_honors_purge ... FAILED
[INFO] [stdout] 
[INFO] [stdout] failures:
[INFO] [stdout] 
[INFO] [stdout] ---- exporter_honors_purge stdout ----
[INFO] [stdout] 
[INFO] [stdout] thread 'exporter_honors_purge' (2169) panicked at tests/audit.rs:429:14:
[INFO] [stdout] called `Result::unwrap()` on an `Err` value: Os { code: 2, kind: NotFound, message: "No such file or directory" }
[INFO] [stdout] stack backtrace:
[INFO] [stdout]    0:     0x59df3b4ae6e1 - <<std[617be2ca0a6fd877]::sys::backtrace::BacktraceLock>::print::DisplayBacktrace as core[a373ad73a504971]::fmt::Display>::fmt
[INFO] [stdout]    1:     0x59df3b4c484a - core[a373ad73a504971]::fmt::write
[INFO] [stdout]    2:     0x59df3b4b2bec - <alloc[2e1b2a31b91974c5]::vec::Vec<u8> as core[a373ad73a504971]::io::write::Write>::write_fmt
[INFO] [stdout]    3:     0x59df3b488626 - std[617be2ca0a6fd877]::panicking::default_hook::{closure#0}
[INFO] [stdout]    4:     0x59df3b4a5be9 - std[617be2ca0a6fd877]::panicking::default_hook
[INFO] [stdout]    5:     0x59df3b410c80 - test[aada8e7e76ba119b]::test_main_inner::{closure#0}
[INFO] [stdout]    6:     0x59df3b4a5da2 - std[617be2ca0a6fd877]::panicking::panic_with_hook
[INFO] [stdout]    7:     0x59df3b4886d2 - std[617be2ca0a6fd877]::panicking::panic_handler::{closure#0}
[INFO] [stdout]    8:     0x59df3b481039 - std[617be2ca0a6fd877]::sys::backtrace::__rust_end_short_backtrace::<std[617be2ca0a6fd877]::panicking::panic_handler::{closure#0}, !>
[INFO] [stdout]    9:     0x59df3b4893cd - __rustc[ea4f61d10b84890b]::rust_begin_unwind
[INFO] [stdout]   10:     0x59df3b4c4fac - core[a373ad73a504971]::panicking::panic_fmt
[INFO] [stdout]   11:     0x59df3b4c4d82 - core[a373ad73a504971]::result::unwrap_failed
[INFO] [stdout]   12:     0x59df3b251509 - audit[4fb5612cd27fbbbd]::exporter_honors_purge::{closure#0}
[INFO] [stdout]   13:     0x59df3b252a99 - <audit[4fb5612cd27fbbbd]::exporter_honors_purge::{closure#0} as core[a373ad73a504971]::ops::function::FnOnce<()>>::call_once
[INFO] [stdout]   14:     0x59df3b4040cb - test[aada8e7e76ba119b]::__rust_begin_short_backtrace::<core[a373ad73a504971]::result::Result<(), alloc[2e1b2a31b91974c5]::string::String>, fn() -> core[a373ad73a504971]::result::Result<(), alloc[2e1b2a31b91974c5]::string::String>>
[INFO] [stdout]   15:     0x59df3b4112a5 - test[aada8e7e76ba119b]::run_test::{closure#0}
[INFO] [stdout]   16:     0x59df3b40ab94 - std[617be2ca0a6fd877]::sys::backtrace::__rust_begin_short_backtrace::<test[aada8e7e76ba119b]::run_test::{closure#1}, ()>
[INFO] [stdout]   17:     0x59df3b414332 - <std[617be2ca0a6fd877]::thread::lifecycle::spawn_unchecked<test[aada8e7e76ba119b]::run_test::{closure#1}, ()>::{closure#1} as core[a373ad73a504971]::ops::function::FnOnce<()>>::call_once::{shim:vtable#0}
[INFO] [stdout]   18:     0x59df3b4ad9ff - <std[617be2ca0a6fd877]::sys::thread::unix::Thread>::new::thread_start
[INFO] [stdout]   19:     0x71983ec58dfa - <unknown>
[INFO] [stdout]   20:     0x71983ecec3d4 - clone
[INFO] [stdout]   21:                0x0 - <unknown>
[INFO] [stdout] 
[INFO] [stdout] 
[INFO] [stdout] failures:
[INFO] [stdout]     exporter_honors_purge
[INFO] [stdout] 
[INFO] [stdout] test result: FAILED. 15 passed; 1 failed; 0 ignored; 0 measured; 0 filtered out; finished in 35.72s
[INFO] [stdout] 
[INFO] running `Command { std: "docker" "inspect" "176c65518e438ce6dada61225d84fb806337652c5fa0e7685bf5ace2b6631c4e", kill_on_drop: false }`
[INFO] running `Command { std: "docker" "rm" "-f" "176c65518e438ce6dada61225d84fb806337652c5fa0e7685bf5ace2b6631c4e", kill_on_drop: false }`
[INFO] [stdout] 176c65518e438ce6dada61225d84fb806337652c5fa0e7685bf5ace2b6631c4e
