[INFO] cloning repository https://github.com/fermentationist/random_stuff
[INFO] running `Command { std: "git" "-c" "credential.helper=" "-c" "credential.helper=/workspace/cargo-home/bin/git-credential-null" "clone" "--bare" "https://github.com/fermentationist/random_stuff" "/workspace/cache/git-repos/https%3A%2F%2Fgithub.com%2Ffermentationist%2Frandom_stuff", kill_on_drop: false }`
[INFO] [stderr] Cloning into bare repository '/workspace/cache/git-repos/https%3A%2F%2Fgithub.com%2Ffermentationist%2Frandom_stuff'...
[INFO] running `Command { std: "git" "rev-parse" "HEAD", kill_on_drop: false }`
[INFO] [stdout] 97cc56d84d6ab7cf85c738dd3dc8a2e8f8fc30c5
[INFO] testing fermentationist/random_stuff against 1.99.0-beta.8+cargoflags=--release for beta-release-1.100-3
[INFO] running `Command { std: "git" "clone" "/workspace/cache/git-repos/https%3A%2F%2Fgithub.com%2Ffermentationist%2Frandom_stuff" "/workspace/builds/worker-6-tc1/source", kill_on_drop: false }`
[INFO] [stderr] Cloning into '/workspace/builds/worker-6-tc1/source'...
[INFO] [stderr] done.
[INFO] started tweaking git repo https://github.com/fermentationist/random_stuff
[INFO] finished tweaking git repo https://github.com/fermentationist/random_stuff
[INFO] tweaked toml for git repo https://github.com/fermentationist/random_stuff written to /workspace/builds/worker-6-tc1/source/Cargo.toml
[INFO] validating manifest of git repo https://github.com/fermentationist/random_stuff on toolchain 1.99.0-beta.8
[INFO] running `Command { std: CARGO_HOME="/workspace/cargo-home" RUSTUP_HOME="/workspace/rustup-home" "/workspace/cargo-home/bin/cargo" "+1.99.0-beta.8" "metadata" "--manifest-path" "Cargo.toml" "--no-deps", kill_on_drop: false }`
[INFO] crate git repo https://github.com/fermentationist/random_stuff already has a lockfile, it will not be regenerated
[INFO] running `Command { std: CARGO_HOME="/workspace/cargo-home" RUSTUP_HOME="/workspace/rustup-home" "/workspace/cargo-home/bin/cargo" "+1.99.0-beta.8" "fetch" "--manifest-path" "Cargo.toml", kill_on_drop: false }`
[INFO] [stderr]     Blocking waiting for file lock on package cache
[INFO] [stderr]     Blocking waiting for file lock on package cache
[INFO] [stderr]  Downloading crates ...
[INFO] [stderr]   Downloaded xml-rs v0.8.18
[INFO] [stderr]   Downloaded proc-macro2 v1.0.67
[INFO] [stderr]   Downloaded getrandom v0.2.10
[INFO] [stderr]   Downloaded os_pipe v1.1.4
[INFO] [stderr]   Downloaded indexmap v2.0.0
[INFO] [stderr]   Downloaded fastrand v2.0.0
[INFO] [stderr]   Downloaded errno v0.3.3
[INFO] [stderr]   Downloaded thiserror v1.0.48
[INFO] [stderr]   Downloaded thiserror-impl v1.0.48
[INFO] [stderr]   Downloaded tempfile v3.8.0
[INFO] [stderr]   Downloaded bitflags v2.4.0
[INFO] [stderr]   Downloaded memchr v2.6.3
[INFO] [stderr]   Downloaded hashbrown v0.14.0
[INFO] [stderr]   Downloaded syn v2.0.35
[INFO] [stderr]   Downloaded rustix v0.38.13
[INFO] [stderr]   Downloaded libc v0.2.148
[INFO] [stderr]   Downloaded linux-raw-sys v0.4.7
[INFO] running `Command { std: "docker" "create" "-v" "/var/lib/crater-agent-workspace/builds/worker-6-tc1/source:/opt/rustwide/workdir:ro,Z" "-v" "/var/lib/crater-agent-workspace/builds/worker-6-tc1/target:/opt/rustwide/target:rw,Z" "-v" "/var/lib/crater-agent-workspace/cargo-home:/opt/rustwide/cargo-home:ro,Z" "-v" "/var/lib/crater-agent-workspace/rustup-home:/opt/rustwide/rustup-home:ro,Z" "-m" "1610612736" "--network" "none" "ghcr.io/rust-lang/crates-build-env/linux@sha256:77db811e55d90add9212f6832c23229e3de5f1c1f9905e8cb07319ea15df73ac" "sleep" "infinity", kill_on_drop: false }`
[INFO] [stdout] 8a1deddd35a363984bf2e1766de670ac9453329b7be6245189e8a246686be771
[INFO] running `Command { std: "docker" "start" "8a1deddd35a363984bf2e1766de670ac9453329b7be6245189e8a246686be771", kill_on_drop: false }`
[INFO] running `Command { std: "docker" "inspect" "8a1deddd35a363984bf2e1766de670ac9453329b7be6245189e8a246686be771", kill_on_drop: false }`
[INFO] running `Command { std: "docker" "exec" "-e" "SOURCE_DIR=/opt/rustwide/workdir" "-e" "CARGO_HOME=/opt/rustwide/cargo-home" "-e" "RUSTUP_HOME=/opt/rustwide/rustup-home" "-e" "CARGO_TARGET_DIR=/opt/rustwide/target" "-w" "/opt/rustwide/workdir" "--user" "0:0" "8a1deddd35a363984bf2e1766de670ac9453329b7be6245189e8a246686be771" "/opt/rustwide/cargo-home/bin/cargo" "+1.99.0-beta.8" "metadata" "--no-deps" "--format-version=1", kill_on_drop: false }`
[INFO] running `Command { std: "docker" "inspect" "8a1deddd35a363984bf2e1766de670ac9453329b7be6245189e8a246686be771", kill_on_drop: false }`
[INFO] running `Command { std: "docker" "exec" "-e" "SOURCE_DIR=/opt/rustwide/workdir" "-e" "CARGO_HOME=/opt/rustwide/cargo-home" "-e" "RUSTUP_HOME=/opt/rustwide/rustup-home" "-e" "CARGO_TARGET_DIR=/opt/rustwide/target" "-e" "CARGO_INCREMENTAL=0" "-e" "RUST_BACKTRACE=full" "-e" "RUSTFLAGS=--cap-lints=warn" "-e" "RUSTDOCFLAGS=--cap-lints=warn" "-w" "/opt/rustwide/workdir" "--user" "0:0" "8a1deddd35a363984bf2e1766de670ac9453329b7be6245189e8a246686be771" "/opt/rustwide/cargo-home/bin/cargo" "+1.99.0-beta.8" "build" "--frozen" "--message-format=json" "--release", kill_on_drop: false }`
[INFO] [stderr]    Compiling proc-macro2 v1.0.67
[INFO] [stderr]    Compiling libc v0.2.148
[INFO] [stderr]    Compiling xml-rs v0.8.18
[INFO] [stderr]    Compiling pkg-config v0.3.27
[INFO] [stderr]    Compiling once_cell v1.18.0
[INFO] [stderr]    Compiling smallvec v1.11.0
[INFO] [stderr]    Compiling rustix v0.38.13
[INFO] [stderr]    Compiling hashbrown v0.14.0
[INFO] [stderr]    Compiling thiserror v1.0.48
[INFO] [stderr]    Compiling linux-raw-sys v0.4.7
[INFO] [stderr]    Compiling bitflags v2.4.0
[INFO] [stderr]    Compiling memchr v2.6.3
[INFO] [stderr]    Compiling wayland-sys v0.29.5
[INFO] [stderr]    Compiling fastrand v2.0.0
[INFO] [stderr]    Compiling bytecount v0.6.3
[INFO] [stderr]    Compiling quote v1.0.33
[INFO] [stderr]    Compiling indexmap v2.0.0
[INFO] [stderr]    Compiling wayland-scanner v0.29.5
[INFO] [stderr]    Compiling syn v2.0.35
[INFO] [stderr]    Compiling syn v1.0.109
[INFO] [stderr]    Compiling nom v7.1.3
[INFO] [stderr]    Compiling nix v0.24.3
[INFO] [stderr]    Compiling petgraph v0.6.4
[INFO] [stderr]    Compiling getrandom v0.2.10
[INFO] [stderr]    Compiling gethostname v0.2.3
[INFO] [stderr]    Compiling rand_core v0.6.4
[INFO] [stderr]    Compiling wayland-client v0.29.5
[INFO] [stderr]    Compiling wayland-protocols v0.29.5
[INFO] [stderr]    Compiling tempfile v3.8.0
[INFO] [stderr]    Compiling derive-new v0.5.9
[INFO] [stderr]    Compiling os_pipe v1.1.4
[INFO] [stderr]    Compiling thiserror-impl v1.0.48
[INFO] [stderr]    Compiling rand_chacha v0.3.1
[INFO] [stderr]    Compiling tree_magic_mini v3.0.3
[INFO] [stderr]    Compiling rand v0.8.5
[INFO] [stderr]    Compiling wayland-commons v0.29.5
[INFO] [stderr]    Compiling x11rb-protocol v0.10.0
[INFO] [stderr]    Compiling x11rb v0.10.1
[INFO] [stderr]    Compiling x11-clipboard v0.7.1
[INFO] [stderr]    Compiling wl-clipboard-rs v0.7.0
[INFO] [stderr]    Compiling cli-clipboard v0.4.0
[INFO] [stderr]    Compiling random_stuff v0.1.0 (/opt/rustwide/workdir)
[INFO] [stderr]     Finished `release` profile [optimized] target(s) in 1m 48s
[INFO] [stderr] warning: the following packages contain code that will be rejected by a future version of Rust: wl-clipboard-rs v0.7.0
[INFO] [stderr] note: to see what the problems were, use the option `--future-incompat-report`, or run `cargo report future-incompatibilities --id 4`
[INFO] running `Command { std: "docker" "inspect" "8a1deddd35a363984bf2e1766de670ac9453329b7be6245189e8a246686be771", kill_on_drop: false }`
[INFO] running `Command { std: "docker" "exec" "-e" "SOURCE_DIR=/opt/rustwide/workdir" "-e" "CARGO_HOME=/opt/rustwide/cargo-home" "-e" "RUSTUP_HOME=/opt/rustwide/rustup-home" "-e" "CARGO_TARGET_DIR=/opt/rustwide/target" "-e" "CARGO_INCREMENTAL=0" "-e" "RUST_BACKTRACE=full" "-e" "RUSTFLAGS=--cap-lints=warn" "-e" "RUSTDOCFLAGS=--cap-lints=warn" "-w" "/opt/rustwide/workdir" "--user" "0:0" "8a1deddd35a363984bf2e1766de670ac9453329b7be6245189e8a246686be771" "/opt/rustwide/cargo-home/bin/cargo" "+1.99.0-beta.8" "test" "--frozen" "--no-run" "--message-format=json" "--release", kill_on_drop: false }`
[INFO] [stderr]    Compiling random_stuff v0.1.0 (/opt/rustwide/workdir)
[INFO] [stderr]     Finished `release` profile [optimized] target(s) in 1.99s
[INFO] [stderr] warning: the following packages contain code that will be rejected by a future version of Rust: wl-clipboard-rs v0.7.0
[INFO] [stderr] note: to see what the problems were, use the option `--future-incompat-report`, or run `cargo report future-incompatibilities --id 4`
[INFO] running `Command { std: "docker" "inspect" "8a1deddd35a363984bf2e1766de670ac9453329b7be6245189e8a246686be771", kill_on_drop: false }`
[INFO] running `Command { std: "docker" "exec" "-e" "SOURCE_DIR=/opt/rustwide/workdir" "-e" "CARGO_HOME=/opt/rustwide/cargo-home" "-e" "RUSTUP_HOME=/opt/rustwide/rustup-home" "-e" "CARGO_TARGET_DIR=/opt/rustwide/target" "-e" "CARGO_INCREMENTAL=0" "-e" "RUST_BACKTRACE=full" "-e" "RUSTFLAGS=--cap-lints=warn" "-e" "RUSTDOCFLAGS=--cap-lints=warn" "-w" "/opt/rustwide/workdir" "--user" "0:0" "8a1deddd35a363984bf2e1766de670ac9453329b7be6245189e8a246686be771" "/opt/rustwide/cargo-home/bin/cargo" "+1.99.0-beta.8" "test" "--frozen" "--release", kill_on_drop: false }`
[INFO] [stderr]     Finished `release` profile [optimized] target(s) in 0.11s
[INFO] [stderr] warning: the following packages contain code that will be rejected by a future version of Rust: wl-clipboard-rs v0.7.0
[INFO] [stderr] note: to see what the problems were, use the option `--future-incompat-report`, or run `cargo report future-incompatibilities --id 4`
[INFO] [stderr]      Running unittests src/lib.rs (/opt/rustwide/target/release/deps/random_stuff-2efb1bcb0c11aa4a)
[INFO] [stdout] 
[INFO] [stdout] running 12 tests
[INFO] [stdout] test lib_tests::output_types_export ... ok
[INFO] [stdout] test lib_tests::random_alpha ... ok
[INFO] [stdout] test lib_tests::random_alpha_plus_caps ... ok
[INFO] [stdout] test lib_tests::random_alphanum ... ok
[INFO] [stdout] test lib_tests::random_hex ... ok
[INFO] [stdout] test lib_tests::random_hexcaps ... ok
[INFO] [stdout] test lib_tests::random_num ... ok
[INFO] [stdout] test lib_tests::random_alphanumcaps ... ok
[INFO] [stdout] test lib_tests::version_export ... ok
[INFO] [stdout] test lib_tests::random_symbols ... ok
[INFO] [stdout] test lib_tests::random_alphacaps ... ok
[INFO] [stdout] test lib_tests::random_alphanum_plus_caps ... ok
[INFO] [stdout] 
[INFO] [stdout] test result: ok. 12 passed; 0 failed; 0 ignored; 0 measured; 0 filtered out; finished in 0.02s
[INFO] [stdout] 
[INFO] [stderr]      Running unittests src/main.rs (/opt/rustwide/target/release/deps/random_stuff-e2b5d2e6c84c1890)
[INFO] [stdout] 
[INFO] [stdout] running 13 tests
[INFO] [stdout] test bin_tests::random_alpha ... ok
[INFO] [stdout] test bin_tests::alphanumcaps ... ok
[INFO] [stdout] test bin_tests::random_alpha_plus_caps ... ok
[INFO] [stdout] test bin_tests::random_alphacaps ... ok
[INFO] [stdout] test bin_tests::random_hex ... ok
[INFO] [stdout] test bin_tests::random_hexcaps ... ok
[INFO] [stdout] test bin_tests::random_num ... ok
[INFO] [stdout] test bin_tests::help_flag ... ok
[INFO] [stdout] test bin_tests::random_alphanum ... ok
[INFO] [stdout] test bin_tests::random_alphanum_plus_caps ... ok
[INFO] [stdout] test bin_tests::copy_flag ... FAILED
[INFO] [stdout] test bin_tests::random_symbols ... ok
[INFO] [stdout] test bin_tests::version_flag ... ok
[INFO] [stdout] 
[INFO] [stdout] failures:
[INFO] [stdout] 
[INFO] [stdout] ---- bin_tests::copy_flag stdout ----
[INFO] [stdout] 
[INFO] [stdout] thread 'bin_tests::copy_flag' (7283) panicked at src/bin.rs:72:57:
[INFO] [stdout] called `Result::unwrap()` on an `Err` value: XcbConnect(DisplayParsingError)
[INFO] [stdout] stack backtrace:
[INFO] [stdout]    0:     0x557b50115301 - <<std[70759c8f55707aa4]::sys::backtrace::BacktraceLock>::print::DisplayBacktrace as core[df12db4294e9bfd3]::fmt::Display>::fmt
[INFO] [stdout]    1:     0x557b5012b85a - core[df12db4294e9bfd3]::fmt::write
[INFO] [stdout]    2:     0x557b50119dfc - <alloc[2182bb758b4b3781]::vec::Vec<u8> as core[df12db4294e9bfd3]::io::write::Write>::write_fmt
[INFO] [stdout]    3:     0x557b500ef006 - std[70759c8f55707aa4]::panicking::default_hook::{closure#0}
[INFO] [stdout]    4:     0x557b5010c749 - std[70759c8f55707aa4]::panicking::default_hook
[INFO] [stdout]    5:     0x557b5001e720 - test[9d35eded1c95d3be]::test_main_inner::<test[9d35eded1c95d3be]::test_main_static::{closure#0}>::{closure#0}
[INFO] [stdout]    6:     0x557b5010c902 - std[70759c8f55707aa4]::panicking::panic_with_hook
[INFO] [stdout]    7:     0x557b500ef0b2 - std[70759c8f55707aa4]::panicking::panic_handler::{closure#0}
[INFO] [stdout]    8:     0x557b500e7c39 - std[70759c8f55707aa4]::sys::backtrace::__rust_end_short_backtrace::<std[70759c8f55707aa4]::panicking::panic_handler::{closure#0}, !>
[INFO] [stdout]    9:     0x557b500f001d - __rustc[8fa7c3cbc660c2b3]::rust_begin_unwind
[INFO] [stdout]   10:     0x557b5012bfbc - core[df12db4294e9bfd3]::panicking::panic_fmt
[INFO] [stdout]   11:     0x557b5012bd92 - core[df12db4294e9bfd3]::result::unwrap_failed
[INFO] [stdout]   12:     0x557b5000e746 - random_stuff[3fa0d998dd69a9f8]::bin::process_args::<&mut alloc[2182bb758b4b3781]::vec::Vec<u8>>
[INFO] [stdout]   13:     0x557b5000fb6b - random_stuff[3fa0d998dd69a9f8]::bin_tests::test_cli_output
[INFO] [stdout]   14:     0x557b5000dbb3 - <random_stuff[3fa0d998dd69a9f8]::bin_tests::copy_flag::{closure#0} as core[df12db4294e9bfd3]::ops::function::FnOnce<()>>::call_once
[INFO] [stdout]   15:     0x557b50011a0b - test[9d35eded1c95d3be]::__rust_begin_short_backtrace::<core[df12db4294e9bfd3]::result::Result<(), alloc[2182bb758b4b3781]::string::String>, fn() -> core[df12db4294e9bfd3]::result::Result<(), alloc[2182bb758b4b3781]::string::String>>
[INFO] [stdout]   16:     0x557b5001f075 - test[9d35eded1c95d3be]::run_test::{closure#0}
[INFO] [stdout]   17:     0x557b50018934 - std[70759c8f55707aa4]::sys::backtrace::__rust_begin_short_backtrace::<test[9d35eded1c95d3be]::run_test::{closure#1}, ()>
[INFO] [stdout]   18:     0x557b500221d2 - <std[70759c8f55707aa4]::thread::lifecycle::spawn_unchecked<test[9d35eded1c95d3be]::run_test::{closure#1}, ()>::{closure#1} as core[df12db4294e9bfd3]::ops::function::FnOnce<()>>::call_once::{shim:vtable#0}
[INFO] [stdout]   19:     0x557b50114689 - <std[70759c8f55707aa4]::sys::thread::unix::Thread>::new::thread_start
[INFO] [stdout]   20:     0x729106ad7dfa - <unknown>
[INFO] [stdout]   21:     0x729106b6b3d4 - clone
[INFO] [stdout]   22:                0x0 - <unknown>
[INFO] [stdout] 
[INFO] [stdout] 
[INFO] [stdout] failures:
[INFO] [stdout]     bin_tests::copy_flag
[INFO] [stdout] 
[INFO] [stdout] test result: FAILED. 12 passed; 1 failed; 0 ignored; 0 measured; 0 filtered out; finished in 0.01s
[INFO] [stdout] 
[INFO] [stderr] error: test failed, to rerun pass `--bin random_stuff`
[INFO] running `Command { std: "docker" "inspect" "8a1deddd35a363984bf2e1766de670ac9453329b7be6245189e8a246686be771", kill_on_drop: false }`
[INFO] running `Command { std: "docker" "rm" "-f" "8a1deddd35a363984bf2e1766de670ac9453329b7be6245189e8a246686be771", kill_on_drop: false }`
[INFO] [stdout] 8a1deddd35a363984bf2e1766de670ac9453329b7be6245189e8a246686be771
