[INFO] cloning repository https://github.com/fdatoo/pkl-lsp-rust
[INFO] running `Command { std: "git" "-c" "credential.helper=" "-c" "credential.helper=/workspace/cargo-home/bin/git-credential-null" "clone" "--bare" "https://github.com/fdatoo/pkl-lsp-rust" "/workspace/cache/git-repos/https%3A%2F%2Fgithub.com%2Ffdatoo%2Fpkl-lsp-rust", kill_on_drop: false }`
[INFO] [stderr] Cloning into bare repository '/workspace/cache/git-repos/https%3A%2F%2Fgithub.com%2Ffdatoo%2Fpkl-lsp-rust'...
[INFO] running `Command { std: "git" "rev-parse" "HEAD", kill_on_drop: false }`
[INFO] [stdout] 5f4a06199561727533bc57a113c50040f7b73c29
[INFO] testing fdatoo/pkl-lsp-rust against 1.100.0-beta.1+cargoflags=--release for beta-release-1.100-3
[INFO] running `Command { std: "git" "clone" "/workspace/cache/git-repos/https%3A%2F%2Fgithub.com%2Ffdatoo%2Fpkl-lsp-rust" "/workspace/builds/worker-5-tc2/source", kill_on_drop: false }`
[INFO] [stderr] Cloning into '/workspace/builds/worker-5-tc2/source'...
[INFO] [stderr] done.
[INFO] started tweaking git repo https://github.com/fdatoo/pkl-lsp-rust
[INFO] finished tweaking git repo https://github.com/fdatoo/pkl-lsp-rust
[INFO] tweaked toml for git repo https://github.com/fdatoo/pkl-lsp-rust written to /workspace/builds/worker-5-tc2/source/Cargo.toml
[INFO] validating manifest of git repo https://github.com/fdatoo/pkl-lsp-rust on toolchain 1.100.0-beta.1
[INFO] running `Command { std: CARGO_HOME="/workspace/cargo-home" RUSTUP_HOME="/workspace/rustup-home" "/workspace/cargo-home/bin/cargo" "+1.100.0-beta.1" "metadata" "--manifest-path" "Cargo.toml" "--no-deps", kill_on_drop: false }`
[INFO] crate git repo https://github.com/fdatoo/pkl-lsp-rust already has a lockfile, it will not be regenerated
[INFO] running `Command { std: CARGO_HOME="/workspace/cargo-home" RUSTUP_HOME="/workspace/rustup-home" "/workspace/cargo-home/bin/cargo" "+1.100.0-beta.1" "fetch" "--manifest-path" "Cargo.toml", kill_on_drop: false }`
[INFO] running `Command { std: "docker" "create" "-v" "/var/lib/crater-agent-workspace/builds/worker-5-tc2/source:/opt/rustwide/workdir:ro,Z" "-v" "/var/lib/crater-agent-workspace/builds/worker-5-tc2/target:/opt/rustwide/target:rw,Z" "-v" "/var/lib/crater-agent-workspace/cargo-home:/opt/rustwide/cargo-home:ro,Z" "-v" "/var/lib/crater-agent-workspace/rustup-home:/opt/rustwide/rustup-home:ro,Z" "-m" "1610612736" "--network" "none" "ghcr.io/rust-lang/crates-build-env/linux@sha256:77db811e55d90add9212f6832c23229e3de5f1c1f9905e8cb07319ea15df73ac" "sleep" "infinity", kill_on_drop: false }`
[INFO] [stdout] a2463d2fa001a44abb7171cb83e057af7a4769c46ca9ae41f8e263e702d37e2f
[INFO] running `Command { std: "docker" "start" "a2463d2fa001a44abb7171cb83e057af7a4769c46ca9ae41f8e263e702d37e2f", kill_on_drop: false }`
[INFO] running `Command { std: "docker" "inspect" "a2463d2fa001a44abb7171cb83e057af7a4769c46ca9ae41f8e263e702d37e2f", kill_on_drop: false }`
[INFO] running `Command { std: "docker" "exec" "-e" "SOURCE_DIR=/opt/rustwide/workdir" "-e" "CARGO_HOME=/opt/rustwide/cargo-home" "-e" "RUSTUP_HOME=/opt/rustwide/rustup-home" "-e" "CARGO_TARGET_DIR=/opt/rustwide/target" "-w" "/opt/rustwide/workdir" "--user" "0:0" "a2463d2fa001a44abb7171cb83e057af7a4769c46ca9ae41f8e263e702d37e2f" "/opt/rustwide/cargo-home/bin/cargo" "+1.100.0-beta.1" "metadata" "--no-deps" "--format-version=1", kill_on_drop: false }`
[INFO] running `Command { std: "docker" "inspect" "a2463d2fa001a44abb7171cb83e057af7a4769c46ca9ae41f8e263e702d37e2f", kill_on_drop: false }`
[INFO] running `Command { std: "docker" "exec" "-e" "SOURCE_DIR=/opt/rustwide/workdir" "-e" "CARGO_HOME=/opt/rustwide/cargo-home" "-e" "RUSTUP_HOME=/opt/rustwide/rustup-home" "-e" "CARGO_TARGET_DIR=/opt/rustwide/target" "-e" "CARGO_INCREMENTAL=0" "-e" "RUST_BACKTRACE=full" "-e" "RUSTFLAGS=--cap-lints=warn" "-e" "RUSTDOCFLAGS=--cap-lints=warn" "-w" "/opt/rustwide/workdir" "--user" "0:0" "a2463d2fa001a44abb7171cb83e057af7a4769c46ca9ae41f8e263e702d37e2f" "/opt/rustwide/cargo-home/bin/cargo" "+1.100.0-beta.1" "build" "--frozen" "--message-format=json" "--release", kill_on_drop: false }`
[INFO] [stderr]    Compiling proc-macro2 v1.0.106
[INFO] [stderr]    Compiling quote v1.0.45
[INFO] [stderr]    Compiling unicode-ident v1.0.24
[INFO] [stderr]    Compiling stable_deref_trait v1.2.1
[INFO] [stderr]    Compiling smallvec v1.15.1
[INFO] [stderr]    Compiling litemap v0.8.2
[INFO] [stderr]    Compiling writeable v0.6.3
[INFO] [stderr]    Compiling icu_properties_data v2.2.0
[INFO] [stderr]    Compiling pin-project-lite v0.2.17
[INFO] [stderr]    Compiling icu_normalizer_data v2.2.0
[INFO] [stderr]    Compiling utf8_iter v1.0.4
[INFO] [stderr]    Compiling once_cell v1.21.4
[INFO] [stderr]    Compiling hashbrown v0.14.5
[INFO] [stderr]    Compiling serde_core v1.0.228
[INFO] [stderr]    Compiling memchr v2.8.0
[INFO] [stderr]    Compiling libc v0.2.186
[INFO] [stderr]    Compiling cfg-if v1.0.4
[INFO] [stderr]    Compiling futures-core v0.3.32
[INFO] [stderr]    Compiling futures-sink v0.3.32
[INFO] [stderr]    Compiling parking_lot_core v0.9.12
[INFO] [stderr]    Compiling zmij v1.0.21
[INFO] [stderr]    Compiling thiserror v2.0.18
[INFO] [stderr]    Compiling serde v1.0.228
[INFO] [stderr]    Compiling futures-channel v0.3.32
[INFO] [stderr]    Compiling tracing-core v0.1.36
[INFO] [stderr]    Compiling percent-encoding v2.3.2
[INFO] [stderr]    Compiling scopeguard v1.2.0
[INFO] [stderr]    Compiling text-size v1.1.1
[INFO] [stderr]    Compiling syn v2.0.117
[INFO] [stderr]    Compiling futures-io v0.3.32
[INFO] [stderr]    Compiling rustc-hash v1.1.0
[INFO] [stderr]    Compiling slab v0.4.12
[INFO] [stderr]    Compiling futures-task v0.3.32
[INFO] [stderr]    Compiling serde_json v1.0.149
[INFO] [stderr]    Compiling countme v3.0.1
[INFO] [stderr]    Compiling lock_api v0.4.14
[INFO] [stderr]    Compiling rowan v0.16.1
[INFO] [stderr]    Compiling form_urlencoded v1.2.2
[INFO] [stderr]    Compiling regex-syntax v0.8.10
[INFO] [stderr]    Compiling bytes v1.11.1
[INFO] [stderr]    Compiling crossbeam-utils v0.8.21
[INFO] [stderr]    Compiling httparse v1.10.1
[INFO] [stderr]    Compiling itoa v1.0.18
[INFO] [stderr]    Compiling tower-layer v0.3.3
[INFO] [stderr]    Compiling bitflags v1.3.2
[INFO] [stderr]    Compiling anyhow v1.0.102
[INFO] [stderr]    Compiling tower-service v0.3.3
[INFO] [stderr]    Compiling lazy_static v1.5.0
[INFO] [stderr]    Compiling log v0.4.29
[INFO] [stderr]    Compiling sharded-slab v0.1.7
[INFO] [stderr]    Compiling dashmap v5.5.3
[INFO] [stderr]    Compiling tracing-log v0.2.0
[INFO] [stderr]    Compiling thread_local v1.1.9
[INFO] [stderr]    Compiling nu-ansi-term v0.50.3
[INFO] [stderr]    Compiling glob v0.3.3
[INFO] [stderr]    Compiling str_indices v0.4.4
[INFO] [stderr]    Compiling dashmap v6.1.0
[INFO] [stderr]    Compiling ropey v1.6.1
[INFO] [stderr]    Compiling regex-automata v0.4.14
[INFO] [stderr]    Compiling synstructure v0.13.2
[INFO] [stderr]    Compiling zerofrom-derive v0.1.7
[INFO] [stderr]    Compiling yoke-derive v0.8.2
[INFO] [stderr]    Compiling zerovec-derive v0.11.3
[INFO] [stderr]    Compiling displaydoc v0.2.5
[INFO] [stderr]    Compiling serde_derive v1.0.228
[INFO] [stderr]    Compiling thiserror-impl v2.0.18
[INFO] [stderr]    Compiling futures-macro v0.3.32
[INFO] [stderr]    Compiling tracing-attributes v0.1.31
[INFO] [stderr]    Compiling tokio-macros v2.7.0
[INFO] [stderr]    Compiling futures-util v0.3.32
[INFO] [stderr]    Compiling pin-project-internal v1.1.12
[INFO] [stderr]    Compiling pkl-syntax v0.1.0 (/opt/rustwide/workdir/crates/pkl-syntax)
[INFO] [stderr]    Compiling zerofrom v0.1.8
[INFO] [stderr]    Compiling yoke v0.8.2
[INFO] [stderr]    Compiling tokio v1.52.3
[INFO] [stderr]    Compiling zerovec v0.11.6
[INFO] [stderr]    Compiling zerotrie v0.2.4
[INFO] [stderr]    Compiling tinystr v0.8.3
[INFO] [stderr]    Compiling potential_utf v0.1.5
[INFO] [stderr]    Compiling pin-project v1.1.12
[INFO] [stderr]    Compiling icu_locale_core v2.2.0
[INFO] [stderr]    Compiling icu_collections v2.2.0
[INFO] [stderr]    Compiling tracing v0.1.44
[INFO] [stderr]    Compiling serde_repr v0.1.20
[INFO] [stderr]    Compiling pkl-stdlib v0.1.0 (/opt/rustwide/workdir/crates/pkl-stdlib)
[INFO] [stderr]    Compiling matchers v0.2.0
[INFO] [stderr]    Compiling auto_impl v1.3.0
[INFO] [stderr]    Compiling icu_provider v2.2.0
[INFO] [stderr]    Compiling icu_properties v2.2.0
[INFO] [stderr]    Compiling icu_normalizer v2.2.0
[INFO] [stderr]    Compiling tower v0.4.13
[INFO] [stderr]    Compiling futures v0.3.32
[INFO] [stderr]    Compiling tower-lsp-macros v0.9.0
[INFO] [stderr]    Compiling async-trait v0.1.89
[INFO] [stderr]    Compiling pkl-analyze v0.1.0 (/opt/rustwide/workdir/crates/pkl-analyze)
[INFO] [stderr]    Compiling tracing-subscriber v0.3.23
[INFO] [stderr]    Compiling idna_adapter v1.2.2
[INFO] [stderr]    Compiling idna v1.1.0
[INFO] [stderr]    Compiling url v2.5.8
[INFO] [stderr]    Compiling tokio-util v0.7.18
[INFO] [stderr]    Compiling lsp-types v0.94.1
[INFO] [stderr]    Compiling tower-lsp v0.20.0
[INFO] [stderr]    Compiling pkl-lsp v0.1.0 (/opt/rustwide/workdir/crates/pkl-lsp)
[INFO] [stderr] warning: unused dependency `anyhow`
[INFO] [stderr]   --> crates/pkl-lsp/Cargo.toml:22:1
[INFO] [stderr]    |
[INFO] [stderr] 22 | anyhow = { workspace = true }
[INFO] [stderr]    | ^^^^^^^^^^^^^^^^^^^^^^^^^^^^^
[INFO] [stderr]    |
[INFO] [stderr]    = note: `cargo::unused_dependencies` is set to `warn` by default
[INFO] [stderr] help: consider removing the dependency on `anyhow`
[INFO] [stderr] warning: `pkl-lsp` (manifest) generated 1 warning
[INFO] [stderr] warning: unused dependency `thiserror`
[INFO] [stderr]   --> crates/pkl-syntax/Cargo.toml:11:1
[INFO] [stderr]    |
[INFO] [stderr] 11 | thiserror = { workspace = true }
[INFO] [stderr]    | ^^^^^^^^^^^^^^^^^^^^^^^^^^^^^^^^
[INFO] [stderr]    |
[INFO] [stderr]    = note: `cargo::unused_dependencies` is set to `warn` by default
[INFO] [stderr] help: consider removing the dependency on `thiserror`
[INFO] [stderr] warning: `pkl-syntax` (manifest) generated 1 warning
[INFO] [stderr]     Finished `release` profile [optimized] target(s) in 1m 45s
[INFO] running `Command { std: "docker" "inspect" "a2463d2fa001a44abb7171cb83e057af7a4769c46ca9ae41f8e263e702d37e2f", kill_on_drop: false }`
[INFO] running `Command { std: "docker" "exec" "-e" "SOURCE_DIR=/opt/rustwide/workdir" "-e" "CARGO_HOME=/opt/rustwide/cargo-home" "-e" "RUSTUP_HOME=/opt/rustwide/rustup-home" "-e" "CARGO_TARGET_DIR=/opt/rustwide/target" "-e" "CARGO_INCREMENTAL=0" "-e" "RUST_BACKTRACE=full" "-e" "RUSTFLAGS=--cap-lints=warn" "-e" "RUSTDOCFLAGS=--cap-lints=warn" "-w" "/opt/rustwide/workdir" "--user" "0:0" "a2463d2fa001a44abb7171cb83e057af7a4769c46ca9ae41f8e263e702d37e2f" "/opt/rustwide/cargo-home/bin/cargo" "+1.100.0-beta.1" "test" "--frozen" "--no-run" "--message-format=json" "--release", kill_on_drop: false }`
[INFO] [stderr]    Compiling serde_core v1.0.228
[INFO] [stderr]    Compiling serde v1.0.228
[INFO] [stderr]    Compiling regex-automata v0.4.14
[INFO] [stderr]    Compiling zerocopy v0.8.48
[INFO] [stderr]    Compiling zerocopy-derive v0.8.48
[INFO] [stderr]    Compiling shlex v1.3.0
[INFO] [stderr]    Compiling find-msvc-tools v0.1.9
[INFO] [stderr]    Compiling autocfg v1.5.0
[INFO] [stderr]    Compiling cc v1.2.62
[INFO] [stderr]    Compiling either v1.15.0
[INFO] [stderr]    Compiling clap_lex v1.1.0
[INFO] [stderr]    Compiling num-traits v0.2.19
[INFO] [stderr]    Compiling anstyle v1.0.14
[INFO] [stderr]    Compiling ciborium-io v0.2.2
[INFO] [stderr]    Compiling itertools v0.13.0
[INFO] [stderr]    Compiling cast v0.3.0
[INFO] [stderr]    Compiling clap_builder v4.6.0
[INFO] [stderr]    Compiling same-file v1.0.6
[INFO] [stderr]    Compiling walkdir v2.5.0
[INFO] [stderr]    Compiling page_size v0.6.0
[INFO] [stderr]    Compiling oorandom v11.1.5
[INFO] [stderr]    Compiling anes v0.1.6
[INFO] [stderr]    Compiling getrandom v0.4.2
[INFO] [stderr]    Compiling rustix v1.1.4
[INFO] [stderr]    Compiling linux-raw-sys v0.12.1
[INFO] [stderr]    Compiling bitflags v2.11.1
[INFO] [stderr]    Compiling alloca v0.4.0
[INFO] [stderr]    Compiling fastrand v2.4.1
[INFO] [stderr]    Compiling pkl-stdlib v0.1.0 (/opt/rustwide/workdir/crates/pkl-stdlib)
[INFO] [stderr]    Compiling criterion-plot v0.8.2
[INFO] [stderr]    Compiling serde_json v1.0.149
[INFO] [stderr]    Compiling regex v1.12.3
[INFO] [stderr]    Compiling tinytemplate v1.2.1
[INFO] [stderr]    Compiling clap v4.6.1
[INFO] [stderr]    Compiling half v2.7.1
[INFO] [stderr]    Compiling tempfile v3.27.0
[INFO] [stderr]    Compiling url v2.5.8
[INFO] [stderr]    Compiling ciborium-ll v0.2.2
[INFO] [stderr]    Compiling ciborium v0.2.2
[INFO] [stderr]    Compiling matchers v0.2.0
[INFO] [stderr]    Compiling tracing-subscriber v0.3.23
[INFO] [stderr]    Compiling lsp-types v0.94.1
[INFO] [stderr]    Compiling criterion v0.8.2
[INFO] [stderr]    Compiling tower-lsp v0.20.0
[INFO] [stderr]    Compiling pkl-analyze v0.1.0 (/opt/rustwide/workdir/crates/pkl-analyze)
[INFO] [stderr]    Compiling pkl-syntax v0.1.0 (/opt/rustwide/workdir/crates/pkl-syntax)
[INFO] [stderr]    Compiling pkl-lsp v0.1.0 (/opt/rustwide/workdir/crates/pkl-lsp)
[INFO] [stderr] warning: unused dependency `anyhow`
[INFO] [stderr]   --> crates/pkl-lsp/Cargo.toml:22:1
[INFO] [stderr]    |
[INFO] [stderr] 22 | anyhow = { workspace = true }
[INFO] [stderr]    | ^^^^^^^^^^^^^^^^^^^^^^^^^^^^^
[INFO] [stderr]    |
[INFO] [stderr]    = note: `cargo::unused_dependencies` is set to `warn` by default
[INFO] [stderr] help: consider removing the dependency on `anyhow`
[INFO] [stderr] warning: `pkl-lsp` (manifest) generated 1 warning
[INFO] [stderr] warning: unused dependency `thiserror`
[INFO] [stderr]   --> crates/pkl-syntax/Cargo.toml:11:1
[INFO] [stderr]    |
[INFO] [stderr] 11 | thiserror = { workspace = true }
[INFO] [stderr]    | ^^^^^^^^^^^^^^^^^^^^^^^^^^^^^^^^
[INFO] [stderr]    |
[INFO] [stderr]    = note: `cargo::unused_dependencies` is set to `warn` by default
[INFO] [stderr] help: consider removing the dependency on `thiserror`
[INFO] [stderr] warning: `pkl-syntax` (manifest) generated 1 warning
[INFO] [stderr]     Finished `release` profile [optimized] target(s) in 1m 31s
[INFO] running `Command { std: "docker" "inspect" "a2463d2fa001a44abb7171cb83e057af7a4769c46ca9ae41f8e263e702d37e2f", kill_on_drop: false }`
[INFO] running `Command { std: "docker" "exec" "-e" "SOURCE_DIR=/opt/rustwide/workdir" "-e" "CARGO_HOME=/opt/rustwide/cargo-home" "-e" "RUSTUP_HOME=/opt/rustwide/rustup-home" "-e" "CARGO_TARGET_DIR=/opt/rustwide/target" "-e" "CARGO_INCREMENTAL=0" "-e" "RUST_BACKTRACE=full" "-e" "RUSTFLAGS=--cap-lints=warn" "-e" "RUSTDOCFLAGS=--cap-lints=warn" "-w" "/opt/rustwide/workdir" "--user" "0:0" "a2463d2fa001a44abb7171cb83e057af7a4769c46ca9ae41f8e263e702d37e2f" "/opt/rustwide/cargo-home/bin/cargo" "+1.100.0-beta.1" "test" "--frozen" "--release", kill_on_drop: false }`
[INFO] [stderr] warning: unused dependency `anyhow`
[INFO] [stderr]   --> crates/pkl-lsp/Cargo.toml:22:1
[INFO] [stderr]    |
[INFO] [stderr] 22 | anyhow = { workspace = true }
[INFO] [stderr]    | ^^^^^^^^^^^^^^^^^^^^^^^^^^^^^
[INFO] [stderr]    |
[INFO] [stderr]    = note: `cargo::unused_dependencies` is set to `warn` by default
[INFO] [stderr] help: consider removing the dependency on `anyhow`
[INFO] [stderr] warning: `pkl-lsp` (manifest) generated 1 warning
[INFO] [stderr] warning: unused dependency `thiserror`
[INFO] [stderr]   --> crates/pkl-syntax/Cargo.toml:11:1
[INFO] [stderr]    |
[INFO] [stderr] 11 | thiserror = { workspace = true }
[INFO] [stderr]    | ^^^^^^^^^^^^^^^^^^^^^^^^^^^^^^^^
[INFO] [stderr]    |
[INFO] [stderr]    = note: `cargo::unused_dependencies` is set to `warn` by default
[INFO] [stderr] help: consider removing the dependency on `thiserror`
[INFO] [stderr] warning: `pkl-syntax` (manifest) generated 1 warning
[INFO] [stderr]     Finished `release` profile [optimized] target(s) in 0.16s
[INFO] [stderr]      Running unittests src/lib.rs (/opt/rustwide/target/release/build/pkl-analyze/6cca078936944124/out/pkl_analyze-6cca078936944124)
[INFO] [stdout] 
[INFO] [stdout] running 52 tests
[INFO] [stdout] test loader::tests::normalize_path_collapses_dot_segments ... ok
[INFO] [stdout] test loader::tests::file_uri_form ... ok
[INFO] [stdout] test loader::tests::modulepath_without_config_is_unsupported ... ok
[INFO] [stdout] test loader::tests::chained_loader_tries_stdlib_first_then_fs ... ok
[INFO] [stdout] test loader::tests::package_without_cache_is_unsupported ... ok
[INFO] [stdout] test loader::tests::parse_module_paths_handles_separator ... ok
[INFO] [stdout] test loader::tests::parses_env_namespaces ... ok
[INFO] [stdout] test loader::tests::extensionless_relative_path_resolves_to_pkl_file ... ok
[INFO] [stdout] test loader::tests::path_to_uri_round_trips ... ok
[INFO] [stdout] test loader::tests::package_resolves_against_cache ... ok
[INFO] [stdout] test loader::tests::modulepath_finds_first_matching_root ... ok
[INFO] [stdout] test loader::tests::stdlib_loader_rejects_non_pkl_scheme ... ok
[INFO] [stdout] test loader::tests::resolves_namespace_paths ... ok
[INFO] [stdout] test loader::tests::relative_path_resolved_against_importer ... ok
[INFO] [stdout] test loader::tests::unknown_namespace_errors ... ok
[INFO] [stdout] test loader::tests::unsupported_schemes_are_flagged ... ok
[INFO] [stdout] test loader::tests::relative_path_without_importer_errors ... ok
[INFO] [stdout] test loader::tests::resolves_extensionless_namespace_paths ... ok
[INFO] [stdout] test loader::tests::stdlib_loader_resolves_pkl_scheme ... ok
[INFO] [stdout] test loader::tests::resolves_project_root_namespace_module_directory ... ok
[INFO] [stdout] test module_graph::tests::missing_namespace_records_import_error ... ok
[INFO] [stdout] test module_graph::tests::cyclic_import_does_not_loop_forever ... ok
[INFO] [stdout] test subtyping::tests::covariant_list_subtype ... ok
[INFO] [stdout] test module_graph::tests::references_to_collects_cross_module_member_refs ... ok
[INFO] [stdout] test module_graph::tests::references_to_ignores_unrelated_imports ... ok
[INFO] [stdout] test module_graph::tests::references_to_handles_cyclic_imports ... ok
[INFO] [stdout] test module_graph::tests::loads_namespace_import ... ok
[INFO] [stdout] test module_graph::tests::loads_relative_import ... ok
[INFO] [stdout] test subtyping::tests::nullable_accepts_non_null ... ok
[INFO] [stdout] test types::tests::parses_function_argument ... ok
[INFO] [stdout] test subtyping::tests::unknown_is_permissive ... ok
[INFO] [stdout] test module_graph::tests::glob_import_loads_every_match ... ok
[INFO] [stdout] test subtyping::tests::numeric_promotion_holds ... ok
[INFO] [stdout] test types::tests::parses_map_return ... ok
[INFO] [stdout] test types::tests::parses_generic_return_type ... ok
[INFO] [stdout] test types::tests::parses_primitive_return_type ... ok
[INFO] [stdout] test types::tests::parses_method_signature_with_generics_and_params ... ok
[INFO] [stdout] test types::tests::parses_nullable_return_type ... ok
[INFO] [stdout] test types::tests::unify_extracts_bindings ... ok
[INFO] [stdout] test workspace_files::tests::add_and_remove_are_idempotent ... ok
[INFO] [stdout] test types::tests::parses_property_signature ... ok
[INFO] [stdout] test types::tests::substitute_walks_generics ... ok
[INFO] [stdout] test workspace_files::tests::add_post_scan_appears_in_completions ... ok
[INFO] [stdout] test types::tests::type_args_pulls_apart_generics ... ok
[INFO] [stdout] test workspace_files::tests::completions_empty_workspace_returns_nothing ... ok
[INFO] [stdout] test workspace_files::tests::completions_filter_by_prefix ... ok
[INFO] [stdout] test workspace_files::tests::completions_nonexistent_workspace_does_not_error ... ok
[INFO] [stdout] test workspace_files::tests::relative_path_round_trip ... ok
[INFO] [stdout] test workspace_files::tests::completions_from_subdir_produce_parent_relative_paths ... ok
[INFO] [stdout] test workspace_files::tests::completions_rank_same_directory_above_descent ... ok
[INFO] [stdout] test workspace_files::tests::scan_skips_ignored_directories ... ok
[INFO] [stdout] test workspace_files::tests::scan_finds_pkl_files ... ok
[INFO] [stdout] 
[INFO] [stdout] test result: ok. 52 passed; 0 failed; 0 ignored; 0 measured; 0 filtered out; finished in 0.01s
[INFO] [stdout] 
[INFO] [stderr]      Running tests/infer.rs (/opt/rustwide/target/release/build/pkl-analyze/096e0c17bd46f596/out/infer-096e0c17bd46f596)
[INFO] [stdout] 
[INFO] [stdout] running 34 tests
[INFO] [stdout] test diagnostic_for_type_mismatch_in_property ... ok
[INFO] [stdout] test duration_unit_suffix_resolves ... ok
[INFO] [stdout] test if_branches_join ... ok
[INFO] [stdout] test comparison_yields_boolean ... ok
[INFO] [stdout] test infers_arithmetic ... ok
[INFO] [stdout] test for_binding_narrowed_from_list_iterable ... ok
[INFO] [stdout] test empty_collection_constructor_uses_expected_type ... ok
[INFO] [stdout] test infers_literal_types ... ok
[INFO] [stdout] test interpolated_string_has_string_type ... ok
[INFO] [stdout] test inherited_member_resolves_through_extends_chain ... ok
[INFO] [stdout] test lambda_has_function_type ... ok
[INFO] [stdout] test interpolation_inner_expression_is_typed ... ok
[INFO] [stdout] test list_first_yields_element_type ... ok
[INFO] [stdout] test lambda_param_inferred_from_call_context ... ok
[INFO] [stdout] test member_lookup_walks_parent_class ... ok
[INFO] [stdout] test list_ctor_propagates_element_type ... ok
[INFO] [stdout] test map_substitutes_lambda_return_type ... ok
[INFO] [stdout] test member_on_string_resolves_to_length ... ok
[INFO] [stdout] test method_body_return_type_diagnostic ... ok
[INFO] [stdout] test null_coalesce_strips_nullable ... ok
[INFO] [stdout] test nullable_accepts_concrete_value ... ok
[INFO] [stdout] test method_call_propagates_return_type ... ok
[INFO] [stdout] test new_expression_seeds_object_body_type ... ok
[INFO] [stdout] test object_body_member_resolves_against_class ... ok
[INFO] [stdout] test no_diagnostic_when_inferrer_is_unsure ... ok
[INFO] [stdout] test qualified_type_name_records_member_ref ... ok
[INFO] [stdout] test property_type_seeds_identifier ... ok
[INFO] [stdout] test string_concat_yields_string ... ok
[INFO] [stdout] test super_inside_method_picks_up_parent_class ... ok
[INFO] [stdout] test type_check_narrows_then_branch ... ok
[INFO] [stdout] test unknown_receiver_records_member_but_no_resolution ... ok
[INFO] [stdout] test user_subtype_widens_through_extends_chain ... ok
[INFO] [stdout] test unsigned_integral_alias_accepts_integer_literal ... ok
[INFO] [stdout] test user_class_member_resolves ... ok
[INFO] [stdout] 
[INFO] [stdout] test result: ok. 34 passed; 0 failed; 0 ignored; 0 measured; 0 filtered out; finished in 0.01s
[INFO] [stdout] 
[INFO] [stderr]      Running tests/resolver.rs (/opt/rustwide/target/release/build/pkl-analyze/60cde759c4899d4a/out/resolver-60cde759c4899d4a)
[INFO] [stdout] 
[INFO] [stdout] running 16 tests
[INFO] [stdout] test hover_includes_signature_and_doc ... ok
[INFO] [stdout] test for_binding_resolves_in_body ... ok
[INFO] [stdout] test class_members_are_registered_with_container ... ok
[INFO] [stdout] test constrained_type_shorthand_member_is_not_unknown_identifier ... ok
[INFO] [stdout] test ident_inside_multiline_interpolation_resolves ... ok
[INFO] [stdout] test ident_inside_string_interpolation_resolves_to_property ... ok
[INFO] [stdout] test ident_inside_custom_delim_interpolation_resolves ... ok
[INFO] [stdout] test hover_for_class_member_shows_container ... ok
[INFO] [stdout] test import_aliases_resolve ... ok
[INFO] [stdout] test lambda_parameter_shadows_outer ... ok
[INFO] [stdout] test references_inside_method_body_resolve_to_parameter ... ok
[INFO] [stdout] test let_binding_is_visible_in_body_not_value ... ok
[INFO] [stdout] test registers_module_level_class_and_property ... ok
[INFO] [stdout] test let_binding_visible_inside_interpolation_hole ... ok
[INFO] [stdout] test type_parameter_resolves_inside_method ... ok
[INFO] [stdout] test unresolved_identifier_is_not_recorded ... ok
[INFO] [stdout] 
[INFO] [stdout] test result: ok. 16 passed; 0 failed; 0 ignored; 0 measured; 0 filtered out; finished in 0.01s
[INFO] [stdout] 
[INFO] [stderr]      Running tests/stdlib.rs (/opt/rustwide/target/release/build/pkl-analyze/959791e1f82a0bad/out/stdlib-959791e1f82a0bad)
[INFO] [stdout] 
[INFO] [stdout] running 7 tests
[INFO] [stdout] test well_known_types_are_all_seeded ... ok
[INFO] [stdout] test top_level_constructors_are_seeded ... ok
[INFO] [stdout] test hover_on_stdlib_type_shows_module_attribution ... ok
[INFO] [stdout] test references_to_list_ctor_resolve_to_stdlib ... ok
[INFO] [stdout] test hover_on_user_symbol_does_not_mention_stdlib ... ok
[INFO] [stdout] test references_to_string_resolve_to_stdlib ... ok
[INFO] [stdout] test user_declaration_shadows_stdlib ... ok
[INFO] [stdout] 
[INFO] [stdout] test result: ok. 7 passed; 0 failed; 0 ignored; 0 measured; 0 filtered out; finished in 0.01s
[INFO] [stdout] 
[INFO] [stderr]      Running unittests src/lib.rs (/opt/rustwide/target/release/build/pkl-lsp/784fbd437b6217f9/out/pkl_lsp-784fbd437b6217f9)
[INFO] [stdout] 
[INFO] [stdout] running 7 tests
[INFO] [stdout] test config::tests::parses_namespaces_from_init_options ... ok
[INFO] [stdout] test config::tests::missing_init_options_yields_empty ... ok
[INFO] [stdout] test config::tests::parses_field_value_completions_from_init_options ... ok
[INFO] [stdout] test config::tests::env_supplements_init_options ... ok
[INFO] [stdout] test document::tests::round_trip_byte_offset_to_position ... ok
[INFO] [stdout] test document::tests::utf16_column_counts_surrogate_pair_as_two ... ok
[INFO] [stdout] test signature_help::tests::active_parameter_counts_from_argument_list ... ok
[INFO] [stdout] 
[INFO] [stdout] test result: ok. 7 passed; 0 failed; 0 ignored; 0 measured; 0 filtered out; finished in 0.00s
[INFO] [stdout] 
[INFO] [stderr]      Running unittests src/main.rs (/opt/rustwide/target/release/build/pkl-lsp/49d012a2fa6f5537/out/pkl_lsp-49d012a2fa6f5537)
[INFO] [stdout] 
[INFO] [stdout] running 0 tests
[INFO] [stdout] 
[INFO] [stdout] test result: ok. 0 passed; 0 failed; 0 ignored; 0 measured; 0 filtered out; finished in 0.00s
[INFO] [stdout] 
[INFO] [stderr]      Running tests/server.rs (/opt/rustwide/target/release/build/pkl-lsp/ddca8d643ac9eb75/out/server-ddca8d643ac9eb75)
[INFO] [stdout] 
[INFO] [stdout] running 32 tests
[INFO] [stdout] test completion_after_namespace_import_alias_lists_imported_members ... ok
[INFO] [stdout] test completion_after_relative_import_alias_lists_imported_members ... ok
[INFO] [stdout] test completion_after_workspace_folder_removed_returns_empty ... ok
[INFO] [stdout] test completion_after_new_in_typed_listing_prefers_constructors ... ok
[INFO] [stdout] test completion_at_empty_import_string_lists_all_candidates ... ok
[INFO] [stdout] test completion_after_new_in_listing_ranks_last_used_type_first ... ok
[INFO] [stdout] test completion_in_listing_suggests_constructor_from_imported_class ... ok
[INFO] [stdout] test completion_in_listing_suggests_constructor_from_sibling_element ... ok
[INFO] [stdout] test completion_inside_import_string_offers_workspace_files ... FAILED
[INFO] [stdout] test completion_inside_namespace_import_lists_namespace_files ... ok
[INFO] [stdout] test completion_inside_pkl_import_unchanged ... ok
[INFO] [stdout] test completion_inside_typed_object_body_lists_expected_members ... ok
[INFO] [stdout] test completion_inside_string_literal_returns_no_items ... ok
[INFO] [stdout] test completion_inside_imported_new_object_body_lists_imported_class_members ... ok
[INFO] [stdout] test completion_inside_configured_field_string_lists_values ... ok
[INFO] [stdout] test completion_inside_object_body_omits_declared_members ... ok
[INFO] [stdout] test completion_on_member_and_top_level ... ok
[INFO] [stdout] test did_open_publishes_analyzer_diagnostics ... ok
[INFO] [stdout] test hover_and_goto_definition ... ok
[INFO] [stdout] test cross_file_with_namespace ... ok
[INFO] [stdout] test completion_on_trailing_dot_after_typed_property ... ok
[INFO] [stdout] test hover_on_stdlib_type ... ok
[INFO] [stdout] test hover_on_member_access ... ok
[INFO] [stdout] test import_string_navigation_and_document_link_target_imported_file ... ok
[INFO] [stdout] test initialize_did_open_document_symbol ... ok
[INFO] [stdout] test prepare_rename_refuses_on_stdlib ... ok
[INFO] [stdout] test keyword_completion_items_include_snippets_and_details ... ok
[INFO] [stdout] test rename_class_propagates_across_imports ... ok
[INFO] [stdout] test references_returns_locations_across_files ... ok
[INFO] [stdout] test rename_import_alias_stays_local ... ok
[INFO] [stdout] test rename_property_propagates_across_imports ... ok
[INFO] [stdout] test rename_terminates_on_cyclic_imports ... ok
[INFO] [stdout] 
[INFO] [stdout] failures:
[INFO] [stdout] 
[INFO] [stdout] ---- completion_inside_import_string_offers_workspace_files stdout ----
[INFO] [stdout] 
[INFO] [stdout] thread 'completion_inside_import_string_offers_workspace_files' (3187) panicked at crates/pkl-lsp/tests/server.rs:2140:5:
[INFO] [stdout] expected sibling in ["pkl:base", "pkl:math", "pkl:json", "pkl:yaml", "pkl:xml", "pkl:protobuf", "pkl:jsonnet", "pkl:pklbinary", "pkl:reflect", "pkl:test", "pkl:semver", "pkl:platform", "pkl:shell", "pkl:analyze", "pkl:settings", "pkl:release", "pkl:DocPackageInfo", "pkl:DocsiteInfo", "pkl:Project", "pkl:EvaluatorSettings", "pkl:Benchmark", "pkl:Command"]
[INFO] [stdout] stack backtrace:
[INFO] [stdout]    0:     0x5c8f7dfcd586 - <<std[617be2ca0a6fd877]::sys::backtrace::BacktraceLock>::print::DisplayBacktrace as core[a373ad73a504971]::fmt::Display>::fmt
[INFO] [stdout]    1:     0x5c8f7dcd151a - core[a373ad73a504971]::fmt::write
[INFO] [stdout]    2:     0x5c8f7dfd2e0c - <alloc[2e1b2a31b91974c5]::vec::Vec<u8> as core[a373ad73a504971]::io::write::Write>::write_fmt
[INFO] [stdout]    3:     0x5c8f7dfa80f2 - std[617be2ca0a6fd877]::panicking::default_hook::{closure#0}
[INFO] [stdout]    4:     0x5c8f7dfc4b51 - std[617be2ca0a6fd877]::panicking::default_hook
[INFO] [stdout]    5:     0x5c8f7dfc4f92 - std[617be2ca0a6fd877]::panicking::panic_with_hook
[INFO] [stdout]    6:     0x5c8f7dfa81a2 - std[617be2ca0a6fd877]::panicking::panic_handler::{closure#0}
[INFO] [stdout]    7:     0x5c8f7dfa0ca9 - std[617be2ca0a6fd877]::sys::backtrace::__rust_end_short_backtrace::<std[617be2ca0a6fd877]::panicking::panic_handler::{closure#0}, !>
[INFO] [stdout]    8:     0x5c8f7dfa8dbd - __rustc[ea4f61d10b84890b]::rust_begin_unwind
[INFO] [stdout]    9:     0x5c8f7dcd1c3c - core[a373ad73a504971]::panicking::panic_fmt
[INFO] [stdout]   10:     0x5c8f7def7495 - server[5b6558b44601e9d4]::completion_inside_import_string_offers_workspace_files::{closure#0}
[INFO] [stdout]   11:     0x5c8f7ddf05df - <tokio[247a2456249d913a]::runtime::runtime::Runtime>::block_on::<core[a373ad73a504971]::pin::Pin<&mut dyn core[a373ad73a504971]::future::future::Future<Output = ()>>>
[INFO] [stdout]   12:     0x5c8f7df92f2d - <server[5b6558b44601e9d4]::completion_inside_import_string_offers_workspace_files::{closure#0} as core[a373ad73a504971]::ops::function::FnOnce<()>>::call_once
[INFO] [stdout]   13:     0x5c8f7dfd5a9b - test[aada8e7e76ba119b]::__rust_begin_short_backtrace::<core[a373ad73a504971]::result::Result<(), alloc[2e1b2a31b91974c5]::string::String>, fn() -> core[a373ad73a504971]::result::Result<(), alloc[2e1b2a31b91974c5]::string::String>>
[INFO] [stdout]   14:     0x5c8f7dfe3944 - test[aada8e7e76ba119b]::run_test::{closure#0}
[INFO] [stdout]   15:     0x5c8f7dfdd074 - std[617be2ca0a6fd877]::sys::backtrace::__rust_begin_short_backtrace::<test[aada8e7e76ba119b]::run_test::{closure#1}, ()>
[INFO] [stdout]   16:     0x5c8f7dfe7702 - <std[617be2ca0a6fd877]::thread::lifecycle::spawn_unchecked<test[aada8e7e76ba119b]::run_test::{closure#1}, ()>::{closure#1} as core[a373ad73a504971]::ops::function::FnOnce<()>>::call_once::{shim:vtable#0}
[INFO] [stdout]   17:     0x5c8f7dfcc3f4 - <std[617be2ca0a6fd877]::sys::thread::unix::Thread>::new::thread_start
[INFO] [stdout]   18:     0x7d816e006dfa - <unknown>
[INFO] [stdout]   19:     0x7d816e09a3d4 - clone
[INFO] [stdout]   20:                0x0 - <unknown>
[INFO] [stdout] 
[INFO] [stdout] 
[INFO] [stdout] failures:
[INFO] [stdout]     completion_inside_import_string_offers_workspace_files
[INFO] [stdout] 
[INFO] [stdout] test result: FAILED. 31 passed; 1 failed; 0 ignored; 0 measured; 0 filtered out; finished in 20.02s
[INFO] [stdout] 
[INFO] [stderr] error: test failed, to rerun pass `-p pkl-lsp --test server`
[INFO] running `Command { std: "docker" "inspect" "a2463d2fa001a44abb7171cb83e057af7a4769c46ca9ae41f8e263e702d37e2f", kill_on_drop: false }`
[INFO] running `Command { std: "docker" "rm" "-f" "a2463d2fa001a44abb7171cb83e057af7a4769c46ca9ae41f8e263e702d37e2f", kill_on_drop: false }`
[INFO] [stdout] a2463d2fa001a44abb7171cb83e057af7a4769c46ca9ae41f8e263e702d37e2f
