[INFO] cloning repository https://github.com/faradayio/csv-tools
[INFO] running `Command { std: "git" "-c" "credential.helper=" "-c" "credential.helper=/workspace/cargo-home/bin/git-credential-null" "clone" "--bare" "https://github.com/faradayio/csv-tools" "/workspace/cache/git-repos/https%3A%2F%2Fgithub.com%2Ffaradayio%2Fcsv-tools", kill_on_drop: false }`
[INFO] [stderr] Cloning into bare repository '/workspace/cache/git-repos/https%3A%2F%2Fgithub.com%2Ffaradayio%2Fcsv-tools'...
[INFO] running `Command { std: "git" "rev-parse" "HEAD", kill_on_drop: false }`
[INFO] [stdout] f4ef5fab1c363d8acfafa4ac10935a4301d5633e
[INFO] testing faradayio/csv-tools against 1.100.0-beta.1+cargoflags=--release for beta-release-1.100-3
[INFO] running `Command { std: "git" "clone" "/workspace/cache/git-repos/https%3A%2F%2Fgithub.com%2Ffaradayio%2Fcsv-tools" "/workspace/builds/worker-0-tc2/source", kill_on_drop: false }`
[INFO] [stderr] Cloning into '/workspace/builds/worker-0-tc2/source'...
[INFO] [stderr] done.
[INFO] started tweaking git repo https://github.com/faradayio/csv-tools
[INFO] finished tweaking git repo https://github.com/faradayio/csv-tools
[INFO] tweaked toml for git repo https://github.com/faradayio/csv-tools written to /workspace/builds/worker-0-tc2/source/Cargo.toml
[INFO] validating manifest of git repo https://github.com/faradayio/csv-tools on toolchain 1.100.0-beta.1
[INFO] running `Command { std: CARGO_HOME="/workspace/cargo-home" RUSTUP_HOME="/workspace/rustup-home" "/workspace/cargo-home/bin/cargo" "+1.100.0-beta.1" "metadata" "--manifest-path" "Cargo.toml" "--no-deps", kill_on_drop: false }`
[INFO] crate git repo https://github.com/faradayio/csv-tools already has a lockfile, it will not be regenerated
[INFO] running `Command { std: CARGO_HOME="/workspace/cargo-home" RUSTUP_HOME="/workspace/rustup-home" "/workspace/cargo-home/bin/cargo" "+1.100.0-beta.1" "fetch" "--manifest-path" "Cargo.toml", kill_on_drop: false }`
[INFO] running `Command { std: "docker" "create" "-v" "/var/lib/crater-agent-workspace/builds/worker-0-tc2/source:/opt/rustwide/workdir:ro,Z" "-v" "/var/lib/crater-agent-workspace/builds/worker-0-tc2/target:/opt/rustwide/target:rw,Z" "-v" "/var/lib/crater-agent-workspace/cargo-home:/opt/rustwide/cargo-home:ro,Z" "-v" "/var/lib/crater-agent-workspace/rustup-home:/opt/rustwide/rustup-home:ro,Z" "-m" "1610612736" "--network" "none" "ghcr.io/rust-lang/crates-build-env/linux@sha256:77db811e55d90add9212f6832c23229e3de5f1c1f9905e8cb07319ea15df73ac" "sleep" "infinity", kill_on_drop: false }`
[INFO] [stdout] 1909f3750e958650f4eaa64b317a6863d1a21a12e1ea677c99c974ebb6af562d
[INFO] running `Command { std: "docker" "start" "1909f3750e958650f4eaa64b317a6863d1a21a12e1ea677c99c974ebb6af562d", kill_on_drop: false }`
[INFO] running `Command { std: "docker" "inspect" "1909f3750e958650f4eaa64b317a6863d1a21a12e1ea677c99c974ebb6af562d", kill_on_drop: false }`
[INFO] running `Command { std: "docker" "exec" "-e" "SOURCE_DIR=/opt/rustwide/workdir" "-e" "CARGO_HOME=/opt/rustwide/cargo-home" "-e" "RUSTUP_HOME=/opt/rustwide/rustup-home" "-e" "CARGO_TARGET_DIR=/opt/rustwide/target" "-w" "/opt/rustwide/workdir" "--user" "0:0" "1909f3750e958650f4eaa64b317a6863d1a21a12e1ea677c99c974ebb6af562d" "/opt/rustwide/cargo-home/bin/cargo" "+1.100.0-beta.1" "metadata" "--no-deps" "--format-version=1", kill_on_drop: false }`
[INFO] running `Command { std: "docker" "inspect" "1909f3750e958650f4eaa64b317a6863d1a21a12e1ea677c99c974ebb6af562d", kill_on_drop: false }`
[INFO] running `Command { std: "docker" "exec" "-e" "SOURCE_DIR=/opt/rustwide/workdir" "-e" "CARGO_HOME=/opt/rustwide/cargo-home" "-e" "RUSTUP_HOME=/opt/rustwide/rustup-home" "-e" "CARGO_TARGET_DIR=/opt/rustwide/target" "-e" "CARGO_INCREMENTAL=0" "-e" "RUST_BACKTRACE=full" "-e" "RUSTFLAGS=--cap-lints=warn" "-e" "RUSTDOCFLAGS=--cap-lints=warn" "-w" "/opt/rustwide/workdir" "--user" "0:0" "1909f3750e958650f4eaa64b317a6863d1a21a12e1ea677c99c974ebb6af562d" "/opt/rustwide/cargo-home/bin/cargo" "+1.100.0-beta.1" "build" "--frozen" "--message-format=json" "--release", kill_on_drop: false }`
[INFO] [stderr]    Compiling memchr v2.7.6
[INFO] [stderr]    Compiling proc-macro2 v1.0.105
[INFO] [stderr]    Compiling quote v1.0.43
[INFO] [stderr]    Compiling serde_core v1.0.228
[INFO] [stderr]    Compiling regex-syntax v0.8.8
[INFO] [stderr]    Compiling rustix v1.1.3
[INFO] [stderr]    Compiling linux-raw-sys v0.11.0
[INFO] [stderr]    Compiling bitflags v2.10.0
[INFO] [stderr]    Compiling libc v0.2.180
[INFO] [stderr]    Compiling object v0.37.3
[INFO] [stderr]    Compiling jiff v0.2.18
[INFO] [stderr]    Compiling ryu v1.0.22
[INFO] [stderr]    Compiling gimli v0.32.3
[INFO] [stderr]    Compiling syn v2.0.114
[INFO] [stderr]    Compiling aho-corasick v1.1.4
[INFO] [stderr]    Compiling csv-core v0.1.13
[INFO] [stderr]    Compiling terminal_size v0.4.3
[INFO] [stderr]    Compiling libm v0.2.15
[INFO] [stderr]    Compiling miniz_oxide v0.8.9
[INFO] [stderr]    Compiling clap_builder v4.5.54
[INFO] [stderr]    Compiling regex-automata v0.4.13
[INFO] [stderr]    Compiling csv v1.4.0
[INFO] [stderr]    Compiling addr2line v0.25.1
[INFO] [stderr]    Compiling error-chain v0.12.4
[INFO] [stderr]    Compiling snap v1.1.1
[INFO] [stderr]    Compiling anyhow v1.0.100
[INFO] [stderr]    Compiling rustc-demangle v0.1.27
[INFO] [stderr]    Compiling serde_derive v1.0.228
[INFO] [stderr]    Compiling regex v1.12.2
[INFO] [stderr]    Compiling env_filter v0.1.4
[INFO] [stderr]    Compiling env_logger v0.11.8
[INFO] [stderr]    Compiling serde v1.0.228
[INFO] [stderr]    Compiling clap_derive v4.5.49
[INFO] [stderr]    Compiling zmij v1.0.14
[INFO] [stderr]    Compiling backtrace v0.3.76
[INFO] [stderr]    Compiling strsim v0.10.0
[INFO] [stderr]    Compiling docopt v1.1.1
[INFO] [stderr]    Compiling clap v4.5.54
[INFO] [stderr]    Compiling humansize v2.1.3
[INFO] [stderr]    Compiling time-core v0.1.7
[INFO] [stderr]    Compiling num-conv v0.1.0
[INFO] [stderr]    Compiling serde_json v1.0.149
[INFO] [stderr]    Compiling time v0.3.45
[INFO] [stderr]    Compiling uuid v1.19.0
[INFO] [stderr]    Compiling humantime v2.3.0
[INFO] [stderr]    Compiling fixed2csv v1.0.1 (/opt/rustwide/workdir/fixed2csv)
[INFO] [stderr]    Compiling geochunk v1.0.1 (/opt/rustwide/workdir/geochunk)
[INFO] [stderr]    Compiling hashcsv v1.0.3 (/opt/rustwide/workdir/hashcsv)
[INFO] [stderr]    Compiling catcsv v1.0.1 (/opt/rustwide/workdir/catcsv)
[INFO] [stderr]    Compiling scrubcsv v1.1.1 (/opt/rustwide/workdir/scrubcsv)
[INFO] [stderr] warning: unused dependency `env_logger`
[INFO] [stderr]   --> fixed2csv/Cargo.toml:17:1
[INFO] [stderr]    |
[INFO] [stderr] 17 | env_logger = "0.11"
[INFO] [stderr]    | ^^^^^^^^^^^^^^^^^^^
[INFO] [stderr]    |
[INFO] [stderr]    = note: `cargo::unused_dependencies` is set to `warn` by default
[INFO] [stderr] help: consider removing the dependency on `env_logger`
[INFO] [stderr] warning: `fixed2csv` (manifest) generated 1 warning
[INFO] [stderr] warning: unused dependency `snap`
[INFO] [stderr]   --> geochunk/Cargo.toml:26:1
[INFO] [stderr]    |
[INFO] [stderr] 26 | snap = "1.0.4"
[INFO] [stderr]    | ^^^^^^^^^^^^^^
[INFO] [stderr]    |
[INFO] [stderr]    = note: `cargo::unused_dependencies` is set to `warn` by default
[INFO] [stderr] help: consider removing the dependency on `snap`
[INFO] [stderr] warning: unused dependency `walkdir`
[INFO] [stderr]   --> geochunk/Cargo.toml:27:1
[INFO] [stderr]    |
[INFO] [stderr] 27 | walkdir = "2.3.1"
[INFO] [stderr]    | ^^^^^^^^^^^^^^^^^
[INFO] [stderr]    |
[INFO] [stderr] help: consider removing the dependency on `walkdir`
[INFO] [stderr] warning: `geochunk` (manifest) generated 2 warnings
[INFO] [stderr] warning: unused dependency `serde`
[INFO] [stderr]   --> hashcsv/Cargo.toml:20:1
[INFO] [stderr]    |
[INFO] [stderr] 20 | serde = "1.0.123"
[INFO] [stderr]    | ^^^^^^^^^^^^^^^^^
[INFO] [stderr]    |
[INFO] [stderr]    = note: `cargo::unused_dependencies` is set to `warn` by default
[INFO] [stderr] help: consider removing the dependency on `serde`
[INFO] [stderr] warning: unused dependency `time`
[INFO] [stderr]   --> hashcsv/Cargo.toml:21:1
[INFO] [stderr]    |
[INFO] [stderr] 21 | time = "0.3.9"
[INFO] [stderr]    | ^^^^^^^^^^^^^^
[INFO] [stderr]    |
[INFO] [stderr] help: consider removing the dependency on `time`
[INFO] [stderr] warning: `hashcsv` (manifest) generated 2 warnings
[INFO] [stderr] warning: unused dependency `libc`
[INFO] [stderr]   --> scrubcsv/Cargo.toml:19:1
[INFO] [stderr]    |
[INFO] [stderr] 19 | libc = "0.2.180"
[INFO] [stderr]    | ^^^^^^^^^^^^^^^^
[INFO] [stderr]    |
[INFO] [stderr]    = note: `cargo::unused_dependencies` is set to `warn` by default
[INFO] [stderr] help: consider removing the dependency on `libc`
[INFO] [stderr] warning: unused dependency `serde`
[INFO] [stderr]   --> scrubcsv/Cargo.toml:22:1
[INFO] [stderr]    |
[INFO] [stderr] 22 | serde = "1.0.228"
[INFO] [stderr]    | ^^^^^^^^^^^^^^^^^
[INFO] [stderr]    |
[INFO] [stderr] help: consider removing the dependency on `serde`
[INFO] [stderr] warning: `scrubcsv` (manifest) generated 2 warnings
[INFO] [stderr]     Finished `release` profile [optimized] target(s) in 2m 06s
[INFO] running `Command { std: "docker" "inspect" "1909f3750e958650f4eaa64b317a6863d1a21a12e1ea677c99c974ebb6af562d", kill_on_drop: false }`
[INFO] running `Command { std: "docker" "exec" "-e" "SOURCE_DIR=/opt/rustwide/workdir" "-e" "CARGO_HOME=/opt/rustwide/cargo-home" "-e" "RUSTUP_HOME=/opt/rustwide/rustup-home" "-e" "CARGO_TARGET_DIR=/opt/rustwide/target" "-e" "CARGO_INCREMENTAL=0" "-e" "RUST_BACKTRACE=full" "-e" "RUSTFLAGS=--cap-lints=warn" "-e" "RUSTDOCFLAGS=--cap-lints=warn" "-w" "/opt/rustwide/workdir" "--user" "0:0" "1909f3750e958650f4eaa64b317a6863d1a21a12e1ea677c99c974ebb6af562d" "/opt/rustwide/cargo-home/bin/cargo" "+1.100.0-beta.1" "test" "--frozen" "--no-run" "--message-format=json" "--release", kill_on_drop: false }`
[INFO] [stderr]    Compiling cli_test_dir v0.1.8
[INFO] [stderr]    Compiling fixed2csv v1.0.1 (/opt/rustwide/workdir/fixed2csv)
[INFO] [stderr]    Compiling hashcsv v1.0.3 (/opt/rustwide/workdir/hashcsv)
[INFO] [stderr]    Compiling catcsv v1.0.1 (/opt/rustwide/workdir/catcsv)
[INFO] [stderr]    Compiling geochunk v1.0.1 (/opt/rustwide/workdir/geochunk)
[INFO] [stderr]    Compiling scrubcsv v1.1.1 (/opt/rustwide/workdir/scrubcsv)
[INFO] [stderr] warning: unused dependency `env_logger`
[INFO] [stderr]   --> fixed2csv/Cargo.toml:17:1
[INFO] [stderr]    |
[INFO] [stderr] 17 | env_logger = "0.11"
[INFO] [stderr]    | ^^^^^^^^^^^^^^^^^^^
[INFO] [stderr]    |
[INFO] [stderr]    = note: `cargo::unused_dependencies` is set to `warn` by default
[INFO] [stderr] help: consider removing the dependency on `env_logger`
[INFO] [stderr] warning: `fixed2csv` (manifest) generated 1 warning
[INFO] [stderr]     Finished `release` profile [optimized] target(s) in 6.23s
[INFO] running `Command { std: "docker" "inspect" "1909f3750e958650f4eaa64b317a6863d1a21a12e1ea677c99c974ebb6af562d", kill_on_drop: false }`
[INFO] running `Command { std: "docker" "exec" "-e" "SOURCE_DIR=/opt/rustwide/workdir" "-e" "CARGO_HOME=/opt/rustwide/cargo-home" "-e" "RUSTUP_HOME=/opt/rustwide/rustup-home" "-e" "CARGO_TARGET_DIR=/opt/rustwide/target" "-e" "CARGO_INCREMENTAL=0" "-e" "RUST_BACKTRACE=full" "-e" "RUSTFLAGS=--cap-lints=warn" "-e" "RUSTDOCFLAGS=--cap-lints=warn" "-w" "/opt/rustwide/workdir" "--user" "0:0" "1909f3750e958650f4eaa64b317a6863d1a21a12e1ea677c99c974ebb6af562d" "/opt/rustwide/cargo-home/bin/cargo" "+1.100.0-beta.1" "test" "--frozen" "--release", kill_on_drop: false }`
[INFO] [stderr] warning: unused dependency `env_logger`
[INFO] [stderr]   --> fixed2csv/Cargo.toml:17:1
[INFO] [stderr]    |
[INFO] [stderr] 17 | env_logger = "0.11"
[INFO] [stderr]    | ^^^^^^^^^^^^^^^^^^^
[INFO] [stderr]    |
[INFO] [stderr]    = note: `cargo::unused_dependencies` is set to `warn` by default
[INFO] [stderr] help: consider removing the dependency on `env_logger`
[INFO] [stderr] warning: `fixed2csv` (manifest) generated 1 warning
[INFO] [stderr]     Finished `release` profile [optimized] target(s) in 0.10s
[INFO] [stderr]      Running unittests src/main.rs (/opt/rustwide/target/release/build/catcsv/16c1719445a7e298/out/catcsv-16c1719445a7e298)
[INFO] [stdout] 
[INFO] [stderr]      Running tests/tests.rs (/opt/rustwide/target/release/build/catcsv/6b2962d4af026570/out/tests-6b2962d4af026570)
[INFO] [stdout] running 0 tests
[INFO] [stdout] 
[INFO] [stdout] test result: ok. 0 passed; 0 failed; 0 ignored; 0 measured; 0 filtered out; finished in 0.00s
[INFO] [stdout] 
[INFO] [stdout] 
[INFO] [stdout] running 2 tests
[INFO] [stderr] WARNING: could not find /opt/rustwide/target/release/build/catcsv/6b2962d4af026570/out/catcsv, will search PATH
[INFO] [stderr] WARNING: could not find /opt/rustwide/target/release/build/catcsv/6b2962d4af026570/out/catcsv, will search PATH
[INFO] [stdout] test cat_a_csv_and_csv_sz ... FAILED
[INFO] [stdout] test cat_a_csv_and_csv_sz_in_a_dir ... FAILED
[INFO] [stdout] 
[INFO] [stdout] failures:
[INFO] [stdout] 
[INFO] [stdout] ---- cat_a_csv_and_csv_sz stdout ----
[INFO] [stdout] 
[INFO] [stdout] thread 'cat_a_csv_and_csv_sz' (1460) panicked at /opt/rustwide/cargo-home/registry/src/index.crates.io-1949cf8c6b5b557f/cli_test_dir-0.1.8/src/lib.rs:569:25:
[INFO] [stdout] error running command: Os { code: 2, kind: NotFound, message: "No such file or directory" }
[INFO] [stdout] stack backtrace:
[INFO] [stdout]    0:     0x5f45711519b1 - <<std[617be2ca0a6fd877]::sys::backtrace::BacktraceLock>::print::DisplayBacktrace as core[a373ad73a504971]::fmt::Display>::fmt
[INFO] [stdout]    1:     0x5f4571165faa - core[a373ad73a504971]::fmt::write
[INFO] [stdout]    2:     0x5f45711561fc - <alloc[2e1b2a31b91974c5]::vec::Vec<u8> as core[a373ad73a504971]::io::write::Write>::write_fmt
[INFO] [stderr] error: test failed, to rerun pass `-p catcsv --test tests`
[INFO] [stdout]    3:     0x5f457112c726 - std[617be2ca0a6fd877]::panicking::default_hook::{closure#0}
[INFO] [stdout]    4:     0x5f4571149809 - std[617be2ca0a6fd877]::panicking::default_hook
[INFO] [stdout]    5:     0x5f45710e3710 - test[aada8e7e76ba119b]::test_main_inner::{closure#0}
[INFO] [stdout]    6:     0x5f45711499c2 - std[617be2ca0a6fd877]::panicking::panic_with_hook
[INFO] [stdout]    7:     0x5f457112c7d2 - std[617be2ca0a6fd877]::panicking::panic_handler::{closure#0}
[INFO] [stdout]    8:     0x5f45711253c9 - std[617be2ca0a6fd877]::sys::backtrace::__rust_end_short_backtrace::<std[617be2ca0a6fd877]::panicking::panic_handler::{closure#0}, !>
[INFO] [stdout]    9:     0x5f457112d3dd - __rustc[ea4f61d10b84890b]::rust_begin_unwind
[INFO] [stdout]   10:     0x5f45711666dc - core[a373ad73a504971]::panicking::panic_fmt
[INFO] [stdout]   11:     0x5f45710d67c1 - <tests[298f61934f484a0f]::cat_a_csv_and_csv_sz::{closure#0} as core[a373ad73a504971]::ops::function::FnOnce<()>>::call_once
[INFO] [stdout]   12:     0x5f45710d6b5b - test[aada8e7e76ba119b]::__rust_begin_short_backtrace::<core[a373ad73a504971]::result::Result<(), alloc[2e1b2a31b91974c5]::string::String>, fn() -> core[a373ad73a504971]::result::Result<(), alloc[2e1b2a31b91974c5]::string::String>>
[INFO] [stdout]   13:     0x5f45710e3d35 - test[aada8e7e76ba119b]::run_test::{closure#0}
[INFO] [stdout]   14:     0x5f45710dd624 - std[617be2ca0a6fd877]::sys::backtrace::__rust_begin_short_backtrace::<test[aada8e7e76ba119b]::run_test::{closure#1}, ()>
[INFO] [stdout]   15:     0x5f45710e6dc2 - <std[617be2ca0a6fd877]::thread::lifecycle::spawn_unchecked<test[aada8e7e76ba119b]::run_test::{closure#1}, ()>::{closure#1} as core[a373ad73a504971]::ops::function::FnOnce<()>>::call_once::{shim:vtable#0}
[INFO] [stdout]   16:     0x5f457115120f - <std[617be2ca0a6fd877]::sys::thread::unix::Thread>::new::thread_start
[INFO] [stdout]   17:     0x71719788edfa - <unknown>
[INFO] [stdout]   18:     0x7171979223d4 - clone
[INFO] [stdout]   19:                0x0 - <unknown>
[INFO] [stdout] 
[INFO] [stdout] ---- cat_a_csv_and_csv_sz_in_a_dir stdout ----
[INFO] [stdout] 
[INFO] [stdout] thread 'cat_a_csv_and_csv_sz_in_a_dir' (1461) panicked at /opt/rustwide/cargo-home/registry/src/index.crates.io-1949cf8c6b5b557f/cli_test_dir-0.1.8/src/lib.rs:569:25:
[INFO] [stdout] error running command: Os { code: 2, kind: NotFound, message: "No such file or directory" }
[INFO] [stdout] stack backtrace:
[INFO] [stdout]    0:     0x5f45711519b1 - <<std[617be2ca0a6fd877]::sys::backtrace::BacktraceLock>::print::DisplayBacktrace as core[a373ad73a504971]::fmt::Display>::fmt
[INFO] [stdout]    1:     0x5f4571165faa - core[a373ad73a504971]::fmt::write
[INFO] [stdout]    2:     0x5f45711561fc - <alloc[2e1b2a31b91974c5]::vec::Vec<u8> as core[a373ad73a504971]::io::write::Write>::write_fmt
[INFO] [stdout]    3:     0x5f457112c726 - std[617be2ca0a6fd877]::panicking::default_hook::{closure#0}
[INFO] [stdout]    4:     0x5f4571149809 - std[617be2ca0a6fd877]::panicking::default_hook
[INFO] [stdout]    5:     0x5f45710e3710 - test[aada8e7e76ba119b]::test_main_inner::{closure#0}
[INFO] [stdout]    6:     0x5f45711499c2 - std[617be2ca0a6fd877]::panicking::panic_with_hook
[INFO] [stdout]    7:     0x5f457112c7d2 - std[617be2ca0a6fd877]::panicking::panic_handler::{closure#0}
[INFO] [stdout]    8:     0x5f45711253c9 - std[617be2ca0a6fd877]::sys::backtrace::__rust_end_short_backtrace::<std[617be2ca0a6fd877]::panicking::panic_handler::{closure#0}, !>
[INFO] [stdout]    9:     0x5f457112d3dd - __rustc[ea4f61d10b84890b]::rust_begin_unwind
[INFO] [stdout]   10:     0x5f45711666dc - core[a373ad73a504971]::panicking::panic_fmt
[INFO] [stdout]   11:     0x5f45710d6a7b - <tests[298f61934f484a0f]::cat_a_csv_and_csv_sz_in_a_dir::{closure#0} as core[a373ad73a504971]::ops::function::FnOnce<()>>::call_once
[INFO] [stdout]   12:     0x5f45710d6b5b - test[aada8e7e76ba119b]::__rust_begin_short_backtrace::<core[a373ad73a504971]::result::Result<(), alloc[2e1b2a31b91974c5]::string::String>, fn() -> core[a373ad73a504971]::result::Result<(), alloc[2e1b2a31b91974c5]::string::String>>
[INFO] [stdout]   13:     0x5f45710e3d35 - test[aada8e7e76ba119b]::run_test::{closure#0}
[INFO] [stdout]   14:     0x5f45710dd624 - std[617be2ca0a6fd877]::sys::backtrace::__rust_begin_short_backtrace::<test[aada8e7e76ba119b]::run_test::{closure#1}, ()>
[INFO] [stdout]   15:     0x5f45710e6dc2 - <std[617be2ca0a6fd877]::thread::lifecycle::spawn_unchecked<test[aada8e7e76ba119b]::run_test::{closure#1}, ()>::{closure#1} as core[a373ad73a504971]::ops::function::FnOnce<()>>::call_once::{shim:vtable#0}
[INFO] [stdout]   16:     0x5f457115120f - <std[617be2ca0a6fd877]::sys::thread::unix::Thread>::new::thread_start
[INFO] [stdout]   17:     0x71719788edfa - <unknown>
[INFO] [stdout]   18:     0x7171979223d4 - clone
[INFO] [stdout]   19:                0x0 - <unknown>
[INFO] [stdout] 
[INFO] [stdout] 
[INFO] [stdout] failures:
[INFO] [stdout]     cat_a_csv_and_csv_sz
[INFO] [stdout]     cat_a_csv_and_csv_sz_in_a_dir
[INFO] [stdout] 
[INFO] [stdout] test result: FAILED. 0 passed; 2 failed; 0 ignored; 0 measured; 0 filtered out; finished in 0.01s
[INFO] [stdout] 
[INFO] running `Command { std: "docker" "inspect" "1909f3750e958650f4eaa64b317a6863d1a21a12e1ea677c99c974ebb6af562d", kill_on_drop: false }`
[INFO] running `Command { std: "docker" "rm" "-f" "1909f3750e958650f4eaa64b317a6863d1a21a12e1ea677c99c974ebb6af562d", kill_on_drop: false }`
[INFO] [stdout] 1909f3750e958650f4eaa64b317a6863d1a21a12e1ea677c99c974ebb6af562d
