[INFO] cloning repository https://github.com/fabriziomarmitt/rusty-payment
[INFO] running `Command { std: "git" "-c" "credential.helper=" "-c" "credential.helper=/workspace/cargo-home/bin/git-credential-null" "clone" "--bare" "https://github.com/fabriziomarmitt/rusty-payment" "/workspace/cache/git-repos/https%3A%2F%2Fgithub.com%2Ffabriziomarmitt%2Frusty-payment", kill_on_drop: false }`
[INFO] [stderr] Cloning into bare repository '/workspace/cache/git-repos/https%3A%2F%2Fgithub.com%2Ffabriziomarmitt%2Frusty-payment'...
[INFO] running `Command { std: "git" "rev-parse" "HEAD", kill_on_drop: false }`
[INFO] [stdout] 02ee888b199edb41ed9798ee0ce4f47e7bc404d2
[INFO] testing fabriziomarmitt/rusty-payment against 1.100.0-beta.1+cargoflags=--release for beta-release-1.100-3
[INFO] running `Command { std: "git" "clone" "/workspace/cache/git-repos/https%3A%2F%2Fgithub.com%2Ffabriziomarmitt%2Frusty-payment" "/workspace/builds/worker-2-tc2/source", kill_on_drop: false }`
[INFO] [stderr] Cloning into '/workspace/builds/worker-2-tc2/source'...
[INFO] [stderr] done.
[INFO] started tweaking git repo https://github.com/fabriziomarmitt/rusty-payment
[INFO] finished tweaking git repo https://github.com/fabriziomarmitt/rusty-payment
[INFO] tweaked toml for git repo https://github.com/fabriziomarmitt/rusty-payment written to /workspace/builds/worker-2-tc2/source/Cargo.toml
[INFO] validating manifest of git repo https://github.com/fabriziomarmitt/rusty-payment on toolchain 1.100.0-beta.1
[INFO] running `Command { std: CARGO_HOME="/workspace/cargo-home" RUSTUP_HOME="/workspace/rustup-home" "/workspace/cargo-home/bin/cargo" "+1.100.0-beta.1" "metadata" "--manifest-path" "Cargo.toml" "--no-deps", kill_on_drop: false }`
[INFO] crate git repo https://github.com/fabriziomarmitt/rusty-payment already has a lockfile, it will not be regenerated
[INFO] running `Command { std: CARGO_HOME="/workspace/cargo-home" RUSTUP_HOME="/workspace/rustup-home" "/workspace/cargo-home/bin/cargo" "+1.100.0-beta.1" "fetch" "--manifest-path" "Cargo.toml", kill_on_drop: false }`
[INFO] [stderr]     Blocking waiting for file lock on package cache
[INFO] [stderr]     Blocking waiting for file lock on package cache
[INFO] running `Command { std: "docker" "create" "-v" "/var/lib/crater-agent-workspace/builds/worker-2-tc2/source:/opt/rustwide/workdir:ro,Z" "-v" "/var/lib/crater-agent-workspace/builds/worker-2-tc2/target:/opt/rustwide/target:rw,Z" "-v" "/var/lib/crater-agent-workspace/cargo-home:/opt/rustwide/cargo-home:ro,Z" "-v" "/var/lib/crater-agent-workspace/rustup-home:/opt/rustwide/rustup-home:ro,Z" "-m" "1610612736" "--network" "none" "ghcr.io/rust-lang/crates-build-env/linux@sha256:77db811e55d90add9212f6832c23229e3de5f1c1f9905e8cb07319ea15df73ac" "sleep" "infinity", kill_on_drop: false }`
[INFO] [stdout] 86bbcece321259ff361f1339ffb5eca26e29bf9762c0bf8540c09b2ecbae92d8
[INFO] running `Command { std: "docker" "start" "86bbcece321259ff361f1339ffb5eca26e29bf9762c0bf8540c09b2ecbae92d8", kill_on_drop: false }`
[INFO] running `Command { std: "docker" "inspect" "86bbcece321259ff361f1339ffb5eca26e29bf9762c0bf8540c09b2ecbae92d8", kill_on_drop: false }`
[INFO] running `Command { std: "docker" "exec" "-e" "SOURCE_DIR=/opt/rustwide/workdir" "-e" "CARGO_HOME=/opt/rustwide/cargo-home" "-e" "RUSTUP_HOME=/opt/rustwide/rustup-home" "-e" "CARGO_TARGET_DIR=/opt/rustwide/target" "-w" "/opt/rustwide/workdir" "--user" "0:0" "86bbcece321259ff361f1339ffb5eca26e29bf9762c0bf8540c09b2ecbae92d8" "/opt/rustwide/cargo-home/bin/cargo" "+1.100.0-beta.1" "metadata" "--no-deps" "--format-version=1", kill_on_drop: false }`
[INFO] running `Command { std: "docker" "inspect" "86bbcece321259ff361f1339ffb5eca26e29bf9762c0bf8540c09b2ecbae92d8", kill_on_drop: false }`
[INFO] running `Command { std: "docker" "exec" "-e" "SOURCE_DIR=/opt/rustwide/workdir" "-e" "CARGO_HOME=/opt/rustwide/cargo-home" "-e" "RUSTUP_HOME=/opt/rustwide/rustup-home" "-e" "CARGO_TARGET_DIR=/opt/rustwide/target" "-e" "CARGO_INCREMENTAL=0" "-e" "RUST_BACKTRACE=full" "-e" "RUSTFLAGS=--cap-lints=warn" "-e" "RUSTDOCFLAGS=--cap-lints=warn" "-w" "/opt/rustwide/workdir" "--user" "0:0" "86bbcece321259ff361f1339ffb5eca26e29bf9762c0bf8540c09b2ecbae92d8" "/opt/rustwide/cargo-home/bin/cargo" "+1.100.0-beta.1" "build" "--frozen" "--message-format=json" "--release", kill_on_drop: false }`
[INFO] [stderr]    Compiling memchr v2.4.1
[INFO] [stderr]    Compiling serde v1.0.136
[INFO] [stderr]    Compiling regex-automata v0.1.10
[INFO] [stderr]    Compiling ryu v1.0.9
[INFO] [stderr]    Compiling itoa v0.4.8
[INFO] [stderr]    Compiling csv-core v0.1.10
[INFO] [stderr]    Compiling bstr v0.2.17
[INFO] [stderr]    Compiling csv v1.1.6
[INFO] [stderr]    Compiling rs v0.1.0 (/opt/rustwide/workdir)
[INFO] [stdout] warning: field `0` is never read
[INFO] [stdout]   --> trans.rs:40:13
[INFO] [stdout]    |
[INFO] [stdout] 40 |     Resolve(Resolve),
[INFO] [stdout]    |     ------- ^^^^^^^
[INFO] [stdout]    |     |
[INFO] [stdout]    |     field in this variant
[INFO] [stdout]    |
[INFO] [stdout]    = note: `Settlement` has a derived impl for the trait `Clone`, but this is intentionally ignored during dead code analysis
[INFO] [stdout]    = note: `#[warn(dead_code)]` (part of `#[warn(unused)]`) on by default
[INFO] [stdout] help: consider changing the field to be of unit type to suppress this warning while preserving the field numbering, or remove the field
[INFO] [stdout]    |
[INFO] [stdout] 40 -     Resolve(Resolve),
[INFO] [stdout] 40 +     Resolve(()),
[INFO] [stdout]    |
[INFO] [stdout] 
[INFO] [stdout] 
[INFO] [stdout] warning: field `0` is never read
[INFO] [stdout]   --> trans.rs:41:16
[INFO] [stdout]    |
[INFO] [stdout] 41 |     Chargeback(Chargeback),
[INFO] [stdout]    |     ---------- ^^^^^^^^^^
[INFO] [stdout]    |     |
[INFO] [stdout]    |     field in this variant
[INFO] [stdout]    |
[INFO] [stdout]    = note: `Settlement` has a derived impl for the trait `Clone`, but this is intentionally ignored during dead code analysis
[INFO] [stdout] help: consider changing the field to be of unit type to suppress this warning while preserving the field numbering, or remove the field
[INFO] [stdout]    |
[INFO] [stdout] 41 -     Chargeback(Chargeback),
[INFO] [stdout] 41 +     Chargeback(()),
[INFO] [stdout]    |
[INFO] [stdout] 
[INFO] [stdout] 
[INFO] [stderr]     Finished `release` profile [optimized] target(s) in 4.36s
[INFO] running `Command { std: "docker" "inspect" "86bbcece321259ff361f1339ffb5eca26e29bf9762c0bf8540c09b2ecbae92d8", kill_on_drop: false }`
[INFO] running `Command { std: "docker" "exec" "-e" "SOURCE_DIR=/opt/rustwide/workdir" "-e" "CARGO_HOME=/opt/rustwide/cargo-home" "-e" "RUSTUP_HOME=/opt/rustwide/rustup-home" "-e" "CARGO_TARGET_DIR=/opt/rustwide/target" "-e" "CARGO_INCREMENTAL=0" "-e" "RUST_BACKTRACE=full" "-e" "RUSTFLAGS=--cap-lints=warn" "-e" "RUSTDOCFLAGS=--cap-lints=warn" "-w" "/opt/rustwide/workdir" "--user" "0:0" "86bbcece321259ff361f1339ffb5eca26e29bf9762c0bf8540c09b2ecbae92d8" "/opt/rustwide/cargo-home/bin/cargo" "+1.100.0-beta.1" "test" "--frozen" "--no-run" "--message-format=json" "--release", kill_on_drop: false }`
[INFO] [stderr]    Compiling memchr v2.4.1
[INFO] [stderr]    Compiling num-traits v0.2.14
[INFO] [stderr]    Compiling libc v0.2.121
[INFO] [stderr]    Compiling regex-syntax v0.6.25
[INFO] [stderr]    Compiling predicates-core v1.0.3
[INFO] [stderr]    Compiling doc-comment v0.3.3
[INFO] [stderr]    Compiling either v1.6.1
[INFO] [stderr]    Compiling difflib v0.4.0
[INFO] [stderr]    Compiling itertools v0.10.3
[INFO] [stderr]    Compiling termtree v0.2.4
[INFO] [stderr]    Compiling normalize-line-endings v0.3.0
[INFO] [stderr]    Compiling predicates-tree v1.0.5
[INFO] [stderr]    Compiling wait-timeout v0.2.0
[INFO] [stderr]    Compiling aho-corasick v0.7.18
[INFO] [stderr]    Compiling bstr v0.2.17
[INFO] [stderr]    Compiling float-cmp v0.9.0
[INFO] [stderr]    Compiling csv-core v0.1.10
[INFO] [stderr]    Compiling csv v1.1.6
[INFO] [stderr]    Compiling regex v1.5.5
[INFO] [stderr]    Compiling predicates v2.1.1
[INFO] [stderr]    Compiling assert_cmd v2.0.4
[INFO] [stderr]    Compiling rs v0.1.0 (/opt/rustwide/workdir)
[INFO] [stdout] warning: field `0` is never read
[INFO] [stdout]   --> trans.rs:40:13
[INFO] [stdout]    |
[INFO] [stdout] 40 |     Resolve(Resolve),
[INFO] [stdout]    |     ------- ^^^^^^^
[INFO] [stdout]    |     |
[INFO] [stdout]    |     field in this variant
[INFO] [stdout]    |
[INFO] [stdout]    = note: `Settlement` has a derived impl for the trait `Clone`, but this is intentionally ignored during dead code analysis
[INFO] [stdout]    = note: `#[warn(dead_code)]` (part of `#[warn(unused)]`) on by default
[INFO] [stdout] help: consider changing the field to be of unit type to suppress this warning while preserving the field numbering, or remove the field
[INFO] [stdout]    |
[INFO] [stdout] 40 -     Resolve(Resolve),
[INFO] [stdout] 40 +     Resolve(()),
[INFO] [stdout]    |
[INFO] [stdout] 
[INFO] [stdout] 
[INFO] [stdout] warning: field `0` is never read
[INFO] [stdout]   --> trans.rs:41:16
[INFO] [stdout]    |
[INFO] [stdout] 41 |     Chargeback(Chargeback),
[INFO] [stdout]    |     ---------- ^^^^^^^^^^
[INFO] [stdout]    |     |
[INFO] [stdout]    |     field in this variant
[INFO] [stdout]    |
[INFO] [stdout]    = note: `Settlement` has a derived impl for the trait `Clone`, but this is intentionally ignored during dead code analysis
[INFO] [stdout] help: consider changing the field to be of unit type to suppress this warning while preserving the field numbering, or remove the field
[INFO] [stdout]    |
[INFO] [stdout] 41 -     Chargeback(Chargeback),
[INFO] [stdout] 41 +     Chargeback(()),
[INFO] [stdout]    |
[INFO] [stdout] 
[INFO] [stdout] 
[INFO] [stderr]     Finished `release` profile [optimized] target(s) in 9.35s
[INFO] running `Command { std: "docker" "inspect" "86bbcece321259ff361f1339ffb5eca26e29bf9762c0bf8540c09b2ecbae92d8", kill_on_drop: false }`
[INFO] running `Command { std: "docker" "exec" "-e" "SOURCE_DIR=/opt/rustwide/workdir" "-e" "CARGO_HOME=/opt/rustwide/cargo-home" "-e" "RUSTUP_HOME=/opt/rustwide/rustup-home" "-e" "CARGO_TARGET_DIR=/opt/rustwide/target" "-e" "CARGO_INCREMENTAL=0" "-e" "RUST_BACKTRACE=full" "-e" "RUSTFLAGS=--cap-lints=warn" "-e" "RUSTDOCFLAGS=--cap-lints=warn" "-w" "/opt/rustwide/workdir" "--user" "0:0" "86bbcece321259ff361f1339ffb5eca26e29bf9762c0bf8540c09b2ecbae92d8" "/opt/rustwide/cargo-home/bin/cargo" "+1.100.0-beta.1" "test" "--frozen" "--release", kill_on_drop: false }`
[INFO] [stderr] warning: field `0` is never read
[INFO] [stderr]   --> trans.rs:40:13
[INFO] [stderr]    |
[INFO] [stderr] 40 |     Resolve(Resolve),
[INFO] [stderr]    |     ------- ^^^^^^^
[INFO] [stderr]    |     |
[INFO] [stderr]    |     field in this variant
[INFO] [stderr]    |
[INFO] [stderr]    = note: `Settlement` has a derived impl for the trait `Clone`, but this is intentionally ignored during dead code analysis
[INFO] [stderr]    = note: `#[warn(dead_code)]` (part of `#[warn(unused)]`) on by default
[INFO] [stderr] help: consider changing the field to be of unit type to suppress this warning while preserving the field numbering, or remove the field
[INFO] [stderr]    |
[INFO] [stderr] 40 -     Resolve(Resolve),
[INFO] [stderr] 40 +     Resolve(()),
[INFO] [stderr]    |
[INFO] [stderr] 
[INFO] [stderr] warning: field `0` is never read
[INFO] [stderr]   --> trans.rs:41:16
[INFO] [stderr]    |
[INFO] [stderr] 41 |     Chargeback(Chargeback),
[INFO] [stderr]    |     ---------- ^^^^^^^^^^
[INFO] [stderr]    |     |
[INFO] [stderr]    |     field in this variant
[INFO] [stderr]    |
[INFO] [stderr]    = note: `Settlement` has a derived impl for the trait `Clone`, but this is intentionally ignored during dead code analysis
[INFO] [stderr] help: consider changing the field to be of unit type to suppress this warning while preserving the field numbering, or remove the field
[INFO] [stderr]    |
[INFO] [stderr] 41 -     Chargeback(Chargeback),
[INFO] [stderr] 41 +     Chargeback(()),
[INFO] [stderr]    |
[INFO] [stderr] 
[INFO] [stderr] warning: `rs` (bin "rs" test) generated 2 warnings
[INFO] [stderr]     Finished `release` profile [optimized] target(s) in 0.04s
[INFO] [stderr]      Running unittests main.rs (/opt/rustwide/target/release/build/rs/b7198e78366dcb51/out/rs-b7198e78366dcb51)
[INFO] [stdout] 
[INFO] [stdout] running 11 tests
[INFO] [stdout] test acc::tests::test_resolve_no_enough_held ... ok
[INFO] [stdout] test acc::tests::test_deposit ... ok
[INFO] [stdout] test acc::tests::test_withdrawal ... ok
[INFO] [stdout] test acc::tests::test_chargeback_no_enough_held ... ok
[INFO] [stdout] test acc::tests::test_account_locked ... ok
[INFO] [stdout] test acc::tests::test_chargeback ... ok
[INFO] [stdout] test acc::tests::test_resolve ... ok
[INFO] [stdout] test acc::tests::test_dispute ... ok
[INFO] [stdout] test tests::test_resolve ... FAILED
[INFO] [stdout] test tests::test_chargeback ... FAILED
[INFO] [stdout] test tests::test_transactions ... FAILED
[INFO] [stdout] 
[INFO] [stdout] failures:
[INFO] [stdout] 
[INFO] [stdout] ---- tests::test_resolve stdout ----
[INFO] [stdout] 
[INFO] [stdout] thread 'tests::test_resolve' (706) panicked at main.rs:84:48:
[INFO] [stdout] called `Result::unwrap()` on an `Err` value: CargoError { cause: Some(NotFoundError { path: "/opt/rustwide/target/release/build/rs/b7198e78366dcb51/out/rs" }) }
[INFO] [stdout] stack backtrace:
[INFO] [stdout]    0:     0x598e9a074541 - <<std[617be2ca0a6fd877]::sys::backtrace::BacktraceLock>::print::DisplayBacktrace as core[a373ad73a504971]::fmt::Display>::fmt
[INFO] [stdout]    1:     0x598e9a08a5aa - core[a373ad73a504971]::fmt::write
[INFO] [stdout]    2:     0x598e9a079a0c - <alloc[2e1b2a31b91974c5]::vec::Vec<u8> as core[a373ad73a504971]::io::write::Write>::write_fmt
[INFO] [stdout]    3:     0x598e9a050416 - std[617be2ca0a6fd877]::panicking::default_hook::{closure#0}
[INFO] [stdout]    4:     0x598e9a06cb59 - std[617be2ca0a6fd877]::panicking::default_hook
[INFO] [stdout]    5:     0x598e9a0029c0 - test[aada8e7e76ba119b]::test_main_inner::{closure#0}
[INFO] [stdout]    6:     0x598e9a06cd12 - std[617be2ca0a6fd877]::panicking::panic_with_hook
[INFO] [stdout]    7:     0x598e9a0504c2 - std[617be2ca0a6fd877]::panicking::panic_handler::{closure#0}
[INFO] [stdout]    8:     0x598e9a0491d9 - std[617be2ca0a6fd877]::sys::backtrace::__rust_end_short_backtrace::<std[617be2ca0a6fd877]::panicking::panic_handler::{closure#0}, !>
[INFO] [stdout]    9:     0x598e9a0510cd - __rustc[ea4f61d10b84890b]::rust_begin_unwind
[INFO] [stdout]   10:     0x598e9a08acdc - core[a373ad73a504971]::panicking::panic_fmt
[INFO] [stdout]   11:     0x598e9a08aab2 - core[a373ad73a504971]::result::unwrap_failed
[INFO] [stdout]   12:     0x598e99ff47eb - <rs[3babd6f0d86a05b5]::tests::test_resolve::{closure#0} as core[a373ad73a504971]::ops::function::FnOnce<()>>::call_once
[INFO] [stdout]   13:     0x598e99ff5e0b - test[aada8e7e76ba119b]::__rust_begin_short_backtrace::<core[a373ad73a504971]::result::Result<(), alloc[2e1b2a31b91974c5]::string::String>, fn() -> core[a373ad73a504971]::result::Result<(), alloc[2e1b2a31b91974c5]::string::String>>
[INFO] [stdout]   14:     0x598e9a002fe5 - test[aada8e7e76ba119b]::run_test::{closure#0}
[INFO] [stdout]   15:     0x598e99ffc8d4 - std[617be2ca0a6fd877]::sys::backtrace::__rust_begin_short_backtrace::<test[aada8e7e76ba119b]::run_test::{closure#1}, ()>
[INFO] [stdout]   16:     0x598e9a006072 - <std[617be2ca0a6fd877]::thread::lifecycle::spawn_unchecked<test[aada8e7e76ba119b]::run_test::{closure#1}, ()>::{closure#1} as core[a373ad73a504971]::ops::function::FnOnce<()>>::call_once::{shim:vtable#0}
[INFO] [stdout]   17:     0x598e9a073d1f - <std[617be2ca0a6fd877]::sys::thread::unix::Thread>::new::thread_start
[INFO] [stdout]   18:     0x725685483dfa - <unknown>
[INFO] [stdout]   19:     0x7256855173d4 - clone
[INFO] [stdout]   20:                0x0 - <unknown>
[INFO] [stdout] 
[INFO] [stdout] ---- tests::test_chargeback stdout ----
[INFO] [stdout] 
[INFO] [stdout] thread 'tests::test_chargeback' (705) panicked at main.rs:72:48:
[INFO] [stdout] called `Result::unwrap()` on an `Err` value: CargoError { cause: Some(NotFoundError { path: "/opt/rustwide/target/release/build/rs/b7198e78366dcb51/out/rs" }) }
[INFO] [stdout] stack backtrace:
[INFO] [stdout]    0:     0x598e9a074541 - <<std[617be2ca0a6fd877]::sys::backtrace::BacktraceLock>::print::DisplayBacktrace as core[a373ad73a504971]::fmt::Display>::fmt
[INFO] [stdout]    1:     0x598e9a08a5aa - core[a373ad73a504971]::fmt::write
[INFO] [stdout]    2:     0x598e9a079a0c - <alloc[2e1b2a31b91974c5]::vec::Vec<u8> as core[a373ad73a504971]::io::write::Write>::write_fmt
[INFO] [stdout]    3:     0x598e9a050416 - std[617be2ca0a6fd877]::panicking::default_hook::{closure#0}
[INFO] [stdout]    4:     0x598e9a06cb59 - std[617be2ca0a6fd877]::panicking::default_hook
[INFO] [stdout]    5:     0x598e9a0029c0 - test[aada8e7e76ba119b]::test_main_inner::{closure#0}
[INFO] [stdout]    6:     0x598e9a06cd12 - std[617be2ca0a6fd877]::panicking::panic_with_hook
[INFO] [stdout]    7:     0x598e9a0504c2 - std[617be2ca0a6fd877]::panicking::panic_handler::{closure#0}
[INFO] [stdout]    8:     0x598e9a0491d9 - std[617be2ca0a6fd877]::sys::backtrace::__rust_end_short_backtrace::<std[617be2ca0a6fd877]::panicking::panic_handler::{closure#0}, !>
[INFO] [stdout]    9:     0x598e9a0510cd - __rustc[ea4f61d10b84890b]::rust_begin_unwind
[INFO] [stdout]   10:     0x598e9a08acdc - core[a373ad73a504971]::panicking::panic_fmt
[INFO] [stdout]   11:     0x598e9a08aab2 - core[a373ad73a504971]::result::unwrap_failed
[INFO] [stdout]   12:     0x598e99ff4adb - <rs[3babd6f0d86a05b5]::tests::test_chargeback::{closure#0} as core[a373ad73a504971]::ops::function::FnOnce<()>>::call_once
[INFO] [stdout]   13:     0x598e99ff5e0b - test[aada8e7e76ba119b]::__rust_begin_short_backtrace::<core[a373ad73a504971]::result::Result<(), alloc[2e1b2a31b91974c5]::string::String>, fn() -> core[a373ad73a504971]::result::Result<(), alloc[2e1b2a31b91974c5]::string::String>>
[INFO] [stdout]   14:     0x598e9a002fe5 - test[aada8e7e76ba119b]::run_test::{closure#0}
[INFO] [stdout]   15:     0x598e99ffc8d4 - std[617be2ca0a6fd877]::sys::backtrace::__rust_begin_short_backtrace::<test[aada8e7e76ba119b]::run_test::{closure#1}, ()>
[INFO] [stdout]   16:     0x598e9a006072 - <std[617be2ca0a6fd877]::thread::lifecycle::spawn_unchecked<test[aada8e7e76ba119b]::run_test::{closure#1}, ()>::{closure#1} as core[a373ad73a504971]::ops::function::FnOnce<()>>::call_once::{shim:vtable#0}
[INFO] [stdout]   17:     0x598e9a073d1f - <std[617be2ca0a6fd877]::sys::thread::unix::Thread>::new::thread_start
[INFO] [stdout]   18:     0x725685483dfa - <unknown>
[INFO] [stdout]   19:     0x7256855173d4 - clone
[INFO] [stdout]   20:                0x0 - <unknown>
[INFO] [stdout] 
[INFO] [stdout] ---- tests::test_transactions stdout ----
[INFO] [stdout] 
[INFO] [stdout] thread 'tests::test_transactions' (707) panicked at main.rs:60:48:
[INFO] [stdout] called `Result::unwrap()` on an `Err` value: CargoError { cause: Some(NotFoundError { path: "/opt/rustwide/target/release/build/rs/b7198e78366dcb51/out/rs" }) }
[INFO] [stdout] stack backtrace:
[INFO] [stdout]    0:     0x598e9a074541 - <<std[617be2ca0a6fd877]::sys::backtrace::BacktraceLock>::print::DisplayBacktrace as core[a373ad73a504971]::fmt::Display>::fmt
[INFO] [stdout]    1:     0x598e9a08a5aa - core[a373ad73a504971]::fmt::write
[INFO] [stdout]    2:     0x598e9a079a0c - <alloc[2e1b2a31b91974c5]::vec::Vec<u8> as core[a373ad73a504971]::io::write::Write>::write_fmt
[INFO] [stdout]    3:     0x598e9a050416 - std[617be2ca0a6fd877]::panicking::default_hook::{closure#0}
[INFO] [stdout]    4:     0x598e9a06cb59 - std[617be2ca0a6fd877]::panicking::default_hook
[INFO] [stdout]    5:     0x598e9a0029c0 - test[aada8e7e76ba119b]::test_main_inner::{closure#0}
[INFO] [stdout]    6:     0x598e9a06cd12 - std[617be2ca0a6fd877]::panicking::panic_with_hook
[INFO] [stdout]    7:     0x598e9a0504c2 - std[617be2ca0a6fd877]::panicking::panic_handler::{closure#0}
[INFO] [stdout]    8:     0x598e9a0491d9 - std[617be2ca0a6fd877]::sys::backtrace::__rust_end_short_backtrace::<std[617be2ca0a6fd877]::panicking::panic_handler::{closure#0}, !>
[INFO] [stdout]    9:     0x598e9a0510cd - __rustc[ea4f61d10b84890b]::rust_begin_unwind
[INFO] [stdout]   10:     0x598e9a08acdc - core[a373ad73a504971]::panicking::panic_fmt
[INFO] [stdout]   11:     0x598e9a08aab2 - core[a373ad73a504971]::result::unwrap_failed
[INFO] [stdout]   12:     0x598e99ff4dcb - <rs[3babd6f0d86a05b5]::tests::test_transactions::{closure#0} as core[a373ad73a504971]::ops::function::FnOnce<()>>::call_once
[INFO] [stdout]   13:     0x598e99ff5e0b - test[aada8e7e76ba119b]::__rust_begin_short_backtrace::<core[a373ad73a504971]::result::Result<(), alloc[2e1b2a31b91974c5]::string::String>, fn() -> core[a373ad73a504971]::result::Result<(), alloc[2e1b2a31b91974c5]::string::String>>
[INFO] [stdout]   14:     0x598e9a002fe5 - test[aada8e7e76ba119b]::run_test::{closure#0}
[INFO] [stdout]   15:     0x598e99ffc8d4 - std[617be2ca0a6fd877]::sys::backtrace::__rust_begin_short_backtrace::<test[aada8e7e76ba119b]::run_test::{closure#1}, ()>
[INFO] [stdout]   16:     0x598e9a006072 - <std[617be2ca0a6fd877]::thread::lifecycle::spawn_unchecked<test[aada8e7e76ba119b]::run_test::{closure#1}, ()>::{closure#1} as core[a373ad73a504971]::ops::function::FnOnce<()>>::call_once::{shim:vtable#0}
[INFO] [stdout]   17:     0x598e9a073d1f - <std[617be2ca0a6fd877]::sys::thread::unix::Thread>::new::thread_start
[INFO] [stdout]   18:     0x725685483dfa - <unknown>
[INFO] [stdout]   19:     0x7256855173d4 - clone
[INFO] [stdout]   20:                0x0 - <unknown>
[INFO] [stdout] 
[INFO] [stdout] 
[INFO] [stdout] failures:
[INFO] [stdout]     tests::test_chargeback
[INFO] [stdout]     tests::test_resolve
[INFO] [stdout]     tests::test_transactions
[INFO] [stdout] 
[INFO] [stdout] test result: FAILED. 8 passed; 3 failed; 0 ignored; 0 measured; 0 filtered out; finished in 0.00s
[INFO] [stdout] 
[INFO] [stderr] error: test failed, to rerun pass `--bin rs`
[INFO] running `Command { std: "docker" "inspect" "86bbcece321259ff361f1339ffb5eca26e29bf9762c0bf8540c09b2ecbae92d8", kill_on_drop: false }`
[INFO] running `Command { std: "docker" "rm" "-f" "86bbcece321259ff361f1339ffb5eca26e29bf9762c0bf8540c09b2ecbae92d8", kill_on_drop: false }`
[INFO] [stdout] 86bbcece321259ff361f1339ffb5eca26e29bf9762c0bf8540c09b2ecbae92d8
