[INFO] cloning repository https://github.com/eckyputrady/testable-rust-web-project
[INFO] running `Command { std: "git" "-c" "credential.helper=" "-c" "credential.helper=/workspace/cargo-home/bin/git-credential-null" "clone" "--bare" "https://github.com/eckyputrady/testable-rust-web-project" "/workspace/cache/git-repos/https%3A%2F%2Fgithub.com%2Feckyputrady%2Ftestable-rust-web-project", kill_on_drop: false }`
[INFO] [stderr] Cloning into bare repository '/workspace/cache/git-repos/https%3A%2F%2Fgithub.com%2Feckyputrady%2Ftestable-rust-web-project'...
[INFO] running `Command { std: "git" "rev-parse" "HEAD", kill_on_drop: false }`
[INFO] [stdout] 8de7d3defc1932ca6267e884130ff260c932eab5
[INFO] testing eckyputrady/testable-rust-web-project against 1.99.0-beta.8+cargoflags=--release for beta-release-1.100-3
[INFO] running `Command { std: "git" "clone" "/workspace/cache/git-repos/https%3A%2F%2Fgithub.com%2Feckyputrady%2Ftestable-rust-web-project" "/workspace/builds/worker-4-tc1/source", kill_on_drop: false }`
[INFO] [stderr] Cloning into '/workspace/builds/worker-4-tc1/source'...
[INFO] [stderr] done.
[INFO] started tweaking git repo https://github.com/eckyputrady/testable-rust-web-project
[INFO] finished tweaking git repo https://github.com/eckyputrady/testable-rust-web-project
[INFO] tweaked toml for git repo https://github.com/eckyputrady/testable-rust-web-project written to /workspace/builds/worker-4-tc1/source/Cargo.toml
[INFO] validating manifest of git repo https://github.com/eckyputrady/testable-rust-web-project on toolchain 1.99.0-beta.8
[INFO] running `Command { std: CARGO_HOME="/workspace/cargo-home" RUSTUP_HOME="/workspace/rustup-home" "/workspace/cargo-home/bin/cargo" "+1.99.0-beta.8" "metadata" "--manifest-path" "Cargo.toml" "--no-deps", kill_on_drop: false }`
[INFO] crate git repo https://github.com/eckyputrady/testable-rust-web-project already has a lockfile, it will not be regenerated
[INFO] running `Command { std: CARGO_HOME="/workspace/cargo-home" RUSTUP_HOME="/workspace/rustup-home" "/workspace/cargo-home/bin/cargo" "+1.99.0-beta.8" "fetch" "--manifest-path" "Cargo.toml", kill_on_drop: false }`
[INFO] [stderr]     Blocking waiting for file lock on package cache
[INFO] [stderr]     Updating crates.io index
[INFO] [stderr]     Blocking waiting for file lock on package cache
[INFO] [stderr]  Downloading crates ...
[INFO] [stderr]   Downloaded proc-macro2 v1.0.40
[INFO] [stderr]   Downloaded uuid v1.1.2
[INFO] [stderr]   Downloaded tokio-macros v1.8.0
[INFO] [stderr]   Downloaded unicode-ident v1.0.1
[INFO] [stderr]   Downloaded wasm-bindgen-macro v0.2.68
[INFO] [stderr]   Downloaded wasm-bindgen-shared v0.2.68
[INFO] [stderr]   Downloaded include_dir v0.7.2
[INFO] [stderr]   Downloaded sqlx-pg-migrate v1.2.0
[INFO] [stderr]   Downloaded include_dir_macros v0.7.2
[INFO] [stderr]   Downloaded float-cmp v0.8.0
[INFO] [stderr]   Downloaded fragile v1.0.0
[INFO] [stderr]   Downloaded crossbeam-queue v0.3.5
[INFO] [stderr]   Downloaded wasm-bindgen-macro-support v0.2.68
[INFO] [stderr]   Downloaded cpuid-bool v0.1.2
[INFO] [stderr]   Downloaded sha-1 v0.9.1
[INFO] [stderr]   Downloaded instant v0.1.8
[INFO] [stderr]   Downloaded matches v0.1.8
[INFO] [stderr]   Downloaded itoa v0.4.6
[INFO] [stderr]   Downloaded downcast v0.10.0
[INFO] [stderr]   Downloaded sqlx-rt v0.5.13
[INFO] [stderr]   Downloaded tokio-stream v0.1.9
[INFO] [stderr]   Downloaded thiserror-impl v1.0.31
[INFO] [stderr]   Downloaded slab v0.4.2
[INFO] [stderr]   Downloaded adler v0.2.3
[INFO] [stderr]   Downloaded crypto-common v0.1.5
[INFO] [stderr]   Downloaded tinyvec v0.3.4
[INFO] [stderr]   Downloaded signal-hook-registry v1.2.2
[INFO] [stderr]   Downloaded ppv-lite86 v0.2.9
[INFO] [stderr]   Downloaded redox_syscall v0.2.13
[INFO] [stderr]   Downloaded thiserror v1.0.31
[INFO] [stderr]   Downloaded unicode-bidi v0.3.4
[INFO] [stderr]   Downloaded futures-channel v0.3.21
[INFO] [stderr]   Downloaded wasm-bindgen-backend v0.2.68
[INFO] [stderr]   Downloaded cloudabi v0.1.0
[INFO] [stderr]   Downloaded lock_api v0.4.6
[INFO] [stderr]   Downloaded parking_lot v0.11.0
[INFO] [stderr]   Downloaded crc32fast v1.2.1
[INFO] [stderr]   Downloaded parking_lot_core v0.8.0
[INFO] [stderr]   Downloaded crossbeam-utils v0.8.10
[INFO] [stderr]   Downloaded serde_derive v1.0.138
[INFO] [stderr]   Downloaded mockall v0.8.3
[INFO] [stderr]   Downloaded mockall_derive v0.8.3
[INFO] [stderr]   Downloaded derive_more v0.99.11
[INFO] [stderr]   Downloaded tracing-core v0.1.28
[INFO] [stderr]   Downloaded js-sys v0.3.45
[INFO] [stderr]   Downloaded serde v1.0.138
[INFO] [stderr]   Downloaded ryu v1.0.5
[INFO] [stderr]   Downloaded tracing v0.1.35
[INFO] [stderr]   Downloaded flate2 v1.0.18
[INFO] [stderr]   Downloaded miniz_oxide v0.4.3
[INFO] [stderr]   Downloaded hashbrown v0.12.2
[INFO] [stderr]   Downloaded crossbeam-channel v0.5.5
[INFO] [stderr]   Downloaded unicode-normalization v0.1.13
[INFO] [stderr]   Downloaded bumpalo v3.4.0
[INFO] [stderr]   Downloaded redis v0.21.5
[INFO] [stderr]   Downloaded wasm-bindgen v0.2.68
[INFO] [stderr]   Downloaded idna v0.2.0
[INFO] [stderr]   Downloaded tokio v1.19.2
[INFO] [stderr]   Downloaded web-sys v0.3.45
[INFO] [stderr]   Downloaded encoding_rs v0.8.24
[INFO] running `Command { std: "docker" "create" "-v" "/var/lib/crater-agent-workspace/builds/worker-4-tc1/source:/opt/rustwide/workdir:ro,Z" "-v" "/var/lib/crater-agent-workspace/builds/worker-4-tc1/target:/opt/rustwide/target:rw,Z" "-v" "/var/lib/crater-agent-workspace/cargo-home:/opt/rustwide/cargo-home:ro,Z" "-v" "/var/lib/crater-agent-workspace/rustup-home:/opt/rustwide/rustup-home:ro,Z" "-m" "1610612736" "--network" "none" "ghcr.io/rust-lang/crates-build-env/linux@sha256:77db811e55d90add9212f6832c23229e3de5f1c1f9905e8cb07319ea15df73ac" "sleep" "infinity", kill_on_drop: false }`
[INFO] [stdout] 0e68e2d005b76c4ef78076fb5ba401de5d4abf503d0e9373de523551bca59e13
[INFO] running `Command { std: "docker" "start" "0e68e2d005b76c4ef78076fb5ba401de5d4abf503d0e9373de523551bca59e13", kill_on_drop: false }`
[INFO] running `Command { std: "docker" "inspect" "0e68e2d005b76c4ef78076fb5ba401de5d4abf503d0e9373de523551bca59e13", kill_on_drop: false }`
[INFO] running `Command { std: "docker" "exec" "-e" "SOURCE_DIR=/opt/rustwide/workdir" "-e" "CARGO_HOME=/opt/rustwide/cargo-home" "-e" "RUSTUP_HOME=/opt/rustwide/rustup-home" "-e" "CARGO_TARGET_DIR=/opt/rustwide/target" "-w" "/opt/rustwide/workdir" "--user" "0:0" "0e68e2d005b76c4ef78076fb5ba401de5d4abf503d0e9373de523551bca59e13" "/opt/rustwide/cargo-home/bin/cargo" "+1.99.0-beta.8" "metadata" "--no-deps" "--format-version=1", kill_on_drop: false }`
[INFO] running `Command { std: "docker" "inspect" "0e68e2d005b76c4ef78076fb5ba401de5d4abf503d0e9373de523551bca59e13", kill_on_drop: false }`
[INFO] running `Command { std: "docker" "exec" "-e" "SOURCE_DIR=/opt/rustwide/workdir" "-e" "CARGO_HOME=/opt/rustwide/cargo-home" "-e" "RUSTUP_HOME=/opt/rustwide/rustup-home" "-e" "CARGO_TARGET_DIR=/opt/rustwide/target" "-e" "CARGO_INCREMENTAL=0" "-e" "RUST_BACKTRACE=full" "-e" "RUSTFLAGS=--cap-lints=warn" "-e" "RUSTDOCFLAGS=--cap-lints=warn" "-w" "/opt/rustwide/workdir" "--user" "0:0" "0e68e2d005b76c4ef78076fb5ba401de5d4abf503d0e9373de523551bca59e13" "/opt/rustwide/cargo-home/bin/cargo" "+1.99.0-beta.8" "build" "--frozen" "--message-format=json" "--release", kill_on_drop: false }`
[INFO] [stderr]    Compiling libc v0.2.126
[INFO] [stderr]    Compiling version_check v0.9.2
[INFO] [stderr]    Compiling proc-macro2 v1.0.40
[INFO] [stderr]    Compiling quote v1.0.20
[INFO] [stderr]    Compiling unicode-ident v1.0.1
[INFO] [stderr]    Compiling syn v1.0.98
[INFO] [stderr]    Compiling typenum v1.15.0
[INFO] [stderr]    Compiling once_cell v1.13.0
[INFO] [stderr]    Compiling futures-core v0.3.21
[INFO] [stderr]    Compiling cfg-if v1.0.0
[INFO] [stderr]    Compiling autocfg v1.0.1
[INFO] [stderr]    Compiling memchr v2.5.0
[INFO] [stderr]    Compiling smallvec v1.9.0
[INFO] [stderr]    Compiling lock_api v0.4.6
[INFO] [stderr]    Compiling bytes v1.1.0
[INFO] [stderr]    Compiling parking_lot_core v0.9.3
[INFO] [stderr]    Compiling generic-array v0.14.4
[INFO] [stderr]    Compiling futures-task v0.3.21
[INFO] [stderr]    Compiling jobserver v0.1.24
[INFO] [stderr]    Compiling signal-hook-registry v1.2.2
[INFO] [stderr]    Compiling cc v1.0.73
[INFO] [stderr]    Compiling parking_lot v0.12.1
[INFO] [stderr]    Compiling num_cpus v1.13.0
[INFO] [stderr]    Compiling mio v0.8.4
[INFO] [stderr]    Compiling socket2 v0.4.4
[INFO] [stderr]    Compiling serde v1.0.138
[INFO] [stderr]    Compiling ring v0.16.20
[INFO] [stderr]    Compiling serde_derive v1.0.138
[INFO] [stderr]    Compiling ahash v0.7.6
[INFO] [stderr]    Compiling futures-util v0.3.21
[INFO] [stderr]    Compiling futures-sink v0.3.21
[INFO] [stderr]    Compiling log v0.4.17
[INFO] [stderr]    Compiling ryu v1.0.5
[INFO] [stderr]    Compiling crossbeam-utils v0.8.10
[INFO] [stderr]    Compiling getrandom v0.2.7
[INFO] [stderr]    Compiling itoa v1.0.2
[INFO] [stderr]    Compiling num-traits v0.2.14
[INFO] [stderr]    Compiling spin v0.5.2
[INFO] [stderr]    Compiling matches v0.1.8
[INFO] [stderr]    Compiling untrusted v0.7.1
[INFO] [stderr]    Compiling cfg-if v0.1.10
[INFO] [stderr]    Compiling serde_json v1.0.82
[INFO] [stderr]    Compiling percent-encoding v2.1.0
[INFO] [stderr]    Compiling tracing-core v0.1.28
[INFO] [stderr]    Compiling pin-project-lite v0.2.9
[INFO] [stderr]    Compiling crossbeam-queue v0.3.5
[INFO] [stderr]    Compiling futures-channel v0.3.21
[INFO] [stderr]    Compiling tinyvec v0.3.4
[INFO] [stderr]    Compiling digest v0.9.0
[INFO] [stderr]    Compiling unicode-bidi v0.3.4
[INFO] [stderr]    Compiling tracing v0.1.35
[INFO] [stderr]    Compiling unicode-normalization v0.1.13
[INFO] [stderr]    Compiling indexmap v1.9.1
[INFO] [stderr]    Compiling base64 v0.13.0
[INFO] [stderr]    Compiling tokio v1.19.2
[INFO] [stderr]    Compiling block-buffer v0.9.0
[INFO] [stderr]    Compiling form_urlencoded v1.0.1
[INFO] [stderr]    Compiling rand_core v0.6.3
[INFO] [stderr]    Compiling zstd-sys v2.0.1+zstd.1.5.2
[INFO] [stderr]    Compiling instant v0.1.8
[INFO] [stderr]    Compiling hashbrown v0.12.2
[INFO] [stderr]    Compiling opaque-debug v0.3.0
[INFO] [stderr]    Compiling scopeguard v1.1.0
[INFO] [stderr]    Compiling ppv-lite86 v0.2.9
[INFO] [stderr]    Compiling webpki v0.21.4
[INFO] [stderr]    Compiling sct v0.6.1
[INFO] [stderr]    Compiling cpufeatures v0.2.2
[INFO] [stderr]    Compiling rand_chacha v0.3.1
[INFO] [stderr]    Compiling parking_lot_core v0.8.0
[INFO] [stderr]    Compiling rustls v0.19.1
[INFO] [stderr]    Compiling idna v0.2.0
[INFO] [stderr]    Compiling minimal-lexical v0.2.1
[INFO] [stderr]    Compiling either v1.6.1
[INFO] [stderr]    Compiling subtle v2.4.1
[INFO] [stderr]    Compiling nom v7.1.1
[INFO] [stderr]    Compiling tokio-macros v1.8.0
[INFO] [stderr]    Compiling thiserror-impl v1.0.31
[INFO] [stderr]    Compiling crypto-mac v0.11.1
[INFO] [stderr]    Compiling itertools v0.10.3
[INFO] [stderr]    Compiling url v2.2.2
[INFO] [stderr]    Compiling tokio-rustls v0.22.0
[INFO] [stderr]    Compiling hashbrown v0.11.2
[INFO] [stderr]    Compiling parking_lot v0.11.0
[INFO] [stderr]    Compiling rand v0.8.5
[INFO] [stderr]    Compiling dirs-sys v0.3.7
[INFO] [stderr]    Compiling miniz_oxide v0.4.3
[INFO] [stderr]    Compiling unicode_categories v0.1.1
[INFO] [stderr]    Compiling pin-utils v0.1.0
[INFO] [stderr]    Compiling cpuid-bool v0.1.2
[INFO] [stderr]    Compiling crc32fast v1.2.1
[INFO] [stderr]    Compiling alloc-no-stdlib v2.0.3
[INFO] [stderr]    Compiling crc-catalog v1.1.1
[INFO] [stderr]    Compiling local-waker v0.1.3
[INFO] [stderr]    Compiling sha2 v0.9.9
[INFO] [stderr]    Compiling crc v2.1.0
[INFO] [stderr]    Compiling alloc-stdlib v0.2.1
[INFO] [stderr]    Compiling sqlformat v0.1.8
[INFO] [stderr]    Compiling sha-1 v0.9.1
[INFO] [stderr]    Compiling tokio-util v0.7.3
[INFO] [stderr]    Compiling dirs v3.0.2
[INFO] [stderr]    Compiling http v0.2.8
[INFO] [stderr]    Compiling atoi v0.4.0
[INFO] [stderr]    Compiling futures-intrusive v0.4.0
[INFO] [stderr]    Compiling hashlink v0.7.0
[INFO] [stderr]    Compiling sqlx-rt v0.5.13
[INFO] [stderr]    Compiling tokio-stream v0.1.9
[INFO] [stderr]    Compiling thiserror v1.0.31
[INFO] [stderr]    Compiling hmac v0.11.0
[INFO] [stderr]    Compiling crossbeam-channel v0.5.5
[INFO] [stderr]    Compiling webpki-roots v0.21.1
[INFO] [stderr]    Compiling md-5 v0.9.1
[INFO] [stderr]    Compiling stringprep v0.1.2
[INFO] [stderr]    Compiling aho-corasick v0.7.18
[INFO] [stderr]    Compiling block-buffer v0.10.2
[INFO] [stderr]    Compiling crypto-common v0.1.5
[INFO] [stderr]    Compiling unicode-segmentation v1.6.0
[INFO] [stderr]    Compiling bitflags v1.3.2
[INFO] [stderr]    Compiling adler v0.2.3
[INFO] [stderr]    Compiling paste v1.0.7
[INFO] [stderr]    Compiling whoami v1.2.1
[INFO] [stderr]    Compiling byteorder v1.4.3
[INFO] [stderr]    Compiling itoa v0.4.6
[INFO] [stderr]    Compiling hex v0.4.3
[INFO] [stderr]    Compiling regex-syntax v0.6.27
[INFO] [stderr]    Compiling encoding_rs v0.8.24
[INFO] [stderr]    Compiling httparse v1.7.1
[INFO] [stderr]    Compiling actix-service v2.0.2
[INFO] [stderr]    Compiling sqlx-core v0.5.9
[INFO] [stderr]    Compiling heck v0.3.1
[INFO] [stderr]    Compiling digest v0.10.3
[INFO] [stderr]    Compiling regex v1.6.0
[INFO] [stderr]    Compiling actix-rt v2.7.0
[INFO] [stderr]    Compiling brotli-decompressor v2.3.2
[INFO] [stderr]    Compiling actix-utils v3.0.0
[INFO] [stderr]    Compiling bytestring v1.1.0
[INFO] [stderr]    Compiling cookie v0.16.0
[INFO] [stderr]    Compiling time-macros v0.2.4
[INFO] [stderr]    Compiling slab v0.4.2
[INFO] [stderr]    Compiling async-trait v0.1.56
[INFO] [stderr]    Compiling dotenv v0.15.0
[INFO] [stderr]    Compiling num_threads v0.1.6
[INFO] [stderr]    Compiling firestorm v0.5.1
[INFO] [stderr]    Compiling actix-router v0.5.0
[INFO] [stderr]    Compiling time v0.3.11
[INFO] [stderr]    Compiling sqlx-macros v0.5.9
[INFO] [stderr]    Compiling h2 v0.3.13
[INFO] [stderr]    Compiling brotli v3.3.4
[INFO] [stderr]    Compiling flate2 v1.0.18
[INFO] [stderr]    Compiling sha1 v0.10.1
[INFO] [stderr]    Compiling actix-codec v0.5.0
[INFO] [stderr]    Compiling local-channel v0.1.3
[INFO] [stderr]    Compiling derive_more v0.99.11
[INFO] [stderr]    Compiling include_dir_macros v0.7.2
[INFO] [stderr]    Compiling glob v0.3.0
[INFO] [stderr]    Compiling httpdate v1.0.2
[INFO] [stderr]    Compiling mime v0.3.16
[INFO] [stderr]    Compiling language-tags v0.3.2
[INFO] [stderr]    Compiling sqlx v0.5.9
[INFO] [stderr]    Compiling include_dir v0.7.2
[INFO] [stderr]    Compiling actix-web-codegen v4.0.1
[INFO] [stderr]    Compiling actix-server v2.1.1
[INFO] [stderr]    Compiling combine v4.6.4
[INFO] [stderr]    Compiling serde_urlencoded v0.7.1
[INFO] [stderr]    Compiling tokio-util v0.6.10
[INFO] [stderr]    Compiling actix-macros v0.2.3
[INFO] [stderr]    Compiling dtoa v0.4.6
[INFO] [stderr]    Compiling sha1 v0.6.0
[INFO] [stderr]    Compiling sqlx-pg-migrate v1.2.0
[INFO] [stderr]    Compiling uuid v1.1.2
[INFO] [stderr]    Compiling redis v0.21.5
[INFO] [stderr]    Compiling zstd-safe v5.0.2+zstd.1.5.2
[INFO] [stderr]    Compiling zstd v0.11.2+zstd.1.5.2
[INFO] [stderr]    Compiling actix-http v3.2.1
[INFO] [stderr]    Compiling actix-web v4.1.0
[INFO] [stderr]    Compiling testable-rust-web-project v0.1.0 (/opt/rustwide/workdir)
[INFO] [stdout] warning: unused import: `redis::Client`
[INFO] [stdout]  --> src/infrastructure/redis.rs:1:9
[INFO] [stdout]   |
[INFO] [stdout] 1 | pub use redis::Client;
[INFO] [stdout]   |         ^^^^^^^^^^^^^
[INFO] [stdout]   |
[INFO] [stdout]   = note: `#[warn(unused_imports)]` (part of `#[warn(unused)]`) on by default
[INFO] [stdout] 
[INFO] [stdout] 
[INFO] [stderr]     Finished `release` profile [optimized] target(s) in 6m 42s
[INFO] [stderr] warning: the following packages contain code that will be rejected by a future version of Rust: redis v0.21.5, sqlx-core v0.5.9, sqlx-macros v0.5.9
[INFO] [stderr] note: to see what the problems were, use the option `--future-incompat-report`, or run `cargo report future-incompatibilities --id 5`
[INFO] running `Command { std: "docker" "inspect" "0e68e2d005b76c4ef78076fb5ba401de5d4abf503d0e9373de523551bca59e13", kill_on_drop: false }`
[INFO] running `Command { std: "docker" "exec" "-e" "SOURCE_DIR=/opt/rustwide/workdir" "-e" "CARGO_HOME=/opt/rustwide/cargo-home" "-e" "RUSTUP_HOME=/opt/rustwide/rustup-home" "-e" "CARGO_TARGET_DIR=/opt/rustwide/target" "-e" "CARGO_INCREMENTAL=0" "-e" "RUST_BACKTRACE=full" "-e" "RUSTFLAGS=--cap-lints=warn" "-e" "RUSTDOCFLAGS=--cap-lints=warn" "-w" "/opt/rustwide/workdir" "--user" "0:0" "0e68e2d005b76c4ef78076fb5ba401de5d4abf503d0e9373de523551bca59e13" "/opt/rustwide/cargo-home/bin/cargo" "+1.99.0-beta.8" "test" "--frozen" "--no-run" "--message-format=json" "--release", kill_on_drop: false }`
[INFO] [stderr]    Compiling predicates-core v1.0.0
[INFO] [stderr]    Compiling float-cmp v0.8.0
[INFO] [stderr]    Compiling normalize-line-endings v0.3.0
[INFO] [stderr]    Compiling difference v2.0.0
[INFO] [stderr]    Compiling treeline v0.1.0
[INFO] [stderr]    Compiling mockall_derive v0.8.3
[INFO] [stderr]    Compiling lazy_static v1.4.0
[INFO] [stderr]    Compiling downcast v0.10.0
[INFO] [stderr]    Compiling fragile v1.0.0
[INFO] [stderr]    Compiling predicates-tree v1.0.0
[INFO] [stderr]    Compiling predicates v1.0.5
[INFO] [stderr]    Compiling mockall v0.8.3
[INFO] [stderr]    Compiling testable-rust-web-project v0.1.0 (/opt/rustwide/workdir)
[INFO] [stdout] warning: unused import: `redis::Client`
[INFO] [stdout]  --> src/infrastructure/redis.rs:1:9
[INFO] [stdout]   |
[INFO] [stdout] 1 | pub use redis::Client;
[INFO] [stdout]   |         ^^^^^^^^^^^^^
[INFO] [stdout]   |
[INFO] [stdout]   = note: `#[warn(unused_imports)]` (part of `#[warn(unused)]`) on by default
[INFO] [stdout] 
[INFO] [stdout] 
[INFO] [stderr]     Finished `release` profile [optimized] target(s) in 28.02s
[INFO] [stderr] warning: the following packages contain code that will be rejected by a future version of Rust: redis v0.21.5, sqlx-core v0.5.9, sqlx-macros v0.5.9
[INFO] [stderr] note: to see what the problems were, use the option `--future-incompat-report`, or run `cargo report future-incompatibilities --id 5`
[INFO] running `Command { std: "docker" "inspect" "0e68e2d005b76c4ef78076fb5ba401de5d4abf503d0e9373de523551bca59e13", kill_on_drop: false }`
[INFO] running `Command { std: "docker" "exec" "-e" "SOURCE_DIR=/opt/rustwide/workdir" "-e" "CARGO_HOME=/opt/rustwide/cargo-home" "-e" "RUSTUP_HOME=/opt/rustwide/rustup-home" "-e" "CARGO_TARGET_DIR=/opt/rustwide/target" "-e" "CARGO_INCREMENTAL=0" "-e" "RUST_BACKTRACE=full" "-e" "RUSTFLAGS=--cap-lints=warn" "-e" "RUSTDOCFLAGS=--cap-lints=warn" "-w" "/opt/rustwide/workdir" "--user" "0:0" "0e68e2d005b76c4ef78076fb5ba401de5d4abf503d0e9373de523551bca59e13" "/opt/rustwide/cargo-home/bin/cargo" "+1.99.0-beta.8" "test" "--frozen" "--release", kill_on_drop: false }`
[INFO] [stderr] warning: unused import: `redis::Client`
[INFO] [stderr]  --> src/infrastructure/redis.rs:1:9
[INFO] [stderr]   |
[INFO] [stderr] 1 | pub use redis::Client;
[INFO] [stderr]   |         ^^^^^^^^^^^^^
[INFO] [stderr]   |
[INFO] [stderr]   = note: `#[warn(unused_imports)]` (part of `#[warn(unused)]`) on by default
[INFO] [stderr] 
[INFO] [stderr] warning: `testable-rust-web-project` (bin "testable-rust-web-project" test) generated 1 warning (run `cargo fix --bin "testable-rust-web-project" -p testable-rust-web-project --tests` to apply 1 suggestion)
[INFO] [stderr]     Finished `release` profile [optimized] target(s) in 0.23s
[INFO] [stderr] warning: the following packages contain code that will be rejected by a future version of Rust: redis v0.21.5, sqlx-core v0.5.9, sqlx-macros v0.5.9
[INFO] [stderr] note: to see what the problems were, use the option `--future-incompat-report`, or run `cargo report future-incompatibilities --id 5`
[INFO] [stderr]      Running unittests src/main.rs (/opt/rustwide/target/release/deps/testable_rust_web_project-864ff39db137314a)
[INFO] [stdout] 
[INFO] [stdout] running 7 tests
[INFO] [stdout] test auth::auth_service_impl::tests::test_login_success ... ok
[INFO] [stdout] test auth::auth_service_impl::tests::test_login_failure_credential_does_not_exists ... ok
[INFO] [stdout] test auth::rest_auth_controller::tests::test_authenticate_correct ... ok
[INFO] [stdout] test auth::auth_service_impl::tests::test_login_failure_unable_to_save_token ... ok
[INFO] [stdout] test auth::rest_auth_controller::tests::test_authenticate_wrong ... ok
[INFO] [stdout] test auth::redis_token_repo::tests::test_save_and_check ... FAILED
[INFO] [stdout] test auth::postgres_credential_repo::tests::test_save_and_check ... FAILED
[INFO] [stderr] error: test failed, to rerun pass `--bin testable-rust-web-project`
[INFO] [stdout] 
[INFO] [stdout] failures:
[INFO] [stdout] 
[INFO] [stdout] ---- auth::redis_token_repo::tests::test_save_and_check stdout ----
[INFO] [stdout] 
[INFO] [stdout] thread 'auth::redis_token_repo::tests::test_save_and_check' (4550) panicked at src/auth/redis_token_repo.rs:56:9:
[INFO] [stdout] assertion `left == right` failed
[INFO] [stdout]   left: true
[INFO] [stdout]  right: false
[INFO] [stdout] stack backtrace:
[INFO] [stdout]    0:     0x632d1ff38ad1 - <<std[70759c8f55707aa4]::sys::backtrace::BacktraceLock>::print::DisplayBacktrace as core[df12db4294e9bfd3]::fmt::Display>::fmt
[INFO] [stdout]    1:     0x632d1ff50e5a - core[df12db4294e9bfd3]::fmt::write
[INFO] [stdout]    2:     0x632d1ff3d65c - <alloc[2182bb758b4b3781]::vec::Vec<u8> as core[df12db4294e9bfd3]::io::write::Write>::write_fmt
[INFO] [stdout]    3:     0x632d1ff13ae6 - std[70759c8f55707aa4]::panicking::default_hook::{closure#0}
[INFO] [stdout]    4:     0x632d1ff307f9 - std[70759c8f55707aa4]::panicking::default_hook
[INFO] [stdout]    5:     0x632d1fc4ede0 - test[9d35eded1c95d3be]::test_main_inner::<test[9d35eded1c95d3be]::test_main_static::{closure#0}>::{closure#0}
[INFO] [stdout]    6:     0x632d1ff30b22 - std[70759c8f55707aa4]::panicking::panic_with_hook
[INFO] [stdout]    7:     0x632d1ff13b92 - std[70759c8f55707aa4]::panicking::panic_handler::{closure#0}
[INFO] [stdout]    8:     0x632d1ff0c6a9 - std[70759c8f55707aa4]::sys::backtrace::__rust_end_short_backtrace::<std[70759c8f55707aa4]::panicking::panic_handler::{closure#0}, !>
[INFO] [stdout]    9:     0x632d1ff1497d - __rustc[8fa7c3cbc660c2b3]::rust_begin_unwind
[INFO] [stdout]   10:     0x632d1ff515bc - core[df12db4294e9bfd3]::panicking::panic_fmt
[INFO] [stdout]   11:     0x632d1ff514d3 - core[df12db4294e9bfd3]::panicking::assert_failed_inner
[INFO] [stdout]   12:     0x632d1fe55bc5 - core[df12db4294e9bfd3]::panicking::assert_failed::<bool, bool>
[INFO] [stdout]   13:     0x632d1fb8af23 - <std[70759c8f55707aa4]::thread::local::LocalKey<core[df12db4294e9bfd3]::cell::Cell<tokio[b8c26c77658f822e]::coop::Budget>>>::with::<tokio[b8c26c77658f822e]::coop::with_budget<core[df12db4294e9bfd3]::task::poll::Poll<()>, <tokio[b8c26c77658f822e]::task::local::RunUntil<testable_rust_web_project[acb9b45519cc32a4]::auth::redis_token_repo::tests::test_save_and_check::{closure#0}> as core[df12db4294e9bfd3]::future::future::Future>::poll::{closure#0}::{closure#0}>::{closure#0}, core[df12db4294e9bfd3]::task::poll::Poll<()>>
[INFO] [stdout]   14:     0x632d1fc26d8f - <tokio[b8c26c77658f822e]::macros::scoped_tls::ScopedKey<tokio[b8c26c77658f822e]::task::local::Context>>::set::<<tokio[b8c26c77658f822e]::task::local::RunUntil<testable_rust_web_project[acb9b45519cc32a4]::auth::redis_token_repo::tests::test_save_and_check::{closure#0}> as core[df12db4294e9bfd3]::future::future::Future>::poll::{closure#0}, core[df12db4294e9bfd3]::task::poll::Poll<()>>
[INFO] [stdout]   15:     0x632d1fc1f2a5 - <core[df12db4294e9bfd3]::pin::Pin<&mut <tokio[b8c26c77658f822e]::task::local::LocalSet>::run_until<testable_rust_web_project[acb9b45519cc32a4]::auth::redis_token_repo::tests::test_save_and_check::{closure#0}>::{closure#0}> as core[df12db4294e9bfd3]::future::future::Future>::poll
[INFO] [stdout]   16:     0x632d1fc210bf - <tokio[b8c26c77658f822e]::runtime::basic_scheduler::BasicScheduler>::block_on::<<tokio[b8c26c77658f822e]::task::local::LocalSet>::run_until<testable_rust_web_project[acb9b45519cc32a4]::auth::redis_token_repo::tests::test_save_and_check::{closure#0}>::{closure#0}>
[INFO] [stdout]   17:     0x632d1fbdc17f - <tokio[b8c26c77658f822e]::runtime::Runtime>::block_on::<<tokio[b8c26c77658f822e]::task::local::LocalSet>::run_until<testable_rust_web_project[acb9b45519cc32a4]::auth::redis_token_repo::tests::test_save_and_check::{closure#0}>::{closure#0}>
[INFO] [stdout]   18:     0x632d1fc20b1f - <testable_rust_web_project[acb9b45519cc32a4]::auth::redis_token_repo::tests::test_save_and_check::{closure#0} as core[df12db4294e9bfd3]::ops::function::FnOnce<()>>::call_once
[INFO] [stdout]   19:     0x632d1fc420cb - test[9d35eded1c95d3be]::__rust_begin_short_backtrace::<core[df12db4294e9bfd3]::result::Result<(), alloc[2182bb758b4b3781]::string::String>, fn() -> core[df12db4294e9bfd3]::result::Result<(), alloc[2182bb758b4b3781]::string::String>>
[INFO] [stdout]   20:     0x632d1fc4f735 - test[9d35eded1c95d3be]::run_test::{closure#0}
[INFO] [stdout]   21:     0x632d1fc48ff4 - std[70759c8f55707aa4]::sys::backtrace::__rust_begin_short_backtrace::<test[9d35eded1c95d3be]::run_test::{closure#1}, ()>
[INFO] [stdout]   22:     0x632d1fc52892 - <std[70759c8f55707aa4]::thread::lifecycle::spawn_unchecked<test[9d35eded1c95d3be]::run_test::{closure#1}, ()>::{closure#1} as core[df12db4294e9bfd3]::ops::function::FnOnce<()>>::call_once::{shim:vtable#0}
[INFO] [stdout]   23:     0x632d1ff37cd9 - <std[70759c8f55707aa4]::sys::thread::unix::Thread>::new::thread_start
[INFO] [stdout]   24:     0x7f7b95a90dfa - <unknown>
[INFO] [stdout]   25:     0x7f7b95b243d4 - clone
[INFO] [stdout]   26:                0x0 - <unknown>
[INFO] [stdout] 
[INFO] [stdout] ---- auth::postgres_credential_repo::tests::test_save_and_check stdout ----
[INFO] [stdout] 
[INFO] [stdout] thread 'auth::postgres_credential_repo::tests::test_save_and_check' (4549) panicked at src/auth/postgres_credential_repo.rs:44:14:
[INFO] [stdout] Unable to connect to DB: PoolTimedOut
[INFO] [stdout] stack backtrace:
[INFO] [stdout]    0:     0x632d1ff38ad1 - <<std[70759c8f55707aa4]::sys::backtrace::BacktraceLock>::print::DisplayBacktrace as core[df12db4294e9bfd3]::fmt::Display>::fmt
[INFO] [stdout]    1:     0x632d1ff50e5a - core[df12db4294e9bfd3]::fmt::write
[INFO] [stdout]    2:     0x632d1ff3d65c - <alloc[2182bb758b4b3781]::vec::Vec<u8> as core[df12db4294e9bfd3]::io::write::Write>::write_fmt
[INFO] [stdout]    3:     0x632d1ff13ae6 - std[70759c8f55707aa4]::panicking::default_hook::{closure#0}
[INFO] [stdout]    4:     0x632d1ff307f9 - std[70759c8f55707aa4]::panicking::default_hook
[INFO] [stdout]    5:     0x632d1fc4ede0 - test[9d35eded1c95d3be]::test_main_inner::<test[9d35eded1c95d3be]::test_main_static::{closure#0}>::{closure#0}
[INFO] [stdout]    6:     0x632d1ff30b22 - std[70759c8f55707aa4]::panicking::panic_with_hook
[INFO] [stdout]    7:     0x632d1ff13b92 - std[70759c8f55707aa4]::panicking::panic_handler::{closure#0}
[INFO] [stdout]    8:     0x632d1ff0c6a9 - std[70759c8f55707aa4]::sys::backtrace::__rust_end_short_backtrace::<std[70759c8f55707aa4]::panicking::panic_handler::{closure#0}, !>
[INFO] [stdout]    9:     0x632d1ff1497d - __rustc[8fa7c3cbc660c2b3]::rust_begin_unwind
[INFO] [stdout]   10:     0x632d1ff515bc - core[df12db4294e9bfd3]::panicking::panic_fmt
[INFO] [stdout]   11:     0x632d1ff51392 - core[df12db4294e9bfd3]::result::unwrap_failed
[INFO] [stdout]   12:     0x632d1fc1c323 - testable_rust_web_project[acb9b45519cc32a4]::auth::postgres_credential_repo::tests::test_save_and_check::{closure#0}
[INFO] [stdout]   13:     0x632d1fc25136 - <tokio[b8c26c77658f822e]::runtime::basic_scheduler::BasicScheduler>::block_on::<testable_rust_web_project[acb9b45519cc32a4]::auth::postgres_credential_repo::tests::test_save_and_check::{closure#0}>
[INFO] [stdout]   14:     0x632d1fbdc7b9 - <tokio[b8c26c77658f822e]::runtime::Runtime>::block_on::<testable_rust_web_project[acb9b45519cc32a4]::auth::postgres_credential_repo::tests::test_save_and_check::{closure#0}>
[INFO] [stdout]   15:     0x632d1fbf7dfe - testable_rust_web_project[acb9b45519cc32a4]::auth::postgres_credential_repo::tests::test_save_and_check
[INFO] [stdout]   16:     0x632d1fc20d59 - <testable_rust_web_project[acb9b45519cc32a4]::auth::postgres_credential_repo::tests::test_save_and_check::{closure#0} as core[df12db4294e9bfd3]::ops::function::FnOnce<()>>::call_once
[INFO] [stdout]   17:     0x632d1fc420cb - test[9d35eded1c95d3be]::__rust_begin_short_backtrace::<core[df12db4294e9bfd3]::result::Result<(), alloc[2182bb758b4b3781]::string::String>, fn() -> core[df12db4294e9bfd3]::result::Result<(), alloc[2182bb758b4b3781]::string::String>>
[INFO] [stdout]   18:     0x632d1fc4f735 - test[9d35eded1c95d3be]::run_test::{closure#0}
[INFO] [stdout]   19:     0x632d1fc48ff4 - std[70759c8f55707aa4]::sys::backtrace::__rust_begin_short_backtrace::<test[9d35eded1c95d3be]::run_test::{closure#1}, ()>
[INFO] [stdout]   20:     0x632d1fc52892 - <std[70759c8f55707aa4]::thread::lifecycle::spawn_unchecked<test[9d35eded1c95d3be]::run_test::{closure#1}, ()>::{closure#1} as core[df12db4294e9bfd3]::ops::function::FnOnce<()>>::call_once::{shim:vtable#0}
[INFO] [stdout]   21:     0x632d1ff37cd9 - <std[70759c8f55707aa4]::sys::thread::unix::Thread>::new::thread_start
[INFO] [stdout]   22:     0x7f7b95a90dfa - <unknown>
[INFO] [stdout]   23:     0x7f7b95b243d4 - clone
[INFO] [stdout]   24:                0x0 - <unknown>
[INFO] [stdout] 
[INFO] [stdout] 
[INFO] [stdout] failures:
[INFO] [stdout]     auth::postgres_credential_repo::tests::test_save_and_check
[INFO] [stdout]     auth::redis_token_repo::tests::test_save_and_check
[INFO] [stdout] 
[INFO] [stdout] test result: FAILED. 5 passed; 2 failed; 0 ignored; 0 measured; 0 filtered out; finished in 34.29s
[INFO] [stdout] 
[INFO] running `Command { std: "docker" "inspect" "0e68e2d005b76c4ef78076fb5ba401de5d4abf503d0e9373de523551bca59e13", kill_on_drop: false }`
[INFO] running `Command { std: "docker" "rm" "-f" "0e68e2d005b76c4ef78076fb5ba401de5d4abf503d0e9373de523551bca59e13", kill_on_drop: false }`
[INFO] [stdout] 0e68e2d005b76c4ef78076fb5ba401de5d4abf503d0e9373de523551bca59e13
