[INFO] cloning repository https://github.com/eatradish/ailurus-spy
[INFO] running `Command { std: "git" "-c" "credential.helper=" "-c" "credential.helper=/workspace/cargo-home/bin/git-credential-null" "clone" "--bare" "https://github.com/eatradish/ailurus-spy" "/workspace/cache/git-repos/https%3A%2F%2Fgithub.com%2Featradish%2Failurus-spy", kill_on_drop: false }`
[INFO] [stderr] Cloning into bare repository '/workspace/cache/git-repos/https%3A%2F%2Fgithub.com%2Featradish%2Failurus-spy'...
[INFO] running `Command { std: "git" "rev-parse" "HEAD", kill_on_drop: false }`
[INFO] [stdout] b5c30dfcbe12602c8ee956a4a061a7ef3c5dee71
[INFO] testing eatradish/ailurus-spy against 1.99.0-beta.8+cargoflags=--release for beta-release-1.100-3
[INFO] running `Command { std: "git" "clone" "/workspace/cache/git-repos/https%3A%2F%2Fgithub.com%2Featradish%2Failurus-spy" "/workspace/builds/worker-7-tc1/source", kill_on_drop: false }`
[INFO] [stderr] Cloning into '/workspace/builds/worker-7-tc1/source'...
[INFO] [stderr] done.
[INFO] started tweaking git repo https://github.com/eatradish/ailurus-spy
[INFO] finished tweaking git repo https://github.com/eatradish/ailurus-spy
[INFO] tweaked toml for git repo https://github.com/eatradish/ailurus-spy written to /workspace/builds/worker-7-tc1/source/Cargo.toml
[INFO] validating manifest of git repo https://github.com/eatradish/ailurus-spy on toolchain 1.99.0-beta.8
[INFO] running `Command { std: CARGO_HOME="/workspace/cargo-home" RUSTUP_HOME="/workspace/rustup-home" "/workspace/cargo-home/bin/cargo" "+1.99.0-beta.8" "metadata" "--manifest-path" "Cargo.toml" "--no-deps", kill_on_drop: false }`
[INFO] crate git repo https://github.com/eatradish/ailurus-spy already has a lockfile, it will not be regenerated
[INFO] running `Command { std: CARGO_HOME="/workspace/cargo-home" RUSTUP_HOME="/workspace/rustup-home" "/workspace/cargo-home/bin/cargo" "+1.99.0-beta.8" "fetch" "--manifest-path" "Cargo.toml", kill_on_drop: false }`
[INFO] [stderr]     Blocking waiting for file lock on package cache
[INFO] [stderr]     Updating crates.io index
[INFO] [stderr]     Blocking waiting for file lock on package cache
[INFO] [stderr]  Downloading crates ...
[INFO] [stderr]   Downloaded once_cell v1.12.0
[INFO] [stderr]   Downloaded num_threads v0.1.6
[INFO] [stderr]   Downloaded dtoa v0.4.8
[INFO] [stderr]   Downloaded tracing-core v0.1.28
[INFO] [stderr]   Downloaded matches v0.1.9
[INFO] [stderr]   Downloaded takecell v0.1.1
[INFO] [stderr]   Downloaded either v1.7.0
[INFO] [stderr]   Downloaded teloxide-macros v0.7.1
[INFO] [stderr]   Downloaded darling_macro v0.13.4
[INFO] [stderr]   Downloaded convert_case v0.4.0
[INFO] [stderr]   Downloaded endian-type v0.1.2
[INFO] [stderr]   Downloaded wasm-bindgen-shared v0.2.81
[INFO] [stderr]   Downloaded fastrand v1.7.0
[INFO] [stderr]   Downloaded utf8parse v0.2.0
[INFO] [stderr]   Downloaded wasm-bindgen-macro v0.2.81
[INFO] [stderr]   Downloaded erasable v1.2.1
[INFO] [stderr]   Downloaded nibble_vec v0.1.0
[INFO] [stderr]   Downloaded fd-lock v3.0.6
[INFO] [stderr]   Downloaded reqwest_cookie_store v0.3.0
[INFO] [stderr]   Downloaded psl-types v2.0.10
[INFO] [stderr]   Downloaded tokio-macros v1.8.0
[INFO] [stderr]   Downloaded tokio-util v0.6.10
[INFO] [stderr]   Downloaded thiserror v1.0.31
[INFO] [stderr]   Downloaded thiserror-impl v1.0.31
[INFO] [stderr]   Downloaded take_mut v0.2.2
[INFO] [stderr]   Downloaded wasm-bindgen-futures v0.4.31
[INFO] [stderr]   Downloaded pkg-config v0.3.25
[INFO] [stderr]   Downloaded hyper-tls v0.5.0
[INFO] [stderr]   Downloaded rc-box v1.2.0
[INFO] [stderr]   Downloaded never v0.1.0
[INFO] [stderr]   Downloaded semver v1.0.12
[INFO] [stderr]   Downloaded memoffset v0.6.5
[INFO] [stderr]   Downloaded clipboard-win v4.4.1
[INFO] [stderr]   Downloaded bit_field v0.10.1
[INFO] [stderr]   Downloaded phf_shared v0.10.0
[INFO] [stderr]   Downloaded smallvec v1.9.0
[INFO] [stderr]   Downloaded time-macros v0.2.4
[INFO] [stderr]   Downloaded itoa v1.0.2
[INFO] [stderr]   Downloaded tokio-stream v0.1.9
[INFO] [stderr]   Downloaded getrandom v0.2.7
[INFO] [stderr]   Downloaded wasm-bindgen-macro-support v0.2.81
[INFO] [stderr]   Downloaded darling v0.13.4
[INFO] [stderr]   Downloaded native-tls v0.2.10
[INFO] [stderr]   Downloaded unicase v2.6.0
[INFO] [stderr]   Downloaded ipnet v2.5.0
[INFO] [stderr]   Downloaded cookie_store v0.16.1
[INFO] [stderr]   Downloaded pin-project-internal v1.0.12
[INFO] [stderr]   Downloaded dptree v0.3.0
[INFO] [stderr]   Downloaded unicode-width v0.1.9
[INFO] [stderr]   Downloaded errno-dragonfly v0.1.2
[INFO] [stderr]   Downloaded adler32 v1.2.0
[INFO] [stderr]   Downloaded futf v0.1.5
[INFO] [stderr]   Downloaded new_debug_unreachable v1.0.4
[INFO] [stderr]   Downloaded string_cache v0.8.4
[INFO] [stderr]   Downloaded phf_codegen v0.10.0
[INFO] [stderr]   Downloaded tracing-attributes v0.1.22
[INFO] [stderr]   Downloaded quote v1.0.20
[INFO] [stderr]   Downloaded wasm-bindgen-backend v0.2.81
[INFO] [stderr]   Downloaded serde_with_macros v1.5.2
[INFO] [stderr]   Downloaded winreg v0.10.1
[INFO] [stderr]   Downloaded mime_guess v2.0.4
[INFO] [stderr]   Downloaded httparse v1.7.1
[INFO] [stderr]   Downloaded cookie v0.16.0
[INFO] [stderr]   Downloaded num-iter v0.1.43
[INFO] [stderr]   Downloaded utf-8 v0.7.6
[INFO] [stderr]   Downloaded mac v0.1.1
[INFO] [stderr]   Downloaded string_cache_codegen v0.5.2
[INFO] [stderr]   Downloaded phf_generator v0.10.0
[INFO] [stderr]   Downloaded precomputed-hash v0.1.1
[INFO] [stderr]   Downloaded phf v0.10.1
[INFO] [stderr]   Downloaded bit-set v0.5.2
[INFO] [stderr]   Downloaded bit-vec v0.6.3
[INFO] [stderr]   Downloaded ctrlc v3.2.2
[INFO] [stderr]   Downloaded unicode-ident v1.0.1
[INFO] [stderr]   Downloaded proc-macro2 v1.0.40
[INFO] [stderr]   Downloaded url v2.2.2
[INFO] [stderr]   Downloaded serde_derive v1.0.138
[INFO] [stderr]   Downloaded unicode-bidi v0.3.8
[INFO] [stderr]   Downloaded uuid v1.3.0
[INFO] [stderr]   Downloaded darling_core v0.13.4
[INFO] [stderr]   Downloaded ryu v1.0.10
[INFO] [stderr]   Downloaded schannel v0.1.20
[INFO] [stderr]   Downloaded openssl-sys v0.9.74
[INFO] [stderr]   Downloaded indexmap v1.9.1
[INFO] [stderr]   Downloaded pin-project v1.0.12
[INFO] [stderr]   Downloaded io-lifetimes v0.7.2
[INFO] [stderr]   Downloaded errno v0.2.8
[INFO] [stderr]   Downloaded scoped_threadpool v0.1.9
[INFO] [stderr]   Downloaded lebe v0.5.1
[INFO] [stderr]   Downloaded inflate v0.4.5
[INFO] [stderr]   Downloaded markup5ever v0.11.0
[INFO] [stderr]   Downloaded tendril v0.4.3
[INFO] [stderr]   Downloaded parking_lot_core v0.9.3
[INFO] [stderr]   Downloaded dashmap v5.3.4
[INFO] [stderr]   Downloaded tracing v0.1.35
[INFO] [stderr]   Downloaded teloxide v0.12.0
[INFO] [stderr]   Downloaded serde v1.0.138
[INFO] [stderr]   Downloaded async-trait v0.1.56
[INFO] [stderr]   Downloaded crossbeam-deque v0.8.1
[INFO] [stderr]   Downloaded spin v0.9.3
[INFO] [stderr]   Downloaded nanorand v0.7.0
[INFO] [stderr]   Downloaded bytemuck v1.9.1
[INFO] [stderr]   Downloaded html2text v0.4.2
[INFO] [stderr]   Downloaded xml5ever v0.17.0
[INFO] [stderr]   Downloaded anyhow v1.0.58
[INFO] [stderr]   Downloaded tracing-subscriber v0.3.14
[INFO] [stderr]   Downloaded mio v0.8.4
[INFO] [stderr]   Downloaded time v0.3.11
[INFO] [stderr]   Downloaded tokio-util v0.7.3
[INFO] [stderr]   Downloaded bumpalo v3.10.0
[INFO] [stderr]   Downloaded js-sys v0.3.58
[INFO] [stderr]   Downloaded hashbrown v0.12.1
[INFO] [stderr]   Downloaded publicsuffix v2.1.1
[INFO] [stderr]   Downloaded itertools v0.9.0
[INFO] [stderr]   Downloaded rustyline v9.1.2
[INFO] [stderr]   Downloaded unicode-segmentation v1.9.0
[INFO] [stderr]   Downloaded redis v0.21.5
[INFO] [stderr]   Downloaded weezl v0.1.6
[INFO] [stderr]   Downloaded rayon-core v1.9.3
[INFO] [stderr]   Downloaded crossbeam-utils v0.8.10
[INFO] [stderr]   Downloaded miniz_oxide v0.5.3
[INFO] [stderr]   Downloaded deflate v1.0.0
[INFO] [stderr]   Downloaded half v1.8.2
[INFO] [stderr]   Downloaded crossbeam-epoch v0.9.9
[INFO] [stderr]   Downloaded png v0.17.5
[INFO] [stderr]   Downloaded flume v0.10.13
[INFO] [stderr]   Downloaded html5ever v0.26.0
[INFO] [stderr]   Downloaded crossbeam-channel v0.5.5
[INFO] [stderr]   Downloaded flate2 v1.0.24
[INFO] [stderr]   Downloaded fancy-regex v0.10.0
[INFO] [stderr]   Downloaded unicode-normalization v0.1.21
[INFO] [stderr]   Downloaded serde_json v1.0.82
[INFO] [stderr]   Downloaded reqwest v0.11.11
[INFO] [stderr]   Downloaded wasm-bindgen v0.2.81
[INFO] [stderr]   Downloaded h2 v0.3.13
[INFO] [stderr]   Downloaded hyper v0.14.19
[INFO] [stderr]   Downloaded combine v4.6.4
[INFO] [stderr]   Downloaded openssl v0.10.40
[INFO] [stderr]   Downloaded rayon v1.5.3
[INFO] [stderr]   Downloaded syn v1.0.98
[INFO] [stderr]   Downloaded aquamarine v0.1.11
[INFO] [stderr]   Downloaded idna v0.2.3
[INFO] [stderr]   Downloaded teloxide-core v0.9.0
[INFO] [stderr]   Downloaded nix v0.23.1
[INFO] [stderr]   Downloaded rustix v0.35.6
[INFO] [stderr]   Downloaded exr v1.4.2
[INFO] [stderr]   Downloaded radix_trie v0.2.1
[INFO] [stderr]   Downloaded nix v0.24.1
[INFO] [stderr]   Downloaded regex v1.5.6
[INFO] [stderr]   Downloaded image v0.24.2
[INFO] [stderr]   Downloaded regex-syntax v0.6.26
[INFO] [stderr]   Downloaded tokio v1.19.2
[INFO] [stderr]   Downloaded windows_x86_64_msvc v0.36.1
[INFO] [stderr]   Downloaded windows_aarch64_msvc v0.36.1
[INFO] [stderr]   Downloaded libc v0.2.126
[INFO] [stderr]   Downloaded web-sys v0.3.58
[INFO] [stderr]   Downloaded windows_i686_msvc v0.36.1
[INFO] [stderr]   Downloaded gif v0.11.4
[INFO] [stderr]   Downloaded linux-raw-sys v0.0.46
[INFO] [stderr]   Downloaded jpeg-decoder v0.2.6
[INFO] [stderr]   Downloaded windows_x86_64_gnu v0.36.1
[INFO] [stderr]   Downloaded windows_i686_gnu v0.36.1
[INFO] [stderr]   Downloaded tiff v0.7.2
[INFO] [stderr]   Downloaded windows-sys v0.36.1
[INFO] running `Command { std: "docker" "create" "-v" "/var/lib/crater-agent-workspace/builds/worker-7-tc1/source:/opt/rustwide/workdir:ro,Z" "-v" "/var/lib/crater-agent-workspace/builds/worker-7-tc1/target:/opt/rustwide/target:rw,Z" "-v" "/var/lib/crater-agent-workspace/cargo-home:/opt/rustwide/cargo-home:ro,Z" "-v" "/var/lib/crater-agent-workspace/rustup-home:/opt/rustwide/rustup-home:ro,Z" "-m" "1610612736" "--network" "none" "ghcr.io/rust-lang/crates-build-env/linux@sha256:77db811e55d90add9212f6832c23229e3de5f1c1f9905e8cb07319ea15df73ac" "sleep" "infinity", kill_on_drop: false }`
[INFO] [stdout] fa2da26926c77eefa2ab9f9a684484fd261b8e4b8288dbb9f65eee02aed840b8
[INFO] running `Command { std: "docker" "start" "fa2da26926c77eefa2ab9f9a684484fd261b8e4b8288dbb9f65eee02aed840b8", kill_on_drop: false }`
[INFO] running `Command { std: "docker" "inspect" "fa2da26926c77eefa2ab9f9a684484fd261b8e4b8288dbb9f65eee02aed840b8", kill_on_drop: false }`
[INFO] running `Command { std: "docker" "exec" "-e" "SOURCE_DIR=/opt/rustwide/workdir" "-e" "CARGO_HOME=/opt/rustwide/cargo-home" "-e" "RUSTUP_HOME=/opt/rustwide/rustup-home" "-e" "CARGO_TARGET_DIR=/opt/rustwide/target" "-w" "/opt/rustwide/workdir" "--user" "0:0" "fa2da26926c77eefa2ab9f9a684484fd261b8e4b8288dbb9f65eee02aed840b8" "/opt/rustwide/cargo-home/bin/cargo" "+1.99.0-beta.8" "metadata" "--no-deps" "--format-version=1", kill_on_drop: false }`
[INFO] running `Command { std: "docker" "inspect" "fa2da26926c77eefa2ab9f9a684484fd261b8e4b8288dbb9f65eee02aed840b8", kill_on_drop: false }`
[INFO] running `Command { std: "docker" "exec" "-e" "SOURCE_DIR=/opt/rustwide/workdir" "-e" "CARGO_HOME=/opt/rustwide/cargo-home" "-e" "RUSTUP_HOME=/opt/rustwide/rustup-home" "-e" "CARGO_TARGET_DIR=/opt/rustwide/target" "-e" "CARGO_INCREMENTAL=0" "-e" "RUST_BACKTRACE=full" "-e" "RUSTFLAGS=--cap-lints=warn" "-e" "RUSTDOCFLAGS=--cap-lints=warn" "-w" "/opt/rustwide/workdir" "--user" "0:0" "fa2da26926c77eefa2ab9f9a684484fd261b8e4b8288dbb9f65eee02aed840b8" "/opt/rustwide/cargo-home/bin/cargo" "+1.99.0-beta.8" "build" "--frozen" "--message-format=json" "--release", kill_on_drop: false }`
[INFO] [stderr]    Compiling autocfg v1.1.0
[INFO] [stderr]    Compiling proc-macro2 v1.0.40
[INFO] [stderr]    Compiling unicode-ident v1.0.1
[INFO] [stderr]    Compiling quote v1.0.20
[INFO] [stderr]    Compiling cfg-if v1.0.0
[INFO] [stderr]    Compiling syn v1.0.98
[INFO] [stderr]    Compiling libc v0.2.126
[INFO] [stderr]    Compiling once_cell v1.12.0
[INFO] [stderr]    Compiling log v0.4.17
[INFO] [stderr]    Compiling memchr v2.5.0
[INFO] [stderr]    Compiling version_check v0.9.4
[INFO] [stderr]    Compiling scopeguard v1.1.0
[INFO] [stderr]    Compiling futures-core v0.3.21
[INFO] [stderr]    Compiling pin-project-lite v0.2.9
[INFO] [stderr]    Compiling futures-sink v0.3.21
[INFO] [stderr]    Compiling serde_derive v1.0.138
[INFO] [stderr]    Compiling bytes v1.1.0
[INFO] [stderr]    Compiling serde v1.0.138
[INFO] [stderr]    Compiling bitflags v1.3.2
[INFO] [stderr]    Compiling futures-channel v0.3.21
[INFO] [stderr]    Compiling smallvec v1.9.0
[INFO] [stderr]    Compiling itoa v1.0.2
[INFO] [stderr]    Compiling futures-task v0.3.21
[INFO] [stderr]    Compiling lock_api v0.4.7
[INFO] [stderr]    Compiling tracing-core v0.1.28
[INFO] [stderr]    Compiling pkg-config v0.3.25
[INFO] [stderr]    Compiling cc v1.0.73
[INFO] [stderr]    Compiling num_cpus v1.13.1
[INFO] [stderr]    Compiling mio v0.8.4
[INFO] [stderr]    Compiling socket2 v0.4.4
[INFO] [stderr]    Compiling signal-hook-registry v1.4.0
[INFO] [stderr]    Compiling futures-util v0.3.21
[INFO] [stderr]    Compiling getrandom v0.2.7
[INFO] [stderr]    Compiling openssl-sys v0.9.74
[INFO] [stderr]    Compiling slab v0.4.6
[INFO] [stderr]    Compiling futures-io v0.3.21
[INFO] [stderr]    Compiling pin-utils v0.1.0
[INFO] [stderr]    Compiling rand_core v0.6.3
[INFO] [stderr]    Compiling unicase v2.6.0
[INFO] [stderr]    Compiling memoffset v0.6.5
[INFO] [stderr]    Compiling ppv-lite86 v0.2.16
[INFO] [stderr]    Compiling matches v0.1.9
[INFO] [stderr]    Compiling tinyvec_macros v0.1.0
[INFO] [stderr]    Compiling tinyvec v1.6.0
[INFO] [stderr]    Compiling siphasher v0.3.10
[INFO] [stderr]    Compiling crossbeam-utils v0.8.10
[INFO] [stderr]    Compiling percent-encoding v2.1.0
[INFO] [stderr]    Compiling num-traits v0.2.15
[INFO] [stderr]    Compiling indexmap v1.9.1
[INFO] [stderr]    Compiling openssl v0.10.40
[INFO] [stderr]    Compiling phf_shared v0.10.0
[INFO] [stderr]    Compiling hashbrown v0.12.1
[INFO] [stderr]    Compiling foreign-types-shared v0.1.1
[INFO] [stderr]    Compiling fnv v1.0.7
[INFO] [stderr]    Compiling unicode-bidi v0.3.8
[INFO] [stderr]    Compiling parking_lot_core v0.9.3
[INFO] [stderr]    Compiling http v0.2.8
[INFO] [stderr]    Compiling foreign-types v0.3.2
[INFO] [stderr]    Compiling rand_chacha v0.3.1
[INFO] [stderr]    Compiling form_urlencoded v1.0.1
[INFO] [stderr]    Compiling rand v0.8.5
[INFO] [stderr]    Compiling crossbeam-epoch v0.9.9
[INFO] [stderr]    Compiling num-integer v0.1.45
[INFO] [stderr]    Compiling httparse v1.7.1
[INFO] [stderr]    Compiling native-tls v0.2.10
[INFO] [stderr]    Compiling unicode-normalization v0.1.21
[INFO] [stderr]    Compiling phf_generator v0.10.0
[INFO] [stderr]    Compiling cookie v0.16.0
[INFO] [stderr]    Compiling byteorder v1.4.3
[INFO] [stderr]    Compiling ryu v1.0.10
[INFO] [stderr]    Compiling idna v0.2.3
[INFO] [stderr]    Compiling num_threads v0.1.6
[INFO] [stderr]    Compiling openssl-probe v0.1.5
[INFO] [stderr]    Compiling time-macros v0.2.4
[INFO] [stderr]    Compiling serde_json v1.0.82
[INFO] [stderr]    Compiling try-lock v0.2.3
[INFO] [stderr]    Compiling new_debug_unreachable v1.0.4
[INFO] [stderr]    Compiling lazy_static v1.4.0
[INFO] [stderr]    Compiling rayon-core v1.9.3
[INFO] [stderr]    Compiling want v0.3.0
[INFO] [stderr]    Compiling string_cache_codegen v0.5.2
[INFO] [stderr]    Compiling phf_codegen v0.10.0
[INFO] [stderr]    Compiling http-body v0.4.5
[INFO] [stderr]    Compiling mime_guess v2.0.4
[INFO] [stderr]    Compiling proc-macro-hack v0.5.19
[INFO] [stderr]    Compiling tower-service v0.3.2
[INFO] [stderr]    Compiling strsim v0.10.0
[INFO] [stderr]    Compiling mac v0.1.1
[INFO] [stderr]    Compiling encoding_rs v0.8.31
[INFO] [stderr]    Compiling time v0.3.11
[INFO] [stderr]    Compiling ident_case v1.0.1
[INFO] [stderr]    Compiling psl-types v2.0.10
[INFO] [stderr]    Compiling httpdate v1.0.2
[INFO] [stderr]    Compiling crc32fast v1.3.2
[INFO] [stderr]    Compiling hashbrown v0.11.2
[INFO] [stderr]    Compiling either v1.7.0
[INFO] [stderr]    Compiling crossbeam-deque v0.8.1
[INFO] [stderr]    Compiling futf v0.1.5
[INFO] [stderr]    Compiling markup5ever v0.11.0
[INFO] [stderr]    Compiling parking_lot v0.12.1
[INFO] [stderr]    Compiling crossbeam-channel v0.5.5
[INFO] [stderr]    Compiling proc-macro-error-attr v1.0.4
[INFO] [stderr]    Compiling erasable v1.2.1
[INFO] [stderr]    Compiling rayon v1.5.3
[INFO] [stderr]    Compiling adler32 v1.2.0
[INFO] [stderr]    Compiling publicsuffix v2.1.1
[INFO] [stderr]    Compiling utf-8 v0.7.6
[INFO] [stderr]    Compiling precomputed-hash v0.1.1
[INFO] [stderr]    Compiling adler v1.0.2
[INFO] [stderr]    Compiling mime v0.3.16
[INFO] [stderr]    Compiling io-lifetimes v0.7.2
[INFO] [stderr]    Compiling miniz_oxide v0.5.3
[INFO] [stderr]    Compiling tendril v0.4.3
[INFO] [stderr]    Compiling darling_core v0.13.4
[INFO] [stderr]    Compiling phf v0.10.1
[INFO] [stderr]    Compiling proc-macro-error v1.0.4
[INFO] [stderr]    Compiling rustix v0.35.6
[INFO] [stderr]    Compiling base64 v0.13.0
[INFO] [stderr]    Compiling ipnet v2.5.0
[INFO] [stderr]    Compiling tokio-macros v1.8.0
[INFO] [stderr]    Compiling futures-macro v0.3.21
[INFO] [stderr]    Compiling tokio v1.19.2
[INFO] [stderr]    Compiling tracing-attributes v0.1.22
[INFO] [stderr]    Compiling openssl-macros v0.1.0
[INFO] [stderr]    Compiling pin-project-internal v1.0.12
[INFO] [stderr]    Compiling darling_macro v0.13.4
[INFO] [stderr]    Compiling darling v0.13.4
[INFO] [stderr]    Compiling html5ever v0.26.0
[INFO] [stderr]    Compiling tracing v0.1.35
[INFO] [stderr]    Compiling thiserror-impl v1.0.31
[INFO] [stderr]    Compiling pin-project v1.0.12
[INFO] [stderr]    Compiling deflate v1.0.0
[INFO] [stderr]    Compiling nanorand v0.7.0
[INFO] [stderr]    Compiling spin v0.9.3
[INFO] [stderr]    Compiling num-rational v0.4.1
[INFO] [stderr]    Compiling num-iter v0.1.43
[INFO] [stderr]    Compiling weezl v0.1.6
[INFO] [stderr]    Compiling futures-executor v0.3.21
[INFO] [stderr]    Compiling futures v0.3.21
[INFO] [stderr]    Compiling convert_case v0.4.0
[INFO] [stderr]    Compiling linux-raw-sys v0.0.46
[INFO] [stderr]    Compiling async-trait v0.1.56
[INFO] [stderr]    Compiling derive_more v0.99.17
[INFO] [stderr]    Compiling itertools v0.9.0
[INFO] [stderr]    Compiling jpeg-decoder v0.2.6
[INFO] [stderr]    Compiling tokio-util v0.7.3
[INFO] [stderr]    Compiling tokio-native-tls v0.3.0
[INFO] [stderr]    Compiling h2 v0.3.13
[INFO] [stderr]    Compiling flume v0.10.13
[INFO] [stderr]    Compiling rc-box v1.2.0
[INFO] [stderr]    Compiling url v2.2.2
[INFO] [stderr]    Compiling string_cache v0.8.4
[INFO] [stderr]    Compiling serde_urlencoded v0.7.1
[INFO] [stderr]    Compiling thiserror v1.0.31
[INFO] [stderr]    Compiling serde_with_macros v1.5.2
[INFO] [stderr]    Compiling cookie_store v0.16.1
[INFO] [stderr]    Compiling flate2 v1.0.24
[INFO] [stderr]    Compiling inflate v0.4.5
[INFO] [stderr]    Compiling chrono v0.4.19
[INFO] [stderr]    Compiling uuid v1.3.0
[INFO] [stderr]    Compiling hyper v0.14.19
[INFO] [stderr]    Compiling threadpool v1.8.1
[INFO] [stderr]    Compiling dirs-sys-next v0.1.2
[INFO] [stderr]    Compiling aho-corasick v0.7.18
[INFO] [stderr]    Compiling nibble_vec v0.1.0
[INFO] [stderr]    Compiling lebe v0.5.1
[INFO] [stderr]    Compiling anyhow v1.0.58
[INFO] [stderr]    Compiling never v0.1.0
[INFO] [stderr]    Compiling takecell v0.1.1
[INFO] [stderr]    Compiling heck v0.4.0
[INFO] [stderr]    Compiling regex-syntax v0.6.26
[INFO] [stderr]    Compiling bit_field v0.10.1
[INFO] [stderr]    Compiling color_quant v1.1.0
[INFO] [stderr]    Compiling sha1_smol v1.0.0
[INFO] [stderr]    Compiling unicode-width v0.1.9
[INFO] [stderr]    Compiling endian-type v0.1.2
[INFO] [stderr]    Compiling half v1.8.2
[INFO] [stderr]    Compiling take_mut v0.2.2
[INFO] [stderr]    Compiling bit-vec v0.6.3
[INFO] [stderr]    Compiling radix_trie v0.2.1
[INFO] [stderr]    Compiling bit-set v0.5.2
[INFO] [stderr]    Compiling exr v1.4.2
[INFO] [stderr]    Compiling sha1 v0.6.1
[INFO] [stderr]    Compiling gif v0.11.4
[INFO] [stderr]    Compiling teloxide-macros v0.7.1
[INFO] [stderr]    Compiling regex v1.5.6
[INFO] [stderr]    Compiling dirs-next v2.0.0
[INFO] [stderr]    Compiling tiff v0.7.2
[INFO] [stderr]    Compiling aquamarine v0.1.11
[INFO] [stderr]    Compiling hyper-tls v0.5.0
[INFO] [stderr]    Compiling reqwest v0.11.11
[INFO] [stderr]    Compiling xml5ever v0.17.0
[INFO] [stderr]    Compiling fd-lock v3.0.6
[INFO] [stderr]    Compiling combine v4.6.4
[INFO] [stderr]    Compiling teloxide-core v0.9.0
[INFO] [stderr]    Compiling tokio-stream v0.1.9
[INFO] [stderr]    Compiling tokio-util v0.6.10
[INFO] [stderr]    Compiling dptree v0.3.0
[INFO] [stderr]    Compiling png v0.17.5
[INFO] [stderr]    Compiling tracing-log v0.1.3
[INFO] [stderr]    Compiling sharded-slab v0.1.4
[INFO] [stderr]    Compiling nix v0.23.1
[INFO] [stderr]    Compiling nix v0.24.1
[INFO] [stderr]    Compiling thread_local v1.1.4
[INFO] [stderr]    Compiling utf8parse v0.2.0
[INFO] [stderr]    Compiling dtoa v0.4.8
[INFO] [stderr]    Compiling ansi_term v0.12.1
[INFO] [stderr]    Compiling unicode-segmentation v1.9.0
[INFO] [stderr]    Compiling itoa v0.4.8
[INFO] [stderr]    Compiling scoped_threadpool v0.1.9
[INFO] [stderr]    Compiling bytemuck v1.9.1
[INFO] [stderr]    Compiling tracing-subscriber v0.3.14
[INFO] [stderr]    Compiling image v0.24.2
[INFO] [stderr]    Compiling redis v0.21.5
[INFO] [stderr]    Compiling rustyline v9.1.2
[INFO] [stderr]    Compiling ctrlc v3.2.2
[INFO] [stderr]    Compiling reqwest_cookie_store v0.3.0
[INFO] [stderr]    Compiling html2text v0.4.2
[INFO] [stderr]    Compiling fancy-regex v0.10.0
[INFO] [stderr]    Compiling dashmap v5.3.4
[INFO] [stderr]    Compiling dotenv v0.15.0
[INFO] [stderr]    Compiling teloxide v0.12.0
[INFO] [stderr]    Compiling ailurus-spy v0.2.3-alpha.0 (/opt/rustwide/workdir)
[INFO] [stdout] warning: use of deprecated struct `teloxide::prelude::AutoSend`: `AutoSend` is no longer required to `.await` requests and is now noop
[INFO] [stdout]   --> src/main.rs:37:21
[INFO] [stdout]    |
[INFO] [stdout] 37 |     bot: Option<&'a AutoSend<Bot>>,
[INFO] [stdout]    |                     ^^^^^^^^
[INFO] [stdout]    |
[INFO] [stdout]    = note: `#[warn(deprecated)]` on by default
[INFO] [stdout] 
[INFO] [stdout] 
[INFO] [stdout] warning: use of deprecated struct `teloxide::prelude::AutoSend`: `AutoSend` is no longer required to `.await` requests and is now noop
[INFO] [stdout]    --> src/main.rs:148:28
[INFO] [stdout]     |
[INFO] [stdout] 148 | fn init_tgbot() -> (Option<AutoSend<Bot>>, Option<String>) {
[INFO] [stdout]     |                            ^^^^^^^^
[INFO] [stdout] 
[INFO] [stdout] 
[INFO] [stdout] warning: use of deprecated struct `teloxide::prelude::AutoSend`: `AutoSend` is no longer required to `.await` requests and is now noop
[INFO] [stdout]  --> src/checker.rs:4:26
[INFO] [stdout]   |
[INFO] [stdout] 4 | use teloxide::{adaptors::AutoSend, Bot};
[INFO] [stdout]   |                          ^^^^^^^^
[INFO] [stdout] 
[INFO] [stdout] 
[INFO] [stdout] warning: use of deprecated struct `teloxide::prelude::AutoSend`: `AutoSend` is no longer required to `.await` requests and is now noop
[INFO] [stdout]   --> src/checker.rs:18:18
[INFO] [stdout]    |
[INFO] [stdout] 18 |     bot: Option<&AutoSend<Bot>>,
[INFO] [stdout]    |                  ^^^^^^^^
[INFO] [stdout] 
[INFO] [stdout] 
[INFO] [stdout] warning: use of deprecated struct `teloxide::prelude::AutoSend`: `AutoSend` is no longer required to `.await` requests and is now noop
[INFO] [stdout]   --> src/checker.rs:99:18
[INFO] [stdout]    |
[INFO] [stdout] 99 |     bot: Option<&AutoSend<Bot>>,
[INFO] [stdout]    |                  ^^^^^^^^
[INFO] [stdout] 
[INFO] [stdout] 
[INFO] [stdout] warning: use of deprecated struct `teloxide::prelude::AutoSend`: `AutoSend` is no longer required to `.await` requests and is now noop
[INFO] [stdout]    --> src/checker.rs:141:18
[INFO] [stdout]     |
[INFO] [stdout] 141 |     bot: Option<&AutoSend<Bot>>,
[INFO] [stdout]     |                  ^^^^^^^^
[INFO] [stdout] 
[INFO] [stdout] 
[INFO] [stdout] warning: use of deprecated struct `teloxide::prelude::AutoSend`: `AutoSend` is no longer required to `.await` requests and is now noop
[INFO] [stdout]    --> src/checker.rs:234:18
[INFO] [stdout]     |
[INFO] [stdout] 234 |     bot: Option<&AutoSend<Bot>>,
[INFO] [stdout]     |                  ^^^^^^^^
[INFO] [stdout] 
[INFO] [stdout] 
[INFO] [stdout] warning: use of deprecated struct `teloxide::prelude::AutoSend`: `AutoSend` is no longer required to `.await` requests and is now noop
[INFO] [stdout]  --> src/sender.rs:7:15
[INFO] [stdout]   |
[INFO] [stdout] 7 |     adaptors::AutoSend,
[INFO] [stdout]   |               ^^^^^^^^
[INFO] [stdout] 
[INFO] [stdout] 
[INFO] [stdout] warning: use of deprecated struct `teloxide::prelude::AutoSend`: `AutoSend` is no longer required to `.await` requests and is now noop
[INFO] [stdout]   --> src/sender.rs:59:11
[INFO] [stdout]    |
[INFO] [stdout] 59 |     bot: &AutoSend<Bot>,
[INFO] [stdout]    |           ^^^^^^^^
[INFO] [stdout] 
[INFO] [stdout] 
[INFO] [stdout] warning: use of deprecated struct `teloxide::prelude::AutoSend`: `AutoSend` is no longer required to `.await` requests and is now noop
[INFO] [stdout]   --> src/sender.rs:68:15
[INFO] [stdout]    |
[INFO] [stdout] 68 |         bot: &AutoSend<Bot>,
[INFO] [stdout]    |               ^^^^^^^^
[INFO] [stdout] 
[INFO] [stdout] 
[INFO] [stdout] warning: use of deprecated struct `teloxide::prelude::AutoSend`: `AutoSend` is no longer required to `.await` requests and is now noop
[INFO] [stdout]   --> src/sender.rs:80:15
[INFO] [stdout]    |
[INFO] [stdout] 80 |         bot: &AutoSend<Bot>,
[INFO] [stdout]    |               ^^^^^^^^
[INFO] [stdout] 
[INFO] [stdout] 
[INFO] [stdout] warning: this function depends on never type fallback being `()`
[INFO] [stdout]   --> src/checker.rs:14:1
[INFO] [stdout]    |
[INFO] [stdout] 14 | / pub async fn check_dynamic_update(
[INFO] [stdout] 15 | |     con: &MultiplexedConnection,
[INFO] [stdout] 16 | |     uid: u64,
[INFO] [stdout] 17 | |     client: &Client,
[INFO] [stdout] 18 | |     bot: Option<&AutoSend<Bot>>,
[INFO] [stdout] 19 | |     telegram_chat_id: Option<i64>,
[INFO] [stdout] 20 | | ) -> Result<()> {
[INFO] [stdout]    | |_______________^
[INFO] [stdout]    |
[INFO] [stdout]    = help: specify the types explicitly
[INFO] [stdout] note: in edition 2024, the requirement `!: FromRedisValue` will fail
[INFO] [stdout]   --> src/checker.rs:29:13
[INFO] [stdout]    |
[INFO] [stdout] 29 |         con.set(
[INFO] [stdout]    |             ^^^
[INFO] [stdout]    = warning: this was previously accepted by the compiler but is being phased out; it will become a hard error in Rust 2024 and in a future release in all editions!
[INFO] [stdout]    = note: for more information, see <https://doc.rust-lang.org/edition-guide/rust-2024/never-type-fallback.html>
[INFO] [stdout]    = note: `#[warn(dependency_on_unit_never_type_fallback)]` (part of `#[warn(rust_2024_compatibility)]`) on by default
[INFO] [stdout] help: use `()` annotations to avoid fallback changes
[INFO] [stdout]    |
[INFO] [stdout] 29 ~         con.set::<_, _, ()>(
[INFO] [stdout] 30 |             &key,
[INFO] [stdout] ...
[INFO] [stdout] 79 |                 });
[INFO] [stdout] 80 ~                 con.set::<_, _, ()>(&key2, i.dynamic_id).await?;
[INFO] [stdout] 81 |             }
[INFO] [stdout] ...
[INFO] [stdout] 85 |             info!("Update {} timestamp", key);
[INFO] [stdout] 86 ~             con.set::<_, _, ()>(&key, dynamic[0].timestamp).await?;
[INFO] [stdout]    |
[INFO] [stdout] 
[INFO] [stdout] 
[INFO] [stdout] warning: this function depends on never type fallback being `()`
[INFO] [stdout]    --> src/checker.rs:95:1
[INFO] [stdout]     |
[INFO] [stdout]  95 | / pub async fn check_live_status(
[INFO] [stdout]  96 | |     con: &MultiplexedConnection,
[INFO] [stdout]  97 | |     room_id: u64,
[INFO] [stdout]  98 | |     client: &Client,
[INFO] [stdout]  99 | |     bot: Option<&AutoSend<Bot>>,
[INFO] [stdout] 100 | |     telegram_chat_id: Option<i64>,
[INFO] [stdout] 101 | | ) -> Result<()> {
[INFO] [stdout]     | |_______________^
[INFO] [stdout]     |
[INFO] [stdout]     = help: specify the types explicitly
[INFO] [stdout] note: in edition 2024, the requirement `!: FromRedisValue` will fail
[INFO] [stdout]    --> src/checker.rs:110:13
[INFO] [stdout]     |
[INFO] [stdout] 110 |         con.set(&key, ls == 1).await?;
[INFO] [stdout]     |             ^^^
[INFO] [stdout]     = warning: this was previously accepted by the compiler but is being phased out; it will become a hard error in Rust 2024 and in a future release in all editions!
[INFO] [stdout]     = note: for more information, see <https://doc.rust-lang.org/edition-guide/rust-2024/never-type-fallback.html>
[INFO] [stdout] help: use `()` annotations to avoid fallback changes
[INFO] [stdout]     |
[INFO] [stdout] 110 ~         con.set::<_, _, ()>(&key, ls == 1).await?;
[INFO] [stdout] 111 |     } else {
[INFO] [stdout] ...
[INFO] [stdout] 127 |             check_and_send(bot, telegram_chat_id, telegram_sends, client).await?;
[INFO] [stdout] 128 ~             con.set::<_, _, ()>(key, true).await?;
[INFO] [stdout] 129 |         } else if db_live_status && ls == 1 {
[INFO] [stdout] 130 ~             con.set::<_, _, ()>(key, true).await?;
[INFO] [stdout] 131 |         } else if ls != 1 {
[INFO] [stdout] 132 ~             con.set::<_, _, ()>(key, false).await?;
[INFO] [stdout]     |
[INFO] [stdout] 
[INFO] [stdout] 
[INFO] [stdout] warning: this function depends on never type fallback being `()`
[INFO] [stdout]    --> src/checker.rs:139:1
[INFO] [stdout]     |
[INFO] [stdout] 139 | / pub async fn check_weibo(
[INFO] [stdout] 140 | |     con: &MultiplexedConnection,
[INFO] [stdout] 141 | |     bot: Option<&AutoSend<Bot>>,
[INFO] [stdout] 142 | |     weibo: &WeiboClient,
[INFO] [stdout] ...   |
[INFO] [stdout] 145 | |     telegram_chat_id: Option<i64>,
[INFO] [stdout] 146 | | ) -> Result<()> {
[INFO] [stdout]     | |_______________^
[INFO] [stdout]     |
[INFO] [stdout]     = help: specify the types explicitly
[INFO] [stdout] note: in edition 2024, the requirement `!: FromRedisValue` will fail
[INFO] [stdout]    --> src/checker.rs:161:9
[INFO] [stdout]     |
[INFO] [stdout] 161 |     con.set(&key_container_id, container_id).await?;
[INFO] [stdout]     |         ^^^
[INFO] [stdout]     = warning: this was previously accepted by the compiler but is being phased out; it will become a hard error in Rust 2024 and in a future release in all editions!
[INFO] [stdout]     = note: for more information, see <https://doc.rust-lang.org/edition-guide/rust-2024/never-type-fallback.html>
[INFO] [stdout] help: use `()` annotations to avoid fallback changes
[INFO] [stdout]     |
[INFO] [stdout] 161 ~     con.set::<_, _, ()>(&key_container_id, container_id).await?;
[INFO] [stdout] 162 |
[INFO] [stdout] ...
[INFO] [stdout] 178 |     if v.is_err() {
[INFO] [stdout] 179 ~         con.set::<_, _, ()>(&key, first_mblog.created_at.clone()).await?;
[INFO] [stdout] 180 |     }
[INFO] [stdout] ...
[INFO] [stdout] 187 |         if old_created_at_index.is_none() {
[INFO] [stdout] 188 ~             con.set::<_, _, ()>(&key, first_mblog.created_at.clone()).await?;
[INFO] [stdout] 189 |         }
[INFO] [stdout] ...
[INFO] [stdout] 226 |         check_and_send(bot, telegram_chat_id, telegram_sends, client).await?;
[INFO] [stdout] 227 ~         con.set::<_, _, ()>(&key, first_mblog.created_at.clone()).await?;
[INFO] [stdout]     |
[INFO] [stdout] 
[INFO] [stdout] 
[INFO] [stdout] warning: use of deprecated method `teloxide::prelude::RequesterExt::auto_send`: `AutoSend` is no longer required to `.await` requests and is now noop
[INFO] [stdout]    --> src/main.rs:151:35
[INFO] [stdout]     |
[INFO] [stdout] 151 |             (Some(Bot::from_env().auto_send()), Some(v))
[INFO] [stdout]     |                                   ^^^^^^^^^
[INFO] [stdout] 
[INFO] [stdout] 
[INFO] [stdout] warning: field `uid` is never read
[INFO] [stdout]   --> src/dynamic.rs:76:9
[INFO] [stdout]    |
[INFO] [stdout] 74 | pub struct BiliDynamicResult {
[INFO] [stdout]    |            ----------------- field in this struct
[INFO] [stdout] 75 |     pub user: Option<String>,
[INFO] [stdout] 76 |     pub uid: Option<u64>,
[INFO] [stdout]    |         ^^^
[INFO] [stdout]    |
[INFO] [stdout]    = note: `BiliDynamicResult` has derived impls for the traits `Clone` and `Debug`, but these are intentionally ignored during dead code analysis
[INFO] [stdout]    = note: `#[warn(dead_code)]` (part of `#[warn(unused)]`) on by default
[INFO] [stdout] 
[INFO] [stdout] 
[INFO] [stdout] warning: field `uid` is never read
[INFO] [stdout]   --> src/live.rs:49:9
[INFO] [stdout]    |
[INFO] [stdout] 47 | pub struct LiveStatusResult {
[INFO] [stdout]    |            ---------------- field in this struct
[INFO] [stdout] 48 |     pub room_id: u64,
[INFO] [stdout] 49 |     pub uid: u64,
[INFO] [stdout]    |         ^^^
[INFO] [stdout]    |
[INFO] [stdout]    = note: `LiveStatusResult` has a derived impl for the trait `Debug`, but this is intentionally ignored during dead code analysis
[INFO] [stdout] 
[INFO] [stdout] 
[INFO] [stderr]     Finished `release` profile [optimized] target(s) in 6m 30s
[INFO] [stderr] warning: the following packages contain code that will be rejected by a future version of Rust: ailurus-spy v0.2.3-alpha.0 (/opt/rustwide/workdir), openssl v0.10.40, redis v0.21.5
[INFO] [stderr] note: to see what the problems were, use the option `--future-incompat-report`, or run `cargo report future-incompatibilities --id 3`
[INFO] running `Command { std: "docker" "inspect" "fa2da26926c77eefa2ab9f9a684484fd261b8e4b8288dbb9f65eee02aed840b8", kill_on_drop: false }`
[INFO] running `Command { std: "docker" "exec" "-e" "SOURCE_DIR=/opt/rustwide/workdir" "-e" "CARGO_HOME=/opt/rustwide/cargo-home" "-e" "RUSTUP_HOME=/opt/rustwide/rustup-home" "-e" "CARGO_TARGET_DIR=/opt/rustwide/target" "-e" "CARGO_INCREMENTAL=0" "-e" "RUST_BACKTRACE=full" "-e" "RUSTFLAGS=--cap-lints=warn" "-e" "RUSTDOCFLAGS=--cap-lints=warn" "-w" "/opt/rustwide/workdir" "--user" "0:0" "fa2da26926c77eefa2ab9f9a684484fd261b8e4b8288dbb9f65eee02aed840b8" "/opt/rustwide/cargo-home/bin/cargo" "+1.99.0-beta.8" "test" "--frozen" "--no-run" "--message-format=json" "--release", kill_on_drop: false }`
[INFO] [stderr]    Compiling ailurus-spy v0.2.3-alpha.0 (/opt/rustwide/workdir)
[INFO] [stdout] warning: use of deprecated struct `teloxide::prelude::AutoSend`: `AutoSend` is no longer required to `.await` requests and is now noop
[INFO] [stdout]   --> src/main.rs:37:21
[INFO] [stdout]    |
[INFO] [stdout] 37 |     bot: Option<&'a AutoSend<Bot>>,
[INFO] [stdout]    |                     ^^^^^^^^
[INFO] [stdout]    |
[INFO] [stdout]    = note: `#[warn(deprecated)]` on by default
[INFO] [stdout] 
[INFO] [stdout] 
[INFO] [stdout] warning: use of deprecated struct `teloxide::prelude::AutoSend`: `AutoSend` is no longer required to `.await` requests and is now noop
[INFO] [stdout]    --> src/main.rs:148:28
[INFO] [stdout]     |
[INFO] [stdout] 148 | fn init_tgbot() -> (Option<AutoSend<Bot>>, Option<String>) {
[INFO] [stdout]     |                            ^^^^^^^^
[INFO] [stdout] 
[INFO] [stdout] 
[INFO] [stdout] warning: use of deprecated struct `teloxide::prelude::AutoSend`: `AutoSend` is no longer required to `.await` requests and is now noop
[INFO] [stdout]  --> src/checker.rs:4:26
[INFO] [stdout]   |
[INFO] [stdout] 4 | use teloxide::{adaptors::AutoSend, Bot};
[INFO] [stdout]   |                          ^^^^^^^^
[INFO] [stdout] 
[INFO] [stdout] 
[INFO] [stdout] warning: use of deprecated struct `teloxide::prelude::AutoSend`: `AutoSend` is no longer required to `.await` requests and is now noop
[INFO] [stdout]   --> src/checker.rs:18:18
[INFO] [stdout]    |
[INFO] [stdout] 18 |     bot: Option<&AutoSend<Bot>>,
[INFO] [stdout]    |                  ^^^^^^^^
[INFO] [stdout] 
[INFO] [stdout] 
[INFO] [stdout] warning: use of deprecated struct `teloxide::prelude::AutoSend`: `AutoSend` is no longer required to `.await` requests and is now noop
[INFO] [stdout]   --> src/checker.rs:99:18
[INFO] [stdout]    |
[INFO] [stdout] 99 |     bot: Option<&AutoSend<Bot>>,
[INFO] [stdout]    |                  ^^^^^^^^
[INFO] [stdout] 
[INFO] [stdout] 
[INFO] [stdout] warning: use of deprecated struct `teloxide::prelude::AutoSend`: `AutoSend` is no longer required to `.await` requests and is now noop
[INFO] [stdout]    --> src/checker.rs:141:18
[INFO] [stdout]     |
[INFO] [stdout] 141 |     bot: Option<&AutoSend<Bot>>,
[INFO] [stdout]     |                  ^^^^^^^^
[INFO] [stdout] 
[INFO] [stdout] 
[INFO] [stdout] warning: use of deprecated struct `teloxide::prelude::AutoSend`: `AutoSend` is no longer required to `.await` requests and is now noop
[INFO] [stdout]    --> src/checker.rs:234:18
[INFO] [stdout]     |
[INFO] [stdout] 234 |     bot: Option<&AutoSend<Bot>>,
[INFO] [stdout]     |                  ^^^^^^^^
[INFO] [stdout] 
[INFO] [stdout] 
[INFO] [stdout] warning: use of deprecated struct `teloxide::prelude::AutoSend`: `AutoSend` is no longer required to `.await` requests and is now noop
[INFO] [stdout]  --> src/sender.rs:7:15
[INFO] [stdout]   |
[INFO] [stdout] 7 |     adaptors::AutoSend,
[INFO] [stdout]   |               ^^^^^^^^
[INFO] [stdout] 
[INFO] [stdout] 
[INFO] [stdout] warning: use of deprecated struct `teloxide::prelude::AutoSend`: `AutoSend` is no longer required to `.await` requests and is now noop
[INFO] [stdout]   --> src/sender.rs:59:11
[INFO] [stdout]    |
[INFO] [stdout] 59 |     bot: &AutoSend<Bot>,
[INFO] [stdout]    |           ^^^^^^^^
[INFO] [stdout] 
[INFO] [stdout] 
[INFO] [stdout] warning: use of deprecated struct `teloxide::prelude::AutoSend`: `AutoSend` is no longer required to `.await` requests and is now noop
[INFO] [stdout]   --> src/sender.rs:68:15
[INFO] [stdout]    |
[INFO] [stdout] 68 |         bot: &AutoSend<Bot>,
[INFO] [stdout]    |               ^^^^^^^^
[INFO] [stdout] 
[INFO] [stdout] 
[INFO] [stdout] warning: use of deprecated struct `teloxide::prelude::AutoSend`: `AutoSend` is no longer required to `.await` requests and is now noop
[INFO] [stdout]   --> src/sender.rs:80:15
[INFO] [stdout]    |
[INFO] [stdout] 80 |         bot: &AutoSend<Bot>,
[INFO] [stdout]    |               ^^^^^^^^
[INFO] [stdout] 
[INFO] [stdout] 
[INFO] [stdout] warning: this function depends on never type fallback being `()`
[INFO] [stdout]   --> src/checker.rs:14:1
[INFO] [stdout]    |
[INFO] [stdout] 14 | / pub async fn check_dynamic_update(
[INFO] [stdout] 15 | |     con: &MultiplexedConnection,
[INFO] [stdout] 16 | |     uid: u64,
[INFO] [stdout] 17 | |     client: &Client,
[INFO] [stdout] 18 | |     bot: Option<&AutoSend<Bot>>,
[INFO] [stdout] 19 | |     telegram_chat_id: Option<i64>,
[INFO] [stdout] 20 | | ) -> Result<()> {
[INFO] [stdout]    | |_______________^
[INFO] [stdout]    |
[INFO] [stdout]    = help: specify the types explicitly
[INFO] [stdout] note: in edition 2024, the requirement `!: FromRedisValue` will fail
[INFO] [stdout]   --> src/checker.rs:29:13
[INFO] [stdout]    |
[INFO] [stdout] 29 |         con.set(
[INFO] [stdout]    |             ^^^
[INFO] [stdout]    = warning: this was previously accepted by the compiler but is being phased out; it will become a hard error in Rust 2024 and in a future release in all editions!
[INFO] [stdout]    = note: for more information, see <https://doc.rust-lang.org/edition-guide/rust-2024/never-type-fallback.html>
[INFO] [stdout]    = note: `#[warn(dependency_on_unit_never_type_fallback)]` (part of `#[warn(rust_2024_compatibility)]`) on by default
[INFO] [stdout] help: use `()` annotations to avoid fallback changes
[INFO] [stdout]    |
[INFO] [stdout] 29 ~         con.set::<_, _, ()>(
[INFO] [stdout] 30 |             &key,
[INFO] [stdout] ...
[INFO] [stdout] 79 |                 });
[INFO] [stdout] 80 ~                 con.set::<_, _, ()>(&key2, i.dynamic_id).await?;
[INFO] [stdout] 81 |             }
[INFO] [stdout] ...
[INFO] [stdout] 85 |             info!("Update {} timestamp", key);
[INFO] [stdout] 86 ~             con.set::<_, _, ()>(&key, dynamic[0].timestamp).await?;
[INFO] [stdout]    |
[INFO] [stdout] 
[INFO] [stdout] 
[INFO] [stdout] warning: this function depends on never type fallback being `()`
[INFO] [stdout]    --> src/checker.rs:95:1
[INFO] [stdout]     |
[INFO] [stdout]  95 | / pub async fn check_live_status(
[INFO] [stdout]  96 | |     con: &MultiplexedConnection,
[INFO] [stdout]  97 | |     room_id: u64,
[INFO] [stdout]  98 | |     client: &Client,
[INFO] [stdout]  99 | |     bot: Option<&AutoSend<Bot>>,
[INFO] [stdout] 100 | |     telegram_chat_id: Option<i64>,
[INFO] [stdout] 101 | | ) -> Result<()> {
[INFO] [stdout]     | |_______________^
[INFO] [stdout]     |
[INFO] [stdout]     = help: specify the types explicitly
[INFO] [stdout] note: in edition 2024, the requirement `!: FromRedisValue` will fail
[INFO] [stdout]    --> src/checker.rs:110:13
[INFO] [stdout]     |
[INFO] [stdout] 110 |         con.set(&key, ls == 1).await?;
[INFO] [stdout]     |             ^^^
[INFO] [stdout]     = warning: this was previously accepted by the compiler but is being phased out; it will become a hard error in Rust 2024 and in a future release in all editions!
[INFO] [stdout]     = note: for more information, see <https://doc.rust-lang.org/edition-guide/rust-2024/never-type-fallback.html>
[INFO] [stdout] help: use `()` annotations to avoid fallback changes
[INFO] [stdout]     |
[INFO] [stdout] 110 ~         con.set::<_, _, ()>(&key, ls == 1).await?;
[INFO] [stdout] 111 |     } else {
[INFO] [stdout] ...
[INFO] [stdout] 127 |             check_and_send(bot, telegram_chat_id, telegram_sends, client).await?;
[INFO] [stdout] 128 ~             con.set::<_, _, ()>(key, true).await?;
[INFO] [stdout] 129 |         } else if db_live_status && ls == 1 {
[INFO] [stdout] 130 ~             con.set::<_, _, ()>(key, true).await?;
[INFO] [stdout] 131 |         } else if ls != 1 {
[INFO] [stdout] 132 ~             con.set::<_, _, ()>(key, false).await?;
[INFO] [stdout]     |
[INFO] [stdout] 
[INFO] [stdout] 
[INFO] [stdout] warning: this function depends on never type fallback being `()`
[INFO] [stdout]    --> src/checker.rs:139:1
[INFO] [stdout]     |
[INFO] [stdout] 139 | / pub async fn check_weibo(
[INFO] [stdout] 140 | |     con: &MultiplexedConnection,
[INFO] [stdout] 141 | |     bot: Option<&AutoSend<Bot>>,
[INFO] [stdout] 142 | |     weibo: &WeiboClient,
[INFO] [stdout] ...   |
[INFO] [stdout] 145 | |     telegram_chat_id: Option<i64>,
[INFO] [stdout] 146 | | ) -> Result<()> {
[INFO] [stdout]     | |_______________^
[INFO] [stdout]     |
[INFO] [stdout]     = help: specify the types explicitly
[INFO] [stdout] note: in edition 2024, the requirement `!: FromRedisValue` will fail
[INFO] [stdout]    --> src/checker.rs:161:9
[INFO] [stdout]     |
[INFO] [stdout] 161 |     con.set(&key_container_id, container_id).await?;
[INFO] [stdout]     |         ^^^
[INFO] [stdout]     = warning: this was previously accepted by the compiler but is being phased out; it will become a hard error in Rust 2024 and in a future release in all editions!
[INFO] [stdout]     = note: for more information, see <https://doc.rust-lang.org/edition-guide/rust-2024/never-type-fallback.html>
[INFO] [stdout] help: use `()` annotations to avoid fallback changes
[INFO] [stdout]     |
[INFO] [stdout] 161 ~     con.set::<_, _, ()>(&key_container_id, container_id).await?;
[INFO] [stdout] 162 |
[INFO] [stdout] ...
[INFO] [stdout] 178 |     if v.is_err() {
[INFO] [stdout] 179 ~         con.set::<_, _, ()>(&key, first_mblog.created_at.clone()).await?;
[INFO] [stdout] 180 |     }
[INFO] [stdout] ...
[INFO] [stdout] 187 |         if old_created_at_index.is_none() {
[INFO] [stdout] 188 ~             con.set::<_, _, ()>(&key, first_mblog.created_at.clone()).await?;
[INFO] [stdout] 189 |         }
[INFO] [stdout] ...
[INFO] [stdout] 226 |         check_and_send(bot, telegram_chat_id, telegram_sends, client).await?;
[INFO] [stdout] 227 ~         con.set::<_, _, ()>(&key, first_mblog.created_at.clone()).await?;
[INFO] [stdout]     |
[INFO] [stdout] 
[INFO] [stdout] 
[INFO] [stdout] warning: use of deprecated method `teloxide::prelude::RequesterExt::auto_send`: `AutoSend` is no longer required to `.await` requests and is now noop
[INFO] [stdout]    --> src/main.rs:151:35
[INFO] [stdout]     |
[INFO] [stdout] 151 |             (Some(Bot::from_env().auto_send()), Some(v))
[INFO] [stdout]     |                                   ^^^^^^^^^
[INFO] [stdout] 
[INFO] [stdout] 
[INFO] [stdout] warning: field `uid` is never read
[INFO] [stdout]   --> src/dynamic.rs:76:9
[INFO] [stdout]    |
[INFO] [stdout] 74 | pub struct BiliDynamicResult {
[INFO] [stdout]    |            ----------------- field in this struct
[INFO] [stdout] 75 |     pub user: Option<String>,
[INFO] [stdout] 76 |     pub uid: Option<u64>,
[INFO] [stdout]    |         ^^^
[INFO] [stdout]    |
[INFO] [stdout]    = note: `BiliDynamicResult` has derived impls for the traits `Clone` and `Debug`, but these are intentionally ignored during dead code analysis
[INFO] [stdout]    = note: `#[warn(dead_code)]` (part of `#[warn(unused)]`) on by default
[INFO] [stdout] 
[INFO] [stdout] 
[INFO] [stdout] warning: field `uid` is never read
[INFO] [stdout]   --> src/live.rs:49:9
[INFO] [stdout]    |
[INFO] [stdout] 47 | pub struct LiveStatusResult {
[INFO] [stdout]    |            ---------------- field in this struct
[INFO] [stdout] 48 |     pub room_id: u64,
[INFO] [stdout] 49 |     pub uid: u64,
[INFO] [stdout]    |         ^^^
[INFO] [stdout]    |
[INFO] [stdout]    = note: `LiveStatusResult` has a derived impl for the trait `Debug`, but this is intentionally ignored during dead code analysis
[INFO] [stdout] 
[INFO] [stdout] 
[INFO] [stderr]     Finished `release` profile [optimized] target(s) in 42.10s
[INFO] [stderr] warning: the following packages contain code that will be rejected by a future version of Rust: ailurus-spy v0.2.3-alpha.0 (/opt/rustwide/workdir), openssl v0.10.40, redis v0.21.5
[INFO] [stderr] note: to see what the problems were, use the option `--future-incompat-report`, or run `cargo report future-incompatibilities --id 3`
[INFO] running `Command { std: "docker" "inspect" "fa2da26926c77eefa2ab9f9a684484fd261b8e4b8288dbb9f65eee02aed840b8", kill_on_drop: false }`
[INFO] running `Command { std: "docker" "exec" "-e" "SOURCE_DIR=/opt/rustwide/workdir" "-e" "CARGO_HOME=/opt/rustwide/cargo-home" "-e" "RUSTUP_HOME=/opt/rustwide/rustup-home" "-e" "CARGO_TARGET_DIR=/opt/rustwide/target" "-e" "CARGO_INCREMENTAL=0" "-e" "RUST_BACKTRACE=full" "-e" "RUSTFLAGS=--cap-lints=warn" "-e" "RUSTDOCFLAGS=--cap-lints=warn" "-w" "/opt/rustwide/workdir" "--user" "0:0" "fa2da26926c77eefa2ab9f9a684484fd261b8e4b8288dbb9f65eee02aed840b8" "/opt/rustwide/cargo-home/bin/cargo" "+1.99.0-beta.8" "test" "--frozen" "--release", kill_on_drop: false }`
[INFO] [stderr] warning: use of deprecated struct `teloxide::prelude::AutoSend`: `AutoSend` is no longer required to `.await` requests and is now noop
[INFO] [stderr]   --> src/main.rs:37:21
[INFO] [stderr]    |
[INFO] [stderr] 37 |     bot: Option<&'a AutoSend<Bot>>,
[INFO] [stderr]    |                     ^^^^^^^^
[INFO] [stderr]    |
[INFO] [stderr]    = note: `#[warn(deprecated)]` on by default
[INFO] [stderr] 
[INFO] [stderr] warning: use of deprecated struct `teloxide::prelude::AutoSend`: `AutoSend` is no longer required to `.await` requests and is now noop
[INFO] [stderr]    --> src/main.rs:148:28
[INFO] [stderr]     |
[INFO] [stderr] 148 | fn init_tgbot() -> (Option<AutoSend<Bot>>, Option<String>) {
[INFO] [stderr]     |                            ^^^^^^^^
[INFO] [stderr] 
[INFO] [stderr] warning: use of deprecated struct `teloxide::prelude::AutoSend`: `AutoSend` is no longer required to `.await` requests and is now noop
[INFO] [stderr]  --> src/checker.rs:4:26
[INFO] [stderr]   |
[INFO] [stderr] 4 | use teloxide::{adaptors::AutoSend, Bot};
[INFO] [stderr]   |                          ^^^^^^^^
[INFO] [stderr] 
[INFO] [stderr] warning: use of deprecated struct `teloxide::prelude::AutoSend`: `AutoSend` is no longer required to `.await` requests and is now noop
[INFO] [stderr]   --> src/checker.rs:18:18
[INFO] [stderr]    |
[INFO] [stderr] 18 |     bot: Option<&AutoSend<Bot>>,
[INFO] [stderr]    |                  ^^^^^^^^
[INFO] [stderr] 
[INFO] [stderr] warning: use of deprecated struct `teloxide::prelude::AutoSend`: `AutoSend` is no longer required to `.await` requests and is now noop
[INFO] [stderr]   --> src/checker.rs:99:18
[INFO] [stderr]    |
[INFO] [stderr] 99 |     bot: Option<&AutoSend<Bot>>,
[INFO] [stderr]    |                  ^^^^^^^^
[INFO] [stderr] 
[INFO] [stderr] warning: use of deprecated struct `teloxide::prelude::AutoSend`: `AutoSend` is no longer required to `.await` requests and is now noop
[INFO] [stderr]    --> src/checker.rs:141:18
[INFO] [stderr]     |
[INFO] [stderr] 141 |     bot: Option<&AutoSend<Bot>>,
[INFO] [stderr]     |                  ^^^^^^^^
[INFO] [stderr] 
[INFO] [stderr] warning: use of deprecated struct `teloxide::prelude::AutoSend`: `AutoSend` is no longer required to `.await` requests and is now noop
[INFO] [stderr]    --> src/checker.rs:234:18
[INFO] [stderr]     |
[INFO] [stderr] 234 |     bot: Option<&AutoSend<Bot>>,
[INFO] [stderr]     |                  ^^^^^^^^
[INFO] [stderr] 
[INFO] [stderr] warning: use of deprecated struct `teloxide::prelude::AutoSend`: `AutoSend` is no longer required to `.await` requests and is now noop
[INFO] [stderr]  --> src/sender.rs:7:15
[INFO] [stderr]   |
[INFO] [stderr] 7 |     adaptors::AutoSend,
[INFO] [stderr]   |               ^^^^^^^^
[INFO] [stderr] 
[INFO] [stderr] warning: use of deprecated struct `teloxide::prelude::AutoSend`: `AutoSend` is no longer required to `.await` requests and is now noop
[INFO] [stderr]   --> src/sender.rs:59:11
[INFO] [stderr]    |
[INFO] [stderr] 59 |     bot: &AutoSend<Bot>,
[INFO] [stderr]    |           ^^^^^^^^
[INFO] [stderr] 
[INFO] [stderr] warning: use of deprecated struct `teloxide::prelude::AutoSend`: `AutoSend` is no longer required to `.await` requests and is now noop
[INFO] [stderr]   --> src/sender.rs:68:15
[INFO] [stderr]    |
[INFO] [stderr] 68 |         bot: &AutoSend<Bot>,
[INFO] [stderr]    |               ^^^^^^^^
[INFO] [stderr] 
[INFO] [stderr] warning: use of deprecated struct `teloxide::prelude::AutoSend`: `AutoSend` is no longer required to `.await` requests and is now noop
[INFO] [stderr]   --> src/sender.rs:80:15
[INFO] [stderr]    |
[INFO] [stderr] 80 |         bot: &AutoSend<Bot>,
[INFO] [stderr]    |               ^^^^^^^^
[INFO] [stderr] 
[INFO] [stderr] warning: this function depends on never type fallback being `()`
[INFO] [stderr]   --> src/checker.rs:14:1
[INFO] [stderr]    |
[INFO] [stderr] 14 | / pub async fn check_dynamic_update(
[INFO] [stderr] 15 | |     con: &MultiplexedConnection,
[INFO] [stderr] 16 | |     uid: u64,
[INFO] [stderr] 17 | |     client: &Client,
[INFO] [stderr] 18 | |     bot: Option<&AutoSend<Bot>>,
[INFO] [stderr] 19 | |     telegram_chat_id: Option<i64>,
[INFO] [stderr] 20 | | ) -> Result<()> {
[INFO] [stderr]    | |_______________^
[INFO] [stderr]    |
[INFO] [stderr]    = help: specify the types explicitly
[INFO] [stderr] note: in edition 2024, the requirement `!: FromRedisValue` will fail
[INFO] [stderr]   --> src/checker.rs:29:13
[INFO] [stderr]    |
[INFO] [stderr] 29 |         con.set(
[INFO] [stderr]    |             ^^^
[INFO] [stderr]    = warning: this was previously accepted by the compiler but is being phased out; it will become a hard error in Rust 2024 and in a future release in all editions!
[INFO] [stderr]    = note: for more information, see <https://doc.rust-lang.org/edition-guide/rust-2024/never-type-fallback.html>
[INFO] [stderr]    = note: `#[warn(dependency_on_unit_never_type_fallback)]` (part of `#[warn(rust_2024_compatibility)]`) on by default
[INFO] [stderr] help: use `()` annotations to avoid fallback changes
[INFO] [stderr]    |
[INFO] [stderr] 29 ~         con.set::<_, _, ()>(
[INFO] [stderr] 30 |             &key,
[INFO] [stderr] ...
[INFO] [stderr] 79 |                 });
[INFO] [stderr] 80 ~                 con.set::<_, _, ()>(&key2, i.dynamic_id).await?;
[INFO] [stderr] 81 |             }
[INFO] [stderr] ...
[INFO] [stderr] 85 |             info!("Update {} timestamp", key);
[INFO] [stderr] 86 ~             con.set::<_, _, ()>(&key, dynamic[0].timestamp).await?;
[INFO] [stderr]    |
[INFO] [stderr] 
[INFO] [stderr] warning: this function depends on never type fallback being `()`
[INFO] [stderr]    --> src/checker.rs:95:1
[INFO] [stderr]     |
[INFO] [stderr]  95 | / pub async fn check_live_status(
[INFO] [stderr]  96 | |     con: &MultiplexedConnection,
[INFO] [stderr]  97 | |     room_id: u64,
[INFO] [stderr]  98 | |     client: &Client,
[INFO] [stderr]  99 | |     bot: Option<&AutoSend<Bot>>,
[INFO] [stderr] 100 | |     telegram_chat_id: Option<i64>,
[INFO] [stderr] 101 | | ) -> Result<()> {
[INFO] [stderr]     | |_______________^
[INFO] [stderr]     |
[INFO] [stderr]     = help: specify the types explicitly
[INFO] [stderr] note: in edition 2024, the requirement `!: FromRedisValue` will fail
[INFO] [stderr]    --> src/checker.rs:110:13
[INFO] [stderr]     |
[INFO] [stderr] 110 |         con.set(&key, ls == 1).await?;
[INFO] [stderr]     |             ^^^
[INFO] [stderr]     = warning: this was previously accepted by the compiler but is being phased out; it will become a hard error in Rust 2024 and in a future release in all editions!
[INFO] [stderr]     = note: for more information, see <https://doc.rust-lang.org/edition-guide/rust-2024/never-type-fallback.html>
[INFO] [stderr] help: use `()` annotations to avoid fallback changes
[INFO] [stderr]     |
[INFO] [stderr] 110 ~         con.set::<_, _, ()>(&key, ls == 1).await?;
[INFO] [stderr] 111 |     } else {
[INFO] [stderr] ...
[INFO] [stderr] 127 |             check_and_send(bot, telegram_chat_id, telegram_sends, client).await?;
[INFO] [stderr] 128 ~             con.set::<_, _, ()>(key, true).await?;
[INFO] [stderr] 129 |         } else if db_live_status && ls == 1 {
[INFO] [stderr] 130 ~             con.set::<_, _, ()>(key, true).await?;
[INFO] [stderr] 131 |         } else if ls != 1 {
[INFO] [stderr] 132 ~             con.set::<_, _, ()>(key, false).await?;
[INFO] [stderr]     |
[INFO] [stderr] 
[INFO] [stderr] warning: this function depends on never type fallback being `()`
[INFO] [stderr]    --> src/checker.rs:139:1
[INFO] [stderr]     |
[INFO] [stderr] 139 | / pub async fn check_weibo(
[INFO] [stderr] 140 | |     con: &MultiplexedConnection,
[INFO] [stderr] 141 | |     bot: Option<&AutoSend<Bot>>,
[INFO] [stderr] 142 | |     weibo: &WeiboClient,
[INFO] [stderr] ...   |
[INFO] [stderr] 145 | |     telegram_chat_id: Option<i64>,
[INFO] [stderr] 146 | | ) -> Result<()> {
[INFO] [stderr]     | |_______________^
[INFO] [stderr]     |
[INFO] [stderr]     = help: specify the types explicitly
[INFO] [stderr] note: in edition 2024, the requirement `!: FromRedisValue` will fail
[INFO] [stderr]    --> src/checker.rs:161:9
[INFO] [stderr]     |
[INFO] [stderr] 161 |     con.set(&key_container_id, container_id).await?;
[INFO] [stderr]     |         ^^^
[INFO] [stderr]     = warning: this was previously accepted by the compiler but is being phased out; it will become a hard error in Rust 2024 and in a future release in all editions!
[INFO] [stderr]     = note: for more information, see <https://doc.rust-lang.org/edition-guide/rust-2024/never-type-fallback.html>
[INFO] [stderr] help: use `()` annotations to avoid fallback changes
[INFO] [stderr]     |
[INFO] [stderr] 161 ~     con.set::<_, _, ()>(&key_container_id, container_id).await?;
[INFO] [stderr] 162 |
[INFO] [stderr] ...
[INFO] [stderr] 178 |     if v.is_err() {
[INFO] [stderr] 179 ~         con.set::<_, _, ()>(&key, first_mblog.created_at.clone()).await?;
[INFO] [stderr] 180 |     }
[INFO] [stderr] ...
[INFO] [stderr] 187 |         if old_created_at_index.is_none() {
[INFO] [stderr] 188 ~             con.set::<_, _, ()>(&key, first_mblog.created_at.clone()).await?;
[INFO] [stderr] 189 |         }
[INFO] [stderr] ...
[INFO] [stderr] 226 |         check_and_send(bot, telegram_chat_id, telegram_sends, client).await?;
[INFO] [stderr] 227 ~         con.set::<_, _, ()>(&key, first_mblog.created_at.clone()).await?;
[INFO] [stderr]     |
[INFO] [stderr] 
[INFO] [stderr] warning: use of deprecated method `teloxide::prelude::RequesterExt::auto_send`: `AutoSend` is no longer required to `.await` requests and is now noop
[INFO] [stderr]    --> src/main.rs:151:35
[INFO] [stderr]     |
[INFO] [stderr] 151 |             (Some(Bot::from_env().auto_send()), Some(v))
[INFO] [stderr]     |                                   ^^^^^^^^^
[INFO] [stderr] 
[INFO] [stderr] warning: field `uid` is never read
[INFO] [stderr]   --> src/dynamic.rs:76:9
[INFO] [stderr]    |
[INFO] [stderr] 74 | pub struct BiliDynamicResult {
[INFO] [stderr]    |            ----------------- field in this struct
[INFO] [stderr] 75 |     pub user: Option<String>,
[INFO] [stderr] 76 |     pub uid: Option<u64>,
[INFO] [stderr]    |         ^^^
[INFO] [stderr]    |
[INFO] [stderr]    = note: `BiliDynamicResult` has derived impls for the traits `Clone` and `Debug`, but these are intentionally ignored during dead code analysis
[INFO] [stderr]    = note: `#[warn(dead_code)]` (part of `#[warn(unused)]`) on by default
[INFO] [stderr] 
[INFO] [stderr] warning: field `uid` is never read
[INFO] [stderr]   --> src/live.rs:49:9
[INFO] [stderr]    |
[INFO] [stderr] 47 | pub struct LiveStatusResult {
[INFO] [stderr]    |            ---------------- field in this struct
[INFO] [stderr] 48 |     pub room_id: u64,
[INFO] [stderr] 49 |     pub uid: u64,
[INFO] [stderr]    |         ^^^
[INFO] [stderr]    |
[INFO] [stderr]    = note: `LiveStatusResult` has a derived impl for the trait `Debug`, but this is intentionally ignored during dead code analysis
[INFO] [stderr] 
[INFO] [stderr] warning: `ailurus-spy` (bin "ailurus-spy" test) generated 17 warnings (run `cargo fix --bin "ailurus-spy" -p ailurus-spy --tests` to apply 3 suggestions)
[INFO] [stderr]     Finished `release` profile [optimized] target(s) in 0.27s
[INFO] [stderr] warning: the following packages contain code that will be rejected by a future version of Rust: ailurus-spy v0.2.3-alpha.0 (/opt/rustwide/workdir), openssl v0.10.40, redis v0.21.5
[INFO] [stderr] note: to see what the problems were, use the option `--future-incompat-report`, or run `cargo report future-incompatibilities --id 3`
[INFO] [stderr]      Running unittests src/main.rs (/opt/rustwide/target/release/deps/ailurus_spy-2f4a21ee64ced578)
[INFO] [stdout] 
[INFO] [stdout] running 3 tests
[INFO] [stdout] test live::test ... FAILED
[INFO] [stdout] test sender::test ... FAILED
[INFO] [stdout] test dynamic::test ... FAILED
[INFO] [stdout] 
[INFO] [stdout] failures:
[INFO] [stdout] 
[INFO] [stdout] ---- live::test stdout ----
[INFO] [stdout] 
[INFO] [stdout] thread 'live::test' (4328) panicked at src/live.rs:154:54:
[INFO] [stdout] called `Result::unwrap()` on an `Err` value: error sending request for url (https://api.live.bilibili.com/room/v1/Room/get_info?room_id=22746343&from=room): error trying to connect: dns error: failed to lookup address information: Temporary failure in name resolution
[INFO] [stdout] 
[INFO] [stdout] Caused by:
[INFO] [stdout]     0: error trying to connect: dns error: failed to lookup address information: Temporary failure in name resolution
[INFO] [stdout]     1: dns error: failed to lookup address information: Temporary failure in name resolution
[INFO] [stdout]     2: failed to lookup address information: Temporary failure in name resolution
[INFO] [stdout] stack backtrace:
[INFO] [stdout]    0:     0x62d82b4fc931 - <<std[70759c8f55707aa4]::sys::backtrace::BacktraceLock>::print::DisplayBacktrace as core[df12db4294e9bfd3]::fmt::Display>::fmt
[INFO] [stdout]    1:     0x62d82b5141ba - core[df12db4294e9bfd3]::fmt::write
[INFO] [stdout]    2:     0x62d82b50146c - <alloc[2182bb758b4b3781]::vec::Vec<u8> as core[df12db4294e9bfd3]::io::write::Write>::write_fmt
[INFO] [stdout]    3:     0x62d82b4d7a06 - std[70759c8f55707aa4]::panicking::default_hook::{closure#0}
[INFO] [stdout]    4:     0x62d82b4f4869 - std[70759c8f55707aa4]::panicking::default_hook
[INFO] [stdout]    5:     0x62d82b2b94c0 - test[9d35eded1c95d3be]::test_main_inner::<test[9d35eded1c95d3be]::test_main_static::{closure#0}>::{closure#0}
[INFO] [stdout]    6:     0x62d82b4f4b92 - std[70759c8f55707aa4]::panicking::panic_with_hook
[INFO] [stdout]    7:     0x62d82b4d7ab2 - std[70759c8f55707aa4]::panicking::panic_handler::{closure#0}
[INFO] [stdout]    8:     0x62d82b4d0519 - std[70759c8f55707aa4]::sys::backtrace::__rust_end_short_backtrace::<std[70759c8f55707aa4]::panicking::panic_handler::{closure#0}, !>
[INFO] [stdout]    9:     0x62d82b4d893d - __rustc[8fa7c3cbc660c2b3]::rust_begin_unwind
[INFO] [stdout]   10:     0x62d82b51491c - core[df12db4294e9bfd3]::panicking::panic_fmt
[INFO] [stdout]   11:     0x62d82b5146f2 - core[df12db4294e9bfd3]::result::unwrap_failed
[INFO] [stdout]   12:     0x62d82b235c39 - ailurus_spy[fe4f043a4a7513a6]::live::test::{closure#0}
[INFO] [stdout]   13:     0x62d82b243201 - <ailurus_spy[fe4f043a4a7513a6]::live::test::{closure#0} as core[df12db4294e9bfd3]::ops::function::FnOnce<()>>::call_once
[INFO] [stdout]   14:     0x62d82b2ac7ab - test[9d35eded1c95d3be]::__rust_begin_short_backtrace::<core[df12db4294e9bfd3]::result::Result<(), alloc[2182bb758b4b3781]::string::String>, fn() -> core[df12db4294e9bfd3]::result::Result<(), alloc[2182bb758b4b3781]::string::String>>
[INFO] [stdout]   15:     0x62d82b2b9e15 - test[9d35eded1c95d3be]::run_test::{closure#0}
[INFO] [stdout]   16:     0x62d82b2b36d4 - std[70759c8f55707aa4]::sys::backtrace::__rust_begin_short_backtrace::<test[9d35eded1c95d3be]::run_test::{closure#1}, ()>
[INFO] [stdout]   17:     0x62d82b2bcf72 - <std[70759c8f55707aa4]::thread::lifecycle::spawn_unchecked<test[9d35eded1c95d3be]::run_test::{closure#1}, ()>::{closure#1} as core[df12db4294e9bfd3]::ops::function::FnOnce<()>>::call_once::{shim:vtable#0}
[INFO] [stdout]   18:     0x62d82b4fbe59 - <std[70759c8f55707aa4]::sys::thread::unix::Thread>::new::thread_start
[INFO] [stdout]   19:     0x7336b5cd3dfa - <unknown>
[INFO] [stdout]   20:     0x7336b5d673d4 - clone
[INFO] [stdout]   21:                0x0 - <unknown>
[INFO] [stdout] 
[INFO] [stdout] ---- sender::test stdout ----
[INFO] [stdout] 
[INFO] [stdout] thread 'sender::test' (4329) panicked at src/sender.rs:181:6:
[INFO] [stdout] called `Result::unwrap()` on an `Err` value: error sending request for url (https://i0.hdslb.com/bfs/album/199aa8384b65b90d6ab2ecdbc6ef3a652cebf573.jpg): error trying to connect: dns error: failed to lookup address information: Temporary failure in name resolution
[INFO] [stdout] 
[INFO] [stdout] Caused by:
[INFO] [stdout]     0: error trying to connect: dns error: failed to lookup address information: Temporary failure in name resolution
[INFO] [stdout]     1: dns error: failed to lookup address information: Temporary failure in name resolution
[INFO] [stdout]     2: failed to lookup address information: Temporary failure in name resolution
[INFO] [stdout] stack backtrace:
[INFO] [stdout]    0:     0x62d82b4fc931 - <<std[70759c8f55707aa4]::sys::backtrace::BacktraceLock>::print::DisplayBacktrace as core[df12db4294e9bfd3]::fmt::Display>::fmt
[INFO] [stdout]    1:     0x62d82b5141ba - core[df12db4294e9bfd3]::fmt::write
[INFO] [stdout]    2:     0x62d82b50146c - <alloc[2182bb758b4b3781]::vec::Vec<u8> as core[df12db4294e9bfd3]::io::write::Write>::write_fmt
[INFO] [stdout]    3:     0x62d82b4d7a06 - std[70759c8f55707aa4]::panicking::default_hook::{closure#0}
[INFO] [stdout]    4:     0x62d82b4f4869 - std[70759c8f55707aa4]::panicking::default_hook
[INFO] [stdout]    5:     0x62d82b2b94c0 - test[9d35eded1c95d3be]::test_main_inner::<test[9d35eded1c95d3be]::test_main_static::{closure#0}>::{closure#0}
[INFO] [stdout]    6:     0x62d82b4f4b92 - std[70759c8f55707aa4]::panicking::panic_with_hook
[INFO] [stdout]    7:     0x62d82b4d7ab2 - std[70759c8f55707aa4]::panicking::panic_handler::{closure#0}
[INFO] [stdout]    8:     0x62d82b4d0519 - std[70759c8f55707aa4]::sys::backtrace::__rust_end_short_backtrace::<std[70759c8f55707aa4]::panicking::panic_handler::{closure#0}, !>
[INFO] [stdout]    9:     0x62d82b4d893d - __rustc[8fa7c3cbc660c2b3]::rust_begin_unwind
[INFO] [stdout]   10:     0x62d82b51491c - core[df12db4294e9bfd3]::panicking::panic_fmt
[INFO] [stdout]   11:     0x62d82b5146f2 - core[df12db4294e9bfd3]::result::unwrap_failed
[INFO] [stdout]   12:     0x62d82b23695a - ailurus_spy[fe4f043a4a7513a6]::sender::test::{closure#0}
[INFO] [stdout]   13:     0x62d82b2443c1 - <ailurus_spy[fe4f043a4a7513a6]::sender::test::{closure#0} as core[df12db4294e9bfd3]::ops::function::FnOnce<()>>::call_once
[INFO] [stdout]   14:     0x62d82b2ac7ab - test[9d35eded1c95d3be]::__rust_begin_short_backtrace::<core[df12db4294e9bfd3]::result::Result<(), alloc[2182bb758b4b3781]::string::String>, fn() -> core[df12db4294e9bfd3]::result::Result<(), alloc[2182bb758b4b3781]::string::String>>
[INFO] [stdout]   15:     0x62d82b2b9e15 - test[9d35eded1c95d3be]::run_test::{closure#0}
[INFO] [stdout]   16:     0x62d82b2b36d4 - std[70759c8f55707aa4]::sys::backtrace::__rust_begin_short_backtrace::<test[9d35eded1c95d3be]::run_test::{closure#1}, ()>
[INFO] [stdout]   17:     0x62d82b2bcf72 - <std[70759c8f55707aa4]::thread::lifecycle::spawn_unchecked<test[9d35eded1c95d3be]::run_test::{closure#1}, ()>::{closure#1} as core[df12db4294e9bfd3]::ops::function::FnOnce<()>>::call_once::{shim:vtable#0}
[INFO] [stdout]   18:     0x62d82b4fbe59 - <std[70759c8f55707aa4]::sys::thread::unix::Thread>::new::thread_start
[INFO] [stdout]   19:     0x7336b5cd3dfa - <unknown>
[INFO] [stdout]   20:     0x7336b5d673d4 - clone
[INFO] [stdout]   21:                0x0 - <unknown>
[INFO] [stdout] 
[INFO] [stdout] ---- dynamic::test stdout ----
[INFO] [stdout] 
[INFO] [stdout] thread 'dynamic::test' (4327) panicked at src/dynamic.rs:216:63:
[INFO] [stdout] called `Result::unwrap()` on an `Err` value: error sending request for url (https://api.vc.bilibili.com/dynamic_svr/v1/dynamic_svr/space_history?host_uid=1501380958): error trying to connect: dns error: failed to lookup address information: Temporary failure in name resolution
[INFO] [stdout] 
[INFO] [stdout] Caused by:
[INFO] [stdout]     0: error trying to connect: dns error: failed to lookup address information: Temporary failure in name resolution
[INFO] [stdout]     1: dns error: failed to lookup address information: Temporary failure in name resolution
[INFO] [stdout]     2: failed to lookup address information: Temporary failure in name resolution
[INFO] [stdout] stack backtrace:
[INFO] [stdout]    0:     0x62d82b4fc931 - <<std[70759c8f55707aa4]::sys::backtrace::BacktraceLock>::print::DisplayBacktrace as core[df12db4294e9bfd3]::fmt::Display>::fmt
[INFO] [stdout]    1:     0x62d82b5141ba - core[df12db4294e9bfd3]::fmt::write
[INFO] [stdout]    2:     0x62d82b50146c - <alloc[2182bb758b4b3781]::vec::Vec<u8> as core[df12db4294e9bfd3]::io::write::Write>::write_fmt
[INFO] [stdout]    3:     0x62d82b4d7a06 - std[70759c8f55707aa4]::panicking::default_hook::{closure#0}
[INFO] [stdout]    4:     0x62d82b4f4869 - std[70759c8f55707aa4]::panicking::default_hook
[INFO] [stdout]    5:     0x62d82b2b94c0 - test[9d35eded1c95d3be]::test_main_inner::<test[9d35eded1c95d3be]::test_main_static::{closure#0}>::{closure#0}
[INFO] [stdout]    6:     0x62d82b4f4b92 - std[70759c8f55707aa4]::panicking::panic_with_hook
[INFO] [stdout]    7:     0x62d82b4d7ab2 - std[70759c8f55707aa4]::panicking::panic_handler::{closure#0}
[INFO] [stdout]    8:     0x62d82b4d0519 - std[70759c8f55707aa4]::sys::backtrace::__rust_end_short_backtrace::<std[70759c8f55707aa4]::panicking::panic_handler::{closure#0}, !>
[INFO] [stdout]    9:     0x62d82b4d893d - __rustc[8fa7c3cbc660c2b3]::rust_begin_unwind
[INFO] [stdout]   10:     0x62d82b51491c - core[df12db4294e9bfd3]::panicking::panic_fmt
[INFO] [stdout]   11:     0x62d82b5146f2 - core[df12db4294e9bfd3]::result::unwrap_failed
[INFO] [stdout]   12:     0x62d82b23a004 - ailurus_spy[fe4f043a4a7513a6]::dynamic::test::{closure#0}
[INFO] [stdout]   13:     0x62d82b245551 - <ailurus_spy[fe4f043a4a7513a6]::dynamic::test::{closure#0} as core[df12db4294e9bfd3]::ops::function::FnOnce<()>>::call_once
[INFO] [stdout]   14:     0x62d82b2ac7ab - test[9d35eded1c95d3be]::__rust_begin_short_backtrace::<core[df12db4294e9bfd3]::result::Result<(), alloc[2182bb758b4b3781]::string::String>, fn() -> core[df12db4294e9bfd3]::result::Result<(), alloc[2182bb758b4b3781]::string::String>>
[INFO] [stdout]   15:     0x62d82b2b9e15 - test[9d35eded1c95d3be]::run_test::{closure#0}
[INFO] [stdout]   16:     0x62d82b2b36d4 - std[70759c8f55707aa4]::sys::backtrace::__rust_begin_short_backtrace::<test[9d35eded1c95d3be]::run_test::{closure#1}, ()>
[INFO] [stdout]   17:     0x62d82b2bcf72 - <std[70759c8f55707aa4]::thread::lifecycle::spawn_unchecked<test[9d35eded1c95d3be]::run_test::{closure#1}, ()>::{closure#1} as core[df12db4294e9bfd3]::ops::function::FnOnce<()>>::call_once::{shim:vtable#0}
[INFO] [stdout]   18:     0x62d82b4fbe59 - <std[70759c8f55707aa4]::sys::thread::unix::Thread>::new::thread_start
[INFO] [stdout]   19:     0x7336b5cd3dfa - <unknown>
[INFO] [stdout]   20:     0x7336b5d673d4 - clone
[INFO] [stdout]   21:                0x0 - <unknown>
[INFO] [stdout] 
[INFO] [stdout] 
[INFO] [stdout] failures:
[INFO] [stdout]     dynamic::test
[INFO] [stdout]     live::test
[INFO] [stdout]     sender::test
[INFO] [stdout] 
[INFO] [stdout] test result: FAILED. 0 passed; 3 failed; 0 ignored; 0 measured; 0 filtered out; finished in 0.10s
[INFO] [stdout] 
[INFO] [stderr] error: test failed, to rerun pass `--bin ailurus-spy`
[INFO] running `Command { std: "docker" "inspect" "fa2da26926c77eefa2ab9f9a684484fd261b8e4b8288dbb9f65eee02aed840b8", kill_on_drop: false }`
[INFO] running `Command { std: "docker" "rm" "-f" "fa2da26926c77eefa2ab9f9a684484fd261b8e4b8288dbb9f65eee02aed840b8", kill_on_drop: false }`
[INFO] [stdout] fa2da26926c77eefa2ab9f9a684484fd261b8e4b8288dbb9f65eee02aed840b8
