[INFO] cloning repository https://github.com/dspadea/tagging-rs
[INFO] running `Command { std: "git" "-c" "credential.helper=" "-c" "credential.helper=/workspace/cargo-home/bin/git-credential-null" "clone" "--bare" "https://github.com/dspadea/tagging-rs" "/workspace/cache/git-repos/https%3A%2F%2Fgithub.com%2Fdspadea%2Ftagging-rs", kill_on_drop: false }`
[INFO] [stderr] Cloning into bare repository '/workspace/cache/git-repos/https%3A%2F%2Fgithub.com%2Fdspadea%2Ftagging-rs'...
[INFO] running `Command { std: "git" "rev-parse" "HEAD", kill_on_drop: false }`
[INFO] [stdout] f915b3f581f6fa856a85c02ded81db675e48fddc
[INFO] testing dspadea/tagging-rs against 1.99.0-beta.8+cargoflags=--release for beta-release-1.100-3
[INFO] running `Command { std: "git" "clone" "/workspace/cache/git-repos/https%3A%2F%2Fgithub.com%2Fdspadea%2Ftagging-rs" "/workspace/builds/worker-1-tc1/source", kill_on_drop: false }`
[INFO] [stderr] Cloning into '/workspace/builds/worker-1-tc1/source'...
[INFO] [stderr] done.
[INFO] started tweaking git repo https://github.com/dspadea/tagging-rs
[INFO] finished tweaking git repo https://github.com/dspadea/tagging-rs
[INFO] tweaked toml for git repo https://github.com/dspadea/tagging-rs written to /workspace/builds/worker-1-tc1/source/Cargo.toml
[INFO] validating manifest of git repo https://github.com/dspadea/tagging-rs on toolchain 1.99.0-beta.8
[INFO] running `Command { std: CARGO_HOME="/workspace/cargo-home" RUSTUP_HOME="/workspace/rustup-home" "/workspace/cargo-home/bin/cargo" "+1.99.0-beta.8" "metadata" "--manifest-path" "Cargo.toml" "--no-deps", kill_on_drop: false }`
[INFO] crate git repo https://github.com/dspadea/tagging-rs already has a lockfile, it will not be regenerated
[INFO] running `Command { std: CARGO_HOME="/workspace/cargo-home" RUSTUP_HOME="/workspace/rustup-home" "/workspace/cargo-home/bin/cargo" "+1.99.0-beta.8" "fetch" "--manifest-path" "Cargo.toml", kill_on_drop: false }`
[INFO] [stderr]     Blocking waiting for file lock on package cache
[INFO] [stderr]     Blocking waiting for file lock on package cache
[INFO] [stderr]  Downloading crates ...
[INFO] [stderr]   Downloaded async-trait v0.1.53
[INFO] [stderr]   Downloaded quote v1.0.17
[INFO] [stderr]   Downloaded log v0.4.16
[INFO] [stderr]   Downloaded combine v4.6.3
[INFO] [stderr]   Downloaded syn v1.0.90
[INFO] running `Command { std: "docker" "create" "-v" "/var/lib/crater-agent-workspace/builds/worker-1-tc1/source:/opt/rustwide/workdir:ro,Z" "-v" "/var/lib/crater-agent-workspace/builds/worker-1-tc1/target:/opt/rustwide/target:rw,Z" "-v" "/var/lib/crater-agent-workspace/cargo-home:/opt/rustwide/cargo-home:ro,Z" "-v" "/var/lib/crater-agent-workspace/rustup-home:/opt/rustwide/rustup-home:ro,Z" "-m" "1610612736" "--network" "none" "ghcr.io/rust-lang/crates-build-env/linux@sha256:77db811e55d90add9212f6832c23229e3de5f1c1f9905e8cb07319ea15df73ac" "sleep" "infinity", kill_on_drop: false }`
[INFO] [stdout] 66eb9963e79a6f6a30664946c500acbd392e00987cfbb1f4939eb7db93e22b3d
[INFO] running `Command { std: "docker" "start" "66eb9963e79a6f6a30664946c500acbd392e00987cfbb1f4939eb7db93e22b3d", kill_on_drop: false }`
[INFO] running `Command { std: "docker" "inspect" "66eb9963e79a6f6a30664946c500acbd392e00987cfbb1f4939eb7db93e22b3d", kill_on_drop: false }`
[INFO] running `Command { std: "docker" "exec" "-e" "SOURCE_DIR=/opt/rustwide/workdir" "-e" "CARGO_HOME=/opt/rustwide/cargo-home" "-e" "RUSTUP_HOME=/opt/rustwide/rustup-home" "-e" "CARGO_TARGET_DIR=/opt/rustwide/target" "-w" "/opt/rustwide/workdir" "--user" "0:0" "66eb9963e79a6f6a30664946c500acbd392e00987cfbb1f4939eb7db93e22b3d" "/opt/rustwide/cargo-home/bin/cargo" "+1.99.0-beta.8" "metadata" "--no-deps" "--format-version=1", kill_on_drop: false }`
[INFO] running `Command { std: "docker" "inspect" "66eb9963e79a6f6a30664946c500acbd392e00987cfbb1f4939eb7db93e22b3d", kill_on_drop: false }`
[INFO] running `Command { std: "docker" "exec" "-e" "SOURCE_DIR=/opt/rustwide/workdir" "-e" "CARGO_HOME=/opt/rustwide/cargo-home" "-e" "RUSTUP_HOME=/opt/rustwide/rustup-home" "-e" "CARGO_TARGET_DIR=/opt/rustwide/target" "-e" "CARGO_INCREMENTAL=0" "-e" "RUST_BACKTRACE=full" "-e" "RUSTFLAGS=--cap-lints=warn" "-e" "RUSTDOCFLAGS=--cap-lints=warn" "-w" "/opt/rustwide/workdir" "--user" "0:0" "66eb9963e79a6f6a30664946c500acbd392e00987cfbb1f4939eb7db93e22b3d" "/opt/rustwide/cargo-home/bin/cargo" "+1.99.0-beta.8" "build" "--frozen" "--message-format=json" "--release", kill_on_drop: false }`
[INFO] [stderr]    Compiling openssl-sys v0.9.72
[INFO] [stderr]    Compiling proc-macro2 v1.0.36
[INFO] [stderr]    Compiling libc v0.2.121
[INFO] [stderr]    Compiling unicode-xid v0.2.2
[INFO] [stderr]    Compiling openssl v0.10.38
[INFO] [stderr]    Compiling memchr v2.4.1
[INFO] [stderr]    Compiling log v0.4.16
[INFO] [stderr]    Compiling syn v1.0.90
[INFO] [stderr]    Compiling once_cell v1.10.0
[INFO] [stderr]    Compiling async-trait v0.1.53
[INFO] [stderr]    Compiling tinyvec v1.5.1
[INFO] [stderr]    Compiling unicode-bidi v0.3.7
[INFO] [stderr]    Compiling sha1_smol v1.0.0
[INFO] [stderr]    Compiling dtoa v0.4.8
[INFO] [stderr]    Compiling itoa v0.4.8
[INFO] [stderr]    Compiling native-tls v0.2.10
[INFO] [stderr]    Compiling sha1 v0.6.1
[INFO] [stderr]    Compiling quote v1.0.17
[INFO] [stderr]    Compiling combine v4.6.3
[INFO] [stderr]    Compiling unicode-normalization v0.1.19
[INFO] [stderr]    Compiling idna v0.2.3
[INFO] [stderr]    Compiling url v2.2.2
[INFO] [stderr]    Compiling redis v0.21.5
[INFO] [stderr]    Compiling tagindex v0.1.0 (/opt/rustwide/workdir)
[INFO] [stdout] warning: trait `IndexStorage` is never used
[INFO] [stdout]  --> src/storage/mod.rs:8:7
[INFO] [stdout]   |
[INFO] [stdout] 8 | trait IndexStorage {
[INFO] [stdout]   |       ^^^^^^^^^^^^
[INFO] [stdout]   |
[INFO] [stdout]   = note: `#[warn(dead_code)]` (part of `#[warn(unused)]`) on by default
[INFO] [stdout] 
[INFO] [stdout] 
[INFO] [stdout] warning: fields `by_key` and `by_tag` are never read
[INFO] [stdout]  --> src/storage/memory.rs:6:5
[INFO] [stdout]   |
[INFO] [stdout] 5 | pub struct MemoryTagIndex {
[INFO] [stdout]   |            -------------- fields in this struct
[INFO] [stdout] 6 |     by_key: HashMap<String, HashSet<String>>, // doc key, set of tags
[INFO] [stdout]   |     ^^^^^^
[INFO] [stdout] 7 |     by_tag: HashMap<String, HashSet<String>> // tag key, set of docs
[INFO] [stdout]   |     ^^^^^^
[INFO] [stdout] 
[INFO] [stdout] 
[INFO] [stdout] warning: fields `cluster_nodes` and `redis_conn` are never read
[INFO] [stdout]  --> src/storage/redis.rs:6:5
[INFO] [stdout]   |
[INFO] [stdout] 5 | pub struct RedisTagIndex {
[INFO] [stdout]   |            ------------- fields in this struct
[INFO] [stdout] 6 |     cluster_nodes: Vec<String>,
[INFO] [stdout]   |     ^^^^^^^^^^^^^
[INFO] [stdout] 7 |     redis_conn: Option<Client>
[INFO] [stdout]   |     ^^^^^^^^^^
[INFO] [stdout] 
[INFO] [stdout] 
[INFO] [stderr]     Finished `release` profile [optimized] target(s) in 23.16s
[INFO] [stderr] warning: the following packages contain code that will be rejected by a future version of Rust: redis v0.21.5
[INFO] [stderr] note: to see what the problems were, use the option `--future-incompat-report`, or run `cargo report future-incompatibilities --id 3`
[INFO] running `Command { std: "docker" "inspect" "66eb9963e79a6f6a30664946c500acbd392e00987cfbb1f4939eb7db93e22b3d", kill_on_drop: false }`
[INFO] running `Command { std: "docker" "exec" "-e" "SOURCE_DIR=/opt/rustwide/workdir" "-e" "CARGO_HOME=/opt/rustwide/cargo-home" "-e" "RUSTUP_HOME=/opt/rustwide/rustup-home" "-e" "CARGO_TARGET_DIR=/opt/rustwide/target" "-e" "CARGO_INCREMENTAL=0" "-e" "RUST_BACKTRACE=full" "-e" "RUSTFLAGS=--cap-lints=warn" "-e" "RUSTDOCFLAGS=--cap-lints=warn" "-w" "/opt/rustwide/workdir" "--user" "0:0" "66eb9963e79a6f6a30664946c500acbd392e00987cfbb1f4939eb7db93e22b3d" "/opt/rustwide/cargo-home/bin/cargo" "+1.99.0-beta.8" "test" "--frozen" "--no-run" "--message-format=json" "--release", kill_on_drop: false }`
[INFO] [stdout] warning: trait `IndexStorage` is never used
[INFO] [stdout]  --> src/storage/mod.rs:8:7
[INFO] [stdout]   |
[INFO] [stdout] 8 | trait IndexStorage {
[INFO] [stdout]   |       ^^^^^^^^^^^^
[INFO] [stdout]   |
[INFO] [stdout]   = note: `#[warn(dead_code)]` (part of `#[warn(unused)]`) on by default
[INFO] [stdout] 
[INFO] [stdout] 
[INFO] [stdout] warning: fields `by_key` and `by_tag` are never read
[INFO] [stdout]  --> src/storage/memory.rs:6:5
[INFO] [stdout]   |
[INFO] [stdout] 5 | pub struct MemoryTagIndex {
[INFO] [stdout]   |            -------------- fields in this struct
[INFO] [stdout] 6 |     by_key: HashMap<String, HashSet<String>>, // doc key, set of tags
[INFO] [stdout]   |     ^^^^^^
[INFO] [stdout] 7 |     by_tag: HashMap<String, HashSet<String>> // tag key, set of docs
[INFO] [stdout]   |     ^^^^^^
[INFO] [stdout] 
[INFO] [stdout] 
[INFO] [stdout] warning: fields `cluster_nodes` and `redis_conn` are never read
[INFO] [stdout]  --> src/storage/redis.rs:6:5
[INFO] [stdout]   |
[INFO] [stdout] 5 | pub struct RedisTagIndex {
[INFO] [stdout]   |            ------------- fields in this struct
[INFO] [stdout] 6 |     cluster_nodes: Vec<String>,
[INFO] [stdout]   |     ^^^^^^^^^^^^^
[INFO] [stdout] 7 |     redis_conn: Option<Client>
[INFO] [stdout]   |     ^^^^^^^^^^
[INFO] [stdout] 
[INFO] [stdout] 
[INFO] [stderr]    Compiling tagindex v0.1.0 (/opt/rustwide/workdir)
[INFO] [stdout] warning: method `shutdown` is never used
[INFO] [stdout]   --> src/storage/mod.rs:10:8
[INFO] [stdout]    |
[INFO] [stdout]  8 | trait IndexStorage {
[INFO] [stdout]    |       ------------ method in this trait
[INFO] [stdout]  9 |     fn start(&mut self);
[INFO] [stdout] 10 |     fn shutdown(&mut self);
[INFO] [stdout]    |        ^^^^^^^^
[INFO] [stdout]    |
[INFO] [stdout]    = note: `#[warn(dead_code)]` (part of `#[warn(unused)]`) on by default
[INFO] [stdout] 
[INFO] [stdout] 
[INFO] [stderr]     Finished `release` profile [optimized] target(s) in 0.99s
[INFO] [stderr] warning: the following packages contain code that will be rejected by a future version of Rust: redis v0.21.5
[INFO] [stderr] note: to see what the problems were, use the option `--future-incompat-report`, or run `cargo report future-incompatibilities --id 3`
[INFO] running `Command { std: "docker" "inspect" "66eb9963e79a6f6a30664946c500acbd392e00987cfbb1f4939eb7db93e22b3d", kill_on_drop: false }`
[INFO] running `Command { std: "docker" "exec" "-e" "SOURCE_DIR=/opt/rustwide/workdir" "-e" "CARGO_HOME=/opt/rustwide/cargo-home" "-e" "RUSTUP_HOME=/opt/rustwide/rustup-home" "-e" "CARGO_TARGET_DIR=/opt/rustwide/target" "-e" "CARGO_INCREMENTAL=0" "-e" "RUST_BACKTRACE=full" "-e" "RUSTFLAGS=--cap-lints=warn" "-e" "RUSTDOCFLAGS=--cap-lints=warn" "-w" "/opt/rustwide/workdir" "--user" "0:0" "66eb9963e79a6f6a30664946c500acbd392e00987cfbb1f4939eb7db93e22b3d" "/opt/rustwide/cargo-home/bin/cargo" "+1.99.0-beta.8" "test" "--frozen" "--release", kill_on_drop: false }`
[INFO] [stderr] warning: trait `IndexStorage` is never used
[INFO] [stderr]  --> src/storage/mod.rs:8:7
[INFO] [stderr]   |
[INFO] [stderr] 8 | trait IndexStorage {
[INFO] [stderr]   |       ^^^^^^^^^^^^
[INFO] [stderr]   |
[INFO] [stderr]   = note: `#[warn(dead_code)]` (part of `#[warn(unused)]`) on by default
[INFO] [stderr] 
[INFO] [stderr] warning: fields `by_key` and `by_tag` are never read
[INFO] [stderr]  --> src/storage/memory.rs:6:5
[INFO] [stderr]   |
[INFO] [stderr] 5 | pub struct MemoryTagIndex {
[INFO] [stderr]   |            -------------- fields in this struct
[INFO] [stderr] 6 |     by_key: HashMap<String, HashSet<String>>, // doc key, set of tags
[INFO] [stderr]   |     ^^^^^^
[INFO] [stderr] 7 |     by_tag: HashMap<String, HashSet<String>> // tag key, set of docs
[INFO] [stderr]   |     ^^^^^^
[INFO] [stderr] 
[INFO] [stderr] warning: fields `cluster_nodes` and `redis_conn` are never read
[INFO] [stderr]  --> src/storage/redis.rs:6:5
[INFO] [stderr]   |
[INFO] [stderr] 5 | pub struct RedisTagIndex {
[INFO] [stderr]   |            ------------- fields in this struct
[INFO] [stderr] 6 |     cluster_nodes: Vec<String>,
[INFO] [stderr]   |     ^^^^^^^^^^^^^
[INFO] [stderr] 7 |     redis_conn: Option<Client>
[INFO] [stderr]   |     ^^^^^^^^^^
[INFO] [stderr] 
[INFO] [stderr] warning: `tagindex` (lib) generated 3 warnings
[INFO] [stderr] warning: method `shutdown` is never used
[INFO] [stderr]   --> src/storage/mod.rs:10:8
[INFO] [stderr]    |
[INFO] [stderr]  8 | trait IndexStorage {
[INFO] [stderr]    |       ------------ method in this trait
[INFO] [stderr]  9 |     fn start(&mut self);
[INFO] [stderr] 10 |     fn shutdown(&mut self);
[INFO] [stderr]    |        ^^^^^^^^
[INFO] [stderr]    |
[INFO] [stderr]    = note: `#[warn(dead_code)]` (part of `#[warn(unused)]`) on by default
[INFO] [stderr] 
[INFO] [stderr] warning: `tagindex` (lib test) generated 1 warning
[INFO] [stderr]     Finished `release` profile [optimized] target(s) in 0.07s
[INFO] [stderr] warning: the following packages contain code that will be rejected by a future version of Rust: redis v0.21.5
[INFO] [stderr] note: to see what the problems were, use the option `--future-incompat-report`, or run `cargo report future-incompatibilities --id 3`
[INFO] [stderr]      Running unittests src/lib.rs (/opt/rustwide/target/release/deps/tagindex-5ab95124feadb2a2)
[INFO] [stdout] 
[INFO] [stdout] running 6 tests
[INFO] [stdout] test storage::memory::test::test_remove_nonexistent_tag ... ok
[INFO] [stdout] test storage::memory::test::test_remove_tag ... ok
[INFO] [stdout] test storage::memory::test::test_add_tag ... ok
[INFO] [stderr] error: test failed, to rerun pass `--lib`
[INFO] [stdout] test storage::redis::test::add_item ... FAILED
[INFO] [stdout] test storage::redis::test::test_remove_nonexistent_tag ... FAILED
[INFO] [stdout] test storage::redis::test::test_remove_tag ... FAILED
[INFO] [stdout] 
[INFO] [stdout] failures:
[INFO] [stdout] 
[INFO] [stdout] ---- storage::redis::test::add_item stdout ----
[INFO] [stdout] 
[INFO] [stdout] thread 'storage::redis::test::add_item' (721) panicked at src/storage/redis.rs:35:55:
[INFO] [stdout] called `Result::unwrap()` on an `Err` value: Connection refused (os error 111)
[INFO] [stdout] stack backtrace:
[INFO] [stdout]    0:     0x5d04014cb9a1 - <<std[70759c8f55707aa4]::sys::backtrace::BacktraceLock>::print::DisplayBacktrace as core[df12db4294e9bfd3]::fmt::Display>::fmt
[INFO] [stdout]    1:     0x5d04014e0fea - core[df12db4294e9bfd3]::fmt::write
[INFO] [stdout]    2:     0x5d04014d03dc - <alloc[2182bb758b4b3781]::vec::Vec<u8> as core[df12db4294e9bfd3]::io::write::Write>::write_fmt
[INFO] [stdout]    3:     0x5d04014a6576 - std[70759c8f55707aa4]::panicking::default_hook::{closure#0}
[INFO] [stdout]    4:     0x5d04014c3609 - std[70759c8f55707aa4]::panicking::default_hook
[INFO] [stdout]    5:     0x5d040142b2d0 - test[9d35eded1c95d3be]::test_main_inner::<test[9d35eded1c95d3be]::test_main_static::{closure#0}>::{closure#0}
[INFO] [stdout]    6:     0x5d04014c3932 - std[70759c8f55707aa4]::panicking::panic_with_hook
[INFO] [stdout]    7:     0x5d04014a6622 - std[70759c8f55707aa4]::panicking::panic_handler::{closure#0}
[INFO] [stdout]    8:     0x5d040149f089 - std[70759c8f55707aa4]::sys::backtrace::__rust_end_short_backtrace::<std[70759c8f55707aa4]::panicking::panic_handler::{closure#0}, !>
[INFO] [stdout]    9:     0x5d04014a74ad - __rustc[8fa7c3cbc660c2b3]::rust_begin_unwind
[INFO] [stdout]   10:     0x5d04014e171c - core[df12db4294e9bfd3]::panicking::panic_fmt
[INFO] [stdout]   11:     0x5d04014e14f2 - core[df12db4294e9bfd3]::result::unwrap_failed
[INFO] [stdout]   12:     0x5d040141d0eb - <tagindex[70541091138d0e18]::storage::redis::RedisTagIndex as tagindex[70541091138d0e18]::storage::IndexStorage>::tag_item
[INFO] [stdout]   13:     0x5d040141a61d - tagindex[70541091138d0e18]::storage::redis::test::add_item
[INFO] [stdout]   14:     0x5d0401419099 - <tagindex[70541091138d0e18]::storage::redis::test::add_item::{closure#0} as core[df12db4294e9bfd3]::ops::function::FnOnce<()>>::call_once
[INFO] [stdout]   15:     0x5d040141e5bb - test[9d35eded1c95d3be]::__rust_begin_short_backtrace::<core[df12db4294e9bfd3]::result::Result<(), alloc[2182bb758b4b3781]::string::String>, fn() -> core[df12db4294e9bfd3]::result::Result<(), alloc[2182bb758b4b3781]::string::String>>
[INFO] [stdout]   16:     0x5d040142bc25 - test[9d35eded1c95d3be]::run_test::{closure#0}
[INFO] [stdout]   17:     0x5d04014254e4 - std[70759c8f55707aa4]::sys::backtrace::__rust_begin_short_backtrace::<test[9d35eded1c95d3be]::run_test::{closure#1}, ()>
[INFO] [stdout]   18:     0x5d040142ed82 - <std[70759c8f55707aa4]::thread::lifecycle::spawn_unchecked<test[9d35eded1c95d3be]::run_test::{closure#1}, ()>::{closure#1} as core[df12db4294e9bfd3]::ops::function::FnOnce<()>>::call_once::{shim:vtable#0}
[INFO] [stdout]   19:     0x5d04014cad19 - <std[70759c8f55707aa4]::sys::thread::unix::Thread>::new::thread_start
[INFO] [stdout]   20:     0x76b512fb8dfa - <unknown>
[INFO] [stdout]   21:     0x76b51304c3d4 - clone
[INFO] [stdout]   22:                0x0 - <unknown>
[INFO] [stdout] 
[INFO] [stdout] ---- storage::redis::test::test_remove_nonexistent_tag stdout ----
[INFO] [stdout] 
[INFO] [stdout] thread 'storage::redis::test::test_remove_nonexistent_tag' (722) panicked at src/storage/redis.rs:58:55:
[INFO] [stdout] called `Result::unwrap()` on an `Err` value: Connection refused (os error 111)
[INFO] [stdout] stack backtrace:
[INFO] [stdout]    0:     0x5d04014cb9a1 - <<std[70759c8f55707aa4]::sys::backtrace::BacktraceLock>::print::DisplayBacktrace as core[df12db4294e9bfd3]::fmt::Display>::fmt
[INFO] [stdout]    1:     0x5d04014e0fea - core[df12db4294e9bfd3]::fmt::write
[INFO] [stdout]    2:     0x5d04014d03dc - <alloc[2182bb758b4b3781]::vec::Vec<u8> as core[df12db4294e9bfd3]::io::write::Write>::write_fmt
[INFO] [stdout]    3:     0x5d04014a6576 - std[70759c8f55707aa4]::panicking::default_hook::{closure#0}
[INFO] [stdout]    4:     0x5d04014c3609 - std[70759c8f55707aa4]::panicking::default_hook
[INFO] [stdout]    5:     0x5d040142b2d0 - test[9d35eded1c95d3be]::test_main_inner::<test[9d35eded1c95d3be]::test_main_static::{closure#0}>::{closure#0}
[INFO] [stdout]    6:     0x5d04014c3932 - std[70759c8f55707aa4]::panicking::panic_with_hook
[INFO] [stdout]    7:     0x5d04014a6622 - std[70759c8f55707aa4]::panicking::panic_handler::{closure#0}
[INFO] [stdout]    8:     0x5d040149f089 - std[70759c8f55707aa4]::sys::backtrace::__rust_end_short_backtrace::<std[70759c8f55707aa4]::panicking::panic_handler::{closure#0}, !>
[INFO] [stdout]    9:     0x5d04014a74ad - __rustc[8fa7c3cbc660c2b3]::rust_begin_unwind
[INFO] [stdout]   10:     0x5d04014e171c - core[df12db4294e9bfd3]::panicking::panic_fmt
[INFO] [stdout]   11:     0x5d04014e14f2 - core[df12db4294e9bfd3]::result::unwrap_failed
[INFO] [stdout]   12:     0x5d040141c5e5 - <tagindex[70541091138d0e18]::storage::redis::RedisTagIndex as tagindex[70541091138d0e18]::storage::IndexStorage>::untag_item
[INFO] [stdout]   13:     0x5d040141a21d - tagindex[70541091138d0e18]::storage::redis::test::test_remove_nonexistent_tag
[INFO] [stdout]   14:     0x5d0401419079 - <tagindex[70541091138d0e18]::storage::redis::test::test_remove_nonexistent_tag::{closure#0} as core[df12db4294e9bfd3]::ops::function::FnOnce<()>>::call_once
[INFO] [stdout]   15:     0x5d040141e5bb - test[9d35eded1c95d3be]::__rust_begin_short_backtrace::<core[df12db4294e9bfd3]::result::Result<(), alloc[2182bb758b4b3781]::string::String>, fn() -> core[df12db4294e9bfd3]::result::Result<(), alloc[2182bb758b4b3781]::string::String>>
[INFO] [stdout]   16:     0x5d040142bc25 - test[9d35eded1c95d3be]::run_test::{closure#0}
[INFO] [stdout]   17:     0x5d04014254e4 - std[70759c8f55707aa4]::sys::backtrace::__rust_begin_short_backtrace::<test[9d35eded1c95d3be]::run_test::{closure#1}, ()>
[INFO] [stdout]   18:     0x5d040142ed82 - <std[70759c8f55707aa4]::thread::lifecycle::spawn_unchecked<test[9d35eded1c95d3be]::run_test::{closure#1}, ()>::{closure#1} as core[df12db4294e9bfd3]::ops::function::FnOnce<()>>::call_once::{shim:vtable#0}
[INFO] [stdout]   19:     0x5d04014cad19 - <std[70759c8f55707aa4]::sys::thread::unix::Thread>::new::thread_start
[INFO] [stdout]   20:     0x76b512fb8dfa - <unknown>
[INFO] [stdout]   21:     0x76b51304c3d4 - clone
[INFO] [stdout]   22:                0x0 - <unknown>
[INFO] [stdout] 
[INFO] [stdout] ---- storage::redis::test::test_remove_tag stdout ----
[INFO] [stdout] 
[INFO] [stdout] thread 'storage::redis::test::test_remove_tag' (723) panicked at src/storage/redis.rs:35:55:
[INFO] [stdout] called `Result::unwrap()` on an `Err` value: Connection refused (os error 111)
[INFO] [stdout] stack backtrace:
[INFO] [stdout]    0:     0x5d04014cb9a1 - <<std[70759c8f55707aa4]::sys::backtrace::BacktraceLock>::print::DisplayBacktrace as core[df12db4294e9bfd3]::fmt::Display>::fmt
[INFO] [stdout]    1:     0x5d04014e0fea - core[df12db4294e9bfd3]::fmt::write
[INFO] [stdout]    2:     0x5d04014d03dc - <alloc[2182bb758b4b3781]::vec::Vec<u8> as core[df12db4294e9bfd3]::io::write::Write>::write_fmt
[INFO] [stdout]    3:     0x5d04014a6576 - std[70759c8f55707aa4]::panicking::default_hook::{closure#0}
[INFO] [stdout]    4:     0x5d04014c3609 - std[70759c8f55707aa4]::panicking::default_hook
[INFO] [stdout]    5:     0x5d040142b2d0 - test[9d35eded1c95d3be]::test_main_inner::<test[9d35eded1c95d3be]::test_main_static::{closure#0}>::{closure#0}
[INFO] [stdout]    6:     0x5d04014c3932 - std[70759c8f55707aa4]::panicking::panic_with_hook
[INFO] [stdout]    7:     0x5d04014a6622 - std[70759c8f55707aa4]::panicking::panic_handler::{closure#0}
[INFO] [stdout]    8:     0x5d040149f089 - std[70759c8f55707aa4]::sys::backtrace::__rust_end_short_backtrace::<std[70759c8f55707aa4]::panicking::panic_handler::{closure#0}, !>
[INFO] [stdout]    9:     0x5d04014a74ad - __rustc[8fa7c3cbc660c2b3]::rust_begin_unwind
[INFO] [stdout]   10:     0x5d04014e171c - core[df12db4294e9bfd3]::panicking::panic_fmt
[INFO] [stdout]   11:     0x5d04014e14f2 - core[df12db4294e9bfd3]::result::unwrap_failed
[INFO] [stdout]   12:     0x5d040141d0eb - <tagindex[70541091138d0e18]::storage::redis::RedisTagIndex as tagindex[70541091138d0e18]::storage::IndexStorage>::tag_item
[INFO] [stdout]   13:     0x5d0401419b2d - tagindex[70541091138d0e18]::storage::redis::test::test_remove_tag
[INFO] [stdout]   14:     0x5d0401419059 - <tagindex[70541091138d0e18]::storage::redis::test::test_remove_tag::{closure#0} as core[df12db4294e9bfd3]::ops::function::FnOnce<()>>::call_once
[INFO] [stdout]   15:     0x5d040141e5bb - test[9d35eded1c95d3be]::__rust_begin_short_backtrace::<core[df12db4294e9bfd3]::result::Result<(), alloc[2182bb758b4b3781]::string::String>, fn() -> core[df12db4294e9bfd3]::result::Result<(), alloc[2182bb758b4b3781]::string::String>>
[INFO] [stdout]   16:     0x5d040142bc25 - test[9d35eded1c95d3be]::run_test::{closure#0}
[INFO] [stdout]   17:     0x5d04014254e4 - std[70759c8f55707aa4]::sys::backtrace::__rust_begin_short_backtrace::<test[9d35eded1c95d3be]::run_test::{closure#1}, ()>
[INFO] [stdout]   18:     0x5d040142ed82 - <std[70759c8f55707aa4]::thread::lifecycle::spawn_unchecked<test[9d35eded1c95d3be]::run_test::{closure#1}, ()>::{closure#1} as core[df12db4294e9bfd3]::ops::function::FnOnce<()>>::call_once::{shim:vtable#0}
[INFO] [stdout]   19:     0x5d04014cad19 - <std[70759c8f55707aa4]::sys::thread::unix::Thread>::new::thread_start
[INFO] [stdout]   20:     0x76b512fb8dfa - <unknown>
[INFO] [stdout]   21:     0x76b51304c3d4 - clone
[INFO] [stdout]   22:                0x0 - <unknown>
[INFO] [stdout] 
[INFO] [stdout] 
[INFO] [stdout] failures:
[INFO] [stdout]     storage::redis::test::add_item
[INFO] [stdout]     storage::redis::test::test_remove_nonexistent_tag
[INFO] [stdout]     storage::redis::test::test_remove_tag
[INFO] [stdout] 
[INFO] [stdout] test result: FAILED. 3 passed; 3 failed; 0 ignored; 0 measured; 0 filtered out; finished in 0.01s
[INFO] [stdout] 
[INFO] running `Command { std: "docker" "inspect" "66eb9963e79a6f6a30664946c500acbd392e00987cfbb1f4939eb7db93e22b3d", kill_on_drop: false }`
[INFO] running `Command { std: "docker" "rm" "-f" "66eb9963e79a6f6a30664946c500acbd392e00987cfbb1f4939eb7db93e22b3d", kill_on_drop: false }`
[INFO] [stdout] 66eb9963e79a6f6a30664946c500acbd392e00987cfbb1f4939eb7db93e22b3d
