[INFO] cloning repository https://github.com/dlasher/readsb-rs
[INFO] running `Command { std: "git" "-c" "credential.helper=" "-c" "credential.helper=/workspace/cargo-home/bin/git-credential-null" "clone" "--bare" "https://github.com/dlasher/readsb-rs" "/workspace/cache/git-repos/https%3A%2F%2Fgithub.com%2Fdlasher%2Freadsb-rs", kill_on_drop: false }`
[INFO] [stderr] Cloning into bare repository '/workspace/cache/git-repos/https%3A%2F%2Fgithub.com%2Fdlasher%2Freadsb-rs'...
[INFO] running `Command { std: "git" "rev-parse" "HEAD", kill_on_drop: false }`
[INFO] [stdout] b88ec339e97c81b0eaeda91b00957b521b905d91
[INFO] testing dlasher/readsb-rs against 1.100.0-beta.1+cargoflags=--release for beta-release-1.100-3
[INFO] running `Command { std: "git" "clone" "/workspace/cache/git-repos/https%3A%2F%2Fgithub.com%2Fdlasher%2Freadsb-rs" "/workspace/builds/worker-1-tc2/source", kill_on_drop: false }`
[INFO] [stderr] Cloning into '/workspace/builds/worker-1-tc2/source'...
[INFO] [stderr] done.
[INFO] started tweaking git repo https://github.com/dlasher/readsb-rs
[INFO] finished tweaking git repo https://github.com/dlasher/readsb-rs
[INFO] tweaked toml for git repo https://github.com/dlasher/readsb-rs written to /workspace/builds/worker-1-tc2/source/Cargo.toml
[INFO] validating manifest of git repo https://github.com/dlasher/readsb-rs on toolchain 1.100.0-beta.1
[INFO] running `Command { std: CARGO_HOME="/workspace/cargo-home" RUSTUP_HOME="/workspace/rustup-home" "/workspace/cargo-home/bin/cargo" "+1.100.0-beta.1" "metadata" "--manifest-path" "Cargo.toml" "--no-deps", kill_on_drop: false }`
[INFO] crate git repo https://github.com/dlasher/readsb-rs already has a lockfile, it will not be regenerated
[INFO] running `Command { std: CARGO_HOME="/workspace/cargo-home" RUSTUP_HOME="/workspace/rustup-home" "/workspace/cargo-home/bin/cargo" "+1.100.0-beta.1" "fetch" "--manifest-path" "Cargo.toml", kill_on_drop: false }`
[INFO] running `Command { std: "docker" "create" "-v" "/var/lib/crater-agent-workspace/builds/worker-1-tc2/source:/opt/rustwide/workdir:ro,Z" "-v" "/var/lib/crater-agent-workspace/builds/worker-1-tc2/target:/opt/rustwide/target:rw,Z" "-v" "/var/lib/crater-agent-workspace/cargo-home:/opt/rustwide/cargo-home:ro,Z" "-v" "/var/lib/crater-agent-workspace/rustup-home:/opt/rustwide/rustup-home:ro,Z" "-m" "1610612736" "--network" "none" "ghcr.io/rust-lang/crates-build-env/linux@sha256:77db811e55d90add9212f6832c23229e3de5f1c1f9905e8cb07319ea15df73ac" "sleep" "infinity", kill_on_drop: false }`
[INFO] [stdout] ec6a09ebae8f076bb55310a8e43d1827dcfbb221e13a5a5a2b4e98878115bfe3
[INFO] running `Command { std: "docker" "start" "ec6a09ebae8f076bb55310a8e43d1827dcfbb221e13a5a5a2b4e98878115bfe3", kill_on_drop: false }`
[INFO] running `Command { std: "docker" "inspect" "ec6a09ebae8f076bb55310a8e43d1827dcfbb221e13a5a5a2b4e98878115bfe3", kill_on_drop: false }`
[INFO] running `Command { std: "docker" "exec" "-e" "SOURCE_DIR=/opt/rustwide/workdir" "-e" "CARGO_HOME=/opt/rustwide/cargo-home" "-e" "RUSTUP_HOME=/opt/rustwide/rustup-home" "-e" "CARGO_TARGET_DIR=/opt/rustwide/target" "-w" "/opt/rustwide/workdir" "--user" "0:0" "ec6a09ebae8f076bb55310a8e43d1827dcfbb221e13a5a5a2b4e98878115bfe3" "/opt/rustwide/cargo-home/bin/cargo" "+1.100.0-beta.1" "metadata" "--no-deps" "--format-version=1", kill_on_drop: false }`
[INFO] running `Command { std: "docker" "inspect" "ec6a09ebae8f076bb55310a8e43d1827dcfbb221e13a5a5a2b4e98878115bfe3", kill_on_drop: false }`
[INFO] running `Command { std: "docker" "exec" "-e" "SOURCE_DIR=/opt/rustwide/workdir" "-e" "CARGO_HOME=/opt/rustwide/cargo-home" "-e" "RUSTUP_HOME=/opt/rustwide/rustup-home" "-e" "CARGO_TARGET_DIR=/opt/rustwide/target" "-e" "CARGO_INCREMENTAL=0" "-e" "RUST_BACKTRACE=full" "-e" "RUSTFLAGS=--cap-lints=warn" "-e" "RUSTDOCFLAGS=--cap-lints=warn" "-w" "/opt/rustwide/workdir" "--user" "0:0" "ec6a09ebae8f076bb55310a8e43d1827dcfbb221e13a5a5a2b4e98878115bfe3" "/opt/rustwide/cargo-home/bin/cargo" "+1.100.0-beta.1" "build" "--frozen" "--message-format=json" "--release", kill_on_drop: false }`
[INFO] [stderr]    Compiling quote v1.0.45
[INFO] [stderr]    Compiling libc v0.2.186
[INFO] [stderr]    Compiling memchr v2.8.1
[INFO] [stderr]    Compiling regex-syntax v0.8.10
[INFO] [stderr]    Compiling num-traits v0.2.19
[INFO] [stderr]    Compiling cc v1.2.63
[INFO] [stderr]    Compiling log v0.4.30
[INFO] [stderr]    Compiling pkg-config v0.3.33
[INFO] [stderr]    Compiling smallvec v1.15.1
[INFO] [stderr]    Compiling syn v1.0.109
[INFO] [stderr]    Compiling syn v2.0.117
[INFO] [stderr]    Compiling futures-sink v0.3.32
[INFO] [stderr]    Compiling either v1.16.0
[INFO] [stderr]    Compiling signal-hook v0.3.18
[INFO] [stderr]    Compiling serde_core v1.0.228
[INFO] [stderr]    Compiling predicates-core v1.0.10
[INFO] [stderr]    Compiling aho-corasick v1.1.4
[INFO] [stderr]    Compiling itertools v0.10.5
[INFO] [stderr]    Compiling float-cmp v0.9.0
[INFO] [stderr]    Compiling errno v0.3.14
[INFO] [stderr]    Compiling parking_lot_core v0.9.12
[INFO] [stderr]    Compiling signal-hook-registry v1.4.8
[INFO] [stderr]    Compiling libusb1-sys v0.7.0
[INFO] [stderr]    Compiling anstyle-parse v1.0.0
[INFO] [stderr]    Compiling futures-channel v0.3.32
[INFO] [stderr]    Compiling futures-io v0.3.32
[INFO] [stderr]    Compiling cfg-if v1.0.4
[INFO] [stderr]    Compiling anstyle v1.0.14
[INFO] [stderr]    Compiling normalize-line-endings v0.3.0
[INFO] [stderr]    Compiling colorchoice v1.0.5
[INFO] [stderr]    Compiling termtree v0.5.1
[INFO] [stderr]    Compiling rusb v0.9.4
[INFO] [stderr]    Compiling anstyle-query v1.1.5
[INFO] [stderr]    Compiling is_terminal_polyfill v1.70.2
[INFO] [stderr]    Compiling difflib v0.4.0
[INFO] [stderr]    Compiling anstream v1.0.0
[INFO] [stderr]    Compiling predicates-tree v1.0.13
[INFO] [stderr]    Compiling parking_lot v0.12.5
[INFO] [stderr]    Compiling mio v0.8.11
[INFO] [stderr]    Compiling regex-automata v0.4.14
[INFO] [stderr]    Compiling fragile v2.1.0
[INFO] [stderr]    Compiling serde v1.0.228
[INFO] [stderr]    Compiling clap_lex v1.1.0
[INFO] [stderr]    Compiling serde_json v1.0.150
[INFO] [stderr]    Compiling downcast v0.11.0
[INFO] [stderr]    Compiling clap_builder v4.6.0
[INFO] [stderr]    Compiling signal-hook-mio v0.2.5
[INFO] [stderr]    Compiling socket2 v0.6.4
[INFO] [stderr]    Compiling futures-macro v0.3.32
[INFO] [stderr]    Compiling tracing-attributes v0.1.31
[INFO] [stderr]    Compiling tokio-macros v2.7.0
[INFO] [stderr]    Compiling mockall_derive v0.11.4
[INFO] [stderr]    Compiling futures-util v0.3.32
[INFO] [stderr]    Compiling serde_derive v1.0.228
[INFO] [stderr]    Compiling regex v1.12.3
[INFO] [stderr]    Compiling tracing v0.1.44
[INFO] [stderr]    Compiling predicates v2.1.5
[INFO] [stderr]    Compiling matchers v0.2.0
[INFO] [stderr]    Compiling clap_derive v4.6.1
[INFO] [stderr]    Compiling mio v1.2.1
[INFO] [stderr]    Compiling mockall v0.11.4
[INFO] [stderr]    Compiling tracing-log v0.2.0
[INFO] [stderr]    Compiling thread_local v1.1.9
[INFO] [stderr]    Compiling bytes v1.11.1
[INFO] [stderr]    Compiling bitflags v2.11.1
[INFO] [stderr]    Compiling futures-executor v0.3.32
[INFO] [stderr]    Compiling nu-ansi-term v0.50.3
[INFO] [stderr]    Compiling byteorder v1.5.0
[INFO] [stderr]    Compiling tracing-subscriber v0.3.23
[INFO] [stderr]    Compiling rtl-sdr-rs v0.3.1
[INFO] [stderr]    Compiling clap v4.6.1
[INFO] [stderr]    Compiling tokio v1.52.3
[INFO] [stderr]    Compiling futures v0.3.32
[INFO] [stderr]    Compiling crossterm v0.27.0
[INFO] [stderr]    Compiling async-trait v0.1.89
[INFO] [stderr]    Compiling readsb v0.11.1 (/opt/rustwide/workdir)
[INFO] [stderr]     Finished `release` profile [optimized] target(s) in 2m 38s
[INFO] running `Command { std: "docker" "inspect" "ec6a09ebae8f076bb55310a8e43d1827dcfbb221e13a5a5a2b4e98878115bfe3", kill_on_drop: false }`
[INFO] running `Command { std: "docker" "exec" "-e" "SOURCE_DIR=/opt/rustwide/workdir" "-e" "CARGO_HOME=/opt/rustwide/cargo-home" "-e" "RUSTUP_HOME=/opt/rustwide/rustup-home" "-e" "CARGO_TARGET_DIR=/opt/rustwide/target" "-e" "CARGO_INCREMENTAL=0" "-e" "RUST_BACKTRACE=full" "-e" "RUSTFLAGS=--cap-lints=warn" "-e" "RUSTDOCFLAGS=--cap-lints=warn" "-w" "/opt/rustwide/workdir" "--user" "0:0" "ec6a09ebae8f076bb55310a8e43d1827dcfbb221e13a5a5a2b4e98878115bfe3" "/opt/rustwide/cargo-home/bin/cargo" "+1.100.0-beta.1" "test" "--frozen" "--no-run" "--message-format=json" "--release", kill_on_drop: false }`
[INFO] [stderr]    Compiling num-traits v0.2.19
[INFO] [stderr]    Compiling serde_core v1.0.228
[INFO] [stderr]    Compiling serde v1.0.228
[INFO] [stderr]    Compiling crossbeam-utils v0.8.21
[INFO] [stderr]    Compiling zerocopy v0.8.50
[INFO] [stderr]    Compiling zerocopy-derive v0.8.50
[INFO] [stderr]    Compiling rayon-core v1.13.0
[INFO] [stderr]    Compiling plotters-backend v0.3.7
[INFO] [stderr]    Compiling ciborium-io v0.2.2
[INFO] [stderr]    Compiling cast v0.3.0
[INFO] [stderr]    Compiling is-terminal v0.4.17
[INFO] [stderr]    Compiling anes v0.1.6
[INFO] [stderr]    Compiling oorandom v11.1.5
[INFO] [stderr]    Compiling plotters-svg v0.3.7
[INFO] [stderr]    Compiling criterion-plot v0.5.0
[INFO] [stderr]    Compiling crossbeam-epoch v0.9.18
[INFO] [stderr]    Compiling float-cmp v0.9.0
[INFO] [stderr]    Compiling plotters v0.3.7
[INFO] [stderr]    Compiling predicates v2.1.5
[INFO] [stderr]    Compiling crossbeam-deque v0.8.6
[INFO] [stderr]    Compiling mockall v0.11.4
[INFO] [stderr]    Compiling rtl-sdr-rs v0.3.1
[INFO] [stderr]    Compiling rayon v1.12.0
[INFO] [stderr]    Compiling serde_json v1.0.150
[INFO] [stderr]    Compiling tinytemplate v1.2.1
[INFO] [stderr]    Compiling readsb v0.11.1 (/opt/rustwide/workdir)
[INFO] [stderr]    Compiling half v2.7.1
[INFO] [stderr]    Compiling ciborium-ll v0.2.2
[INFO] [stderr]    Compiling ciborium v0.2.2
[INFO] [stderr]    Compiling criterion v0.5.1
[INFO] [stderr]     Finished `release` profile [optimized] target(s) in 1m 19s
[INFO] running `Command { std: "docker" "inspect" "ec6a09ebae8f076bb55310a8e43d1827dcfbb221e13a5a5a2b4e98878115bfe3", kill_on_drop: false }`
[INFO] running `Command { std: "docker" "exec" "-e" "SOURCE_DIR=/opt/rustwide/workdir" "-e" "CARGO_HOME=/opt/rustwide/cargo-home" "-e" "RUSTUP_HOME=/opt/rustwide/rustup-home" "-e" "CARGO_TARGET_DIR=/opt/rustwide/target" "-e" "CARGO_INCREMENTAL=0" "-e" "RUST_BACKTRACE=full" "-e" "RUSTFLAGS=--cap-lints=warn" "-e" "RUSTDOCFLAGS=--cap-lints=warn" "-w" "/opt/rustwide/workdir" "--user" "0:0" "ec6a09ebae8f076bb55310a8e43d1827dcfbb221e13a5a5a2b4e98878115bfe3" "/opt/rustwide/cargo-home/bin/cargo" "+1.100.0-beta.1" "test" "--frozen" "--release", kill_on_drop: false }`
[INFO] [stderr]     Finished `release` profile [optimized] target(s) in 0.19s
[INFO] [stderr]      Running unittests src/lib.rs (/opt/rustwide/target/release/build/readsb/25bc838e745b2479/out/readsb-25bc838e745b2479)
[INFO] [stdout] 
[INFO] [stdout] running 50 tests
[INFO] [stdout] test console::formatter::tests::test_format_max_empty_df0 ... ok
[INFO] [stdout] test console::formatter::tests::test_format_high_position ... ok
[INFO] [stdout] test console::formatter::tests::test_format_high_callsign ... ok
[INFO] [stdout] test console::formatter::tests::test_format_high_airborne_velocity ... ok
[INFO] [stdout] test console::formatter::tests::test_format_low_basic ... ok
[INFO] [stdout] test console::formatter::tests::test_format_low_with_drops ... ok
[INFO] [stdout] test console::formatter::tests::test_format_low_zero_stats ... ok
[INFO] [stdout] test console::formatter::tests::test_format_max_includes_df11 ... ok
[INFO] [stdout] test console::outputter::tests::test_outputter_low_tier_not_yet ... ok
[INFO] [stdout] test console::outputter::tests::test_outputter_medium_change_detection ... ok
[INFO] [stdout] test console::outputter::tests::test_outputter_medium_no_change ... ok
[INFO] [stdout] test console::formatter::tests::test_format_medium_change_indicators ... ok
[INFO] [stdout] test console::formatter::tests::test_format_medium_lost_field ... ok
[INFO] [stdout] test console::outputter::tests::test_outputter_high_tier ... ok
[INFO] [stdout] test console::formatter::tests::test_format_medium_unchanged ... ok
[INFO] [stdout] test console::state::tests::test_cycle_level_backward ... ok
[INFO] [stdout] test console::outputter::tests::test_outputter_max_tier ... ok
[INFO] [stdout] test console::outputter::tests::test_outputter_low_tier ... ok
[INFO] [stdout] test console::state::tests::test_diff_snapshots_field_lost ... ok
[INFO] [stdout] test console::state::tests::test_snapshot_from_message ... ok
[INFO] [stdout] test console::state::tests::test_cycle_level_forward ... ok
[INFO] [stdout] test console::state::tests::test_diff_snapshots_all_unchanged ... ok
[INFO] [stdout] test console::state::tests::test_diff_snapshots_alt_changed ... ok
[INFO] [stdout] test console::state::tests::test_diff_snapshots_callsign_new ... ok
[INFO] [stdout] test console::state::tests::test_snapshot_from_message_with_callsign ... ok
[INFO] [stdout] test console::stats_accumulator::tests::test_reset ... ok
[INFO] [stdout] test console::stats_accumulator::tests::test_stats_accumulator_basic ... ok
[INFO] [stdout] test demod::noise_floor::tests::test_estimate_noise_floor_empty ... ok
[INFO] [stdout] test demod::noise_floor::tests::test_estimate_noise_floor_high_values ... ok
[INFO] [stdout] test demod::noise_floor::tests::test_adaptive_threshold_scales ... ok
[INFO] [stdout] test console::stats_accumulator::tests::test_stats_accumulator_df_windowed ... ok
[INFO] [stdout] test console::stats_accumulator::tests::test_stats_accumulator_with_drops ... ok
[INFO] [stdout] test console::stats_accumulator::tests::test_stats_accumulator_zero ... ok
[INFO] [stdout] test demod::noise_floor::tests::test_adaptive_threshold_has_minimum ... ok
[INFO] [stdout] test demod::signal_subtraction::tests::test_subtract_scales_with_weak_signal ... ok
[INFO] [stdout] test sdr::rtl_tcp::tests::test_rtltcp_ringbuf_fields_exist ... ok
[INFO] [stdout] test viewsb::formatter::tests::test_compute_distance_nm ... ok
[INFO] [stdout] test viewsb::formatter::tests::test_format_aircraft_list ... ok
[INFO] [stdout] test viewsb::formatter::tests::test_format_row_imperial ... ok
[INFO] [stdout] test viewsb::formatter::tests::test_format_row_metric ... ok
[INFO] [stdout] test viewsb::formatter::tests::test_format_row_with_distance ... ok
[INFO] [stdout] test viewsb::formatter::tests::test_sort_by_dist ... ok
[INFO] [stdout] test viewsb::formatter::tests::test_sort_icao_tiebreaker ... ok
[INFO] [stdout] test viewsb::formatter::tests::test_sort_by_seen ... ok
[INFO] [stdout] test demod::noise_floor::tests::test_histogram_exact_percentile ... ok
[INFO] [stdout] test demod::signal_subtraction::tests::test_subtract_does_not_panic_on_short_buffer ... ok
[INFO] [stdout] test demod::signal_subtraction::tests::test_subtract_preamble_only ... ok
[INFO] [stdout] test sdr::ring_buffer::tests::test_ring_buffer_backpressure ... ok
[INFO] [stdout] test sdr::ring_buffer::tests::test_ring_buffer_send_recv ... ok
[INFO] [stdout] test console::formatter::tests::test_format_high_skips_df11 ... ok
[INFO] [stderr]      Running unittests src/bin/beast-client.rs (/opt/rustwide/target/release/build/readsb/c2c1d7c3ba4c2850/out/beast_client-c2c1d7c3ba4c2850)
[INFO] [stdout] 
[INFO] [stdout] test result: ok. 50 passed; 0 failed; 0 ignored; 0 measured; 0 filtered out; finished in 0.01s
[INFO] [stdout] 
[INFO] [stdout] 
[INFO] [stdout] running 6 tests
[INFO] [stdout] test tests::test_tick_line_midpoint_between_ticks ... ok
[INFO] [stdout] test tests::test_tick_line_second_tick ... ok
[INFO] [stdout] test tests::test_tick_line_before_first_tick ... ok
[INFO] [stdout] test tests::test_tick_line_first_tick ... ok
[INFO] [stdout] test tests::test_tick_line_multiple_ticks ... ok
[INFO] [stdout] test tests::test_tick_line_zero ... ok
[INFO] [stdout] 
[INFO] [stdout] test result: ok. 6 passed; 0 failed; 0 ignored; 0 measured; 0 filtered out; finished in 0.00s
[INFO] [stdout] 
[INFO] [stderr]      Running unittests src/main.rs (/opt/rustwide/target/release/build/readsb/f0aac7d9356ec53d/out/readsb-f0aac7d9356ec53d)
[INFO] [stderr]      Running tests/beast_client.rs (/opt/rustwide/target/release/build/readsb/717ddc2463c67945/out/beast_client-717ddc2463c67945)
[INFO] [stdout] 
[INFO] [stdout] running 0 tests
[INFO] [stdout] 
[INFO] [stdout] test result: ok. 0 passed; 0 failed; 0 ignored; 0 measured; 0 filtered out; finished in 0.00s
[INFO] [stdout] 
[INFO] [stdout] 
[INFO] [stdout] running 17 tests
[INFO] [stdout] test test_build_key_map_single ... ok
[INFO] [stdout] test test_build_key_map_df_discrimination ... ok
[INFO] [stdout] test test_build_key_map_duplicate_keeps_last ... ok
[INFO] [stdout] test test_build_key_map_empty ... ok
[INFO] [stdout] test test_beast_client_cli_version ... FAILED
[INFO] [stdout] test test_compare_cli_new_flags ... FAILED
[INFO] [stdout] test test_format_hex_112bit ... ok
[INFO] [stdout] test test_viewsb_cli_help ... FAILED
[INFO] [stdout] test test_beast_client_cli_help ... FAILED
[INFO] [stdout] test test_beast_client_hex ... FAILED
[INFO] [stdout] test test_beast_client_decode ... FAILED
[INFO] [stdout] test test_viewsb_json_output ... FAILED
[INFO] [stdout] test test_viewsb_metric_conversion ... FAILED
[INFO] [stdout] test test_viewsb_noninteractive ... FAILED
[INFO] [stdout] test test_compare_file_live ... FAILED
[INFO] [stdout] test test_compare_with_output_file ... FAILED
[INFO] [stdout] test test_compare_two_live ... FAILED
[INFO] [stdout] 
[INFO] [stdout] failures:
[INFO] [stdout] 
[INFO] [stdout] ---- test_beast_client_cli_version stdout ----
[INFO] [stdout] 
[INFO] [stdout] thread 'test_beast_client_cli_version' (2753) panicked at tests/beast_client.rs:44:10:
[INFO] [stdout] Failed to run beast-client --version: Os { code: 2, kind: NotFound, message: "No such file or directory" }
[INFO] [stdout] stack backtrace:
[INFO] [stdout]    0:     0x60a569cf2561 - <<std[617be2ca0a6fd877]::sys::backtrace::BacktraceLock>::print::DisplayBacktrace as core[a373ad73a504971]::fmt::Display>::fmt
[INFO] [stdout]    1:     0x60a569d0721a - core[a373ad73a504971]::fmt::write
[INFO] [stdout]    2:     0x60a569cf6a9c - <alloc[2e1b2a31b91974c5]::vec::Vec<u8> as core[a373ad73a504971]::io::write::Write>::write_fmt
[INFO] [stdout]    3:     0x60a569ccd366 - std[617be2ca0a6fd877]::panicking::default_hook::{closure#0}
[INFO] [stdout]    4:     0x60a569ce9f59 - std[617be2ca0a6fd877]::panicking::default_hook
[INFO] [stdout]    5:     0x60a569c85590 - test[aada8e7e76ba119b]::test_main_inner::{closure#0}
[INFO] [stdout]    6:     0x60a569cea112 - std[617be2ca0a6fd877]::panicking::panic_with_hook
[INFO] [stdout]    7:     0x60a569ccd412 - std[617be2ca0a6fd877]::panicking::panic_handler::{closure#0}
[INFO] [stdout]    8:     0x60a569cc5e39 - std[617be2ca0a6fd877]::sys::backtrace::__rust_end_short_backtrace::<std[617be2ca0a6fd877]::panicking::panic_handler::{closure#0}, !>
[INFO] [stdout]    9:     0x60a569cce20d - __rustc[ea4f61d10b84890b]::rust_begin_unwind
[INFO] [stdout]   10:     0x60a569d0794c - core[a373ad73a504971]::panicking::panic_fmt
[INFO] [stdout]   11:     0x60a569d07722 - core[a373ad73a504971]::result::unwrap_failed
[INFO] [stdout]   12:     0x60a569c6eb49 - <beast_client[76789ebc311b33af]::test_beast_client_cli_version::{closure#0} as core[a373ad73a504971]::ops::function::FnOnce<()>>::call_once
[INFO] [stdout]   13:     0x60a569c789db - test[aada8e7e76ba119b]::__rust_begin_short_backtrace::<core[a373ad73a504971]::result::Result<(), alloc[2e1b2a31b91974c5]::string::String>, fn() -> core[a373ad73a504971]::result::Result<(), alloc[2e1b2a31b91974c5]::string::String>>
[INFO] [stdout]   14:     0x60a569c85bb5 - test[aada8e7e76ba119b]::run_test::{closure#0}
[INFO] [stdout]   15:     0x60a569c7f4a4 - std[617be2ca0a6fd877]::sys::backtrace::__rust_begin_short_backtrace::<test[aada8e7e76ba119b]::run_test::{closure#1}, ()>
[INFO] [stdout]   16:     0x60a569c88c42 - <std[617be2ca0a6fd877]::thread::lifecycle::spawn_unchecked<test[aada8e7e76ba119b]::run_test::{closure#1}, ()>::{closure#1} as core[a373ad73a504971]::ops::function::FnOnce<()>>::call_once::{shim:vtable#0}
[INFO] [stdout]   17:     0x60a569cf12bf - <std[617be2ca0a6fd877]::sys::thread::unix::Thread>::new::thread_start
[INFO] [stdout]   18:     0x71e8b79c3dfa - <unknown>
[INFO] [stdout]   19:     0x71e8b7a573d4 - clone
[INFO] [stdout]   20:                0x0 - <unknown>
[INFO] [stdout] 
[INFO] [stdout] ---- test_compare_cli_new_flags stdout ----
[INFO] [stdout] 
[INFO] [stdout] thread 'test_compare_cli_new_flags' (2762) panicked at tests/beast_client.rs:127:19:
[INFO] [stdout] Failed to run: Os { code: 2, kind: NotFound, message: "No such file or directory" }
[INFO] [stdout] stack backtrace:
[INFO] [stdout]    0:     0x60a569cf2561 - <<std[617be2ca0a6fd877]::sys::backtrace::BacktraceLock>::print::DisplayBacktrace as core[a373ad73a504971]::fmt::Display>::fmt
[INFO] [stdout]    1:     0x60a569d0721a - core[a373ad73a504971]::fmt::write
[INFO] [stdout]    2:     0x60a569cf6a9c - <alloc[2e1b2a31b91974c5]::vec::Vec<u8> as core[a373ad73a504971]::io::write::Write>::write_fmt
[INFO] [stdout]    3:     0x60a569ccd366 - std[617be2ca0a6fd877]::panicking::default_hook::{closure#0}
[INFO] [stdout]    4:     0x60a569ce9f59 - std[617be2ca0a6fd877]::panicking::default_hook
[INFO] [stdout]    5:     0x60a569c85590 - test[aada8e7e76ba119b]::test_main_inner::{closure#0}
[INFO] [stdout]    6:     0x60a569cea112 - std[617be2ca0a6fd877]::panicking::panic_with_hook
[INFO] [stdout]    7:     0x60a569ccd412 - std[617be2ca0a6fd877]::panicking::panic_handler::{closure#0}
[INFO] [stdout]    8:     0x60a569cc5e39 - std[617be2ca0a6fd877]::sys::backtrace::__rust_end_short_backtrace::<std[617be2ca0a6fd877]::panicking::panic_handler::{closure#0}, !>
[INFO] [stdout]    9:     0x60a569cce20d - __rustc[ea4f61d10b84890b]::rust_begin_unwind
[INFO] [stdout]   10:     0x60a569d0794c - core[a373ad73a504971]::panicking::panic_fmt
[INFO] [stdout]   11:     0x60a569d07722 - core[a373ad73a504971]::result::unwrap_failed
[INFO] [stdout]   12:     0x60a569c6e238 - <beast_client[76789ebc311b33af]::test_compare_cli_new_flags::{closure#0} as core[a373ad73a504971]::ops::function::FnOnce<()>>::call_once
[INFO] [stdout]   13:     0x60a569c789db - test[aada8e7e76ba119b]::__rust_begin_short_backtrace::<core[a373ad73a504971]::result::Result<(), alloc[2e1b2a31b91974c5]::string::String>, fn() -> core[a373ad73a504971]::result::Result<(), alloc[2e1b2a31b91974c5]::string::String>>
[INFO] [stdout]   14:     0x60a569c85bb5 - test[aada8e7e76ba119b]::run_test::{closure#0}
[INFO] [stdout]   15:     0x60a569c7f4a4 - std[617be2ca0a6fd877]::sys::backtrace::__rust_begin_short_backtrace::<test[aada8e7e76ba119b]::run_test::{closure#1}, ()>
[INFO] [stdout]   16:     0x60a569c88c42 - <std[617be2ca0a6fd877]::thread::lifecycle::spawn_unchecked<test[aada8e7e76ba119b]::run_test::{closure#1}, ()>::{closure#1} as core[a373ad73a504971]::ops::function::FnOnce<()>>::call_once::{shim:vtable#0}
[INFO] [stdout]   17:     0x60a569cf12bf - <std[617be2ca0a6fd877]::sys::thread::unix::Thread>::new::thread_start
[INFO] [stdout]   18:     0x71e8b79c3dfa - <unknown>
[INFO] [stdout]   19:     0x71e8b7a573d4 - clone
[INFO] [stdout]   20:                0x0 - <unknown>
[INFO] [stdout] 
[INFO] [stdout] ---- test_viewsb_cli_help stdout ----
[INFO] [stdout] 
[INFO] [stdout] thread 'test_viewsb_cli_help' (2771) panicked at tests/beast_client.rs:22:10:
[INFO] [stdout] Failed to run beast-client viewsb --help: Os { code: 2, kind: NotFound, message: "No such file or directory" }
[INFO] [stdout] stack backtrace:
[INFO] [stdout]    0:     0x60a569cf2561 - <<std[617be2ca0a6fd877]::sys::backtrace::BacktraceLock>::print::DisplayBacktrace as core[a373ad73a504971]::fmt::Display>::fmt
[INFO] [stdout]    1:     0x60a569d0721a - core[a373ad73a504971]::fmt::write
[INFO] [stdout]    2:     0x60a569cf6a9c - <alloc[2e1b2a31b91974c5]::vec::Vec<u8> as core[a373ad73a504971]::io::write::Write>::write_fmt
[INFO] [stdout]    3:     0x60a569ccd366 - std[617be2ca0a6fd877]::panicking::default_hook::{closure#0}
[INFO] [stdout]    4:     0x60a569ce9f59 - std[617be2ca0a6fd877]::panicking::default_hook
[INFO] [stdout]    5:     0x60a569c85590 - test[aada8e7e76ba119b]::test_main_inner::{closure#0}
[INFO] [stdout]    6:     0x60a569cea112 - std[617be2ca0a6fd877]::panicking::panic_with_hook
[INFO] [stdout]    7:     0x60a569ccd412 - std[617be2ca0a6fd877]::panicking::panic_handler::{closure#0}
[INFO] [stdout]    8:     0x60a569cc5e39 - std[617be2ca0a6fd877]::sys::backtrace::__rust_end_short_backtrace::<std[617be2ca0a6fd877]::panicking::panic_handler::{closure#0}, !>
[INFO] [stdout]    9:     0x60a569cce20d - __rustc[ea4f61d10b84890b]::rust_begin_unwind
[INFO] [stdout]   10:     0x60a569d0794c - core[a373ad73a504971]::panicking::panic_fmt
[INFO] [stdout]   11:     0x60a569d07722 - core[a373ad73a504971]::result::unwrap_failed
[INFO] [stdout]   12:     0x60a569c6aa56 - <beast_client[76789ebc311b33af]::test_viewsb_cli_help::{closure#0} as core[a373ad73a504971]::ops::function::FnOnce<()>>::call_once
[INFO] [stdout]   13:     0x60a569c789db - test[aada8e7e76ba119b]::__rust_begin_short_backtrace::<core[a373ad73a504971]::result::Result<(), alloc[2e1b2a31b91974c5]::string::String>, fn() -> core[a373ad73a504971]::result::Result<(), alloc[2e1b2a31b91974c5]::string::String>>
[INFO] [stdout]   14:     0x60a569c85bb5 - test[aada8e7e76ba119b]::run_test::{closure#0}
[INFO] [stdout]   15:     0x60a569c7f4a4 - std[617be2ca0a6fd877]::sys::backtrace::__rust_begin_short_backtrace::<test[aada8e7e76ba119b]::run_test::{closure#1}, ()>
[INFO] [stdout]   16:     0x60a569c88c42 - <std[617be2ca0a6fd877]::thread::lifecycle::spawn_unchecked<test[aada8e7e76ba119b]::run_test::{closure#1}, ()>::{closure#1} as core[a373ad73a504971]::ops::function::FnOnce<()>>::call_once::{shim:vtable#0}
[INFO] [stdout]   17:     0x60a569cf12bf - <std[617be2ca0a6fd877]::sys::thread::unix::Thread>::new::thread_start
[INFO] [stdout]   18:     0x71e8b79c3dfa - <unknown>
[INFO] [stdout]   19:     0x71e8b7a573d4 - clone
[INFO] [stdout]   20:                0x0 - <unknown>
[INFO] [stdout] 
[INFO] [stdout] ---- test_beast_client_cli_help stdout ----
[INFO] [stdout] 
[INFO] [stdout] thread 'test_beast_client_cli_help' (2752) panicked at tests/beast_client.rs:55:10:
[INFO] [stdout] Failed to run beast-client --help: Os { code: 2, kind: NotFound, message: "No such file or directory" }
[INFO] [stdout] stack backtrace:
[INFO] [stdout]    0:     0x60a569cf2561 - <<std[617be2ca0a6fd877]::sys::backtrace::BacktraceLock>::print::DisplayBacktrace as core[a373ad73a504971]::fmt::Display>::fmt
[INFO] [stdout]    1:     0x60a569d0721a - core[a373ad73a504971]::fmt::write
[INFO] [stdout]    2:     0x60a569cf6a9c - <alloc[2e1b2a31b91974c5]::vec::Vec<u8> as core[a373ad73a504971]::io::write::Write>::write_fmt
[INFO] [stdout]    3:     0x60a569ccd366 - std[617be2ca0a6fd877]::panicking::default_hook::{closure#0}
[INFO] [stdout]    4:     0x60a569ce9f59 - std[617be2ca0a6fd877]::panicking::default_hook
[INFO] [stdout]    5:     0x60a569c85590 - test[aada8e7e76ba119b]::test_main_inner::{closure#0}
[INFO] [stdout]    6:     0x60a569cea112 - std[617be2ca0a6fd877]::panicking::panic_with_hook
[INFO] [stdout]    7:     0x60a569ccd412 - std[617be2ca0a6fd877]::panicking::panic_handler::{closure#0}
[INFO] [stdout]    8:     0x60a569cc5e39 - std[617be2ca0a6fd877]::sys::backtrace::__rust_end_short_backtrace::<std[617be2ca0a6fd877]::panicking::panic_handler::{closure#0}, !>
[INFO] [stdout]    9:     0x60a569cce20d - __rustc[ea4f61d10b84890b]::rust_begin_unwind
[INFO] [stdout]   10:     0x60a569d0794c - core[a373ad73a504971]::panicking::panic_fmt
[INFO] [stdout]   11:     0x60a569d07722 - core[a373ad73a504971]::result::unwrap_failed
[INFO] [stdout]   12:     0x60a569c6df27 - <beast_client[76789ebc311b33af]::test_beast_client_cli_help::{closure#0} as core[a373ad73a504971]::ops::function::FnOnce<()>>::call_once
[INFO] [stdout]   13:     0x60a569c789db - test[aada8e7e76ba119b]::__rust_begin_short_backtrace::<core[a373ad73a504971]::result::Result<(), alloc[2e1b2a31b91974c5]::string::String>, fn() -> core[a373ad73a504971]::result::Result<(), alloc[2e1b2a31b91974c5]::string::String>>
[INFO] [stdout]   14:     0x60a569c85bb5 - test[aada8e7e76ba119b]::run_test::{closure#0}
[INFO] [stdout]   15:     0x60a569c7f4a4 - std[617be2ca0a6fd877]::sys::backtrace::__rust_begin_short_backtrace::<test[aada8e7e76ba119b]::run_test::{closure#1}, ()>
[INFO] [stdout]   16:     0x60a569c88c42 - <std[617be2ca0a6fd877]::thread::lifecycle::spawn_unchecked<test[aada8e7e76ba119b]::run_test::{closure#1}, ()>::{closure#1} as core[a373ad73a504971]::ops::function::FnOnce<()>>::call_once::{shim:vtable#0}
[INFO] [stdout]   17:     0x60a569cf12bf - <std[617be2ca0a6fd877]::sys::thread::unix::Thread>::new::thread_start
[INFO] [stdout]   18:     0x71e8b79c3dfa - <unknown>
[INFO] [stdout]   19:     0x71e8b7a573d4 - clone
[INFO] [stdout]   20:                0x0 - <unknown>
[INFO] [stdout] 
[INFO] [stdout] ---- test_beast_client_hex stdout ----
[INFO] [stdout] 
[INFO] [stdout] thread 'test_beast_client_hex' (2755) panicked at tests/beast_client.rs:84:19:
[INFO] [stdout] Failed to run: Os { code: 2, kind: NotFound, message: "No such file or directory" }
[INFO] [stdout] stack backtrace:
[INFO] [stdout]    0:     0x60a569cf2561 - <<std[617be2ca0a6fd877]::sys::backtrace::BacktraceLock>::print::DisplayBacktrace as core[a373ad73a504971]::fmt::Display>::fmt
[INFO] [stdout]    1:     0x60a569d0721a - core[a373ad73a504971]::fmt::write
[INFO] [stdout]    2:     0x60a569cf6a9c - <alloc[2e1b2a31b91974c5]::vec::Vec<u8> as core[a373ad73a504971]::io::write::Write>::write_fmt
[INFO] [stdout]    3:     0x60a569ccd366 - std[617be2ca0a6fd877]::panicking::default_hook::{closure#0}
[INFO] [stdout]    4:     0x60a569ce9f59 - std[617be2ca0a6fd877]::panicking::default_hook
[INFO] [stdout]    5:     0x60a569c85590 - test[aada8e7e76ba119b]::test_main_inner::{closure#0}
[INFO] [stdout]    6:     0x60a569cea112 - std[617be2ca0a6fd877]::panicking::panic_with_hook
[INFO] [stdout]    7:     0x60a569ccd412 - std[617be2ca0a6fd877]::panicking::panic_handler::{closure#0}
[INFO] [stdout]    8:     0x60a569cc5e39 - std[617be2ca0a6fd877]::sys::backtrace::__rust_end_short_backtrace::<std[617be2ca0a6fd877]::panicking::panic_handler::{closure#0}, !>
[INFO] [stdout]    9:     0x60a569cce20d - __rustc[ea4f61d10b84890b]::rust_begin_unwind
[INFO] [stdout]   10:     0x60a569d0794c - core[a373ad73a504971]::panicking::panic_fmt
[INFO] [stdout]   11:     0x60a569d07722 - core[a373ad73a504971]::result::unwrap_failed
[INFO] [stdout]   12:     0x60a569c6b094 - <beast_client[76789ebc311b33af]::test_beast_client_hex::{closure#0} as core[a373ad73a504971]::ops::function::FnOnce<()>>::call_once
[INFO] [stdout]   13:     0x60a569c789db - test[aada8e7e76ba119b]::__rust_begin_short_backtrace::<core[a373ad73a504971]::result::Result<(), alloc[2e1b2a31b91974c5]::string::String>, fn() -> core[a373ad73a504971]::result::Result<(), alloc[2e1b2a31b91974c5]::string::String>>
[INFO] [stdout]   14:     0x60a569c85bb5 - test[aada8e7e76ba119b]::run_test::{closure#0}
[INFO] [stdout]   15:     0x60a569c7f4a4 - std[617be2ca0a6fd877]::sys::backtrace::__rust_begin_short_backtrace::<test[aada8e7e76ba119b]::run_test::{closure#1}, ()>
[INFO] [stdout]   16:     0x60a569c88c42 - <std[617be2ca0a6fd877]::thread::lifecycle::spawn_unchecked<test[aada8e7e76ba119b]::run_test::{closure#1}, ()>::{closure#1} as core[a373ad73a504971]::ops::function::FnOnce<()>>::call_once::{shim:vtable#0}
[INFO] [stdout]   17:     0x60a569cf12bf - <std[617be2ca0a6fd877]::sys::thread::unix::Thread>::new::thread_start
[INFO] [stdout]   18:     0x71e8b79c3dfa - <unknown>
[INFO] [stdout]   19:     0x71e8b7a573d4 - clone
[INFO] [stdout]   20:                0x0 - <unknown>
[INFO] [stdout] 
[INFO] [stdout] ---- test_beast_client_decode stdout ----
[INFO] [stdout] 
[INFO] [stdout] thread 'test_beast_client_decode' (2754) panicked at tests/beast_client.rs:111:19:
[INFO] [stdout] Failed to run: Os { code: 2, kind: NotFound, message: "No such file or directory" }
[INFO] [stdout] stack backtrace:
[INFO] [stdout]    0:     0x60a569cf2561 - <<std[617be2ca0a6fd877]::sys::backtrace::BacktraceLock>::print::DisplayBacktrace as core[a373ad73a504971]::fmt::Display>::fmt
[INFO] [stdout]    1:     0x60a569d0721a - core[a373ad73a504971]::fmt::write
[INFO] [stdout]    2:     0x60a569cf6a9c - <alloc[2e1b2a31b91974c5]::vec::Vec<u8> as core[a373ad73a504971]::io::write::Write>::write_fmt
[INFO] [stdout]    3:     0x60a569ccd366 - std[617be2ca0a6fd877]::panicking::default_hook::{closure#0}
[INFO] [stdout]    4:     0x60a569ce9f59 - std[617be2ca0a6fd877]::panicking::default_hook
[INFO] [stdout]    5:     0x60a569c85590 - test[aada8e7e76ba119b]::test_main_inner::{closure#0}
[INFO] [stdout]    6:     0x60a569cea112 - std[617be2ca0a6fd877]::panicking::panic_with_hook
[INFO] [stdout]    7:     0x60a569ccd412 - std[617be2ca0a6fd877]::panicking::panic_handler::{closure#0}
[INFO] [stdout]    8:     0x60a569cc5e39 - std[617be2ca0a6fd877]::sys::backtrace::__rust_end_short_backtrace::<std[617be2ca0a6fd877]::panicking::panic_handler::{closure#0}, !>
[INFO] [stdout]    9:     0x60a569cce20d - __rustc[ea4f61d10b84890b]::rust_begin_unwind
[INFO] [stdout]   10:     0x60a569d0794c - core[a373ad73a504971]::panicking::panic_fmt
[INFO] [stdout]   11:     0x60a569d07722 - core[a373ad73a504971]::result::unwrap_failed
[INFO] [stdout]   12:     0x60a569c6d662 - <beast_client[76789ebc311b33af]::test_beast_client_decode::{closure#0} as core[a373ad73a504971]::ops::function::FnOnce<()>>::call_once
[INFO] [stdout]   13:     0x60a569c789db - test[aada8e7e76ba119b]::__rust_begin_short_backtrace::<core[a373ad73a504971]::result::Result<(), alloc[2e1b2a31b91974c5]::string::String>, fn() -> core[a373ad73a504971]::result::Result<(), alloc[2e1b2a31b91974c5]::string::String>>
[INFO] [stdout]   14:     0x60a569c85bb5 - test[aada8e7e76ba119b]::run_test::{closure#0}
[INFO] [stdout]   15:     0x60a569c7f4a4 - std[617be2ca0a6fd877]::sys::backtrace::__rust_begin_short_backtrace::<test[aada8e7e76ba119b]::run_test::{closure#1}, ()>
[INFO] [stdout]   16:     0x60a569c88c42 - <std[617be2ca0a6fd877]::thread::lifecycle::spawn_unchecked<test[aada8e7e76ba119b]::run_test::{closure#1}, ()>::{closure#1} as core[a373ad73a504971]::ops::function::FnOnce<()>>::call_once::{shim:vtable#0}
[INFO] [stdout]   17:     0x60a569cf12bf - <std[617be2ca0a6fd877]::sys::thread::unix::Thread>::new::thread_start
[INFO] [stdout]   18:     0x71e8b79c3dfa - <unknown>
[INFO] [stdout]   19:     0x71e8b7a573d4 - clone
[INFO] [stdout]   20:                0x0 - <unknown>
[INFO] [stdout] 
[INFO] [stdout] ---- test_viewsb_json_output stdout ----
[INFO] [stdout] 
[INFO] [stdout] thread 'test_viewsb_json_output' (2776) panicked at tests/beast_client.rs:460:19:
[INFO] [stdout] Failed to run: Os { code: 2, kind: NotFound, message: "No such file or directory" }
[INFO] [stdout] stack backtrace:
[INFO] [stdout]    0:     0x60a569cf2561 - <<std[617be2ca0a6fd877]::sys::backtrace::BacktraceLock>::print::DisplayBacktrace as core[a373ad73a504971]::fmt::Display>::fmt
[INFO] [stdout]    1:     0x60a569d0721a - core[a373ad73a504971]::fmt::write
[INFO] [stdout]    2:     0x60a569cf6a9c - <alloc[2e1b2a31b91974c5]::vec::Vec<u8> as core[a373ad73a504971]::io::write::Write>::write_fmt
[INFO] [stdout]    3:     0x60a569ccd366 - std[617be2ca0a6fd877]::panicking::default_hook::{closure#0}
[INFO] [stdout]    4:     0x60a569ce9f59 - std[617be2ca0a6fd877]::panicking::default_hook
[INFO] [stdout]    5:     0x60a569c85590 - test[aada8e7e76ba119b]::test_main_inner::{closure#0}
[INFO] [stdout]    6:     0x60a569cea112 - std[617be2ca0a6fd877]::panicking::panic_with_hook
[INFO] [stdout]    7:     0x60a569ccd412 - std[617be2ca0a6fd877]::panicking::panic_handler::{closure#0}
[INFO] [stdout]    8:     0x60a569cc5e39 - std[617be2ca0a6fd877]::sys::backtrace::__rust_end_short_backtrace::<std[617be2ca0a6fd877]::panicking::panic_handler::{closure#0}, !>
[INFO] [stdout]    9:     0x60a569cce20d - __rustc[ea4f61d10b84890b]::rust_begin_unwind
[INFO] [stdout]   10:     0x60a569d0794c - core[a373ad73a504971]::panicking::panic_fmt
[INFO] [stdout]   11:     0x60a569d07722 - core[a373ad73a504971]::result::unwrap_failed
[INFO] [stdout]   12:     0x60a569c6cf9e - <beast_client[76789ebc311b33af]::test_viewsb_json_output::{closure#0} as core[a373ad73a504971]::ops::function::FnOnce<()>>::call_once
[INFO] [stdout]   13:     0x60a569c789db - test[aada8e7e76ba119b]::__rust_begin_short_backtrace::<core[a373ad73a504971]::result::Result<(), alloc[2e1b2a31b91974c5]::string::String>, fn() -> core[a373ad73a504971]::result::Result<(), alloc[2e1b2a31b91974c5]::string::String>>
[INFO] [stdout]   14:     0x60a569c85bb5 - test[aada8e7e76ba119b]::run_test::{closure#0}
[INFO] [stdout]   15:     0x60a569c7f4a4 - std[617be2ca0a6fd877]::sys::backtrace::__rust_begin_short_backtrace::<test[aada8e7e76ba119b]::run_test::{closure#1}, ()>
[INFO] [stdout]   16:     0x60a569c88c42 - <std[617be2ca0a6fd877]::thread::lifecycle::spawn_unchecked<test[aada8e7e76ba119b]::run_test::{closure#1}, ()>::{closure#1} as core[a373ad73a504971]::ops::function::FnOnce<()>>::call_once::{shim:vtable#0}
[INFO] [stdout]   17:     0x60a569cf12bf - <std[617be2ca0a6fd877]::sys::thread::unix::Thread>::new::thread_start
[INFO] [stdout]   18:     0x71e8b79c3dfa - <unknown>
[INFO] [stdout]   19:     0x71e8b7a573d4 - clone
[INFO] [stdout]   20:                0x0 - <unknown>
[INFO] [stdout] 
[INFO] [stdout] ---- test_viewsb_metric_conversion stdout ----
[INFO] [stdout] 
[INFO] [stdout] thread 'test_viewsb_metric_conversion' (2779) panicked at tests/beast_client.rs:491:19:
[INFO] [stdout] Failed to run: Os { code: 2, kind: NotFound, message: "No such file or directory" }
[INFO] [stdout] stack backtrace:
[INFO] [stdout]    0:     0x60a569cf2561 - <<std[617be2ca0a6fd877]::sys::backtrace::BacktraceLock>::print::DisplayBacktrace as core[a373ad73a504971]::fmt::Display>::fmt
[INFO] [stdout]    1:     0x60a569d0721a - core[a373ad73a504971]::fmt::write
[INFO] [stdout]    2:     0x60a569cf6a9c - <alloc[2e1b2a31b91974c5]::vec::Vec<u8> as core[a373ad73a504971]::io::write::Write>::write_fmt
[INFO] [stdout]    3:     0x60a569ccd366 - std[617be2ca0a6fd877]::panicking::default_hook::{closure#0}
[INFO] [stdout]    4:     0x60a569ce9f59 - std[617be2ca0a6fd877]::panicking::default_hook
[INFO] [stdout]    5:     0x60a569c85590 - test[aada8e7e76ba119b]::test_main_inner::{closure#0}
[INFO] [stdout]    6:     0x60a569cea112 - std[617be2ca0a6fd877]::panicking::panic_with_hook
[INFO] [stdout]    7:     0x60a569ccd412 - std[617be2ca0a6fd877]::panicking::panic_handler::{closure#0}
[INFO] [stdout]    8:     0x60a569cc5e39 - std[617be2ca0a6fd877]::sys::backtrace::__rust_end_short_backtrace::<std[617be2ca0a6fd877]::panicking::panic_handler::{closure#0}, !>
[INFO] [stdout]    9:     0x60a569cce20d - __rustc[ea4f61d10b84890b]::rust_begin_unwind
[INFO] [stdout]   10:     0x60a569d0794c - core[a373ad73a504971]::panicking::panic_fmt
[INFO] [stdout]   11:     0x60a569d07722 - core[a373ad73a504971]::result::unwrap_failed
[INFO] [stdout]   12:     0x60a569c6fe29 - <beast_client[76789ebc311b33af]::test_viewsb_metric_conversion::{closure#0} as core[a373ad73a504971]::ops::function::FnOnce<()>>::call_once
[INFO] [stdout]   13:     0x60a569c789db - test[aada8e7e76ba119b]::__rust_begin_short_backtrace::<core[a373ad73a504971]::result::Result<(), alloc[2e1b2a31b91974c5]::string::String>, fn() -> core[a373ad73a504971]::result::Result<(), alloc[2e1b2a31b91974c5]::string::String>>
[INFO] [stdout]   14:     0x60a569c85bb5 - test[aada8e7e76ba119b]::run_test::{closure#0}
[INFO] [stdout]   15:     0x60a569c7f4a4 - std[617be2ca0a6fd877]::sys::backtrace::__rust_begin_short_backtrace::<test[aada8e7e76ba119b]::run_test::{closure#1}, ()>
[INFO] [stdout]   16:     0x60a569c88c42 - <std[617be2ca0a6fd877]::thread::lifecycle::spawn_unchecked<test[aada8e7e76ba119b]::run_test::{closure#1}, ()>::{closure#1} as core[a373ad73a504971]::ops::function::FnOnce<()>>::call_once::{shim:vtable#0}
[INFO] [stdout]   17:     0x60a569cf12bf - <std[617be2ca0a6fd877]::sys::thread::unix::Thread>::new::thread_start
[INFO] [stdout]   18:     0x71e8b79c3dfa - <unknown>
[INFO] [stdout]   19:     0x71e8b7a573d4 - clone
[INFO] [stdout]   20:                0x0 - <unknown>
[INFO] [stdout] 
[INFO] [stdout] ---- test_viewsb_noninteractive stdout ----
[INFO] [stdout] 
[INFO] [stdout] thread 'test_viewsb_noninteractive' (2780) panicked at tests/beast_client.rs:429:19:
[INFO] [stdout] Failed to run: Os { code: 2, kind: NotFound, message: "No such file or directory" }
[INFO] [stdout] stack backtrace:
[INFO] [stdout]    0:     0x60a569cf2561 - <<std[617be2ca0a6fd877]::sys::backtrace::BacktraceLock>::print::DisplayBacktrace as core[a373ad73a504971]::fmt::Display>::fmt
[INFO] [stdout]    1:     0x60a569d0721a - core[a373ad73a504971]::fmt::write
[INFO] [stdout]    2:     0x60a569cf6a9c - <alloc[2e1b2a31b91974c5]::vec::Vec<u8> as core[a373ad73a504971]::io::write::Write>::write_fmt
[INFO] [stdout]    3:     0x60a569ccd366 - std[617be2ca0a6fd877]::panicking::default_hook::{closure#0}
[INFO] [stdout]    4:     0x60a569ce9f59 - std[617be2ca0a6fd877]::panicking::default_hook
[INFO] [stdout]    5:     0x60a569c85590 - test[aada8e7e76ba119b]::test_main_inner::{closure#0}
[INFO] [stdout]    6:     0x60a569cea112 - std[617be2ca0a6fd877]::panicking::panic_with_hook
[INFO] [stdout]    7:     0x60a569ccd412 - std[617be2ca0a6fd877]::panicking::panic_handler::{closure#0}
[INFO] [stdout]    8:     0x60a569cc5e39 - std[617be2ca0a6fd877]::sys::backtrace::__rust_end_short_backtrace::<std[617be2ca0a6fd877]::panicking::panic_handler::{closure#0}, !>
[INFO] [stdout]    9:     0x60a569cce20d - __rustc[ea4f61d10b84890b]::rust_begin_unwind
[INFO] [stdout]   10:     0x60a569d0794c - core[a373ad73a504971]::panicking::panic_fmt
[INFO] [stdout]   11:     0x60a569d07722 - core[a373ad73a504971]::result::unwrap_failed
[INFO] [stdout]   12:     0x60a569c6e7fa - <beast_client[76789ebc311b33af]::test_viewsb_noninteractive::{closure#0} as core[a373ad73a504971]::ops::function::FnOnce<()>>::call_once
[INFO] [stdout]   13:     0x60a569c789db - test[aada8e7e76ba119b]::__rust_begin_short_backtrace::<core[a373ad73a504971]::result::Result<(), alloc[2e1b2a31b91974c5]::string::String>, fn() -> core[a373ad73a504971]::result::Result<(), alloc[2e1b2a31b91974c5]::string::String>>
[INFO] [stdout]   14:     0x60a569c85bb5 - test[aada8e7e76ba119b]::run_test::{closure#0}
[INFO] [stdout]   15:     0x60a569c7f4a4 - std[617be2ca0a6fd877]::sys::backtrace::__rust_begin_short_backtrace::<test[aada8e7e76ba119b]::run_test::{closure#1}, ()>
[INFO] [stdout]   16:     0x60a569c88c42 - <std[617be2ca0a6fd877]::thread::lifecycle::spawn_unchecked<test[aada8e7e76ba119b]::run_test::{closure#1}, ()>::{closure#1} as core[a373ad73a504971]::ops::function::FnOnce<()>>::call_once::{shim:vtable#0}
[INFO] [stdout]   17:     0x60a569cf12bf - <std[617be2ca0a6fd877]::sys::thread::unix::Thread>::new::thread_start
[INFO] [stdout]   18:     0x71e8b79c3dfa - <unknown>
[INFO] [stdout]   19:     0x71e8b7a573d4 - clone
[INFO] [stdout]   20:                0x0 - <unknown>
[INFO] [stdout] 
[INFO] [stdout] ---- test_compare_file_live stdout ----
[INFO] [stdout] 
[INFO] [stdout] thread 'test_compare_file_live' (2763) panicked at tests/beast_client.rs:396:19:
[INFO] [stdout] Failed to run compare file/live: Os { code: 2, kind: NotFound, message: "No such file or directory" }
[INFO] [stdout] stack backtrace:
[INFO] [stdout]    0:     0x60a569cf2561 - <<std[617be2ca0a6fd877]::sys::backtrace::BacktraceLock>::print::DisplayBacktrace as core[a373ad73a504971]::fmt::Display>::fmt
[INFO] [stdout]    1:     0x60a569d0721a - core[a373ad73a504971]::fmt::write
[INFO] [stdout]    2:     0x60a569cf6a9c - <alloc[2e1b2a31b91974c5]::vec::Vec<u8> as core[a373ad73a504971]::io::write::Write>::write_fmt
[INFO] [stdout]    3:     0x60a569ccd366 - std[617be2ca0a6fd877]::panicking::default_hook::{closure#0}
[INFO] [stdout]    4:     0x60a569ce9f59 - std[617be2ca0a6fd877]::panicking::default_hook
[INFO] [stdout]    5:     0x60a569c85590 - test[aada8e7e76ba119b]::test_main_inner::{closure#0}
[INFO] [stdout]    6:     0x60a569cea112 - std[617be2ca0a6fd877]::panicking::panic_with_hook
[INFO] [stdout]    7:     0x60a569ccd412 - std[617be2ca0a6fd877]::panicking::panic_handler::{closure#0}
[INFO] [stdout]    8:     0x60a569cc5e39 - std[617be2ca0a6fd877]::sys::backtrace::__rust_end_short_backtrace::<std[617be2ca0a6fd877]::panicking::panic_handler::{closure#0}, !>
[INFO] [stdout]    9:     0x60a569cce20d - __rustc[ea4f61d10b84890b]::rust_begin_unwind
[INFO] [stdout]   10:     0x60a569d0794c - core[a373ad73a504971]::panicking::panic_fmt
[INFO] [stdout]   11:     0x60a569d07722 - core[a373ad73a504971]::result::unwrap_failed
[INFO] [stdout]   12:     0x60a569c6c5b8 - <beast_client[76789ebc311b33af]::test_compare_file_live::{closure#0} as core[a373ad73a504971]::ops::function::FnOnce<()>>::call_once
[INFO] [stdout]   13:     0x60a569c789db - test[aada8e7e76ba119b]::__rust_begin_short_backtrace::<core[a373ad73a504971]::result::Result<(), alloc[2e1b2a31b91974c5]::string::String>, fn() -> core[a373ad73a504971]::result::Result<(), alloc[2e1b2a31b91974c5]::string::String>>
[INFO] [stdout]   14:     0x60a569c85bb5 - test[aada8e7e76ba119b]::run_test::{closure#0}
[INFO] [stdout]   15:     0x60a569c7f4a4 - std[617be2ca0a6fd877]::sys::backtrace::__rust_begin_short_backtrace::<test[aada8e7e76ba119b]::run_test::{closure#1}, ()>
[INFO] [stdout]   16:     0x60a569c88c42 - <std[617be2ca0a6fd877]::thread::lifecycle::spawn_unchecked<test[aada8e7e76ba119b]::run_test::{closure#1}, ()>::{closure#1} as core[a373ad73a504971]::ops::function::FnOnce<()>>::call_once::{shim:vtable#0}
[INFO] [stdout]   17:     0x60a569cf12bf - <std[617be2ca0a6fd877]::sys::thread::unix::Thread>::new::thread_start
[INFO] [stdout]   18:     0x71e8b79c3dfa - <unknown>
[INFO] [stdout]   19:     0x71e8b7a573d4 - clone
[INFO] [stdout]   20:                0x0 - <unknown>
[INFO] [stdout] 
[INFO] [stdout] ---- test_compare_with_output_file stdout ----
[INFO] [stdout] 
[INFO] [stdout] thread 'test_compare_with_output_file' (2769) panicked at tests/beast_client.rs:339:19:
[INFO] [stdout] Failed to run compare with --output: Os { code: 2, kind: NotFound, message: "No such file or directory" }
[INFO] [stdout] stack backtrace:
[INFO] [stdout]    0:     0x60a569cf2561 - <<std[617be2ca0a6fd877]::sys::backtrace::BacktraceLock>::print::DisplayBacktrace as core[a373ad73a504971]::fmt::Display>::fmt
[INFO] [stdout]    1:     0x60a569d0721a - core[a373ad73a504971]::fmt::write
[INFO] [stdout]    2:     0x60a569cf6a9c - <alloc[2e1b2a31b91974c5]::vec::Vec<u8> as core[a373ad73a504971]::io::write::Write>::write_fmt
[INFO] [stdout]    3:     0x60a569ccd366 - std[617be2ca0a6fd877]::panicking::default_hook::{closure#0}
[INFO] [stdout]    4:     0x60a569ce9f59 - std[617be2ca0a6fd877]::panicking::default_hook
[INFO] [stdout]    5:     0x60a569c85590 - test[aada8e7e76ba119b]::test_main_inner::{closure#0}
[INFO] [stdout]    6:     0x60a569cea112 - std[617be2ca0a6fd877]::panicking::panic_with_hook
[INFO] [stdout]    7:     0x60a569ccd412 - std[617be2ca0a6fd877]::panicking::panic_handler::{closure#0}
[INFO] [stdout]    8:     0x60a569cc5e39 - std[617be2ca0a6fd877]::sys::backtrace::__rust_end_short_backtrace::<std[617be2ca0a6fd877]::panicking::panic_handler::{closure#0}, !>
[INFO] [stdout]    9:     0x60a569cce20d - __rustc[ea4f61d10b84890b]::rust_begin_unwind
[INFO] [stdout]   10:     0x60a569d0794c - core[a373ad73a504971]::panicking::panic_fmt
[INFO] [stdout]   11:     0x60a569d07722 - core[a373ad73a504971]::result::unwrap_failed
[INFO] [stdout]   12:     0x60a569c6f4bf - <beast_client[76789ebc311b33af]::test_compare_with_output_file::{closure#0} as core[a373ad73a504971]::ops::function::FnOnce<()>>::call_once
[INFO] [stdout]   13:     0x60a569c789db - test[aada8e7e76ba119b]::__rust_begin_short_backtrace::<core[a373ad73a504971]::result::Result<(), alloc[2e1b2a31b91974c5]::string::String>, fn() -> core[a373ad73a504971]::result::Result<(), alloc[2e1b2a31b91974c5]::string::String>>
[INFO] [stdout]   14:     0x60a569c85bb5 - test[aada8e7e76ba119b]::run_test::{closure#0}
[INFO] [stdout]   15:     0x60a569c7f4a4 - std[617be2ca0a6fd877]::sys::backtrace::__rust_begin_short_backtrace::<test[aada8e7e76ba119b]::run_test::{closure#1}, ()>
[INFO] [stdout]   16:     0x60a569c88c42 - <std[617be2ca0a6fd877]::thread::lifecycle::spawn_unchecked<test[aada8e7e76ba119b]::run_test::{closure#1}, ()>::{closure#1} as core[a373ad73a504971]::ops::function::FnOnce<()>>::call_once::{shim:vtable#0}
[INFO] [stdout]   17:     0x60a569cf12bf - <std[617be2ca0a6fd877]::sys::thread::unix::Thread>::new::thread_start
[INFO] [stdout]   18:     0x71e8b79c3dfa - <unknown>
[INFO] [stdout]   19:     0x71e8b7a573d4 - clone
[INFO] [stdout]   20:                0x0 - <unknown>
[INFO] [stdout] 
[INFO] [stdout] ---- test_compare_two_live stdout ----
[INFO] [stdout] 
[INFO] [stdout] thread 'test_compare_two_live' (2765) panicked at tests/beast_client.rs:266:19:
[INFO] [stdout] Failed to run compare: Os { code: 2, kind: NotFound, message: "No such file or directory" }
[INFO] [stdout] stack backtrace:
[INFO] [stdout]    0:     0x60a569cf2561 - <<std[617be2ca0a6fd877]::sys::backtrace::BacktraceLock>::print::DisplayBacktrace as core[a373ad73a504971]::fmt::Display>::fmt
[INFO] [stdout]    1:     0x60a569d0721a - core[a373ad73a504971]::fmt::write
[INFO] [stdout]    2:     0x60a569cf6a9c - <alloc[2e1b2a31b91974c5]::vec::Vec<u8> as core[a373ad73a504971]::io::write::Write>::write_fmt
[INFO] [stdout]    3:     0x60a569ccd366 - std[617be2ca0a6fd877]::panicking::default_hook::{closure#0}
[INFO] [stdout]    4:     0x60a569ce9f59 - std[617be2ca0a6fd877]::panicking::default_hook
[INFO] [stdout]    5:     0x60a569c85590 - test[aada8e7e76ba119b]::test_main_inner::{closure#0}
[INFO] [stdout]    6:     0x60a569cea112 - std[617be2ca0a6fd877]::panicking::panic_with_hook
[INFO] [stdout]    7:     0x60a569ccd412 - std[617be2ca0a6fd877]::panicking::panic_handler::{closure#0}
[INFO] [stdout]    8:     0x60a569cc5e39 - std[617be2ca0a6fd877]::sys::backtrace::__rust_end_short_backtrace::<std[617be2ca0a6fd877]::panicking::panic_handler::{closure#0}, !>
[INFO] [stdout]    9:     0x60a569cce20d - __rustc[ea4f61d10b84890b]::rust_begin_unwind
[INFO] [stdout]   10:     0x60a569d0794c - core[a373ad73a504971]::panicking::panic_fmt
[INFO] [stdout]   11:     0x60a569d07722 - core[a373ad73a504971]::result::unwrap_failed
[INFO] [stdout]   12:     0x60a569c6bb3a - <beast_client[76789ebc311b33af]::test_compare_two_live::{closure#0} as core[a373ad73a504971]::ops::function::FnOnce<()>>::call_once
[INFO] [stdout]   13:     0x60a569c789db - test[aada8e7e76ba119b]::__rust_begin_short_backtrace::<core[a373ad73a504971]::result::Result<(), alloc[2e1b2a31b91974c5]::string::String>, fn() -> core[a373ad73a504971]::result::Result<(), alloc[2e1b2a31b91974c5]::string::String>>
[INFO] [stdout]   14:     0x60a569c85bb5 - test[aada8e7e76ba119b]::run_test::{closure#0}
[INFO] [stdout]   15:     0x60a569c7f4a4 - std[617be2ca0a6fd877]::sys::backtrace::__rust_begin_short_backtrace::<test[aada8e7e76ba119b]::run_test::{closure#1}, ()>
[INFO] [stdout]   16:     0x60a569c88c42 - <std[617be2ca0a6fd877]::thread::lifecycle::spawn_unchecked<test[aada8e7e76ba119b]::run_test::{closure#1}, ()>::{closure#1} as core[a373ad73a504971]::ops::function::FnOnce<()>>::call_once::{shim:vtable#0}
[INFO] [stdout]   17:     0x60a569cf12bf - <std[617be2ca0a6fd877]::sys::thread::unix::Thread>::new::thread_start
[INFO] [stdout]   18:     0x71e8b79c3dfa - <unknown>
[INFO] [stdout]   19:     0x71e8b7a573d4 - clone
[INFO] [stdout]   20:                0x0 - <unknown>
[INFO] [stdout] 
[INFO] [stdout] 
[INFO] [stdout] failures:
[INFO] [stdout]     test_beast_client_cli_help
[INFO] [stdout]     test_beast_client_cli_version
[INFO] [stdout]     test_beast_client_decode
[INFO] [stdout]     test_beast_client_hex
[INFO] [stdout]     test_compare_cli_new_flags
[INFO] [stdout]     test_compare_file_live
[INFO] [stdout]     test_compare_two_live
[INFO] [stdout]     test_compare_with_output_file
[INFO] [stdout]     test_viewsb_cli_help
[INFO] [stdout]     test_viewsb_json_output
[INFO] [stdout]     test_viewsb_metric_conversion
[INFO] [stdout]     test_viewsb_noninteractive
[INFO] [stdout] 
[INFO] [stdout] test result: FAILED. 5 passed; 12 failed; 0 ignored; 0 measured; 0 filtered out; finished in 0.22s
[INFO] [stdout] 
[INFO] [stderr] error: test failed, to rerun pass `--test beast_client`
[INFO] running `Command { std: "docker" "inspect" "ec6a09ebae8f076bb55310a8e43d1827dcfbb221e13a5a5a2b4e98878115bfe3", kill_on_drop: false }`
[INFO] running `Command { std: "docker" "rm" "-f" "ec6a09ebae8f076bb55310a8e43d1827dcfbb221e13a5a5a2b4e98878115bfe3", kill_on_drop: false }`
[INFO] [stdout] ec6a09ebae8f076bb55310a8e43d1827dcfbb221e13a5a5a2b4e98878115bfe3
