[INFO] cloning repository https://github.com/devWithKD/sweech
[INFO] running `Command { std: "git" "-c" "credential.helper=" "-c" "credential.helper=/workspace/cargo-home/bin/git-credential-null" "clone" "--bare" "https://github.com/devWithKD/sweech" "/workspace/cache/git-repos/https%3A%2F%2Fgithub.com%2FdevWithKD%2Fsweech", kill_on_drop: false }`
[INFO] [stderr] Cloning into bare repository '/workspace/cache/git-repos/https%3A%2F%2Fgithub.com%2FdevWithKD%2Fsweech'...
[INFO] running `Command { std: "git" "rev-parse" "HEAD", kill_on_drop: false }`
[INFO] [stdout] c0ded5ec1d9953e5c2b09c2287bf93e1e20e2bd1
[INFO] testing devWithKD/sweech against 1.100.0-beta.1+cargoflags=--release for beta-release-1.100-3
[INFO] running `Command { std: "git" "clone" "/workspace/cache/git-repos/https%3A%2F%2Fgithub.com%2FdevWithKD%2Fsweech" "/workspace/builds/worker-7-tc2/source", kill_on_drop: false }`
[INFO] [stderr] Cloning into '/workspace/builds/worker-7-tc2/source'...
[INFO] [stderr] done.
[INFO] started tweaking git repo https://github.com/devWithKD/sweech
[INFO] finished tweaking git repo https://github.com/devWithKD/sweech
[INFO] tweaked toml for git repo https://github.com/devWithKD/sweech written to /workspace/builds/worker-7-tc2/source/Cargo.toml
[INFO] validating manifest of git repo https://github.com/devWithKD/sweech on toolchain 1.100.0-beta.1
[INFO] running `Command { std: CARGO_HOME="/workspace/cargo-home" RUSTUP_HOME="/workspace/rustup-home" "/workspace/cargo-home/bin/cargo" "+1.100.0-beta.1" "metadata" "--manifest-path" "Cargo.toml" "--no-deps", kill_on_drop: false }`
[INFO] crate git repo https://github.com/devWithKD/sweech already has a lockfile, it will not be regenerated
[INFO] running `Command { std: CARGO_HOME="/workspace/cargo-home" RUSTUP_HOME="/workspace/rustup-home" "/workspace/cargo-home/bin/cargo" "+1.100.0-beta.1" "fetch" "--manifest-path" "Cargo.toml", kill_on_drop: false }`
[INFO] running `Command { std: "docker" "create" "-v" "/var/lib/crater-agent-workspace/builds/worker-7-tc2/source:/opt/rustwide/workdir:ro,Z" "-v" "/var/lib/crater-agent-workspace/builds/worker-7-tc2/target:/opt/rustwide/target:rw,Z" "-v" "/var/lib/crater-agent-workspace/cargo-home:/opt/rustwide/cargo-home:ro,Z" "-v" "/var/lib/crater-agent-workspace/rustup-home:/opt/rustwide/rustup-home:ro,Z" "-m" "1610612736" "--network" "none" "ghcr.io/rust-lang/crates-build-env/linux@sha256:77db811e55d90add9212f6832c23229e3de5f1c1f9905e8cb07319ea15df73ac" "sleep" "infinity", kill_on_drop: false }`
[INFO] [stdout] 662aaa70d0c258254643682f77c26d044c2ffadce5b17b3e758096001009923f
[INFO] running `Command { std: "docker" "start" "662aaa70d0c258254643682f77c26d044c2ffadce5b17b3e758096001009923f", kill_on_drop: false }`
[INFO] running `Command { std: "docker" "inspect" "662aaa70d0c258254643682f77c26d044c2ffadce5b17b3e758096001009923f", kill_on_drop: false }`
[INFO] running `Command { std: "docker" "exec" "-e" "SOURCE_DIR=/opt/rustwide/workdir" "-e" "CARGO_HOME=/opt/rustwide/cargo-home" "-e" "RUSTUP_HOME=/opt/rustwide/rustup-home" "-e" "CARGO_TARGET_DIR=/opt/rustwide/target" "-w" "/opt/rustwide/workdir" "--user" "0:0" "662aaa70d0c258254643682f77c26d044c2ffadce5b17b3e758096001009923f" "/opt/rustwide/cargo-home/bin/cargo" "+1.100.0-beta.1" "metadata" "--no-deps" "--format-version=1", kill_on_drop: false }`
[INFO] running `Command { std: "docker" "inspect" "662aaa70d0c258254643682f77c26d044c2ffadce5b17b3e758096001009923f", kill_on_drop: false }`
[INFO] running `Command { std: "docker" "exec" "-e" "SOURCE_DIR=/opt/rustwide/workdir" "-e" "CARGO_HOME=/opt/rustwide/cargo-home" "-e" "RUSTUP_HOME=/opt/rustwide/rustup-home" "-e" "CARGO_TARGET_DIR=/opt/rustwide/target" "-e" "CARGO_INCREMENTAL=0" "-e" "RUST_BACKTRACE=full" "-e" "RUSTFLAGS=--cap-lints=warn" "-e" "RUSTDOCFLAGS=--cap-lints=warn" "-w" "/opt/rustwide/workdir" "--user" "0:0" "662aaa70d0c258254643682f77c26d044c2ffadce5b17b3e758096001009923f" "/opt/rustwide/cargo-home/bin/cargo" "+1.100.0-beta.1" "build" "--frozen" "--message-format=json" "--release", kill_on_drop: false }`
[INFO] [stderr]    Compiling quote v1.0.45
[INFO] [stderr]    Compiling libc v0.2.184
[INFO] [stderr]    Compiling bytes v1.11.1
[INFO] [stderr]    Compiling smallvec v1.15.1
[INFO] [stderr]    Compiling tracing-core v0.1.36
[INFO] [stderr]    Compiling serde_json v1.0.149
[INFO] [stderr]    Compiling crossbeam-utils v0.8.21
[INFO] [stderr]    Compiling futures-task v0.3.32
[INFO] [stderr]    Compiling memchr v2.8.0
[INFO] [stderr]    Compiling bitflags v2.11.0
[INFO] [stderr]    Compiling slab v0.4.12
[INFO] [stderr]    Compiling nix v0.31.2
[INFO] [stderr]    Compiling futures-channel v0.3.32
[INFO] [stderr]    Compiling sync_wrapper v1.0.2
[INFO] [stderr]    Compiling hashbrown v0.17.0
[INFO] [stderr]    Compiling regex-syntax v0.8.10
[INFO] [stderr]    Compiling httpdate v1.0.3
[INFO] [stderr]    Compiling toml_write v0.1.2
[INFO] [stderr]    Compiling winnow v0.7.15
[INFO] [stderr]    Compiling anyhow v1.0.102
[INFO] [stderr]    Compiling mime v0.3.17
[INFO] [stderr]    Compiling futures-util v0.3.32
[INFO] [stderr]    Compiling clap_builder v4.6.0
[INFO] [stderr]    Compiling serde_path_to_error v0.1.20
[INFO] [stderr]    Compiling syn v2.0.117
[INFO] [stderr]    Compiling crossbeam-channel v0.5.15
[INFO] [stderr]    Compiling thread_local v1.1.9
[INFO] [stderr]    Compiling matchit v0.7.3
[INFO] [stderr]    Compiling nu-ansi-term v0.50.3
[INFO] [stderr]    Compiling tracing-log v0.2.0
[INFO] [stderr]    Compiling http v1.4.0
[INFO] [stderr]    Compiling colored v2.2.0
[INFO] [stderr]    Compiling indexmap v2.14.0
[INFO] [stderr]    Compiling regex-automata v0.4.14
[INFO] [stderr]    Compiling parking_lot_core v0.9.12
[INFO] [stderr]    Compiling errno v0.3.14
[INFO] [stderr]    Compiling socket2 v0.6.3
[INFO] [stderr]    Compiling signal-hook-registry v1.4.8
[INFO] [stderr]    Compiling mio v1.2.0
[INFO] [stderr]    Compiling inotify-sys v0.1.5
[INFO] [stderr]    Compiling parking_lot v0.12.5
[INFO] [stderr]    Compiling mio v0.8.11
[INFO] [stderr]    Compiling filetime v0.2.27
[INFO] [stderr]    Compiling inotify v0.9.6
[INFO] [stderr]    Compiling http-body v1.0.1
[INFO] [stderr]    Compiling http-body-util v0.1.3
[INFO] [stderr]    Compiling dirs-sys-next v0.1.2
[INFO] [stderr]    Compiling notify v6.1.1
[INFO] [stderr]    Compiling dirs-next v2.0.0
[INFO] [stderr]    Compiling ctrlc v3.5.2
[INFO] [stderr]    Compiling matchers v0.2.0
[INFO] [stderr]    Compiling serde_derive v1.0.228
[INFO] [stderr]    Compiling tokio-macros v2.7.0
[INFO] [stderr]    Compiling tracing-attributes v0.1.31
[INFO] [stderr]    Compiling tokio v1.51.1
[INFO] [stderr]    Compiling async-trait v0.1.89
[INFO] [stderr]    Compiling clap_derive v4.6.0
[INFO] [stderr]    Compiling tracing v0.1.44
[INFO] [stderr]    Compiling serde v1.0.228
[INFO] [stderr]    Compiling axum-core v0.4.5
[INFO] [stderr]    Compiling tower v0.4.13
[INFO] [stderr]    Compiling tower-http v0.5.2
[INFO] [stderr]    Compiling tracing-subscriber v0.3.23
[INFO] [stderr]    Compiling clap v4.6.0
[INFO] [stderr]    Compiling toml_datetime v0.6.11
[INFO] [stderr]    Compiling serde_spanned v0.6.9
[INFO] [stderr]    Compiling serde_urlencoded v0.7.1
[INFO] [stderr]    Compiling toml_edit v0.22.27
[INFO] [stderr]    Compiling toml v0.8.23
[INFO] [stderr]    Compiling hyper v1.9.0
[INFO] [stderr]    Compiling sweech-core v0.1.0 (/opt/rustwide/workdir/sweech-core)
[INFO] [stderr]    Compiling tower v0.5.3
[INFO] [stderr]    Compiling hyper-util v0.1.20
[INFO] [stderr]    Compiling axum v0.7.9
[INFO] [stderr]    Compiling sweech-cli v0.1.0 (/opt/rustwide/workdir/sweech-cli)
[INFO] [stderr]    Compiling sweech-axum v0.1.0 (/opt/rustwide/workdir/sweech-axum)
[INFO] [stderr] warning: unused dependency `tower`
[INFO] [stderr]   --> sweech-axum/Cargo.toml:14:1
[INFO] [stderr]    |
[INFO] [stderr] 14 | tower = "0.4"
[INFO] [stderr]    | ^^^^^^^^^^^^^
[INFO] [stderr]    |
[INFO] [stderr]    = note: `cargo::unused_dependencies` is set to `warn` by default
[INFO] [stderr] help: consider removing the dependency on `tower`
[INFO] [stderr] warning: unused dependency `tower-http`
[INFO] [stderr]   --> sweech-axum/Cargo.toml:15:1
[INFO] [stderr]    |
[INFO] [stderr] 15 | tower-http = { version = "0.5", features = ["cors", "trace"] }
[INFO] [stderr]    | ^^^^^^^^^^^^^^^^^^^^^^^^^^^^^^^^^^^^^^^^^^^^^^^^^^^^^^^^^^^^^^
[INFO] [stderr]    |
[INFO] [stderr] help: consider removing the dependency on `tower-http`
[INFO] [stderr] warning: unused dependency `tracing-subscriber`
[INFO] [stderr]   --> sweech-axum/Cargo.toml:17:1
[INFO] [stderr]    |
[INFO] [stderr] 17 | tracing-subscriber = { version = "0.3", features = ["env-filter"] }
[INFO] [stderr]    | ^^^^^^^^^^^^^^^^^^^^^^^^^^^^^^^^^^^^^^^^^^^^^^^^^^^^^^^^^^^^^^^^^^^
[INFO] [stderr]    |
[INFO] [stderr] help: consider removing the dependency on `tracing-subscriber`
[INFO] [stderr] warning: `sweech-axum` (manifest) generated 3 warnings
[INFO] [stderr] warning: unused dependency `sweech-core`
[INFO] [stderr]   --> sweech-cli/Cargo.toml:11:1
[INFO] [stderr]    |
[INFO] [stderr] 11 | sweech-core = { path = "../sweech-core" }
[INFO] [stderr]    | ^^^^^^^^^^^^^^^^^^^^^^^^^^^^^^^^^^^^^^^^^
[INFO] [stderr]    |
[INFO] [stderr]    = note: `cargo::unused_dependencies` is set to `warn` by default
[INFO] [stderr] help: consider removing the dependency on `sweech-core`
[INFO] [stderr] warning: `sweech-cli` (manifest) generated 1 warning
[INFO] [stderr] warning: unused dependency `tokio`
[INFO] [stderr]  --> sweech-core/Cargo.toml:8:1
[INFO] [stderr]   |
[INFO] [stderr] 8 | tokio = { version = "1", features = ["full"] }
[INFO] [stderr]   | ^^^^^^^^^^^^^^^^^^^^^^^^^^^^^^^^^^^^^^^^^^^^^^
[INFO] [stderr]   |
[INFO] [stderr]   = note: `cargo::unused_dependencies` is set to `warn` by default
[INFO] [stderr] help: consider removing the dependency on `tokio`
[INFO] [stderr] warning: `sweech-core` (manifest) generated 1 warning
[INFO] [stderr]     Finished `release` profile [optimized] target(s) in 1m 19s
[INFO] [stderr] warning: the following packages contain code that will be rejected by a future version of Rust: nix v0.31.2
[INFO] [stderr] note: to see what the problems were, use the option `--future-incompat-report`, or run `cargo report future-incompatibilities --id 1`
[INFO] running `Command { std: "docker" "inspect" "662aaa70d0c258254643682f77c26d044c2ffadce5b17b3e758096001009923f", kill_on_drop: false }`
[INFO] running `Command { std: "docker" "exec" "-e" "SOURCE_DIR=/opt/rustwide/workdir" "-e" "CARGO_HOME=/opt/rustwide/cargo-home" "-e" "RUSTUP_HOME=/opt/rustwide/rustup-home" "-e" "CARGO_TARGET_DIR=/opt/rustwide/target" "-e" "CARGO_INCREMENTAL=0" "-e" "RUST_BACKTRACE=full" "-e" "RUSTFLAGS=--cap-lints=warn" "-e" "RUSTDOCFLAGS=--cap-lints=warn" "-w" "/opt/rustwide/workdir" "--user" "0:0" "662aaa70d0c258254643682f77c26d044c2ffadce5b17b3e758096001009923f" "/opt/rustwide/cargo-home/bin/cargo" "+1.100.0-beta.1" "test" "--frozen" "--no-run" "--message-format=json" "--release", kill_on_drop: false }`
[INFO] [stderr]    Compiling bitflags v2.11.0
[INFO] [stderr]    Compiling pin-project-internal v1.1.11
[INFO] [stderr]    Compiling axum-macros v0.4.2
[INFO] [stderr]    Compiling getrandom v0.4.2
[INFO] [stderr]    Compiling fastrand v2.4.1
[INFO] [stderr]    Compiling sweech-core v0.1.0 (/opt/rustwide/workdir/sweech-core)
[INFO] [stderr]    Compiling tower-http v0.5.2
[INFO] [stderr]    Compiling nix v0.31.2
[INFO] [stderr]    Compiling rustix v1.1.4
[INFO] [stderr]    Compiling axum v0.7.9
[INFO] [stderr]    Compiling pin-project v1.1.11
[INFO] [stderr]    Compiling ctrlc v3.5.2
[INFO] [stderr]    Compiling tower v0.4.13
[INFO] [stderr]    Compiling sweech-cli v0.1.0 (/opt/rustwide/workdir/sweech-cli)
[INFO] [stderr]    Compiling tempfile v3.27.0
[INFO] [stderr]    Compiling sweech-axum v0.1.0 (/opt/rustwide/workdir/sweech-axum)
[INFO] [stderr] warning: unused dependency `tower`
[INFO] [stderr]   --> sweech-axum/Cargo.toml:20:1
[INFO] [stderr]    |
[INFO] [stderr] 20 | tower = { version = "0.4", features = ["util"] }
[INFO] [stderr]    | ^^^^^^^^^^^^^^^^^^^^^^^^^^^^^^^^^^^^^^^^^^^^^^^^
[INFO] [stderr]    |
[INFO] [stderr]    = note: `cargo::unused_dependencies` is set to `warn` by default
[INFO] [stderr] help: consider removing the dependency on `tower`
[INFO] [stderr] help: to still use for development builds, move to `dev-dependencies`
[INFO] [stderr] warning: unused dependency `tower`
[INFO] [stderr]   --> sweech-axum/Cargo.toml:14:1
[INFO] [stderr]    |
[INFO] [stderr] 14 | tower = "0.4"
[INFO] [stderr]    | ^^^^^^^^^^^^^
[INFO] [stderr]    |
[INFO] [stderr] help: consider removing the dependency on `tower`
[INFO] [stderr] help: to still use for development builds, move to `dev-dependencies`
[INFO] [stderr] warning: unused dependency `tower-http`
[INFO] [stderr]   --> sweech-axum/Cargo.toml:15:1
[INFO] [stderr]    |
[INFO] [stderr] 15 | tower-http = { version = "0.5", features = ["cors", "trace"] }
[INFO] [stderr]    | ^^^^^^^^^^^^^^^^^^^^^^^^^^^^^^^^^^^^^^^^^^^^^^^^^^^^^^^^^^^^^^
[INFO] [stderr]    |
[INFO] [stderr] help: consider removing the dependency on `tower-http`
[INFO] [stderr] warning: unused dependency `tracing-subscriber`
[INFO] [stderr]   --> sweech-axum/Cargo.toml:17:1
[INFO] [stderr]    |
[INFO] [stderr] 17 | tracing-subscriber = { version = "0.3", features = ["env-filter"] }
[INFO] [stderr]    | ^^^^^^^^^^^^^^^^^^^^^^^^^^^^^^^^^^^^^^^^^^^^^^^^^^^^^^^^^^^^^^^^^^^
[INFO] [stderr]    |
[INFO] [stderr] help: consider removing the dependency on `tracing-subscriber`
[INFO] [stderr] warning: `sweech-axum` (manifest) generated 4 warnings
[INFO] [stderr] warning: unused dependency `tokio`
[INFO] [stderr]  --> sweech-core/Cargo.toml:8:1
[INFO] [stderr]   |
[INFO] [stderr] 8 | tokio = { version = "1", features = ["full"] }
[INFO] [stderr]   | ^^^^^^^^^^^^^^^^^^^^^^^^^^^^^^^^^^^^^^^^^^^^^^
[INFO] [stderr]   |
[INFO] [stderr]   = note: `cargo::unused_dependencies` is set to `warn` by default
[INFO] [stderr] help: consider removing the dependency on `tokio`
[INFO] [stderr] warning: `sweech-core` (manifest) generated 1 warning
[INFO] [stderr]     Finished `release` profile [optimized] target(s) in 33.50s
[INFO] [stderr] warning: the following packages contain code that will be rejected by a future version of Rust: nix v0.31.2
[INFO] [stderr] note: to see what the problems were, use the option `--future-incompat-report`, or run `cargo report future-incompatibilities --id 1`
[INFO] running `Command { std: "docker" "inspect" "662aaa70d0c258254643682f77c26d044c2ffadce5b17b3e758096001009923f", kill_on_drop: false }`
[INFO] running `Command { std: "docker" "exec" "-e" "SOURCE_DIR=/opt/rustwide/workdir" "-e" "CARGO_HOME=/opt/rustwide/cargo-home" "-e" "RUSTUP_HOME=/opt/rustwide/rustup-home" "-e" "CARGO_TARGET_DIR=/opt/rustwide/target" "-e" "CARGO_INCREMENTAL=0" "-e" "RUST_BACKTRACE=full" "-e" "RUSTFLAGS=--cap-lints=warn" "-e" "RUSTDOCFLAGS=--cap-lints=warn" "-w" "/opt/rustwide/workdir" "--user" "0:0" "662aaa70d0c258254643682f77c26d044c2ffadce5b17b3e758096001009923f" "/opt/rustwide/cargo-home/bin/cargo" "+1.100.0-beta.1" "test" "--frozen" "--release", kill_on_drop: false }`
[INFO] [stderr] warning: unused dependency `tower`
[INFO] [stderr]   --> sweech-axum/Cargo.toml:20:1
[INFO] [stderr]    |
[INFO] [stderr] 20 | tower = { version = "0.4", features = ["util"] }
[INFO] [stderr]    | ^^^^^^^^^^^^^^^^^^^^^^^^^^^^^^^^^^^^^^^^^^^^^^^^
[INFO] [stderr]    |
[INFO] [stderr]    = note: `cargo::unused_dependencies` is set to `warn` by default
[INFO] [stderr] help: consider removing the dependency on `tower`
[INFO] [stderr] help: to still use for development builds, move to `dev-dependencies`
[INFO] [stderr] warning: unused dependency `tower`
[INFO] [stderr]   --> sweech-axum/Cargo.toml:14:1
[INFO] [stderr]    |
[INFO] [stderr] 14 | tower = "0.4"
[INFO] [stderr]    | ^^^^^^^^^^^^^
[INFO] [stderr]    |
[INFO] [stderr] help: consider removing the dependency on `tower`
[INFO] [stderr] help: to still use for development builds, move to `dev-dependencies`
[INFO] [stderr] warning: unused dependency `tower-http`
[INFO] [stderr]   --> sweech-axum/Cargo.toml:15:1
[INFO] [stderr]    |
[INFO] [stderr] 15 | tower-http = { version = "0.5", features = ["cors", "trace"] }
[INFO] [stderr]    | ^^^^^^^^^^^^^^^^^^^^^^^^^^^^^^^^^^^^^^^^^^^^^^^^^^^^^^^^^^^^^^
[INFO] [stderr]    |
[INFO] [stderr] help: consider removing the dependency on `tower-http`
[INFO] [stderr] warning: unused dependency `tracing-subscriber`
[INFO] [stderr]   --> sweech-axum/Cargo.toml:17:1
[INFO] [stderr]    |
[INFO] [stderr] 17 | tracing-subscriber = { version = "0.3", features = ["env-filter"] }
[INFO] [stderr]    | ^^^^^^^^^^^^^^^^^^^^^^^^^^^^^^^^^^^^^^^^^^^^^^^^^^^^^^^^^^^^^^^^^^^
[INFO] [stderr]    |
[INFO] [stderr] help: consider removing the dependency on `tracing-subscriber`
[INFO] [stderr] warning: `sweech-axum` (manifest) generated 4 warnings
[INFO] [stderr] warning: unused dependency `tokio`
[INFO] [stderr]  --> sweech-core/Cargo.toml:8:1
[INFO] [stderr]   |
[INFO] [stderr] 8 | tokio = { version = "1", features = ["full"] }
[INFO] [stderr]   | ^^^^^^^^^^^^^^^^^^^^^^^^^^^^^^^^^^^^^^^^^^^^^^
[INFO] [stderr]   |
[INFO] [stderr]   = note: `cargo::unused_dependencies` is set to `warn` by default
[INFO] [stderr] help: consider removing the dependency on `tokio`
[INFO] [stderr] warning: `sweech-core` (manifest) generated 1 warning
[INFO] [stderr]     Finished `release` profile [optimized] target(s) in 0.17s
[INFO] [stderr] warning: the following packages contain code that will be rejected by a future version of Rust: nix v0.31.2
[INFO] [stderr] note: to see what the problems were, use the option `--future-incompat-report`, or run `cargo report future-incompatibilities --id 1`
[INFO] [stderr]      Running unittests src/lib.rs (/opt/rustwide/target/release/build/sweech-axum/0bbd7cd5d1a10a34/out/sweech_axum-0bbd7cd5d1a10a34)
[INFO] [stdout] 
[INFO] [stdout] running 2 tests
[INFO] [stdout] test applet::tests::applet_config_builder ... ok
[INFO] [stdout] test applet::tests::applet_prefix_from_name ... ok
[INFO] [stdout] 
[INFO] [stdout] test result: ok. 2 passed; 0 failed; 0 ignored; 0 measured; 0 filtered out; finished in 0.01s
[INFO] [stdout] 
[INFO] [stderr]      Running tests/monolith.rs (/opt/rustwide/target/release/build/sweech-axum/d2bb4e567e2aeff0/out/monolith-d2bb4e567e2aeff0)
[INFO] [stdout] 
[INFO] [stdout] running 7 tests
[INFO] [stdout] test auth_me_with_token_returns_user ... ok
[INFO] [stdout] test applets_dont_bleed_into_each_other ... ok
[INFO] [stdout] test products_create_requires_auth ... ok
[INFO] [stdout] test products_create_with_auth_returns_201 ... ok
[INFO] [stdout] test auth_login_is_public_and_reachable ... ok
[INFO] [stdout] test auth_me_requires_token ... ok
[INFO] [stdout] test products_list_is_public ... ok
[INFO] [stdout] 
[INFO] [stdout] test result: ok. 7 passed; 0 failed; 0 ignored; 0 measured; 0 filtered out; finished in 0.02s
[INFO] [stdout] 
[INFO] [stderr]      Running tests/pipeline.rs (/opt/rustwide/target/release/build/sweech-axum/6687fe96757ee3d2/out/pipeline-6687fe96757ee3d2)
[INFO] [stdout] 
[INFO] [stdout] running 5 tests
[INFO] [stdout] test guard_blocks_non_admin ... ok
[INFO] [stdout] test guard_allows_admin ... ok
[INFO] [stdout] test required_auth_with_token_returns_200 ... ok
[INFO] [stdout] test required_auth_without_token_returns_401 ... ok
[INFO] [stderr]      Running unittests src/main.rs (/opt/rustwide/target/release/build/sweech-cli/2b7948747ec7052a/out/sweech-2b7948747ec7052a)
[INFO] [stdout] test public_endpoint_no_auth_needed ... ok
[INFO] [stdout] 
[INFO] [stdout] test result: ok. 5 passed; 0 failed; 0 ignored; 0 measured; 0 filtered out; finished in 0.01s
[INFO] [stdout] 
[INFO] [stdout] 
[INFO] [stdout] running 30 tests
[INFO] [stdout] test commands::dev::tests::shell_words_basic ... ok
[INFO] [stdout] test commands::dev::tests::shell_words_quoted ... ok
[INFO] [stdout] test config::tests::crates_source_produces_version_string ... ok
[INFO] [stdout] test config::tests::unset_source_returns_none ... ok
[INFO] [stdout] test config::tests::git_source_produces_correct_deps ... ok
[INFO] [stdout] test manifest::tests::applets_parse_correctly ... ok
[INFO] [stdout] test manifest::tests::frontend_default_commands_from_framework ... ok
[INFO] [stdout] test manifest::tests::frontend_dev_build_commands_parse ... ok
[INFO] [stdout] test config::tests::config_roundtrips_through_toml ... ok
[INFO] [stdout] test templates::tests::handler_route_has_correct_method ... ok
[INFO] [stdout] test scanner::tests::parse_handler_info_from_source ... ok
[INFO] [stdout] test type_gen::tests::endpoint_key_conversion ... ok
[INFO] [stdout] test scanner::tests::parse_handler_info_missing_fields_returns_none ... ok
[INFO] [stdout] test scanner::tests::parse_handler_info_post ... ok
[INFO] [stdout] test validator::tests::clean_manifest_has_no_issues ... ok
[INFO] [stdout] test validator::tests::serverless_with_generic_deploy_target_is_error ... ok
[INFO] [stdout] test type_gen::tests::placeholder_interface_request ... ok
[INFO] [stdout] test validator::tests::applet_runtime_in_monolith_is_warning ... ok
[INFO] [stdout] test manifest::tests::placeholders_dont_break_parsing ... ok
[INFO] [stdout] test validator::tests::build_frontend_missing_serve_is_error ... ok
[INFO] [stdout] test scanner::tests::segment_conversion ... ok
[INFO] [stdout] test validator::tests::embedded_on_expo_is_error ... ok
[INFO] [stdout] test manifest::tests::minimal_manifest_parses ... ok
[INFO] [stdout] test scanner::tests::axum_path_construction ... ok
[INFO] [stdout] test validator::tests::monolith_with_mixed_runtime_is_error ... ok
[INFO] [stdout] test templates::tests::pascal_case_from_kebab ... ok
[INFO] [stdout] test type_gen::tests::extract_missing_returns_none ... ok
[INFO] [stdout] test templates::tests::pascal_case_from_snake ... ok
[INFO] [stdout] test type_gen::tests::build_types_has_registry ... ok
[INFO] [stdout] test type_gen::tests::extract_existing_interface_works ... ok
[INFO] [stdout] 
[INFO] [stdout] test result: ok. 30 passed; 0 failed; 0 ignored; 0 measured; 0 filtered out; finished in 0.02s
[INFO] [stdout] 
[INFO] [stderr]      Running tests/scaffolding.rs (/opt/rustwide/target/release/build/sweech-cli/4dd0ddf7f09513f4/out/scaffolding-4dd0ddf7f09513f4)
[INFO] [stdout] 
[INFO] [stdout] running 15 tests
[INFO] [stdout] test generate_dockerfile_embedded_frontend ... FAILED
[INFO] [stdout] test check_error_exits_nonzero ... FAILED
[INFO] [stdout] test add_handler_dynamic_segment ... FAILED
[INFO] [stdout] test add_handler_fails_no_applet_dir ... FAILED
[INFO] [stdout] test generate_dockerfile_rust_only ... FAILED
[INFO] [stdout] test check_clean_exits_zero ... FAILED
[INFO] [stdout] test init_rejects_existing_directory ... FAILED
[INFO] [stdout] test generate_compose_valid ... FAILED
[INFO] [stdout] test add_applet_rejects_duplicate ... FAILED
[INFO] [stdout] test add_applet_public_auth ... FAILED
[INFO] [stdout] test generate_types_preserves_edited_interfaces ... FAILED
[INFO] [stdout] test add_applet_creates_directory_and_updates_manifest ... FAILED
[INFO] [stdout] test generate_types_creates_index_ts ... FAILED
[INFO] [stdout] test init_creates_expected_files ... FAILED
[INFO] [stdout] test add_handler_nested ... FAILED
[INFO] [stdout] 
[INFO] [stdout] failures:
[INFO] [stdout] 
[INFO] [stdout] ---- generate_dockerfile_embedded_frontend stdout ----
[INFO] [stdout] 
[INFO] [stdout] thread 'generate_dockerfile_embedded_frontend' (2149) panicked at sweech-cli/tests/scaffolding.rs:31:13:
[INFO] [stdout] failed to spawn sweech binary: No such file or directory (os error 2)
[INFO] [stdout] Expected at: "/opt/rustwide/target/release/build/sweech-cli/4dd0ddf7f09513f4/sweech"
[INFO] [stdout] stack backtrace:
[INFO] [stdout]    0:     0x575bf4bb01a1 - <<std[617be2ca0a6fd877]::sys::backtrace::BacktraceLock>::print::DisplayBacktrace as core[a373ad73a504971]::fmt::Display>::fmt
[INFO] [stdout]    1:     0x575bf4bc464a - core[a373ad73a504971]::fmt::write
[INFO] [stdout]    2:     0x575bf4bb482c - <alloc[2e1b2a31b91974c5]::vec::Vec<u8> as core[a373ad73a504971]::io::write::Write>::write_fmt
[INFO] [stdout]    3:     0x575bf4b8abb6 - std[617be2ca0a6fd877]::panicking::default_hook::{closure#0}
[INFO] [stdout]    4:     0x575bf4ba7bd9 - std[617be2ca0a6fd877]::panicking::default_hook
[INFO] [stdout]    5:     0x575bf4b41640 - test[aada8e7e76ba119b]::test_main_inner::{closure#0}
[INFO] [stdout]    6:     0x575bf4ba7d92 - std[617be2ca0a6fd877]::panicking::panic_with_hook
[INFO] [stdout]    7:     0x575bf4b8ac62 - std[617be2ca0a6fd877]::panicking::panic_handler::{closure#0}
[INFO] [stdout]    8:     0x575bf4b836c9 - std[617be2ca0a6fd877]::sys::backtrace::__rust_end_short_backtrace::<std[617be2ca0a6fd877]::panicking::panic_handler::{closure#0}, !>
[INFO] [stdout]    9:     0x575bf4b8b86d - __rustc[ea4f61d10b84890b]::rust_begin_unwind
[INFO] [stdout]   10:     0x575bf4bc4d7c - core[a373ad73a504971]::panicking::panic_fmt
[INFO] [stdout]   11:     0x575bf4b2f6c1 - scaffolding[412f57f7340a6df7]::sweech
[INFO] [stdout]   12:     0x575bf4b3392c - <scaffolding[412f57f7340a6df7]::generate_dockerfile_embedded_frontend::{closure#0} as core[a373ad73a504971]::ops::function::FnOnce<()>>::call_once
[INFO] [stdout]   13:     0x575bf4b34a8b - test[aada8e7e76ba119b]::__rust_begin_short_backtrace::<core[a373ad73a504971]::result::Result<(), alloc[2e1b2a31b91974c5]::string::String>, fn() -> core[a373ad73a504971]::result::Result<(), alloc[2e1b2a31b91974c5]::string::String>>
[INFO] [stdout]   14:     0x575bf4b41c65 - test[aada8e7e76ba119b]::run_test::{closure#0}
[INFO] [stdout]   15:     0x575bf4b3b554 - std[617be2ca0a6fd877]::sys::backtrace::__rust_begin_short_backtrace::<test[aada8e7e76ba119b]::run_test::{closure#1}, ()>
[INFO] [stdout]   16:     0x575bf4b44cf2 - <std[617be2ca0a6fd877]::thread::lifecycle::spawn_unchecked<test[aada8e7e76ba119b]::run_test::{closure#1}, ()>::{closure#1} as core[a373ad73a504971]::ops::function::FnOnce<()>>::call_once::{shim:vtable#0}
[INFO] [stdout]   17:     0x575bf4baf4bf - <std[617be2ca0a6fd877]::sys::thread::unix::Thread>::new::thread_start
[INFO] [stdout]   18:     0x7799d9595dfa - <unknown>
[INFO] [stdout]   19:     0x7799d96293d4 - clone
[INFO] [stdout]   20:                0x0 - <unknown>
[INFO] [stdout] 
[INFO] [stdout] ---- check_error_exits_nonzero stdout ----
[INFO] [stdout] 
[INFO] [stdout] thread 'check_error_exits_nonzero' (2147) panicked at sweech-cli/tests/scaffolding.rs:31:13:
[INFO] [stdout] failed to spawn sweech binary: No such file or directory (os error 2)
[INFO] [stdout] Expected at: "/opt/rustwide/target/release/build/sweech-cli/4dd0ddf7f09513f4/sweech"
[INFO] [stdout] stack backtrace:
[INFO] [stdout]    0:     0x575bf4bb01a1 - <<std[617be2ca0a6fd877]::sys::backtrace::BacktraceLock>::print::DisplayBacktrace as core[a373ad73a504971]::fmt::Display>::fmt
[INFO] [stdout]    1:     0x575bf4bc464a - core[a373ad73a504971]::fmt::write
[INFO] [stderr] error: test failed, to rerun pass `-p sweech-cli --test scaffolding`
[INFO] [stdout]    2:     0x575bf4bb482c - <alloc[2e1b2a31b91974c5]::vec::Vec<u8> as core[a373ad73a504971]::io::write::Write>::write_fmt
[INFO] [stdout]    3:     0x575bf4b8abb6 - std[617be2ca0a6fd877]::panicking::default_hook::{closure#0}
[INFO] [stdout]    4:     0x575bf4ba7bd9 - std[617be2ca0a6fd877]::panicking::default_hook
[INFO] [stdout]    5:     0x575bf4b41640 - test[aada8e7e76ba119b]::test_main_inner::{closure#0}
[INFO] [stdout]    6:     0x575bf4ba7d92 - std[617be2ca0a6fd877]::panicking::panic_with_hook
[INFO] [stdout]    7:     0x575bf4b8ac62 - std[617be2ca0a6fd877]::panicking::panic_handler::{closure#0}
[INFO] [stdout]    8:     0x575bf4b836c9 - std[617be2ca0a6fd877]::sys::backtrace::__rust_end_short_backtrace::<std[617be2ca0a6fd877]::panicking::panic_handler::{closure#0}, !>
[INFO] [stdout]    9:     0x575bf4b8b86d - __rustc[ea4f61d10b84890b]::rust_begin_unwind
[INFO] [stdout]   10:     0x575bf4bc4d7c - core[a373ad73a504971]::panicking::panic_fmt
[INFO] [stdout]   11:     0x575bf4b2f6c1 - scaffolding[412f57f7340a6df7]::sweech
[INFO] [stdout]   12:     0x575bf4b3114a - <scaffolding[412f57f7340a6df7]::check_error_exits_nonzero::{closure#0} as core[a373ad73a504971]::ops::function::FnOnce<()>>::call_once
[INFO] [stdout]   13:     0x575bf4b34a8b - test[aada8e7e76ba119b]::__rust_begin_short_backtrace::<core[a373ad73a504971]::result::Result<(), alloc[2e1b2a31b91974c5]::string::String>, fn() -> core[a373ad73a504971]::result::Result<(), alloc[2e1b2a31b91974c5]::string::String>>
[INFO] [stdout]   14:     0x575bf4b41c65 - test[aada8e7e76ba119b]::run_test::{closure#0}
[INFO] [stdout]   15:     0x575bf4b3b554 - std[617be2ca0a6fd877]::sys::backtrace::__rust_begin_short_backtrace::<test[aada8e7e76ba119b]::run_test::{closure#1}, ()>
[INFO] [stdout]   16:     0x575bf4b44cf2 - <std[617be2ca0a6fd877]::thread::lifecycle::spawn_unchecked<test[aada8e7e76ba119b]::run_test::{closure#1}, ()>::{closure#1} as core[a373ad73a504971]::ops::function::FnOnce<()>>::call_once::{shim:vtable#0}
[INFO] [stdout]   17:     0x575bf4baf4bf - <std[617be2ca0a6fd877]::sys::thread::unix::Thread>::new::thread_start
[INFO] [stdout]   18:     0x7799d9595dfa - <unknown>
[INFO] [stdout]   19:     0x7799d96293d4 - clone
[INFO] [stdout]   20:                0x0 - <unknown>
[INFO] [stdout] 
[INFO] [stdout] ---- add_handler_dynamic_segment stdout ----
[INFO] [stdout] 
[INFO] [stdout] thread 'add_handler_dynamic_segment' (2143) panicked at sweech-cli/tests/scaffolding.rs:31:13:
[INFO] [stdout] failed to spawn sweech binary: No such file or directory (os error 2)
[INFO] [stdout] Expected at: "/opt/rustwide/target/release/build/sweech-cli/4dd0ddf7f09513f4/sweech"
[INFO] [stdout] stack backtrace:
[INFO] [stdout]    0:     0x575bf4bb01a1 - <<std[617be2ca0a6fd877]::sys::backtrace::BacktraceLock>::print::DisplayBacktrace as core[a373ad73a504971]::fmt::Display>::fmt
[INFO] [stdout]    1:     0x575bf4bc464a - core[a373ad73a504971]::fmt::write
[INFO] [stdout]    2:     0x575bf4bb482c - <alloc[2e1b2a31b91974c5]::vec::Vec<u8> as core[a373ad73a504971]::io::write::Write>::write_fmt
[INFO] [stdout]    3:     0x575bf4b8abb6 - std[617be2ca0a6fd877]::panicking::default_hook::{closure#0}
[INFO] [stdout]    4:     0x575bf4ba7bd9 - std[617be2ca0a6fd877]::panicking::default_hook
[INFO] [stdout]    5:     0x575bf4b41640 - test[aada8e7e76ba119b]::test_main_inner::{closure#0}
[INFO] [stdout]    6:     0x575bf4ba7d92 - std[617be2ca0a6fd877]::panicking::panic_with_hook
[INFO] [stdout]    7:     0x575bf4b8ac62 - std[617be2ca0a6fd877]::panicking::panic_handler::{closure#0}
[INFO] [stdout]    8:     0x575bf4b836c9 - std[617be2ca0a6fd877]::sys::backtrace::__rust_end_short_backtrace::<std[617be2ca0a6fd877]::panicking::panic_handler::{closure#0}, !>
[INFO] [stdout]    9:     0x575bf4b8b86d - __rustc[ea4f61d10b84890b]::rust_begin_unwind
[INFO] [stdout]   10:     0x575bf4bc4d7c - core[a373ad73a504971]::panicking::panic_fmt
[INFO] [stdout]   11:     0x575bf4b2f6c1 - scaffolding[412f57f7340a6df7]::sweech
[INFO] [stdout]   12:     0x575bf4b31481 - <scaffolding[412f57f7340a6df7]::add_handler_dynamic_segment::{closure#0} as core[a373ad73a504971]::ops::function::FnOnce<()>>::call_once
[INFO] [stdout]   13:     0x575bf4b34a8b - test[aada8e7e76ba119b]::__rust_begin_short_backtrace::<core[a373ad73a504971]::result::Result<(), alloc[2e1b2a31b91974c5]::string::String>, fn() -> core[a373ad73a504971]::result::Result<(), alloc[2e1b2a31b91974c5]::string::String>>
[INFO] [stdout]   14:     0x575bf4b41c65 - test[aada8e7e76ba119b]::run_test::{closure#0}
[INFO] [stdout]   15:     0x575bf4b3b554 - std[617be2ca0a6fd877]::sys::backtrace::__rust_begin_short_backtrace::<test[aada8e7e76ba119b]::run_test::{closure#1}, ()>
[INFO] [stdout]   16:     0x575bf4b44cf2 - <std[617be2ca0a6fd877]::thread::lifecycle::spawn_unchecked<test[aada8e7e76ba119b]::run_test::{closure#1}, ()>::{closure#1} as core[a373ad73a504971]::ops::function::FnOnce<()>>::call_once::{shim:vtable#0}
[INFO] [stdout]   17:     0x575bf4baf4bf - <std[617be2ca0a6fd877]::sys::thread::unix::Thread>::new::thread_start
[INFO] [stdout]   18:     0x7799d9595dfa - <unknown>
[INFO] [stdout]   19:     0x7799d96293d4 - clone
[INFO] [stdout]   20:                0x0 - <unknown>
[INFO] [stdout] 
[INFO] [stdout] ---- add_handler_fails_no_applet_dir stdout ----
[INFO] [stdout] 
[INFO] [stdout] thread 'add_handler_fails_no_applet_dir' (2144) panicked at sweech-cli/tests/scaffolding.rs:31:13:
[INFO] [stdout] failed to spawn sweech binary: No such file or directory (os error 2)
[INFO] [stdout] Expected at: "/opt/rustwide/target/release/build/sweech-cli/4dd0ddf7f09513f4/sweech"
[INFO] [stdout] stack backtrace:
[INFO] [stdout]    0:     0x575bf4bb01a1 - <<std[617be2ca0a6fd877]::sys::backtrace::BacktraceLock>::print::DisplayBacktrace as core[a373ad73a504971]::fmt::Display>::fmt
[INFO] [stdout]    1:     0x575bf4bc464a - core[a373ad73a504971]::fmt::write
[INFO] [stdout]    2:     0x575bf4bb482c - <alloc[2e1b2a31b91974c5]::vec::Vec<u8> as core[a373ad73a504971]::io::write::Write>::write_fmt
[INFO] [stdout]    3:     0x575bf4b8abb6 - std[617be2ca0a6fd877]::panicking::default_hook::{closure#0}
[INFO] [stdout]    4:     0x575bf4ba7bd9 - std[617be2ca0a6fd877]::panicking::default_hook
[INFO] [stdout]    5:     0x575bf4b41640 - test[aada8e7e76ba119b]::test_main_inner::{closure#0}
[INFO] [stdout]    6:     0x575bf4ba7d92 - std[617be2ca0a6fd877]::panicking::panic_with_hook
[INFO] [stdout]    7:     0x575bf4b8ac62 - std[617be2ca0a6fd877]::panicking::panic_handler::{closure#0}
[INFO] [stdout]    8:     0x575bf4b836c9 - std[617be2ca0a6fd877]::sys::backtrace::__rust_end_short_backtrace::<std[617be2ca0a6fd877]::panicking::panic_handler::{closure#0}, !>
[INFO] [stdout]    9:     0x575bf4b8b86d - __rustc[ea4f61d10b84890b]::rust_begin_unwind
[INFO] [stdout]   10:     0x575bf4bc4d7c - core[a373ad73a504971]::panicking::panic_fmt
[INFO] [stdout]   11:     0x575bf4b2f6c1 - scaffolding[412f57f7340a6df7]::sweech
[INFO] [stdout]   12:     0x575bf4b32da7 - <scaffolding[412f57f7340a6df7]::add_handler_fails_no_applet_dir::{closure#0} as core[a373ad73a504971]::ops::function::FnOnce<()>>::call_once
[INFO] [stdout]   13:     0x575bf4b34a8b - test[aada8e7e76ba119b]::__rust_begin_short_backtrace::<core[a373ad73a504971]::result::Result<(), alloc[2e1b2a31b91974c5]::string::String>, fn() -> core[a373ad73a504971]::result::Result<(), alloc[2e1b2a31b91974c5]::string::String>>
[INFO] [stdout]   14:     0x575bf4b41c65 - test[aada8e7e76ba119b]::run_test::{closure#0}
[INFO] [stdout]   15:     0x575bf4b3b554 - std[617be2ca0a6fd877]::sys::backtrace::__rust_begin_short_backtrace::<test[aada8e7e76ba119b]::run_test::{closure#1}, ()>
[INFO] [stdout]   16:     0x575bf4b44cf2 - <std[617be2ca0a6fd877]::thread::lifecycle::spawn_unchecked<test[aada8e7e76ba119b]::run_test::{closure#1}, ()>::{closure#1} as core[a373ad73a504971]::ops::function::FnOnce<()>>::call_once::{shim:vtable#0}
[INFO] [stdout]   17:     0x575bf4baf4bf - <std[617be2ca0a6fd877]::sys::thread::unix::Thread>::new::thread_start
[INFO] [stdout]   18:     0x7799d9595dfa - <unknown>
[INFO] [stdout]   19:     0x7799d96293d4 - clone
[INFO] [stdout]   20:                0x0 - <unknown>
[INFO] [stdout] 
[INFO] [stdout] ---- generate_dockerfile_rust_only stdout ----
[INFO] [stdout] 
[INFO] [stdout] thread 'generate_dockerfile_rust_only' (2150) panicked at sweech-cli/tests/scaffolding.rs:31:13:
[INFO] [stdout] failed to spawn sweech binary: No such file or directory (os error 2)
[INFO] [stdout] Expected at: "/opt/rustwide/target/release/build/sweech-cli/4dd0ddf7f09513f4/sweech"
[INFO] [stdout] stack backtrace:
[INFO] [stdout]    0:     0x575bf4bb01a1 - <<std[617be2ca0a6fd877]::sys::backtrace::BacktraceLock>::print::DisplayBacktrace as core[a373ad73a504971]::fmt::Display>::fmt
[INFO] [stdout]    1:     0x575bf4bc464a - core[a373ad73a504971]::fmt::write
[INFO] [stdout]    2:     0x575bf4bb482c - <alloc[2e1b2a31b91974c5]::vec::Vec<u8> as core[a373ad73a504971]::io::write::Write>::write_fmt
[INFO] [stdout]    3:     0x575bf4b8abb6 - std[617be2ca0a6fd877]::panicking::default_hook::{closure#0}
[INFO] [stdout]    4:     0x575bf4ba7bd9 - std[617be2ca0a6fd877]::panicking::default_hook
[INFO] [stdout]    5:     0x575bf4b41640 - test[aada8e7e76ba119b]::test_main_inner::{closure#0}
[INFO] [stdout]    6:     0x575bf4ba7d92 - std[617be2ca0a6fd877]::panicking::panic_with_hook
[INFO] [stdout]    7:     0x575bf4b8ac62 - std[617be2ca0a6fd877]::panicking::panic_handler::{closure#0}
[INFO] [stdout]    8:     0x575bf4b836c9 - std[617be2ca0a6fd877]::sys::backtrace::__rust_end_short_backtrace::<std[617be2ca0a6fd877]::panicking::panic_handler::{closure#0}, !>
[INFO] [stdout]    9:     0x575bf4b8b86d - __rustc[ea4f61d10b84890b]::rust_begin_unwind
[INFO] [stdout]   10:     0x575bf4bc4d7c - core[a373ad73a504971]::panicking::panic_fmt
[INFO] [stdout]   11:     0x575bf4b2f6c1 - scaffolding[412f57f7340a6df7]::sweech
[INFO] [stdout]   12:     0x575bf4b329e9 - <scaffolding[412f57f7340a6df7]::generate_dockerfile_rust_only::{closure#0} as core[a373ad73a504971]::ops::function::FnOnce<()>>::call_once
[INFO] [stdout]   13:     0x575bf4b34a8b - test[aada8e7e76ba119b]::__rust_begin_short_backtrace::<core[a373ad73a504971]::result::Result<(), alloc[2e1b2a31b91974c5]::string::String>, fn() -> core[a373ad73a504971]::result::Result<(), alloc[2e1b2a31b91974c5]::string::String>>
[INFO] [stdout]   14:     0x575bf4b41c65 - test[aada8e7e76ba119b]::run_test::{closure#0}
[INFO] [stdout]   15:     0x575bf4b3b554 - std[617be2ca0a6fd877]::sys::backtrace::__rust_begin_short_backtrace::<test[aada8e7e76ba119b]::run_test::{closure#1}, ()>
[INFO] [stdout]   16:     0x575bf4b44cf2 - <std[617be2ca0a6fd877]::thread::lifecycle::spawn_unchecked<test[aada8e7e76ba119b]::run_test::{closure#1}, ()>::{closure#1} as core[a373ad73a504971]::ops::function::FnOnce<()>>::call_once::{shim:vtable#0}
[INFO] [stdout]   17:     0x575bf4baf4bf - <std[617be2ca0a6fd877]::sys::thread::unix::Thread>::new::thread_start
[INFO] [stdout]   18:     0x7799d9595dfa - <unknown>
[INFO] [stdout]   19:     0x7799d96293d4 - clone
[INFO] [stdout]   20:                0x0 - <unknown>
[INFO] [stdout] 
[INFO] [stdout] ---- check_clean_exits_zero stdout ----
[INFO] [stdout] 
[INFO] [stdout] thread 'check_clean_exits_zero' (2146) panicked at sweech-cli/tests/scaffolding.rs:31:13:
[INFO] [stdout] failed to spawn sweech binary: No such file or directory (os error 2)
[INFO] [stdout] Expected at: "/opt/rustwide/target/release/build/sweech-cli/4dd0ddf7f09513f4/sweech"
[INFO] [stdout] stack backtrace:
[INFO] [stdout]    0:     0x575bf4bb01a1 - <<std[617be2ca0a6fd877]::sys::backtrace::BacktraceLock>::print::DisplayBacktrace as core[a373ad73a504971]::fmt::Display>::fmt
[INFO] [stdout]    1:     0x575bf4bc464a - core[a373ad73a504971]::fmt::write
[INFO] [stdout]    2:     0x575bf4bb482c - <alloc[2e1b2a31b91974c5]::vec::Vec<u8> as core[a373ad73a504971]::io::write::Write>::write_fmt
[INFO] [stdout]    3:     0x575bf4b8abb6 - std[617be2ca0a6fd877]::panicking::default_hook::{closure#0}
[INFO] [stdout]    4:     0x575bf4ba7bd9 - std[617be2ca0a6fd877]::panicking::default_hook
[INFO] [stdout]    5:     0x575bf4b41640 - test[aada8e7e76ba119b]::test_main_inner::{closure#0}
[INFO] [stdout]    6:     0x575bf4ba7d92 - std[617be2ca0a6fd877]::panicking::panic_with_hook
[INFO] [stdout]    7:     0x575bf4b8ac62 - std[617be2ca0a6fd877]::panicking::panic_handler::{closure#0}
[INFO] [stdout]    8:     0x575bf4b836c9 - std[617be2ca0a6fd877]::sys::backtrace::__rust_end_short_backtrace::<std[617be2ca0a6fd877]::panicking::panic_handler::{closure#0}, !>
[INFO] [stdout]    9:     0x575bf4b8b86d - __rustc[ea4f61d10b84890b]::rust_begin_unwind
[INFO] [stdout]   10:     0x575bf4bc4d7c - core[a373ad73a504971]::panicking::panic_fmt
[INFO] [stdout]   11:     0x575bf4b2f6c1 - scaffolding[412f57f7340a6df7]::sweech
[INFO] [stdout]   12:     0x575bf4b30c35 - <scaffolding[412f57f7340a6df7]::check_clean_exits_zero::{closure#0} as core[a373ad73a504971]::ops::function::FnOnce<()>>::call_once
[INFO] [stdout]   13:     0x575bf4b34a8b - test[aada8e7e76ba119b]::__rust_begin_short_backtrace::<core[a373ad73a504971]::result::Result<(), alloc[2e1b2a31b91974c5]::string::String>, fn() -> core[a373ad73a504971]::result::Result<(), alloc[2e1b2a31b91974c5]::string::String>>
[INFO] [stdout]   14:     0x575bf4b41c65 - test[aada8e7e76ba119b]::run_test::{closure#0}
[INFO] [stdout]   15:     0x575bf4b3b554 - std[617be2ca0a6fd877]::sys::backtrace::__rust_begin_short_backtrace::<test[aada8e7e76ba119b]::run_test::{closure#1}, ()>
[INFO] [stdout]   16:     0x575bf4b44cf2 - <std[617be2ca0a6fd877]::thread::lifecycle::spawn_unchecked<test[aada8e7e76ba119b]::run_test::{closure#1}, ()>::{closure#1} as core[a373ad73a504971]::ops::function::FnOnce<()>>::call_once::{shim:vtable#0}
[INFO] [stdout]   17:     0x575bf4baf4bf - <std[617be2ca0a6fd877]::sys::thread::unix::Thread>::new::thread_start
[INFO] [stdout]   18:     0x7799d9595dfa - <unknown>
[INFO] [stdout]   19:     0x7799d96293d4 - clone
[INFO] [stdout]   20:                0x0 - <unknown>
[INFO] [stdout] 
[INFO] [stdout] ---- init_rejects_existing_directory stdout ----
[INFO] [stdout] 
[INFO] [stdout] thread 'init_rejects_existing_directory' (2154) panicked at sweech-cli/tests/scaffolding.rs:31:13:
[INFO] [stdout] failed to spawn sweech binary: No such file or directory (os error 2)
[INFO] [stdout] Expected at: "/opt/rustwide/target/release/build/sweech-cli/4dd0ddf7f09513f4/sweech"
[INFO] [stdout] stack backtrace:
[INFO] [stdout]    0:     0x575bf4bb01a1 - <<std[617be2ca0a6fd877]::sys::backtrace::BacktraceLock>::print::DisplayBacktrace as core[a373ad73a504971]::fmt::Display>::fmt
[INFO] [stdout]    1:     0x575bf4bc464a - core[a373ad73a504971]::fmt::write
[INFO] [stdout]    2:     0x575bf4bb482c - <alloc[2e1b2a31b91974c5]::vec::Vec<u8> as core[a373ad73a504971]::io::write::Write>::write_fmt
[INFO] [stdout]    3:     0x575bf4b8abb6 - std[617be2ca0a6fd877]::panicking::default_hook::{closure#0}
[INFO] [stdout]    4:     0x575bf4ba7bd9 - std[617be2ca0a6fd877]::panicking::default_hook
[INFO] [stdout]    5:     0x575bf4b41640 - test[aada8e7e76ba119b]::test_main_inner::{closure#0}
[INFO] [stdout]    6:     0x575bf4ba7d92 - std[617be2ca0a6fd877]::panicking::panic_with_hook
[INFO] [stdout]    7:     0x575bf4b8ac62 - std[617be2ca0a6fd877]::panicking::panic_handler::{closure#0}
[INFO] [stdout]    8:     0x575bf4b836c9 - std[617be2ca0a6fd877]::sys::backtrace::__rust_end_short_backtrace::<std[617be2ca0a6fd877]::panicking::panic_handler::{closure#0}, !>
[INFO] [stdout]    9:     0x575bf4b8b86d - __rustc[ea4f61d10b84890b]::rust_begin_unwind
[INFO] [stdout]   10:     0x575bf4bc4d7c - core[a373ad73a504971]::panicking::panic_fmt
[INFO] [stdout]   11:     0x575bf4b2f6c1 - scaffolding[412f57f7340a6df7]::sweech
[INFO] [stdout]   12:     0x575bf4b33640 - <scaffolding[412f57f7340a6df7]::init_rejects_existing_directory::{closure#0} as core[a373ad73a504971]::ops::function::FnOnce<()>>::call_once
[INFO] [stdout]   13:     0x575bf4b34a8b - test[aada8e7e76ba119b]::__rust_begin_short_backtrace::<core[a373ad73a504971]::result::Result<(), alloc[2e1b2a31b91974c5]::string::String>, fn() -> core[a373ad73a504971]::result::Result<(), alloc[2e1b2a31b91974c5]::string::String>>
[INFO] [stdout]   14:     0x575bf4b41c65 - test[aada8e7e76ba119b]::run_test::{closure#0}
[INFO] [stdout]   15:     0x575bf4b3b554 - std[617be2ca0a6fd877]::sys::backtrace::__rust_begin_short_backtrace::<test[aada8e7e76ba119b]::run_test::{closure#1}, ()>
[INFO] [stdout]   16:     0x575bf4b44cf2 - <std[617be2ca0a6fd877]::thread::lifecycle::spawn_unchecked<test[aada8e7e76ba119b]::run_test::{closure#1}, ()>::{closure#1} as core[a373ad73a504971]::ops::function::FnOnce<()>>::call_once::{shim:vtable#0}
[INFO] [stdout]   17:     0x575bf4baf4bf - <std[617be2ca0a6fd877]::sys::thread::unix::Thread>::new::thread_start
[INFO] [stdout]   18:     0x7799d9595dfa - <unknown>
[INFO] [stdout]   19:     0x7799d96293d4 - clone
[INFO] [stdout]   20:                0x0 - <unknown>
[INFO] [stdout] 
[INFO] [stdout] ---- generate_compose_valid stdout ----
[INFO] [stdout] 
[INFO] [stdout] thread 'generate_compose_valid' (2148) panicked at sweech-cli/tests/scaffolding.rs:31:13:
[INFO] [stdout] failed to spawn sweech binary: No such file or directory (os error 2)
[INFO] [stdout] Expected at: "/opt/rustwide/target/release/build/sweech-cli/4dd0ddf7f09513f4/sweech"
[INFO] [stdout] stack backtrace:
[INFO] [stdout]    0:     0x575bf4bb01a1 - <<std[617be2ca0a6fd877]::sys::backtrace::BacktraceLock>::print::DisplayBacktrace as core[a373ad73a504971]::fmt::Display>::fmt
[INFO] [stdout]    1:     0x575bf4bc464a - core[a373ad73a504971]::fmt::write
[INFO] [stdout]    2:     0x575bf4bb482c - <alloc[2e1b2a31b91974c5]::vec::Vec<u8> as core[a373ad73a504971]::io::write::Write>::write_fmt
[INFO] [stdout]    3:     0x575bf4b8abb6 - std[617be2ca0a6fd877]::panicking::default_hook::{closure#0}
[INFO] [stdout]    4:     0x575bf4ba7bd9 - std[617be2ca0a6fd877]::panicking::default_hook
[INFO] [stdout]    5:     0x575bf4b41640 - test[aada8e7e76ba119b]::test_main_inner::{closure#0}
[INFO] [stdout]    6:     0x575bf4ba7d92 - std[617be2ca0a6fd877]::panicking::panic_with_hook
[INFO] [stdout]    7:     0x575bf4b8ac62 - std[617be2ca0a6fd877]::panicking::panic_handler::{closure#0}
[INFO] [stdout]    8:     0x575bf4b836c9 - std[617be2ca0a6fd877]::sys::backtrace::__rust_end_short_backtrace::<std[617be2ca0a6fd877]::panicking::panic_handler::{closure#0}, !>
[INFO] [stdout]    9:     0x575bf4b8b86d - __rustc[ea4f61d10b84890b]::rust_begin_unwind
[INFO] [stdout]   10:     0x575bf4bc4d7c - core[a373ad73a504971]::panicking::panic_fmt
[INFO] [stdout]   11:     0x575bf4b2f6c1 - scaffolding[412f57f7340a6df7]::sweech
[INFO] [stdout]   12:     0x575bf4b30da6 - <scaffolding[412f57f7340a6df7]::generate_compose_valid::{closure#0} as core[a373ad73a504971]::ops::function::FnOnce<()>>::call_once
[INFO] [stdout]   13:     0x575bf4b34a8b - test[aada8e7e76ba119b]::__rust_begin_short_backtrace::<core[a373ad73a504971]::result::Result<(), alloc[2e1b2a31b91974c5]::string::String>, fn() -> core[a373ad73a504971]::result::Result<(), alloc[2e1b2a31b91974c5]::string::String>>
[INFO] [stdout]   14:     0x575bf4b41c65 - test[aada8e7e76ba119b]::run_test::{closure#0}
[INFO] [stdout]   15:     0x575bf4b3b554 - std[617be2ca0a6fd877]::sys::backtrace::__rust_begin_short_backtrace::<test[aada8e7e76ba119b]::run_test::{closure#1}, ()>
[INFO] [stdout]   16:     0x575bf4b44cf2 - <std[617be2ca0a6fd877]::thread::lifecycle::spawn_unchecked<test[aada8e7e76ba119b]::run_test::{closure#1}, ()>::{closure#1} as core[a373ad73a504971]::ops::function::FnOnce<()>>::call_once::{shim:vtable#0}
[INFO] [stdout]   17:     0x575bf4baf4bf - <std[617be2ca0a6fd877]::sys::thread::unix::Thread>::new::thread_start
[INFO] [stdout]   18:     0x7799d9595dfa - <unknown>
[INFO] [stdout]   19:     0x7799d96293d4 - clone
[INFO] [stdout]   20:                0x0 - <unknown>
[INFO] [stdout] 
[INFO] [stdout] ---- add_applet_rejects_duplicate stdout ----
[INFO] [stdout] 
[INFO] [stdout] thread 'add_applet_rejects_duplicate' (2142) panicked at sweech-cli/tests/scaffolding.rs:31:13:
[INFO] [stdout] failed to spawn sweech binary: No such file or directory (os error 2)
[INFO] [stdout] Expected at: "/opt/rustwide/target/release/build/sweech-cli/4dd0ddf7f09513f4/sweech"
[INFO] [stdout] stack backtrace:
[INFO] [stdout]    0:     0x575bf4bb01a1 - <<std[617be2ca0a6fd877]::sys::backtrace::BacktraceLock>::print::DisplayBacktrace as core[a373ad73a504971]::fmt::Display>::fmt
[INFO] [stdout]    1:     0x575bf4bc464a - core[a373ad73a504971]::fmt::write
[INFO] [stdout]    2:     0x575bf4bb482c - <alloc[2e1b2a31b91974c5]::vec::Vec<u8> as core[a373ad73a504971]::io::write::Write>::write_fmt
[INFO] [stdout]    3:     0x575bf4b8abb6 - std[617be2ca0a6fd877]::panicking::default_hook::{closure#0}
[INFO] [stdout]    4:     0x575bf4ba7bd9 - std[617be2ca0a6fd877]::panicking::default_hook
[INFO] [stdout]    5:     0x575bf4b41640 - test[aada8e7e76ba119b]::test_main_inner::{closure#0}
[INFO] [stdout]    6:     0x575bf4ba7d92 - std[617be2ca0a6fd877]::panicking::panic_with_hook
[INFO] [stdout]    7:     0x575bf4b8ac62 - std[617be2ca0a6fd877]::panicking::panic_handler::{closure#0}
[INFO] [stdout]    8:     0x575bf4b836c9 - std[617be2ca0a6fd877]::sys::backtrace::__rust_end_short_backtrace::<std[617be2ca0a6fd877]::panicking::panic_handler::{closure#0}, !>
[INFO] [stdout]    9:     0x575bf4b8b86d - __rustc[ea4f61d10b84890b]::rust_begin_unwind
[INFO] [stdout]   10:     0x575bf4bc4d7c - core[a373ad73a504971]::panicking::panic_fmt
[INFO] [stdout]   11:     0x575bf4b2f6c1 - scaffolding[412f57f7340a6df7]::sweech
[INFO] [stdout]   12:     0x575bf4b327f5 - <scaffolding[412f57f7340a6df7]::add_applet_rejects_duplicate::{closure#0} as core[a373ad73a504971]::ops::function::FnOnce<()>>::call_once
[INFO] [stdout]   13:     0x575bf4b34a8b - test[aada8e7e76ba119b]::__rust_begin_short_backtrace::<core[a373ad73a504971]::result::Result<(), alloc[2e1b2a31b91974c5]::string::String>, fn() -> core[a373ad73a504971]::result::Result<(), alloc[2e1b2a31b91974c5]::string::String>>
[INFO] [stdout]   14:     0x575bf4b41c65 - test[aada8e7e76ba119b]::run_test::{closure#0}
[INFO] [stdout]   15:     0x575bf4b3b554 - std[617be2ca0a6fd877]::sys::backtrace::__rust_begin_short_backtrace::<test[aada8e7e76ba119b]::run_test::{closure#1}, ()>
[INFO] [stdout]   16:     0x575bf4b44cf2 - <std[617be2ca0a6fd877]::thread::lifecycle::spawn_unchecked<test[aada8e7e76ba119b]::run_test::{closure#1}, ()>::{closure#1} as core[a373ad73a504971]::ops::function::FnOnce<()>>::call_once::{shim:vtable#0}
[INFO] [stdout]   17:     0x575bf4baf4bf - <std[617be2ca0a6fd877]::sys::thread::unix::Thread>::new::thread_start
[INFO] [stdout]   18:     0x7799d9595dfa - <unknown>
[INFO] [stdout]   19:     0x7799d96293d4 - clone
[INFO] [stdout]   20:                0x0 - <unknown>
[INFO] [stdout] 
[INFO] [stdout] ---- add_applet_public_auth stdout ----
[INFO] [stdout] 
[INFO] [stdout] thread 'add_applet_public_auth' (2141) panicked at sweech-cli/tests/scaffolding.rs:31:13:
[INFO] [stdout] failed to spawn sweech binary: No such file or directory (os error 2)
[INFO] [stdout] Expected at: "/opt/rustwide/target/release/build/sweech-cli/4dd0ddf7f09513f4/sweech"
[INFO] [stdout] stack backtrace:
[INFO] [stdout]    0:     0x575bf4bb01a1 - <<std[617be2ca0a6fd877]::sys::backtrace::BacktraceLock>::print::DisplayBacktrace as core[a373ad73a504971]::fmt::Display>::fmt
[INFO] [stdout]    1:     0x575bf4bc464a - core[a373ad73a504971]::fmt::write
[INFO] [stdout]    2:     0x575bf4bb482c - <alloc[2e1b2a31b91974c5]::vec::Vec<u8> as core[a373ad73a504971]::io::write::Write>::write_fmt
[INFO] [stdout]    3:     0x575bf4b8abb6 - std[617be2ca0a6fd877]::panicking::default_hook::{closure#0}
[INFO] [stdout]    4:     0x575bf4ba7bd9 - std[617be2ca0a6fd877]::panicking::default_hook
[INFO] [stdout]    5:     0x575bf4b41640 - test[aada8e7e76ba119b]::test_main_inner::{closure#0}
[INFO] [stdout]    6:     0x575bf4ba7d92 - std[617be2ca0a6fd877]::panicking::panic_with_hook
[INFO] [stdout]    7:     0x575bf4b8ac62 - std[617be2ca0a6fd877]::panicking::panic_handler::{closure#0}
[INFO] [stdout]    8:     0x575bf4b836c9 - std[617be2ca0a6fd877]::sys::backtrace::__rust_end_short_backtrace::<std[617be2ca0a6fd877]::panicking::panic_handler::{closure#0}, !>
[INFO] [stdout]    9:     0x575bf4b8b86d - __rustc[ea4f61d10b84890b]::rust_begin_unwind
[INFO] [stdout]   10:     0x575bf4bc4d7c - core[a373ad73a504971]::panicking::panic_fmt
[INFO] [stdout]   11:     0x575bf4b2f6c1 - scaffolding[412f57f7340a6df7]::sweech
[INFO] [stdout]   12:     0x575bf4b3095a - <scaffolding[412f57f7340a6df7]::add_applet_public_auth::{closure#0} as core[a373ad73a504971]::ops::function::FnOnce<()>>::call_once
[INFO] [stdout]   13:     0x575bf4b34a8b - test[aada8e7e76ba119b]::__rust_begin_short_backtrace::<core[a373ad73a504971]::result::Result<(), alloc[2e1b2a31b91974c5]::string::String>, fn() -> core[a373ad73a504971]::result::Result<(), alloc[2e1b2a31b91974c5]::string::String>>
[INFO] [stdout]   14:     0x575bf4b41c65 - test[aada8e7e76ba119b]::run_test::{closure#0}
[INFO] [stdout]   15:     0x575bf4b3b554 - std[617be2ca0a6fd877]::sys::backtrace::__rust_begin_short_backtrace::<test[aada8e7e76ba119b]::run_test::{closure#1}, ()>
[INFO] [stdout]   16:     0x575bf4b44cf2 - <std[617be2ca0a6fd877]::thread::lifecycle::spawn_unchecked<test[aada8e7e76ba119b]::run_test::{closure#1}, ()>::{closure#1} as core[a373ad73a504971]::ops::function::FnOnce<()>>::call_once::{shim:vtable#0}
[INFO] [stdout]   17:     0x575bf4baf4bf - <std[617be2ca0a6fd877]::sys::thread::unix::Thread>::new::thread_start
[INFO] [stdout]   18:     0x7799d9595dfa - <unknown>
[INFO] [stdout]   19:     0x7799d96293d4 - clone
[INFO] [stdout]   20:                0x0 - <unknown>
[INFO] [stdout] 
[INFO] [stdout] ---- generate_types_preserves_edited_interfaces stdout ----
[INFO] [stdout] 
[INFO] [stdout] thread 'generate_types_preserves_edited_interfaces' (2152) panicked at sweech-cli/tests/scaffolding.rs:31:13:
[INFO] [stdout] failed to spawn sweech binary: No such file or directory (os error 2)
[INFO] [stdout] Expected at: "/opt/rustwide/target/release/build/sweech-cli/4dd0ddf7f09513f4/sweech"
[INFO] [stdout] stack backtrace:
[INFO] [stdout]    0:     0x575bf4bb01a1 - <<std[617be2ca0a6fd877]::sys::backtrace::BacktraceLock>::print::DisplayBacktrace as core[a373ad73a504971]::fmt::Display>::fmt
[INFO] [stdout]    1:     0x575bf4bc464a - core[a373ad73a504971]::fmt::write
[INFO] [stdout]    2:     0x575bf4bb482c - <alloc[2e1b2a31b91974c5]::vec::Vec<u8> as core[a373ad73a504971]::io::write::Write>::write_fmt
[INFO] [stdout]    3:     0x575bf4b8abb6 - std[617be2ca0a6fd877]::panicking::default_hook::{closure#0}
[INFO] [stdout]    4:     0x575bf4ba7bd9 - std[617be2ca0a6fd877]::panicking::default_hook
[INFO] [stdout]    5:     0x575bf4b41640 - test[aada8e7e76ba119b]::test_main_inner::{closure#0}
[INFO] [stdout]    6:     0x575bf4ba7d92 - std[617be2ca0a6fd877]::panicking::panic_with_hook
[INFO] [stdout]    7:     0x575bf4b8ac62 - std[617be2ca0a6fd877]::panicking::panic_handler::{closure#0}
[INFO] [stdout]    8:     0x575bf4b836c9 - std[617be2ca0a6fd877]::sys::backtrace::__rust_end_short_backtrace::<std[617be2ca0a6fd877]::panicking::panic_handler::{closure#0}, !>
[INFO] [stdout]    9:     0x575bf4b8b86d - __rustc[ea4f61d10b84890b]::rust_begin_unwind
[INFO] [stdout]   10:     0x575bf4bc4d7c - core[a373ad73a504971]::panicking::panic_fmt
[INFO] [stdout]   11:     0x575bf4b2f6c1 - scaffolding[412f57f7340a6df7]::sweech
[INFO] [stdout]   12:     0x575bf4b33cad - <scaffolding[412f57f7340a6df7]::generate_types_preserves_edited_interfaces::{closure#0} as core[a373ad73a504971]::ops::function::FnOnce<()>>::call_once
[INFO] [stdout]   13:     0x575bf4b34a8b - test[aada8e7e76ba119b]::__rust_begin_short_backtrace::<core[a373ad73a504971]::result::Result<(), alloc[2e1b2a31b91974c5]::string::String>, fn() -> core[a373ad73a504971]::result::Result<(), alloc[2e1b2a31b91974c5]::string::String>>
[INFO] [stdout]   14:     0x575bf4b41c65 - test[aada8e7e76ba119b]::run_test::{closure#0}
[INFO] [stdout]   15:     0x575bf4b3b554 - std[617be2ca0a6fd877]::sys::backtrace::__rust_begin_short_backtrace::<test[aada8e7e76ba119b]::run_test::{closure#1}, ()>
[INFO] [stdout]   16:     0x575bf4b44cf2 - <std[617be2ca0a6fd877]::thread::lifecycle::spawn_unchecked<test[aada8e7e76ba119b]::run_test::{closure#1}, ()>::{closure#1} as core[a373ad73a504971]::ops::function::FnOnce<()>>::call_once::{shim:vtable#0}
[INFO] [stdout]   17:     0x575bf4baf4bf - <std[617be2ca0a6fd877]::sys::thread::unix::Thread>::new::thread_start
[INFO] [stdout]   18:     0x7799d9595dfa - <unknown>
[INFO] [stdout]   19:     0x7799d96293d4 - clone
[INFO] [stdout]   20:                0x0 - <unknown>
[INFO] [stdout] 
[INFO] [stdout] ---- add_applet_creates_directory_and_updates_manifest stdout ----
[INFO] [stdout] 
[INFO] [stdout] thread 'add_applet_creates_directory_and_updates_manifest' (2140) panicked at sweech-cli/tests/scaffolding.rs:31:13:
[INFO] [stdout] failed to spawn sweech binary: No such file or directory (os error 2)
[INFO] [stdout] Expected at: "/opt/rustwide/target/release/build/sweech-cli/4dd0ddf7f09513f4/sweech"
[INFO] [stdout] stack backtrace:
[INFO] [stdout]    0:     0x575bf4bb01a1 - <<std[617be2ca0a6fd877]::sys::backtrace::BacktraceLock>::print::DisplayBacktrace as core[a373ad73a504971]::fmt::Display>::fmt
[INFO] [stdout]    1:     0x575bf4bc464a - core[a373ad73a504971]::fmt::write
[INFO] [stdout]    2:     0x575bf4bb482c - <alloc[2e1b2a31b91974c5]::vec::Vec<u8> as core[a373ad73a504971]::io::write::Write>::write_fmt
[INFO] [stdout]    3:     0x575bf4b8abb6 - std[617be2ca0a6fd877]::panicking::default_hook::{closure#0}
[INFO] [stdout]    4:     0x575bf4ba7bd9 - std[617be2ca0a6fd877]::panicking::default_hook
[INFO] [stdout]    5:     0x575bf4b41640 - test[aada8e7e76ba119b]::test_main_inner::{closure#0}
[INFO] [stdout]    6:     0x575bf4ba7d92 - std[617be2ca0a6fd877]::panicking::panic_with_hook
[INFO] [stdout]    7:     0x575bf4b8ac62 - std[617be2ca0a6fd877]::panicking::panic_handler::{closure#0}
[INFO] [stdout]    8:     0x575bf4b836c9 - std[617be2ca0a6fd877]::sys::backtrace::__rust_end_short_backtrace::<std[617be2ca0a6fd877]::panicking::panic_handler::{closure#0}, !>
[INFO] [stdout]    9:     0x575bf4b8b86d - __rustc[ea4f61d10b84890b]::rust_begin_unwind
[INFO] [stdout]   10:     0x575bf4bc4d7c - core[a373ad73a504971]::panicking::panic_fmt
[INFO] [stdout]   11:     0x575bf4b2f6c1 - scaffolding[412f57f7340a6df7]::sweech
[INFO] [stdout]   12:     0x575bf4b3449f - <scaffolding[412f57f7340a6df7]::add_applet_creates_directory_and_updates_manifest::{closure#0} as core[a373ad73a504971]::ops::function::FnOnce<()>>::call_once
[INFO] [stdout]   13:     0x575bf4b34a8b - test[aada8e7e76ba119b]::__rust_begin_short_backtrace::<core[a373ad73a504971]::result::Result<(), alloc[2e1b2a31b91974c5]::string::String>, fn() -> core[a373ad73a504971]::result::Result<(), alloc[2e1b2a31b91974c5]::string::String>>
[INFO] [stdout]   14:     0x575bf4b41c65 - test[aada8e7e76ba119b]::run_test::{closure#0}
[INFO] [stdout]   15:     0x575bf4b3b554 - std[617be2ca0a6fd877]::sys::backtrace::__rust_begin_short_backtrace::<test[aada8e7e76ba119b]::run_test::{closure#1}, ()>
[INFO] [stdout]   16:     0x575bf4b44cf2 - <std[617be2ca0a6fd877]::thread::lifecycle::spawn_unchecked<test[aada8e7e76ba119b]::run_test::{closure#1}, ()>::{closure#1} as core[a373ad73a504971]::ops::function::FnOnce<()>>::call_once::{shim:vtable#0}
[INFO] [stdout]   17:     0x575bf4baf4bf - <std[617be2ca0a6fd877]::sys::thread::unix::Thread>::new::thread_start
[INFO] [stdout]   18:     0x7799d9595dfa - <unknown>
[INFO] [stdout]   19:     0x7799d96293d4 - clone
[INFO] [stdout]   20:                0x0 - <unknown>
[INFO] [stdout] 
[INFO] [stdout] ---- generate_types_creates_index_ts stdout ----
[INFO] [stdout] 
[INFO] [stdout] thread 'generate_types_creates_index_ts' (2151) panicked at sweech-cli/tests/scaffolding.rs:31:13:
[INFO] [stdout] failed to spawn sweech binary: No such file or directory (os error 2)
[INFO] [stdout] Expected at: "/opt/rustwide/target/release/build/sweech-cli/4dd0ddf7f09513f4/sweech"
[INFO] [stdout] stack backtrace:
[INFO] [stdout]    0:     0x575bf4bb01a1 - <<std[617be2ca0a6fd877]::sys::backtrace::BacktraceLock>::print::DisplayBacktrace as core[a373ad73a504971]::fmt::Display>::fmt
[INFO] [stdout]    1:     0x575bf4bc464a - core[a373ad73a504971]::fmt::write
[INFO] [stdout]    2:     0x575bf4bb482c - <alloc[2e1b2a31b91974c5]::vec::Vec<u8> as core[a373ad73a504971]::io::write::Write>::write_fmt
[INFO] [stdout]    3:     0x575bf4b8abb6 - std[617be2ca0a6fd877]::panicking::default_hook::{closure#0}
[INFO] [stdout]    4:     0x575bf4ba7bd9 - std[617be2ca0a6fd877]::panicking::default_hook
[INFO] [stdout]    5:     0x575bf4b41640 - test[aada8e7e76ba119b]::test_main_inner::{closure#0}
[INFO] [stdout]    6:     0x575bf4ba7d92 - std[617be2ca0a6fd877]::panicking::panic_with_hook
[INFO] [stdout]    7:     0x575bf4b8ac62 - std[617be2ca0a6fd877]::panicking::panic_handler::{closure#0}
[INFO] [stdout]    8:     0x575bf4b836c9 - std[617be2ca0a6fd877]::sys::backtrace::__rust_end_short_backtrace::<std[617be2ca0a6fd877]::panicking::panic_handler::{closure#0}, !>
[INFO] [stdout]    9:     0x575bf4b8b86d - __rustc[ea4f61d10b84890b]::rust_begin_unwind
[INFO] [stdout]   10:     0x575bf4bc4d7c - core[a373ad73a504971]::panicking::panic_fmt
[INFO] [stdout]   11:     0x575bf4b2f6c1 - scaffolding[412f57f7340a6df7]::sweech
[INFO] [stdout]   12:     0x575bf4b32fdd - <scaffolding[412f57f7340a6df7]::generate_types_creates_index_ts::{closure#0} as core[a373ad73a504971]::ops::function::FnOnce<()>>::call_once
[INFO] [stdout]   13:     0x575bf4b34a8b - test[aada8e7e76ba119b]::__rust_begin_short_backtrace::<core[a373ad73a504971]::result::Result<(), alloc[2e1b2a31b91974c5]::string::String>, fn() -> core[a373ad73a504971]::result::Result<(), alloc[2e1b2a31b91974c5]::string::String>>
[INFO] [stdout]   14:     0x575bf4b41c65 - test[aada8e7e76ba119b]::run_test::{closure#0}
[INFO] [stdout]   15:     0x575bf4b3b554 - std[617be2ca0a6fd877]::sys::backtrace::__rust_begin_short_backtrace::<test[aada8e7e76ba119b]::run_test::{closure#1}, ()>
[INFO] [stdout]   16:     0x575bf4b44cf2 - <std[617be2ca0a6fd877]::thread::lifecycle::spawn_unchecked<test[aada8e7e76ba119b]::run_test::{closure#1}, ()>::{closure#1} as core[a373ad73a504971]::ops::function::FnOnce<()>>::call_once::{shim:vtable#0}
[INFO] [stdout]   17:     0x575bf4baf4bf - <std[617be2ca0a6fd877]::sys::thread::unix::Thread>::new::thread_start
[INFO] [stdout]   18:     0x7799d9595dfa - <unknown>
[INFO] [stdout]   19:     0x7799d96293d4 - clone
[INFO] [stdout]   20:                0x0 - <unknown>
[INFO] [stdout] 
[INFO] [stdout] ---- init_creates_expected_files stdout ----
[INFO] [stdout] 
[INFO] [stdout] thread 'init_creates_expected_files' (2153) panicked at sweech-cli/tests/scaffolding.rs:31:13:
[INFO] [stdout] failed to spawn sweech binary: No such file or directory (os error 2)
[INFO] [stdout] Expected at: "/opt/rustwide/target/release/build/sweech-cli/4dd0ddf7f09513f4/sweech"
[INFO] [stdout] stack backtrace:
[INFO] [stdout]    0:     0x575bf4bb01a1 - <<std[617be2ca0a6fd877]::sys::backtrace::BacktraceLock>::print::DisplayBacktrace as core[a373ad73a504971]::fmt::Display>::fmt
[INFO] [stdout]    1:     0x575bf4bc464a - core[a373ad73a504971]::fmt::write
[INFO] [stdout]    2:     0x575bf4bb482c - <alloc[2e1b2a31b91974c5]::vec::Vec<u8> as core[a373ad73a504971]::io::write::Write>::write_fmt
[INFO] [stdout]    3:     0x575bf4b8abb6 - std[617be2ca0a6fd877]::panicking::default_hook::{closure#0}
[INFO] [stdout]    4:     0x575bf4ba7bd9 - std[617be2ca0a6fd877]::panicking::default_hook
[INFO] [stdout]    5:     0x575bf4b41640 - test[aada8e7e76ba119b]::test_main_inner::{closure#0}
[INFO] [stdout]    6:     0x575bf4ba7d92 - std[617be2ca0a6fd877]::panicking::panic_with_hook
[INFO] [stdout]    7:     0x575bf4b8ac62 - std[617be2ca0a6fd877]::panicking::panic_handler::{closure#0}
[INFO] [stdout]    8:     0x575bf4b836c9 - std[617be2ca0a6fd877]::sys::backtrace::__rust_end_short_backtrace::<std[617be2ca0a6fd877]::panicking::panic_handler::{closure#0}, !>
[INFO] [stdout]    9:     0x575bf4b8b86d - __rustc[ea4f61d10b84890b]::rust_begin_unwind
[INFO] [stdout]   10:     0x575bf4bc4d7c - core[a373ad73a504971]::panicking::panic_fmt
[INFO] [stdout]   11:     0x575bf4b2f6c1 - scaffolding[412f57f7340a6df7]::sweech
[INFO] [stdout]   12:     0x575bf4b318dd - <scaffolding[412f57f7340a6df7]::init_creates_expected_files::{closure#0} as core[a373ad73a504971]::ops::function::FnOnce<()>>::call_once
[INFO] [stdout]   13:     0x575bf4b34a8b - test[aada8e7e76ba119b]::__rust_begin_short_backtrace::<core[a373ad73a504971]::result::Result<(), alloc[2e1b2a31b91974c5]::string::String>, fn() -> core[a373ad73a504971]::result::Result<(), alloc[2e1b2a31b91974c5]::string::String>>
[INFO] [stdout]   14:     0x575bf4b41c65 - test[aada8e7e76ba119b]::run_test::{closure#0}
[INFO] [stdout]   15:     0x575bf4b3b554 - std[617be2ca0a6fd877]::sys::backtrace::__rust_begin_short_backtrace::<test[aada8e7e76ba119b]::run_test::{closure#1}, ()>
[INFO] [stdout]   16:     0x575bf4b44cf2 - <std[617be2ca0a6fd877]::thread::lifecycle::spawn_unchecked<test[aada8e7e76ba119b]::run_test::{closure#1}, ()>::{closure#1} as core[a373ad73a504971]::ops::function::FnOnce<()>>::call_once::{shim:vtable#0}
[INFO] [stdout]   17:     0x575bf4baf4bf - <std[617be2ca0a6fd877]::sys::thread::unix::Thread>::new::thread_start
[INFO] [stdout]   18:     0x7799d9595dfa - <unknown>
[INFO] [stdout]   19:     0x7799d96293d4 - clone
[INFO] [stdout]   20:                0x0 - <unknown>
[INFO] [stdout] 
[INFO] [stdout] ---- add_handler_nested stdout ----
[INFO] [stdout] 
[INFO] [stdout] thread 'add_handler_nested' (2145) panicked at sweech-cli/tests/scaffolding.rs:31:13:
[INFO] [stdout] failed to spawn sweech binary: No such file or directory (os error 2)
[INFO] [stdout] Expected at: "/opt/rustwide/target/release/build/sweech-cli/4dd0ddf7f09513f4/sweech"
[INFO] [stdout] stack backtrace:
[INFO] [stdout]    0:     0x575bf4bb01a1 - <<std[617be2ca0a6fd877]::sys::backtrace::BacktraceLock>::print::DisplayBacktrace as core[a373ad73a504971]::fmt::Display>::fmt
[INFO] [stdout]    1:     0x575bf4bc464a - core[a373ad73a504971]::fmt::write
[INFO] [stdout]    2:     0x575bf4bb482c - <alloc[2e1b2a31b91974c5]::vec::Vec<u8> as core[a373ad73a504971]::io::write::Write>::write_fmt
[INFO] [stdout]    3:     0x575bf4b8abb6 - std[617be2ca0a6fd877]::panicking::default_hook::{closure#0}
[INFO] [stdout]    4:     0x575bf4ba7bd9 - std[617be2ca0a6fd877]::panicking::default_hook
[INFO] [stdout]    5:     0x575bf4b41640 - test[aada8e7e76ba119b]::test_main_inner::{closure#0}
[INFO] [stdout]    6:     0x575bf4ba7d92 - std[617be2ca0a6fd877]::panicking::panic_with_hook
[INFO] [stdout]    7:     0x575bf4b8ac62 - std[617be2ca0a6fd877]::panicking::panic_handler::{closure#0}
[INFO] [stdout]    8:     0x575bf4b836c9 - std[617be2ca0a6fd877]::sys::backtrace::__rust_end_short_backtrace::<std[617be2ca0a6fd877]::panicking::panic_handler::{closure#0}, !>
[INFO] [stdout]    9:     0x575bf4b8b86d - __rustc[ea4f61d10b84890b]::rust_begin_unwind
[INFO] [stdout]   10:     0x575bf4bc4d7c - core[a373ad73a504971]::panicking::panic_fmt
[INFO] [stdout]   11:     0x575bf4b2f6c1 - scaffolding[412f57f7340a6df7]::sweech
[INFO] [stdout]   12:     0x575bf4b30564 - <scaffolding[412f57f7340a6df7]::add_handler_nested::{closure#0} as core[a373ad73a504971]::ops::function::FnOnce<()>>::call_once
[INFO] [stdout]   13:     0x575bf4b34a8b - test[aada8e7e76ba119b]::__rust_begin_short_backtrace::<core[a373ad73a504971]::result::Result<(), alloc[2e1b2a31b91974c5]::string::String>, fn() -> core[a373ad73a504971]::result::Result<(), alloc[2e1b2a31b91974c5]::string::String>>
[INFO] [stdout]   14:     0x575bf4b41c65 - test[aada8e7e76ba119b]::run_test::{closure#0}
[INFO] [stdout]   15:     0x575bf4b3b554 - std[617be2ca0a6fd877]::sys::backtrace::__rust_begin_short_backtrace::<test[aada8e7e76ba119b]::run_test::{closure#1}, ()>
[INFO] [stdout]   16:     0x575bf4b44cf2 - <std[617be2ca0a6fd877]::thread::lifecycle::spawn_unchecked<test[aada8e7e76ba119b]::run_test::{closure#1}, ()>::{closure#1} as core[a373ad73a504971]::ops::function::FnOnce<()>>::call_once::{shim:vtable#0}
[INFO] [stdout]   17:     0x575bf4baf4bf - <std[617be2ca0a6fd877]::sys::thread::unix::Thread>::new::thread_start
[INFO] [stdout]   18:     0x7799d9595dfa - <unknown>
[INFO] [stdout]   19:     0x7799d96293d4 - clone
[INFO] [stdout]   20:                0x0 - <unknown>
[INFO] [stdout] 
[INFO] [stdout] 
[INFO] [stdout] failures:
[INFO] [stdout]     add_applet_creates_directory_and_updates_manifest
[INFO] [stdout]     add_applet_public_auth
[INFO] [stdout]     add_applet_rejects_duplicate
[INFO] [stdout]     add_handler_dynamic_segment
[INFO] [stdout]     add_handler_fails_no_applet_dir
[INFO] [stdout]     add_handler_nested
[INFO] [stdout]     check_clean_exits_zero
[INFO] [stdout]     check_error_exits_nonzero
[INFO] [stdout]     generate_compose_valid
[INFO] [stdout]     generate_dockerfile_embedded_frontend
[INFO] [stdout]     generate_dockerfile_rust_only
[INFO] [stdout]     generate_types_creates_index_ts
[INFO] [stdout]     generate_types_preserves_edited_interfaces
[INFO] [stdout]     init_creates_expected_files
[INFO] [stdout]     init_rejects_existing_directory
[INFO] [stdout] 
[INFO] [stdout] test result: FAILED. 0 passed; 15 failed; 0 ignored; 0 measured; 0 filtered out; finished in 0.02s
[INFO] [stdout] 
[INFO] running `Command { std: "docker" "inspect" "662aaa70d0c258254643682f77c26d044c2ffadce5b17b3e758096001009923f", kill_on_drop: false }`
[INFO] running `Command { std: "docker" "rm" "-f" "662aaa70d0c258254643682f77c26d044c2ffadce5b17b3e758096001009923f", kill_on_drop: false }`
[INFO] [stdout] 662aaa70d0c258254643682f77c26d044c2ffadce5b17b3e758096001009923f
