[INFO] cloning repository https://github.com/dare-to-recurse/stumpalo
[INFO] running `Command { std: "git" "-c" "credential.helper=" "-c" "credential.helper=/workspace/cargo-home/bin/git-credential-null" "clone" "--bare" "https://github.com/dare-to-recurse/stumpalo" "/workspace/cache/git-repos/https%3A%2F%2Fgithub.com%2Fdare-to-recurse%2Fstumpalo", kill_on_drop: false }`
[INFO] [stderr] Cloning into bare repository '/workspace/cache/git-repos/https%3A%2F%2Fgithub.com%2Fdare-to-recurse%2Fstumpalo'...
[INFO] running `Command { std: "git" "rev-parse" "HEAD", kill_on_drop: false }`
[INFO] [stdout] 5f835590e2111e9e923ae3bf4adebd9fc026ca8f
[INFO] testing dare-to-recurse/stumpalo against 1.100.0-beta.1+cargoflags=--release for beta-release-1.100-3
[INFO] running `Command { std: "git" "clone" "/workspace/cache/git-repos/https%3A%2F%2Fgithub.com%2Fdare-to-recurse%2Fstumpalo" "/workspace/builds/worker-0-tc2/source", kill_on_drop: false }`
[INFO] [stderr] Cloning into '/workspace/builds/worker-0-tc2/source'...
[INFO] [stderr] done.
[INFO] started tweaking git repo https://github.com/dare-to-recurse/stumpalo
[INFO] finished tweaking git repo https://github.com/dare-to-recurse/stumpalo
[INFO] tweaked toml for git repo https://github.com/dare-to-recurse/stumpalo written to /workspace/builds/worker-0-tc2/source/Cargo.toml
[INFO] validating manifest of git repo https://github.com/dare-to-recurse/stumpalo on toolchain 1.100.0-beta.1
[INFO] running `Command { std: CARGO_HOME="/workspace/cargo-home" RUSTUP_HOME="/workspace/rustup-home" "/workspace/cargo-home/bin/cargo" "+1.100.0-beta.1" "metadata" "--manifest-path" "Cargo.toml" "--no-deps", kill_on_drop: false }`
[INFO] crate git repo https://github.com/dare-to-recurse/stumpalo already has a lockfile, it will not be regenerated
[INFO] running `Command { std: CARGO_HOME="/workspace/cargo-home" RUSTUP_HOME="/workspace/rustup-home" "/workspace/cargo-home/bin/cargo" "+1.100.0-beta.1" "fetch" "--manifest-path" "Cargo.toml", kill_on_drop: false }`
[INFO] [stderr] warning: `package.homepage` is redundant with `package.repository`
[INFO] [stderr]   --> Cargo.toml:25:12
[INFO] [stderr]    |
[INFO] [stderr] 25 | homepage = "https://codeberg.org/414owen/stumpalo"
[INFO] [stderr]    |            ^^^^^^^^^^^^^^^^^^^^^^^^^^^^^^^^^^^^^^^
[INFO] [stderr] ...
[INFO] [stderr] 30 | repository = "https://codeberg.org/414owen/stumpalo"
[INFO] [stderr]    |              ---------------------------------------
[INFO] [stderr]    |
[INFO] [stderr]    = note: `cargo::redundant_homepage` is set to `warn` by default
[INFO] [stderr] help: consider removing `package.homepage`
[INFO] [stderr] warning: `stumpalo` (manifest) generated 1 warning
[INFO] running `Command { std: "docker" "create" "-v" "/var/lib/crater-agent-workspace/builds/worker-0-tc2/source:/opt/rustwide/workdir:ro,Z" "-v" "/var/lib/crater-agent-workspace/builds/worker-0-tc2/target:/opt/rustwide/target:rw,Z" "-v" "/var/lib/crater-agent-workspace/cargo-home:/opt/rustwide/cargo-home:ro,Z" "-v" "/var/lib/crater-agent-workspace/rustup-home:/opt/rustwide/rustup-home:ro,Z" "-m" "1610612736" "--network" "none" "ghcr.io/rust-lang/crates-build-env/linux@sha256:77db811e55d90add9212f6832c23229e3de5f1c1f9905e8cb07319ea15df73ac" "sleep" "infinity", kill_on_drop: false }`
[INFO] [stdout] 514370e0047ddf1ca79ba488285dd1be4aad965c2ffce80c0faf2ee26c0d0889
[INFO] running `Command { std: "docker" "start" "514370e0047ddf1ca79ba488285dd1be4aad965c2ffce80c0faf2ee26c0d0889", kill_on_drop: false }`
[INFO] running `Command { std: "docker" "inspect" "514370e0047ddf1ca79ba488285dd1be4aad965c2ffce80c0faf2ee26c0d0889", kill_on_drop: false }`
[INFO] running `Command { std: "docker" "exec" "-e" "SOURCE_DIR=/opt/rustwide/workdir" "-e" "CARGO_HOME=/opt/rustwide/cargo-home" "-e" "RUSTUP_HOME=/opt/rustwide/rustup-home" "-e" "CARGO_TARGET_DIR=/opt/rustwide/target" "-w" "/opt/rustwide/workdir" "--user" "0:0" "514370e0047ddf1ca79ba488285dd1be4aad965c2ffce80c0faf2ee26c0d0889" "/opt/rustwide/cargo-home/bin/cargo" "+1.100.0-beta.1" "metadata" "--no-deps" "--format-version=1", kill_on_drop: false }`
[INFO] running `Command { std: "docker" "inspect" "514370e0047ddf1ca79ba488285dd1be4aad965c2ffce80c0faf2ee26c0d0889", kill_on_drop: false }`
[INFO] running `Command { std: "docker" "exec" "-e" "SOURCE_DIR=/opt/rustwide/workdir" "-e" "CARGO_HOME=/opt/rustwide/cargo-home" "-e" "RUSTUP_HOME=/opt/rustwide/rustup-home" "-e" "CARGO_TARGET_DIR=/opt/rustwide/target" "-e" "CARGO_INCREMENTAL=0" "-e" "RUST_BACKTRACE=full" "-e" "RUSTFLAGS=--cap-lints=warn" "-e" "RUSTDOCFLAGS=--cap-lints=warn" "-w" "/opt/rustwide/workdir" "--user" "0:0" "514370e0047ddf1ca79ba488285dd1be4aad965c2ffce80c0faf2ee26c0d0889" "/opt/rustwide/cargo-home/bin/cargo" "+1.100.0-beta.1" "build" "--frozen" "--message-format=json" "--release", kill_on_drop: false }`
[INFO] [stderr] warning: `package.homepage` is redundant with `package.repository`
[INFO] [stderr]   --> Cargo.toml:25:12
[INFO] [stderr]    |
[INFO] [stderr] 25 | homepage = "https://codeberg.org/414owen/stumpalo"
[INFO] [stderr]    |            ^^^^^^^^^^^^^^^^^^^^^^^^^^^^^^^^^^^^^^^
[INFO] [stderr] ...
[INFO] [stderr] 30 | repository = "https://codeberg.org/414owen/stumpalo"
[INFO] [stderr]    |              ---------------------------------------
[INFO] [stderr]    |
[INFO] [stderr]    = note: `cargo::redundant_homepage` is set to `warn` by default
[INFO] [stderr] help: consider removing `package.homepage`
[INFO] [stderr] warning: `stumpalo` (manifest) generated 1 warning
[INFO] [stderr]    Compiling readme-rustdocifier v0.1.1
[INFO] [stderr]    Compiling stumpalo v0.1.4 (/opt/rustwide/workdir)
[INFO] [stderr]     Finished `release` profile [optimized] target(s) in 1.18s
[INFO] running `Command { std: "docker" "inspect" "514370e0047ddf1ca79ba488285dd1be4aad965c2ffce80c0faf2ee26c0d0889", kill_on_drop: false }`
[INFO] running `Command { std: "docker" "exec" "-e" "SOURCE_DIR=/opt/rustwide/workdir" "-e" "CARGO_HOME=/opt/rustwide/cargo-home" "-e" "RUSTUP_HOME=/opt/rustwide/rustup-home" "-e" "CARGO_TARGET_DIR=/opt/rustwide/target" "-e" "CARGO_INCREMENTAL=0" "-e" "RUST_BACKTRACE=full" "-e" "RUSTFLAGS=--cap-lints=warn" "-e" "RUSTDOCFLAGS=--cap-lints=warn" "-w" "/opt/rustwide/workdir" "--user" "0:0" "514370e0047ddf1ca79ba488285dd1be4aad965c2ffce80c0faf2ee26c0d0889" "/opt/rustwide/cargo-home/bin/cargo" "+1.100.0-beta.1" "test" "--frozen" "--no-run" "--message-format=json" "--release", kill_on_drop: false }`
[INFO] [stderr] warning: `package.homepage` is redundant with `package.repository`
[INFO] [stderr]   --> Cargo.toml:25:12
[INFO] [stderr]    |
[INFO] [stderr] 25 | homepage = "https://codeberg.org/414owen/stumpalo"
[INFO] [stderr]    |            ^^^^^^^^^^^^^^^^^^^^^^^^^^^^^^^^^^^^^^^
[INFO] [stderr] ...
[INFO] [stderr] 30 | repository = "https://codeberg.org/414owen/stumpalo"
[INFO] [stderr]    |              ---------------------------------------
[INFO] [stderr]    |
[INFO] [stderr]    = note: `cargo::redundant_homepage` is set to `warn` by default
[INFO] [stderr] help: consider removing `package.homepage`
[INFO] [stderr] warning: `stumpalo` (manifest) generated 1 warning
[INFO] [stderr]    Compiling proc-macro2 v1.0.106
[INFO] [stderr]    Compiling quote v1.0.45
[INFO] [stderr]    Compiling zmij v1.0.21
[INFO] [stderr]    Compiling target-triple v1.0.0
[INFO] [stderr]    Compiling serde v1.0.228
[INFO] [stderr]    Compiling serde_json v1.0.150
[INFO] [stderr]    Compiling winnow v1.0.3
[INFO] [stderr]    Compiling toml_datetime v1.1.1+spec-1.1.0
[INFO] [stderr]    Compiling serde_spanned v1.1.1
[INFO] [stderr]    Compiling itoa v1.0.18
[INFO] [stderr]    Compiling toml_writer v1.1.1+spec-1.1.0
[INFO] [stderr]    Compiling libc v0.2.186
[INFO] [stderr]    Compiling memchr v2.8.1
[INFO] [stderr]    Compiling cc v1.2.62
[INFO] [stderr]    Compiling allocator-api2 v0.4.0
[INFO] [stderr]    Compiling glob v0.3.3
[INFO] [stderr]    Compiling bumpalo v3.20.2
[INFO] [stderr]    Compiling blink-alloc v0.4.0
[INFO] [stderr]    Compiling toml_parser v1.1.2+spec-1.1.0
[INFO] [stderr]    Compiling syn v2.0.117
[INFO] [stderr]    Compiling toml v1.1.2+spec-1.1.0
[INFO] [stderr]    Compiling libmimalloc-sys v0.1.49
[INFO] [stderr]    Compiling serde_derive v1.0.228
[INFO] [stderr]    Compiling trybuild v1.0.116
[INFO] [stderr]    Compiling mimalloc v0.1.52
[INFO] [stderr]    Compiling stumpalo v0.1.4 (/opt/rustwide/workdir)
[INFO] [stderr]     Finished `release` profile [optimized] target(s) in 28.85s
[INFO] running `Command { std: "docker" "inspect" "514370e0047ddf1ca79ba488285dd1be4aad965c2ffce80c0faf2ee26c0d0889", kill_on_drop: false }`
[INFO] running `Command { std: "docker" "exec" "-e" "SOURCE_DIR=/opt/rustwide/workdir" "-e" "CARGO_HOME=/opt/rustwide/cargo-home" "-e" "RUSTUP_HOME=/opt/rustwide/rustup-home" "-e" "CARGO_TARGET_DIR=/opt/rustwide/target" "-e" "CARGO_INCREMENTAL=0" "-e" "RUST_BACKTRACE=full" "-e" "RUSTFLAGS=--cap-lints=warn" "-e" "RUSTDOCFLAGS=--cap-lints=warn" "-w" "/opt/rustwide/workdir" "--user" "0:0" "514370e0047ddf1ca79ba488285dd1be4aad965c2ffce80c0faf2ee26c0d0889" "/opt/rustwide/cargo-home/bin/cargo" "+1.100.0-beta.1" "test" "--frozen" "--release", kill_on_drop: false }`
[INFO] [stderr] warning: `package.homepage` is redundant with `package.repository`
[INFO] [stderr]   --> Cargo.toml:25:12
[INFO] [stderr]    |
[INFO] [stderr] 25 | homepage = "https://codeberg.org/414owen/stumpalo"
[INFO] [stderr]    |            ^^^^^^^^^^^^^^^^^^^^^^^^^^^^^^^^^^^^^^^
[INFO] [stderr] ...
[INFO] [stderr] 30 | repository = "https://codeberg.org/414owen/stumpalo"
[INFO] [stderr]    |              ---------------------------------------
[INFO] [stderr]    |
[INFO] [stderr]    = note: `cargo::redundant_homepage` is set to `warn` by default
[INFO] [stderr] help: consider removing `package.homepage`
[INFO] [stderr] warning: `stumpalo` (manifest) generated 1 warning
[INFO] [stderr]     Finished `release` profile [optimized] target(s) in 0.12s
[INFO] [stderr]      Running unittests src/lib.rs (/opt/rustwide/target/release/build/stumpalo/70405d5db51456c0/out/stumpalo-70405d5db51456c0)
[INFO] [stdout] 
[INFO] [stdout] running 1 test
[INFO] [stdout] test tests::size_of_header ... ok
[INFO] [stderr]      Running tests/compile_fail.rs (/opt/rustwide/target/release/build/stumpalo/e7342b2cc1943149/out/compile_fail-e7342b2cc1943149)
[INFO] [stdout] 
[INFO] [stdout] test result: ok. 1 passed; 0 failed; 0 ignored; 0 measured; 0 filtered out; finished in 0.00s
[INFO] [stdout] 
[INFO] [stdout] 
[INFO] [stdout] running 2 tests
[INFO] [stderr] warning: `package.homepage` is redundant with `package.repository`
[INFO] [stderr]   --> /opt/rustwide/workdir/Cargo.toml:25:12
[INFO] [stderr]    |
[INFO] [stderr] 25 | homepage = "https://codeberg.org/414owen/stumpalo"
[INFO] [stderr]    |            ^^^^^^^^^^^^^^^^^^^^^^^^^^^^^^^^^^^^^^^
[INFO] [stderr] ...
[INFO] [stderr] 30 | repository = "https://codeberg.org/414owen/stumpalo"
[INFO] [stderr]    |              ---------------------------------------
[INFO] [stderr]    |
[INFO] [stderr]    = note: `cargo::redundant_homepage` is set to `warn` by default
[INFO] [stderr] help: consider removing `package.homepage`
[INFO] [stderr] warning: `stumpalo` (manifest) generated 1 warning
[INFO] [stderr]    Compiling readme-rustdocifier v0.1.1
[INFO] [stderr]    Compiling find-msvc-tools v0.1.9
[INFO] [stderr]    Compiling shlex v1.3.0
[INFO] [stderr]    Compiling libc v0.2.186
[INFO] [stderr]     Checking allocator-api2 v0.4.0
[INFO] [stderr]     Checking bumpalo v3.20.2
[INFO] [stderr]    Compiling cc v1.2.62
[INFO] [stderr]     Checking blink-alloc v0.4.0
[INFO] [stderr]    Compiling stumpalo v0.1.4 (/opt/rustwide/workdir)
[INFO] [stderr]    Compiling libmimalloc-sys v0.1.49
[INFO] [stderr]     Checking mimalloc v0.1.52
[INFO] [stderr]     Checking stumpalo-tests v0.0.0 (/opt/rustwide/target/tests/trybuild/stumpalo)
[INFO] [stderr]     Finished `dev` profile [unoptimized + debuginfo] target(s) in 5.17s
[INFO] [stdout] test ui_pass ... ok
[INFO] [stderr] 
[INFO] [stderr] 
[INFO] [stderr] There are no trybuild tests enabled yet.
[INFO] [stderr] 
[INFO] [stderr] 
[INFO] [stderr] warning: `package.homepage` is redundant with `package.repository`
[INFO] [stderr]   --> /opt/rustwide/workdir/Cargo.toml:25:12
[INFO] [stderr]    |
[INFO] [stderr] 25 | homepage = "https://codeberg.org/414owen/stumpalo"
[INFO] [stderr]    |            ^^^^^^^^^^^^^^^^^^^^^^^^^^^^^^^^^^^^^^^
[INFO] [stderr] ...
[INFO] [stderr] 30 | repository = "https://codeberg.org/414owen/stumpalo"
[INFO] [stderr]    |              ---------------------------------------
[INFO] [stderr]    |
[INFO] [stderr]    = note: `cargo::redundant_homepage` is set to `warn` by default
[INFO] [stderr] help: consider removing `package.homepage`
[INFO] [stderr] warning: `stumpalo` (manifest) generated 1 warning
[INFO] [stderr]     Checking stumpalo-tests v0.0.0 (/opt/rustwide/target/tests/trybuild/stumpalo)
[INFO] [stderr]     Finished `dev` profile [unoptimized + debuginfo] target(s) in 0.08s
[INFO] [stderr] 
[INFO] [stderr] 
[INFO] [stderr] test tests/ui/01-drop-root-while-arena-ref-alive.rs ... ok
[INFO] [stdout] test ui_compile_fail ... FAILED
[INFO] [stderr] test tests/ui/02-clear-while-ref-alive.rs ... ok
[INFO] [stdout] 
[INFO] [stderr] test tests/ui/03-reset-while-ref-alive.rs ... ok
[INFO] [stdout] failures:
[INFO] [stderr] test tests/ui/04-use-arena-while-ref-alive.rs ... ok
[INFO] [stdout] 
[INFO] [stderr] test tests/ui/05-use-after-with-scope.rs ... mismatch
[INFO] [stdout] ---- ui_compile_fail stdout ----
[INFO] [stderr] 
[INFO] [stdout] 
[INFO] [stderr] EXPECTED:
[INFO] [stdout] thread 'ui_compile_fail' (897) panicked at /opt/rustwide/cargo-home/registry/src/index.crates.io-1949cf8c6b5b557f/trybuild-1.0.116/src/run.rs:102:13:
[INFO] [stderr] ┈┈┈┈┈┈┈┈┈┈┈┈┈┈┈┈┈┈┈┈┈┈┈┈┈┈┈┈┈┈┈┈┈┈┈┈┈┈┈┈┈┈┈┈┈┈┈┈┈┈┈┈┈┈┈┈┈┈┈┈
[INFO] [stdout] 2 of 11 tests failed
[INFO] [stderr] error[E0521]: borrowed data escapes outside of closure
[INFO] [stdout] stack backtrace:
[INFO] [stderr]  --> tests/ui/05-use-after-with-scope.rs:8:9
[INFO] [stdout]    0:     0x6164323dacc1 - <<std[617be2ca0a6fd877]::sys::backtrace::BacktraceLock>::print::DisplayBacktrace as core[a373ad73a504971]::fmt::Display>::fmt
[INFO] [stderr]   |
[INFO] [stdout]    1:     0x6164323f0faa - core[a373ad73a504971]::fmt::write
[INFO] [stderr] 6 |     let mut out: Option<&mut u32> = None;
[INFO] [stdout]    2:     0x6164323df50c - <alloc[2e1b2a31b91974c5]::vec::Vec<u8> as core[a373ad73a504971]::io::write::Write>::write_fmt
[INFO] [stderr]   |         ------- `out` declared here, outside of the closure body
[INFO] [stdout]    3:     0x6164323b4126 - std[617be2ca0a6fd877]::panicking::default_hook::{closure#0}
[INFO] [stderr] 7 |     arena.with_scope(|scope| {
[INFO] [stdout]    4:     0x6164323d2269 - std[617be2ca0a6fd877]::panicking::default_hook
[INFO] [stderr]   |                       ----- `scope` is a reference that is only valid in the closure body
[INFO] [stdout]    5:     0x61643236b870 - test[aada8e7e76ba119b]::test_main_inner::{closure#0}
[INFO] [stderr] 8 |         out = Some(scope.alloc(42u32));
[INFO] [stdout]    6:     0x6164323d2422 - std[617be2ca0a6fd877]::panicking::panic_with_hook
[INFO] [stderr]   |         ^^^^^^^^^^^^^^^^^^^^^^^^^^^^^^ `scope` escapes the closure body here
[INFO] [stdout]    7:     0x6164323b41d2 - std[617be2ca0a6fd877]::panicking::panic_handler::{closure#0}
[INFO] [stderr] ┈┈┈┈┈┈┈┈┈┈┈┈┈┈┈┈┈┈┈┈┈┈┈┈┈┈┈┈┈┈┈┈┈┈┈┈┈┈┈┈┈┈┈┈┈┈┈┈┈┈┈┈┈┈┈┈┈┈┈┈
[INFO] [stdout]    8:     0x6164323aca29 - std[617be2ca0a6fd877]::sys::backtrace::__rust_end_short_backtrace::<std[617be2ca0a6fd877]::panicking::panic_handler::{closure#0}, !>
[INFO] [stderr] 
[INFO] [stdout]    9:     0x6164323b4ddd - __rustc[ea4f61d10b84890b]::rust_begin_unwind
[INFO] [stderr] ACTUAL OUTPUT:
[INFO] [stdout]   10:     0x6164323f171c - core[a373ad73a504971]::panicking::panic_fmt
[INFO] [stderr] ┈┈┈┈┈┈┈┈┈┈┈┈┈┈┈┈┈┈┈┈┈┈┈┈┈┈┈┈┈┈┈┈┈┈┈┈┈┈┈┈┈┈┈┈┈┈┈┈┈┈┈┈┈┈┈┈┈┈┈┈
[INFO] [stdout]   11:     0x6164322bdd4b - <trybuild[19f4d60ff199c714]::Runner>::run
[INFO] [stderr] error[E0521]: borrowed data escapes outside of closure
[INFO] [stdout]   12:     0x6164322c0e60 - <trybuild[19f4d60ff199c714]::TestCases as core[a373ad73a504971]::ops::drop::Drop>::drop
[INFO] [stderr]  --> tests/ui/05-use-after-with-scope.rs:8:9
[INFO] [stdout]   13:     0x6164322b6f48 - compile_fail[8212c103cdc61969]::ui_compile_fail
[INFO] [stderr]   |
[INFO] [stdout]   14:     0x6164322b7299 - <compile_fail[8212c103cdc61969]::ui_compile_fail::{closure#0} as core[a373ad73a504971]::ops::function::FnOnce<()>>::call_once
[INFO] [stderr] 6 |     let mut out: Option<&mut u32> = None;
[INFO] [stdout]   15:     0x61643235ecbb - test[aada8e7e76ba119b]::__rust_begin_short_backtrace::<core[a373ad73a504971]::result::Result<(), alloc[2e1b2a31b91974c5]::string::String>, fn() -> core[a373ad73a504971]::result::Result<(), alloc[2e1b2a31b91974c5]::string::String>>
[INFO] [stderr]   |         ------- `out` declared here, outside of the closure body
[INFO] [stdout]   16:     0x61643236be95 - test[aada8e7e76ba119b]::run_test::{closure#0}
[INFO] [stderr] 7 |     arena.with_scope(|scope| {
[INFO] [stdout]   17:     0x616432365784 - std[617be2ca0a6fd877]::sys::backtrace::__rust_begin_short_backtrace::<test[aada8e7e76ba119b]::run_test::{closure#1}, ()>
[INFO] [stderr]   |                       ----- `scope` is only valid in the closure body
[INFO] [stdout]   18:     0x61643236ef22 - <std[617be2ca0a6fd877]::thread::lifecycle::spawn_unchecked<test[aada8e7e76ba119b]::run_test::{closure#1}, ()>::{closure#1} as core[a373ad73a504971]::ops::function::FnOnce<()>>::call_once::{shim:vtable#0}
[INFO] [stderr] 8 |         out = Some(scope.alloc(42u32));
[INFO] [stdout]   19:     0x6164323d9f1f - <std[617be2ca0a6fd877]::sys::thread::unix::Thread>::new::thread_start
[INFO] [stderr]   |         ^^^^^^^^^^^^^^^^^^^^^^^^^^^^^^ `scope` escapes the closure body here
[INFO] [stdout]   20:     0x7ac1d7e45dfa - <unknown>
[INFO] [stderr] ┈┈┈┈┈┈┈┈┈┈┈┈┈┈┈┈┈┈┈┈┈┈┈┈┈┈┈┈┈┈┈┈┈┈┈┈┈┈┈┈┈┈┈┈┈┈┈┈┈┈┈┈┈┈┈┈┈┈┈┈
[INFO] [stdout]   21:     0x7ac1d7ed93d4 - clone
[INFO] [stderr] note: If the actual output is the correct output you can bless it by rerunning
[INFO] [stdout]   22:                0x0 - <unknown>
[INFO] [stderr]       your test with the environment variable TRYBUILD=overwrite
[INFO] [stdout] 
[INFO] [stderr] 
[INFO] [stdout] 
[INFO] [stderr] test tests/ui/06-use-outer-arena-ref-inside-with-scope.rs ... ok
[INFO] [stdout] failures:
[INFO] [stderr] test tests/ui/08-cant-drop-while-alloc-alive.rs ... ok
[INFO] [stdout]     ui_compile_fail
[INFO] [stderr] test tests/ui/09-arena-with-scope-return-ref.rs ... ok
[INFO] [stdout] 
[INFO] [stderr] test tests/ui/10-with-scope-return-ref.rs ... ok
[INFO] [stdout] test result: FAILED. 1 passed; 1 failed; 0 ignored; 0 measured; 0 filtered out; finished in 7.77s
[INFO] [stderr] test tests/ui/11-arena-with-scope-use-after-scope.rs ... mismatch
[INFO] [stdout] 
[INFO] [stderr] 
[INFO] [stderr] EXPECTED:
[INFO] [stderr] ┈┈┈┈┈┈┈┈┈┈┈┈┈┈┈┈┈┈┈┈┈┈┈┈┈┈┈┈┈┈┈┈┈┈┈┈┈┈┈┈┈┈┈┈┈┈┈┈┈┈┈┈┈┈┈┈┈┈┈┈
[INFO] [stderr] error[E0521]: borrowed data escapes outside of closure
[INFO] [stderr]  --> tests/ui/11-arena-with-scope-use-after-scope.rs:7:9
[INFO] [stderr]   |
[INFO] [stderr] 5 |     let mut out: Option<&mut u32> = None;
[INFO] [stderr]   |         ------- `out` declared here, outside of the closure body
[INFO] [stderr] 6 |     arena.with_scope(|scope| {
[INFO] [stderr]   |                       ----- `scope` is a reference that is only valid in the closure body
[INFO] [stderr] 7 |         out = Some(scope.alloc(42u32));
[INFO] [stderr]   |         ^^^^^^^^^^^^^^^^^^^^^^^^^^^^^^ `scope` escapes the closure body here
[INFO] [stderr] ┈┈┈┈┈┈┈┈┈┈┈┈┈┈┈┈┈┈┈┈┈┈┈┈┈┈┈┈┈┈┈┈┈┈┈┈┈┈┈┈┈┈┈┈┈┈┈┈┈┈┈┈┈┈┈┈┈┈┈┈
[INFO] [stderr] 
[INFO] [stderr] ACTUAL OUTPUT:
[INFO] [stderr] ┈┈┈┈┈┈┈┈┈┈┈┈┈┈┈┈┈┈┈┈┈┈┈┈┈┈┈┈┈┈┈┈┈┈┈┈┈┈┈┈┈┈┈┈┈┈┈┈┈┈┈┈┈┈┈┈┈┈┈┈
[INFO] [stderr] error[E0521]: borrowed data escapes outside of closure
[INFO] [stderr]  --> tests/ui/11-arena-with-scope-use-after-scope.rs:7:9
[INFO] [stderr]   |
[INFO] [stderr] 5 |     let mut out: Option<&mut u32> = None;
[INFO] [stderr]   |         ------- `out` declared here, outside of the closure body
[INFO] [stderr] 6 |     arena.with_scope(|scope| {
[INFO] [stderr]   |                       ----- `scope` is only valid in the closure body
[INFO] [stderr] 7 |         out = Some(scope.alloc(42u32));
[INFO] [stderr]   |         ^^^^^^^^^^^^^^^^^^^^^^^^^^^^^^ `scope` escapes the closure body here
[INFO] [stderr] ┈┈┈┈┈┈┈┈┈┈┈┈┈┈┈┈┈┈┈┈┈┈┈┈┈┈┈┈┈┈┈┈┈┈┈┈┈┈┈┈┈┈┈┈┈┈┈┈┈┈┈┈┈┈┈┈┈┈┈┈
[INFO] [stderr] note: If the actual output is the correct output you can bless it by rerunning
[INFO] [stderr]       your test with the environment variable TRYBUILD=overwrite
[INFO] [stderr] 
[INFO] [stderr] test tests/ui/13-use-after-with-scope-on-arena.rs ... ok
[INFO] [stderr] 
[INFO] [stderr] 
[INFO] [stderr] error: test failed, to rerun pass `--test compile_fail`
[INFO] running `Command { std: "docker" "inspect" "514370e0047ddf1ca79ba488285dd1be4aad965c2ffce80c0faf2ee26c0d0889", kill_on_drop: false }`
[INFO] running `Command { std: "docker" "rm" "-f" "514370e0047ddf1ca79ba488285dd1be4aad965c2ffce80c0faf2ee26c0d0889", kill_on_drop: false }`
[INFO] [stdout] 514370e0047ddf1ca79ba488285dd1be4aad965c2ffce80c0faf2ee26c0d0889
