[INFO] cloning repository https://github.com/coleleavitt/servant-rs
[INFO] running `Command { std: "git" "-c" "credential.helper=" "-c" "credential.helper=/workspace/cargo-home/bin/git-credential-null" "clone" "--bare" "https://github.com/coleleavitt/servant-rs" "/workspace/cache/git-repos/https%3A%2F%2Fgithub.com%2Fcoleleavitt%2Fservant-rs", kill_on_drop: false }`
[INFO] [stderr] Cloning into bare repository '/workspace/cache/git-repos/https%3A%2F%2Fgithub.com%2Fcoleleavitt%2Fservant-rs'...
[INFO] running `Command { std: "git" "rev-parse" "HEAD", kill_on_drop: false }`
[INFO] [stdout] 8144f62718191d14d619bb14fb347ceae0371df9
[INFO] testing coleleavitt/servant-rs against 1.100.0-beta.1+cargoflags=--release for beta-release-1.100-3
[INFO] running `Command { std: "git" "clone" "/workspace/cache/git-repos/https%3A%2F%2Fgithub.com%2Fcoleleavitt%2Fservant-rs" "/workspace/builds/worker-1-tc2/source", kill_on_drop: false }`
[INFO] [stderr] Cloning into '/workspace/builds/worker-1-tc2/source'...
[INFO] [stderr] done.
[INFO] started tweaking git repo https://github.com/coleleavitt/servant-rs
[INFO] finished tweaking git repo https://github.com/coleleavitt/servant-rs
[INFO] tweaked toml for git repo https://github.com/coleleavitt/servant-rs written to /workspace/builds/worker-1-tc2/source/Cargo.toml
[INFO] validating manifest of git repo https://github.com/coleleavitt/servant-rs on toolchain 1.100.0-beta.1
[INFO] running `Command { std: CARGO_HOME="/workspace/cargo-home" RUSTUP_HOME="/workspace/rustup-home" "/workspace/cargo-home/bin/cargo" "+1.100.0-beta.1" "metadata" "--manifest-path" "Cargo.toml" "--no-deps", kill_on_drop: false }`
[INFO] crate git repo https://github.com/coleleavitt/servant-rs already has a lockfile, it will not be regenerated
[INFO] running `Command { std: CARGO_HOME="/workspace/cargo-home" RUSTUP_HOME="/workspace/rustup-home" "/workspace/cargo-home/bin/cargo" "+1.100.0-beta.1" "fetch" "--manifest-path" "Cargo.toml", kill_on_drop: false }`
[INFO] [stderr] warning: unused workspace dependency `servant-server`
[INFO] [stderr]   --> Cargo.toml:78:25
[INFO] [stderr]    |
[INFO] [stderr] 78 | [workspace.dependencies.servant-server]
[INFO] [stderr]    |                         ^^^^^^^^^^^^^^
[INFO] [stderr]    |
[INFO] [stderr]    = note: `cargo::unused_workspace_dependencies` is set to `warn` by default
[INFO] [stderr] help: consider removing the workspace dependency `servant-server`
[INFO] [stderr] warning: unused field `description` in `workspace.package`
[INFO] [stderr]   --> Cargo.toml:92:1
[INFO] [stderr]    |
[INFO] [stderr] 92 | description = "An idiomatic Rust port of Haskell Servant: one typed API description drives server routing, typed clients, links, and...
[INFO] [stderr]    | ^^^^^^^^^^^
[INFO] [stderr]    |
[INFO] [stderr]    = note: `cargo::unused_workspace_package_fields` is set to `warn` by default
[INFO] [stderr] help: consider removing the field `workspace.package.description`
[INFO] [stderr] warning: workspace (manifest) generated 2 warnings
[INFO] running `Command { std: "docker" "create" "-v" "/var/lib/crater-agent-workspace/builds/worker-1-tc2/source:/opt/rustwide/workdir:ro,Z" "-v" "/var/lib/crater-agent-workspace/builds/worker-1-tc2/target:/opt/rustwide/target:rw,Z" "-v" "/var/lib/crater-agent-workspace/cargo-home:/opt/rustwide/cargo-home:ro,Z" "-v" "/var/lib/crater-agent-workspace/rustup-home:/opt/rustwide/rustup-home:ro,Z" "-m" "1610612736" "--network" "none" "ghcr.io/rust-lang/crates-build-env/linux@sha256:77db811e55d90add9212f6832c23229e3de5f1c1f9905e8cb07319ea15df73ac" "sleep" "infinity", kill_on_drop: false }`
[INFO] [stdout] 7256e38dce78d18c5f67ad8ce00961957578d15324687293d9c2224e3eb9ba23
[INFO] running `Command { std: "docker" "start" "7256e38dce78d18c5f67ad8ce00961957578d15324687293d9c2224e3eb9ba23", kill_on_drop: false }`
[INFO] running `Command { std: "docker" "inspect" "7256e38dce78d18c5f67ad8ce00961957578d15324687293d9c2224e3eb9ba23", kill_on_drop: false }`
[INFO] running `Command { std: "docker" "exec" "-e" "SOURCE_DIR=/opt/rustwide/workdir" "-e" "CARGO_HOME=/opt/rustwide/cargo-home" "-e" "RUSTUP_HOME=/opt/rustwide/rustup-home" "-e" "CARGO_TARGET_DIR=/opt/rustwide/target" "-w" "/opt/rustwide/workdir" "--user" "0:0" "7256e38dce78d18c5f67ad8ce00961957578d15324687293d9c2224e3eb9ba23" "/opt/rustwide/cargo-home/bin/cargo" "+1.100.0-beta.1" "metadata" "--no-deps" "--format-version=1", kill_on_drop: false }`
[INFO] running `Command { std: "docker" "inspect" "7256e38dce78d18c5f67ad8ce00961957578d15324687293d9c2224e3eb9ba23", kill_on_drop: false }`
[INFO] running `Command { std: "docker" "exec" "-e" "SOURCE_DIR=/opt/rustwide/workdir" "-e" "CARGO_HOME=/opt/rustwide/cargo-home" "-e" "RUSTUP_HOME=/opt/rustwide/rustup-home" "-e" "CARGO_TARGET_DIR=/opt/rustwide/target" "-e" "CARGO_INCREMENTAL=0" "-e" "RUST_BACKTRACE=full" "-e" "RUSTFLAGS=--cap-lints=warn" "-e" "RUSTDOCFLAGS=--cap-lints=warn" "-w" "/opt/rustwide/workdir" "--user" "0:0" "7256e38dce78d18c5f67ad8ce00961957578d15324687293d9c2224e3eb9ba23" "/opt/rustwide/cargo-home/bin/cargo" "+1.100.0-beta.1" "build" "--frozen" "--message-format=json" "--release", kill_on_drop: false }`
[INFO] [stderr] warning: unused workspace dependency `servant-server`
[INFO] [stderr]   --> Cargo.toml:78:25
[INFO] [stderr]    |
[INFO] [stderr] 78 | [workspace.dependencies.servant-server]
[INFO] [stderr]    |                         ^^^^^^^^^^^^^^
[INFO] [stderr]    |
[INFO] [stderr]    = note: `cargo::unused_workspace_dependencies` is set to `warn` by default
[INFO] [stderr] help: consider removing the workspace dependency `servant-server`
[INFO] [stderr] warning: unused field `description` in `workspace.package`
[INFO] [stderr]   --> Cargo.toml:92:1
[INFO] [stderr]    |
[INFO] [stderr] 92 | description = "An idiomatic Rust port of Haskell Servant: one typed API description drives server routing, typed clients, links, and...
[INFO] [stderr]    | ^^^^^^^^^^^
[INFO] [stderr]    |
[INFO] [stderr]    = note: `cargo::unused_workspace_package_fields` is set to `warn` by default
[INFO] [stderr] help: consider removing the field `workspace.package.description`
[INFO] [stderr] warning: workspace (manifest) generated 2 warnings
[INFO] [stderr]    Compiling quote v1.0.45
[INFO] [stderr]    Compiling bytes v1.11.1
[INFO] [stderr]    Compiling zmij v1.0.21
[INFO] [stderr]    Compiling slab v0.4.12
[INFO] [stderr]    Compiling thiserror v2.0.18
[INFO] [stderr]    Compiling memchr v2.8.1
[INFO] [stderr]    Compiling futures-channel v0.3.32
[INFO] [stderr]    Compiling smallvec v1.15.1
[INFO] [stderr]    Compiling mio v1.2.1
[INFO] [stderr]    Compiling socket2 v0.6.4
[INFO] [stderr]    Compiling log v0.4.32
[INFO] [stderr]    Compiling futures-util v0.3.32
[INFO] [stderr]    Compiling syn v2.0.117
[INFO] [stderr]    Compiling serde_json v1.0.150
[INFO] [stderr]    Compiling http v1.4.1
[INFO] [stderr]    Compiling http-body v1.0.1
[INFO] [stderr]    Compiling http-body-util v0.1.3
[INFO] [stderr]    Compiling serde_derive v1.0.228
[INFO] [stderr]    Compiling thiserror-impl v2.0.18
[INFO] [stderr]    Compiling tokio-macros v2.7.0
[INFO] [stderr]    Compiling servant-macros v0.2.0 (/opt/rustwide/workdir/servant-macros)
[INFO] [stderr]    Compiling tokio v1.52.3
[INFO] [stderr]    Compiling serde v1.0.228
[INFO] [stderr]    Compiling serde_urlencoded v0.7.1
[INFO] [stderr]    Compiling servant v0.2.0 (/opt/rustwide/workdir/servant)
[INFO] [stderr]    Compiling servant-docs v0.2.0 (/opt/rustwide/workdir/servant-docs)
[INFO] [stderr]    Compiling servant-openapi v0.2.0 (/opt/rustwide/workdir/servant-openapi)
[INFO] [stderr]    Compiling hyper v1.10.1
[INFO] [stderr]    Compiling hyper-util v0.1.20
[INFO] [stderr]    Compiling servant-client v0.2.0 (/opt/rustwide/workdir/servant-client)
[INFO] [stderr]    Compiling servant-server v0.2.0 (/opt/rustwide/workdir/servant-server)
[INFO] [stderr]     Finished `release` profile [optimized] target(s) in 32.91s
[INFO] running `Command { std: "docker" "inspect" "7256e38dce78d18c5f67ad8ce00961957578d15324687293d9c2224e3eb9ba23", kill_on_drop: false }`
[INFO] running `Command { std: "docker" "exec" "-e" "SOURCE_DIR=/opt/rustwide/workdir" "-e" "CARGO_HOME=/opt/rustwide/cargo-home" "-e" "RUSTUP_HOME=/opt/rustwide/rustup-home" "-e" "CARGO_TARGET_DIR=/opt/rustwide/target" "-e" "CARGO_INCREMENTAL=0" "-e" "RUST_BACKTRACE=full" "-e" "RUSTFLAGS=--cap-lints=warn" "-e" "RUSTDOCFLAGS=--cap-lints=warn" "-w" "/opt/rustwide/workdir" "--user" "0:0" "7256e38dce78d18c5f67ad8ce00961957578d15324687293d9c2224e3eb9ba23" "/opt/rustwide/cargo-home/bin/cargo" "+1.100.0-beta.1" "test" "--frozen" "--no-run" "--message-format=json" "--release", kill_on_drop: false }`
[INFO] [stderr] warning: unused workspace dependency `servant-server`
[INFO] [stderr]   --> Cargo.toml:78:25
[INFO] [stderr]    |
[INFO] [stderr] 78 | [workspace.dependencies.servant-server]
[INFO] [stderr]    |                         ^^^^^^^^^^^^^^
[INFO] [stderr]    |
[INFO] [stderr]    = note: `cargo::unused_workspace_dependencies` is set to `warn` by default
[INFO] [stderr] help: consider removing the workspace dependency `servant-server`
[INFO] [stderr] warning: unused field `description` in `workspace.package`
[INFO] [stderr]   --> Cargo.toml:92:1
[INFO] [stderr]    |
[INFO] [stderr] 92 | description = "An idiomatic Rust port of Haskell Servant: one typed API description drives server routing, typed clients, links, and...
[INFO] [stderr]    | ^^^^^^^^^^^
[INFO] [stderr]    |
[INFO] [stderr]    = note: `cargo::unused_workspace_package_fields` is set to `warn` by default
[INFO] [stderr] help: consider removing the field `workspace.package.description`
[INFO] [stderr] warning: workspace (manifest) generated 2 warnings
[INFO] [stderr]    Compiling serde v1.0.228
[INFO] [stderr]    Compiling zerocopy v0.8.50
[INFO] [stderr]    Compiling zerocopy-derive v0.8.50
[INFO] [stderr]    Compiling getrandom v0.3.4
[INFO] [stderr]    Compiling serde_json v1.0.150
[INFO] [stderr]    Compiling num-traits v0.2.19
[INFO] [stderr]    Compiling regex-syntax v0.8.10
[INFO] [stderr]    Compiling ciborium-io v0.2.2
[INFO] [stderr]    Compiling either v1.16.0
[INFO] [stderr]    Compiling clap_lex v0.7.7
[INFO] [stderr]    Compiling bit-vec v0.8.0
[INFO] [stderr]    Compiling cast v0.3.0
[INFO] [stderr]    Compiling tokio v1.52.3
[INFO] [stderr]    Compiling same-file v1.0.6
[INFO] [stderr]    Compiling is-terminal v0.4.17
[INFO] [stderr]    Compiling oorandom v11.1.5
[INFO] [stderr]    Compiling bitflags v2.13.0
[INFO] [stderr]    Compiling unarray v0.1.4
[INFO] [stderr]    Compiling walkdir v2.5.0
[INFO] [stderr]    Compiling anes v0.1.6
[INFO] [stderr]    Compiling clap_builder v4.5.53
[INFO] [stderr]    Compiling itertools v0.10.5
[INFO] [stderr]    Compiling bit-set v0.8.0
[INFO] [stderr]    Compiling rand_core v0.9.5
[INFO] [stderr]    Compiling cc v1.2.65
[INFO] [stderr]    Compiling deranged v0.5.2
[INFO] [stderr]    Compiling target-triple v1.0.0
[INFO] [stderr]    Compiling rand_xorshift v0.4.0
[INFO] [stderr]    Compiling rand v0.9.4
[INFO] [stderr]    Compiling winnow v0.7.15
[INFO] [stderr]    Compiling time-core v0.1.7
[INFO] [stderr]    Compiling getrandom v0.2.17
[INFO] [stderr]    Compiling toml_datetime v0.7.5+spec-1.1.0
[INFO] [stderr]    Compiling serde_spanned v1.0.4
[INFO] [stderr]    Compiling toml_writer v1.0.6+spec-1.1.0
[INFO] [stderr]    Compiling zeroize v1.8.2
[INFO] [stderr]    Compiling rustls-pki-types v1.14.1
[INFO] [stderr]    Compiling glob v0.3.3
[INFO] [stderr]    Compiling servant-macros v0.2.0 (/opt/rustwide/workdir/servant-macros)
[INFO] [stderr]    Compiling serde_urlencoded v0.7.1
[INFO] [stderr]    Compiling tinytemplate v1.2.1
[INFO] [stderr]    Compiling ring v0.17.14
[INFO] [stderr]    Compiling servant v0.2.0 (/opt/rustwide/workdir/servant)
[INFO] [stderr]    Compiling criterion-plot v0.5.0
[INFO] [stderr]    Compiling time v0.3.45
[INFO] [stderr]    Compiling yasna v0.5.2
[INFO] [stderr]    Compiling regex-automata v0.4.14
[INFO] [stderr]    Compiling servant-docs v0.2.0 (/opt/rustwide/workdir/servant-docs)
[INFO] [stderr]    Compiling servant-openapi v0.2.0 (/opt/rustwide/workdir/servant-openapi)
[INFO] [stderr]    Compiling clap v4.5.53
[INFO] [stderr]    Compiling toml_parser v1.0.6+spec-1.1.0
[INFO] [stderr]    Compiling toml v0.9.11+spec-1.1.0
[INFO] [stderr]    Compiling regex v1.12.3
[INFO] [stderr]    Compiling trybuild v1.0.115
[INFO] [stderr]    Compiling half v2.7.1
[INFO] [stderr]    Compiling ppv-lite86 v0.2.21
[INFO] [stderr]    Compiling hyper v1.10.1
[INFO] [stderr]    Compiling ciborium-ll v0.2.2
[INFO] [stderr]    Compiling rand_chacha v0.9.0
[INFO] [stderr]    Compiling ciborium v0.2.2
[INFO] [stderr]    Compiling proptest v1.9.0
[INFO] [stderr]    Compiling criterion v0.5.1
[INFO] [stderr]    Compiling hyper-util v0.1.20
[INFO] [stderr]    Compiling servant-client v0.2.0 (/opt/rustwide/workdir/servant-client)
[INFO] [stderr]    Compiling servant-server v0.2.0 (/opt/rustwide/workdir/servant-server)
[INFO] [stderr]    Compiling rcgen v0.13.2
[INFO] [stderr]     Finished `release` profile [optimized] target(s) in 2m 16s
[INFO] running `Command { std: "docker" "inspect" "7256e38dce78d18c5f67ad8ce00961957578d15324687293d9c2224e3eb9ba23", kill_on_drop: false }`
[INFO] running `Command { std: "docker" "exec" "-e" "SOURCE_DIR=/opt/rustwide/workdir" "-e" "CARGO_HOME=/opt/rustwide/cargo-home" "-e" "RUSTUP_HOME=/opt/rustwide/rustup-home" "-e" "CARGO_TARGET_DIR=/opt/rustwide/target" "-e" "CARGO_INCREMENTAL=0" "-e" "RUST_BACKTRACE=full" "-e" "RUSTFLAGS=--cap-lints=warn" "-e" "RUSTDOCFLAGS=--cap-lints=warn" "-w" "/opt/rustwide/workdir" "--user" "0:0" "7256e38dce78d18c5f67ad8ce00961957578d15324687293d9c2224e3eb9ba23" "/opt/rustwide/cargo-home/bin/cargo" "+1.100.0-beta.1" "test" "--frozen" "--release", kill_on_drop: false }`
[INFO] [stderr] warning: unused workspace dependency `servant-server`
[INFO] [stderr]   --> Cargo.toml:78:25
[INFO] [stderr]    |
[INFO] [stderr] 78 | [workspace.dependencies.servant-server]
[INFO] [stderr]    |                         ^^^^^^^^^^^^^^
[INFO] [stderr]    |
[INFO] [stderr]    = note: `cargo::unused_workspace_dependencies` is set to `warn` by default
[INFO] [stderr] help: consider removing the workspace dependency `servant-server`
[INFO] [stderr] warning: unused field `description` in `workspace.package`
[INFO] [stderr]   --> Cargo.toml:92:1
[INFO] [stderr]    |
[INFO] [stderr] 92 | description = "An idiomatic Rust port of Haskell Servant: one typed API description drives server routing, typed clients, links, and...
[INFO] [stderr]    | ^^^^^^^^^^^
[INFO] [stderr]    |
[INFO] [stderr]    = note: `cargo::unused_workspace_package_fields` is set to `warn` by default
[INFO] [stderr] help: consider removing the field `workspace.package.description`
[INFO] [stderr] warning: workspace (manifest) generated 2 warnings
[INFO] [stderr]     Finished `release` profile [optimized] target(s) in 0.19s
[INFO] [stderr]      Running unittests src/lib.rs (/opt/rustwide/target/release/build/servant/62d29b5cc27d5516/out/servant-62d29b5cc27d5516)
[INFO] [stdout] 
[INFO] [stdout] running 59 tests
[INFO] [stdout] test api::tests::required_lenient_query_changes_arg_shape ... ok
[INFO] [stdout] test api::tests::arg_list_order_and_shapes ... ok
[INFO] [stdout] test content::tests::accept_missing_defaults_to_first ... ok
[INFO] [stdout] test content::tests::accept_unsupported_is_none ... ok
[INFO] [stdout] test content::tests::accept_picks_specific_over_wildcard ... ok
[INFO] [stdout] test content::tests::accept_respects_quality ... ok
[INFO] [stdout] test content::tests::nocontent_renders_empty_but_negotiates ... ok
[INFO] [stdout] test content::tests::q_zero_on_specific_range_excludes_even_with_wildcard ... ok
[INFO] [stdout] test content::tests::request_content_type_wildcard_is_rejected ... ok
[INFO] [stdout] test content::tests::json_round_trip ... ok
[INFO] [stdout] test content::tests::malformed_or_out_of_range_q_drops_the_range ... ok
[INFO] [stdout] test func::tests::arity_3_preserves_order ... ok
[INFO] [stdout] test haslink::tests::alt_produces_a_link_builder_per_endpoint ... ok
[INFO] [stdout] test content::tests::content_type_match_and_mismatch ... ok
[INFO] [stdout] test content::tests::missing_content_type_defaults_octet_stream ... ok
[INFO] [stdout] test func::tests::arity_0 ... ok
[INFO] [stdout] test api::tests::verb_status_and_method ... ok
[INFO] [stdout] test content::tests::list_media_types_in_order ... ok
[INFO] [stdout] test func::tests::arity_1 ... ok
[INFO] [stdout] test haslink::tests::query_string_link_replaces_previous_query_and_preserves_raw ... ok
[INFO] [stdout] test error::tests::builder_customizes_body_and_reason ... ok
[INFO] [stdout] test haslink::tests::fragment_safe_link_escapes_fragment_marker ... ok
[INFO] [stdout] test haslink::tests::raw_link_terminal_renders_nested_prefix ... ok
[INFO] [stdout] test error::tests::standard_phrases_are_exact ... ok
[INFO] [stdout] test haslink::tests::fragment_safe_link_renders ... ok
[INFO] [stdout] test haslink::tests::raw_link_terminal_renders_prefix ... ok
[INFO] [stdout] test haslink::tests::raw_m_link_terminal_renders_prefix ... ok
[INFO] [stdout] test hlist::tests::construct_and_destructure ... ok
[INFO] [stdout] test host::tests::malformed_authority_does_not_match ... ok
[INFO] [stdout] test host::tests::portless_requirement_ignores_request_port ... ok
[INFO] [stdout] test http_data::tests::bool_is_case_insensitive ... ok
[INFO] [stdout] test http_data::tests::char_requires_exactly_one ... ok
[INFO] [stdout] test http_data::tests::numeric_parse_errors_are_structured ... ok
[INFO] [stdout] test link::tests::escapes_path_segments ... ok
[INFO] [stdout] test http_data::tests::round_trips ... ok
[INFO] [stdout] test method::tests::markers_map_to_methods ... ok
[INFO] [stdout] test modifiers::tests::capture_shapes ... ok
[INFO] [stdout] test modifiers::tests::optional_lenient_never_rejects ... ok
[INFO] [stdout] test modifiers::tests::optional_strict ... ok
[INFO] [stdout] test link::tests::array_element_styles ... ok
[INFO] [stdout] test host::tests::explicit_port_must_match ... ok
[INFO] [stdout] test query::tests::parse_preserves_pair_order_and_value_shape ... ok
[INFO] [stdout] test host::tests::host_names_match_case_insensitively ... ok
[INFO] [stdout] test response::tests::builds_with_headers ... ok
[INFO] [stdout] test response::tests::malformed_header_is_ignored ... ok
[INFO] [stdout] test link::tests::renders_relative_and_absolute ... ok
[INFO] [stdout] test haslink::tests::query_string_link_appends_later_query_combinators ... ok
[INFO] [stdout] test api::tests::capture_lenient_wraps_result ... ok
[INFO] [stdout] test modifiers::tests::required_lenient_surfaces_parse_error ... ok
[INFO] [stdout] test modifiers::tests::required_strict ... ok
[INFO] [stdout] test query::tests::decoded_pairs_render_with_bare_and_empty_values ... ok
[INFO] [stdout] test query::tests::invalid_percent_escape_stays_literal ... ok
[INFO] [stdout] test redact::tests::flags_auth_headers ... ok
[INFO] [stdout] test link::tests::flag_renders_without_equals ... ok
[INFO] [stdout] test link::tests::query_values_are_encoded ... ok
[INFO] [stdout] test haslink::tests::builds_link_for_capture_endpoint ... ok
[INFO] [stderr]      Running tests/deep_query.rs (/opt/rustwide/target/release/build/servant/02c59bfcfc0bd2d9/out/deep_query-02c59bfcfc0bd2d9)
[INFO] [stdout] test haslink::tests::builds_link_with_query_and_flag ... ok
[INFO] [stdout] test haslink::tests::deep_query_link_renders_nested_params ... ok
[INFO] [stdout] test hlist::tests::len_is_computed_at_type_level ... ok
[INFO] [stdout] 
[INFO] [stdout] test result: ok. 59 passed; 0 failed; 0 ignored; 0 measured; 0 filtered out; finished in 0.01s
[INFO] [stdout] 
[INFO] [stdout] 
[INFO] [stdout] running 4 tests
[INFO] [stdout] test deep_query_parser_reports_malformed_brackets ... ok
[INFO] [stdout] test deep_query_params_can_be_built_explicitly ... ok
[INFO] [stdout] test deep_query_renderer_preserves_bracket_syntax ... ok
[INFO] [stderr]      Running tests/props.rs (/opt/rustwide/target/release/build/servant/021a92e929c7dc87/out/props-021a92e929c7dc87)
[INFO] [stdout] test deep_query_parser_preserves_duplicates_and_root_value ... ok
[INFO] [stdout] 
[INFO] [stdout] test result: ok. 4 passed; 0 failed; 0 ignored; 0 measured; 0 filtered out; finished in 0.00s
[INFO] [stdout] 
[INFO] [stdout] 
[INFO] [stdout] running 12 tests
[INFO] [stdout] test negotiation_is_total_and_first_biased ... ok
[INFO] [stdout] test u64_round_trips ... ok
[INFO] [stdout] test f64_round_trips ... ok
[INFO] [stdout] test i64_round_trips ... ok
[INFO] [stdout] test escaped_segment_decodes_back ... ok
[INFO] [stdout] test bool_round_trips ... ok
[INFO] [stdout] test escaped_segment_has_no_slash ... ok
[INFO] [stdout] test quality_zero_excludes ... ok
[INFO] [stdout] test deframe_never_panics ... ok
[INFO] [stdout] test netstring_framing_round_trips ... ok
[INFO] [stdout] test newline_framing_round_trips ... ok
[INFO] [stdout] test negotiation_never_panics_and_index_is_valid ... ok
[INFO] [stdout] 
[INFO] [stdout] test result: ok. 12 passed; 0 failed; 0 ignored; 0 measured; 0 filtered out; finished in 0.02s
[INFO] [stdout] 
[INFO] [stderr]      Running tests/stream.rs (/opt/rustwide/target/release/build/servant/da74c685a8862397/out/stream-da74c685a8862397)
[INFO] [stdout] 
[INFO] [stdout] running 5 tests
[INFO] [stderr]      Running tests/uverb.rs (/opt/rustwide/target/release/build/servant/ca12276852451da0/out/uverb-ca12276852451da0)
[INFO] [stdout] test event_stream_framing_extracts_complete_events ... ok
[INFO] [stdout] test sse_event_parse ... ok
[INFO] [stdout] test sse_event_format ... ok
[INFO] [stdout] test framings ... ok
[INFO] [stdout] test sse_comment_format ... ok
[INFO] [stdout] 
[INFO] [stdout] test result: ok. 5 passed; 0 failed; 0 ignored; 0 measured; 0 filtered out; finished in 0.00s
[INFO] [stdout] 
[INFO] [stdout] 
[INFO] [stdout] running 5 tests
[INFO] [stdout] test decodes_by_status ... ok
[INFO] [stderr]      Running unittests src/lib.rs (/opt/rustwide/target/release/build/servant-client/f4ef627a858ea389/out/servant_client-f4ef627a858ea389)
[INFO] [stdout] test arm_with_headers_round_trips_status_headers_and_body ... ok
[INFO] [stdout] test fixed_arm_rejects_unacceptable_content_type ... ok
[INFO] [stdout] test fixed_and_empty_arms_render_and_decode ... ok
[INFO] [stdout] test renders_active_arm_status_and_body ... ok
[INFO] [stdout] 
[INFO] [stdout] test result: ok. 5 passed; 0 failed; 0 ignored; 0 measured; 0 filtered out; finished in 0.00s
[INFO] [stdout] 
[INFO] [stdout] 
[INFO] [stdout] running 4 tests
[INFO] [stdout] test request::tests::target_renders_path_and_query ... ok
[INFO] [stderr]      Running tests/deep_query.rs (/opt/rustwide/target/release/build/servant-client/fe7e708e5d1d99f1/out/deep_query-fe7e708e5d1d99f1)
[INFO] [stdout] test request::tests::debug_redacts_authorization ... ok
[INFO] [stdout] test client::build::tests::operation_id_and_fragment_do_not_change_client_request_target ... ok
[INFO] [stdout] test request::tests::base_url_builds_absolute ... ok
[INFO] [stdout] 
[INFO] [stdout] test result: ok. 4 passed; 0 failed; 0 ignored; 0 measured; 0 filtered out; finished in 0.00s
[INFO] [stdout] 
[INFO] [stderr]      Running tests/host.rs (/opt/rustwide/target/release/build/servant-client/01efbf88d0ad55d4/out/host-01efbf88d0ad55d4)
[INFO] [stdout] 
[INFO] [stdout] running 1 test
[INFO] [stdout] test deep_query_builds_nested_query_target ... ok
[INFO] [stdout] 
[INFO] [stdout] test result: ok. 1 passed; 0 failed; 0 ignored; 0 measured; 0 filtered out; finished in 0.00s
[INFO] [stdout] 
[INFO] [stderr]      Running tests/query_string.rs (/opt/rustwide/target/release/build/servant-client/25ab72cccdf98541/out/query_string-25ab72cccdf98541)
[INFO] [stdout] 
[INFO] [stdout] running 1 test
[INFO] [stdout] test host_combinator_sets_host_header ... ok
[INFO] [stdout] 
[INFO] [stdout] test result: ok. 1 passed; 0 failed; 0 ignored; 0 measured; 0 filtered out; finished in 0.00s
[INFO] [stdout] 
[INFO] [stdout] 
[INFO] [stdout] running 1 test
[INFO] [stdout] test query_string_replaces_existing_query ... ok
[INFO] [stderr]      Running tests/raw.rs (/opt/rustwide/target/release/build/servant-client/e6b74b58caf19d01/out/raw-e6b74b58caf19d01)
[INFO] [stdout] 
[INFO] [stdout] test result: ok. 1 passed; 0 failed; 0 ignored; 0 measured; 0 filtered out; finished in 0.00s
[INFO] [stdout] 
[INFO] [stdout] 
[INFO] [stdout] running 2 tests
[INFO] [stdout] test nested_static_raw_client_returns_raw_response_for_selected_method ... ok
[INFO] [stderr]      Running tests/streaming_request.rs (/opt/rustwide/target/release/build/servant-client/07ea3d9b69a2e449/out/streaming_request-07ea3d9b69a2e449)
[INFO] [stdout] test raw_client_returns_raw_response_for_selected_method ... ok
[INFO] [stdout] 
[INFO] [stdout] test result: ok. 2 passed; 0 failed; 0 ignored; 0 measured; 0 filtered out; finished in 0.00s
[INFO] [stdout] 
[INFO] [stdout] 
[INFO] [stdout] running 3 tests
[INFO] [stdout] test streaming_request_source_item_error_surfaces_encode_failure ... ok
[INFO] [stdout] test streaming_request_transport_required_error ... ok
[INFO] [stderr]      Running unittests src/lib.rs (/opt/rustwide/target/release/build/servant-docs/7bd144a051542db6/out/servant_docs-7bd144a051542db6)
[INFO] [stdout] test streaming_request_sets_primary_content_type_and_frames_items ... ok
[INFO] [stdout] 
[INFO] [stdout] test result: ok. 3 passed; 0 failed; 0 ignored; 0 measured; 0 filtered out; finished in 0.00s
[INFO] [stdout] 
[INFO] [stdout] 
[INFO] [stdout] running 12 tests
[INFO] [stdout] test tests::alt_is_left_biased_in_order ... ok
[INFO] [stdout] test tests::deep_query_metadata_is_recorded_in_docs_model_and_markdown ... ok
[INFO] [stdout] test tests::walk_produces_expected_endpoints ... ok
[INFO] [stdout] test tests::no_content_verb_has_no_response_types ... ok
[INFO] [stderr]      Running tests/host.rs (/opt/rustwide/target/release/build/servant-docs/81b49b2ea235094e/out/host-81b49b2ea235094e)
[INFO] [stdout] test tests::markdown_golden_sections ... ok
[INFO] [stdout] test tests::capture_all_renders_in_path ... ok
[INFO] [stdout] test tests::header_is_recorded ... ok
[INFO] [stdout] test tests::empty_api_documents_nothing ... ok
[INFO] [stdout] test tests::fragment_metadata_is_recorded_in_docs_model_and_markdown ... ok
[INFO] [stdout] test tests::operation_id_metadata_is_recorded_in_docs_model_and_markdown ... ok
[INFO] [stdout] test tests::query_string_metadata_is_recorded_in_docs_model_and_markdown ... ok
[INFO] [stdout] test tests::same_path_method_merges_left_biased ... ok
[INFO] [stdout] 
[INFO] [stdout] test result: ok. 12 passed; 0 failed; 0 ignored; 0 measured; 0 filtered out; finished in 0.01s
[INFO] [stdout] 
[INFO] [stdout] 
[INFO] [stdout] running 1 test
[INFO] [stderr]      Running tests/raw.rs (/opt/rustwide/target/release/build/servant-docs/e278578851bb75ef/out/raw-e278578851bb75ef)
[INFO] [stdout] test host_requirement_is_recorded_in_docs ... ok
[INFO] [stdout] 
[INFO] [stdout] test result: ok. 1 passed; 0 failed; 0 ignored; 0 measured; 0 filtered out; finished in 0.00s
[INFO] [stdout] 
[INFO] [stdout] 
[INFO] [stdout] running 1 test
[INFO] [stdout] test raw_endpoint_is_marked_opaque_in_markdown ... ok
[INFO] [stdout] 
[INFO] [stdout] test result: ok. 1 passed; 0 failed; 0 ignored; 0 measured; 0 filtered out; finished in 0.00s
[INFO] [stdout] 
[INFO] [stderr]      Running tests/stream_body.rs (/opt/rustwide/target/release/build/servant-docs/6bf622a67379af3f/out/stream_body-6bf622a67379af3f)
[INFO] [stdout] 
[INFO] [stdout] running 1 test
[INFO] [stderr]      Running unittests src/lib.rs (/opt/rustwide/target/release/build/servant-macros/dabf39013bd4a0af/out/servant_macros-dabf39013bd4a0af)
[INFO] [stdout] test stream_body_metadata_is_recorded_in_docs_model_and_markdown ... ok
[INFO] [stdout] 
[INFO] [stdout] test result: ok. 1 passed; 0 failed; 0 ignored; 0 measured; 0 filtered out; finished in 0.01s
[INFO] [stdout] 
[INFO] [stdout] 
[INFO] [stdout] running 0 tests
[INFO] [stdout] 
[INFO] [stdout] test result: ok. 0 passed; 0 failed; 0 ignored; 0 measured; 0 filtered out; finished in 0.00s
[INFO] [stdout] 
[INFO] [stderr]      Running unittests src/lib.rs (/opt/rustwide/target/release/build/servant-openapi/94e113add14e7e1b/out/servant_openapi-94e113add14e7e1b)
[INFO] [stdout] 
[INFO] [stdout] running 21 tests
[INFO] [stdout] test schema::tests::primitive_mappings ... ok
[INFO] [stdout] test schema::tests::sequence_mappings ... ok
[INFO] [stdout] test schema::tests::collection_to_schema_is_structural ... ok
[INFO] [stdout] test schema::tests::short_name_drops_generics_and_paths ... ok
[INFO] [stdout] test schema::tests::object_mapping_uses_short_title ... ok
[INFO] [stdout] test schema::tests::to_schema_trait_matches_schema_for ... ok
[INFO] [stdout] test tests::capture_all_renders_in_path_template ... ok
[INFO] [stdout] test tests::get_users_path_capture ... ok
[INFO] [stdout] test schema::tests::string_mappings ... ok
[INFO] [stdout] test tests::top_level_shape ... ok
[INFO] [stdout] test tests::multiple_response_media_types ... ok
[INFO] [stdout] test tests::no_content_verb_has_empty_response ... ok
[INFO] [stdout] test tests::header_parameter_rendering ... ok
[INFO] [stdout] test tests::all_paths_present ... ok
[INFO] [stdout] test tests::query_string_is_explicit_openapi_extension_not_fake_parameter ... ok
[INFO] [stdout] test tests::normal_and_list_query_params ... ok
[INFO] [stdout] test tests::summary_and_description_on_operation ... ok
[INFO] [stdout] test tests::post_request_body_and_status ... ok
[INFO] [stdout] test tests::empty_api_has_empty_paths ... ok
[INFO] [stderr]      Running tests/deep_query.rs (/opt/rustwide/target/release/build/servant-openapi/f2ead5e3a5a812d0/out/deep_query-f2ead5e3a5a812d0)
[INFO] [stdout] test tests::description_omitted_when_absent ... ok
[INFO] [stdout] test tests::flag_query_param_rendering ... ok
[INFO] [stdout] 
[INFO] [stdout] test result: ok. 21 passed; 0 failed; 0 ignored; 0 measured; 0 filtered out; finished in 0.01s
[INFO] [stdout] 
[INFO] [stdout] 
[INFO] [stderr]      Running tests/host.rs (/opt/rustwide/target/release/build/servant-openapi/4593c18c616da118/out/host-4593c18c616da118)
[INFO] [stdout] running 1 test
[INFO] [stdout] test deep_query_emits_deep_object_parameter ... ok
[INFO] [stdout] 
[INFO] [stdout] test result: ok. 1 passed; 0 failed; 0 ignored; 0 measured; 0 filtered out; finished in 0.00s
[INFO] [stdout] 
[INFO] [stdout] 
[INFO] [stdout] running 2 tests
[INFO] [stdout] test host_alternatives_do_not_overwrite_same_path_openapi_metadata ... ok
[INFO] [stdout] test host_requirement_is_explicit_openapi_extension ... ok
[INFO] [stderr]      Running tests/openapi_regression.rs (/opt/rustwide/target/release/build/servant-openapi/c8f8e5a912cb57c5/out/openapi_regression-c8f8e5a912cb57c5)
[INFO] [stdout] 
[INFO] [stdout] test result: ok. 2 passed; 0 failed; 0 ignored; 0 measured; 0 filtered out; finished in 0.00s
[INFO] [stdout] 
[INFO] [stdout] 
[INFO] [stdout] running 6 tests
[INFO] [stdout] test checked_openapi_rejects_duplicate_schema_or_operation_ids ... ok
[INFO] [stdout] test schema_components_for_request_and_response ... ok
[INFO] [stdout] test exact_openapi_output_for_metadata_paths_body_and_media_types ... ok
[INFO] [stdout] test primitive_schema_fallback_remains_inline_for_docs_model_type_names ... ok
[INFO] [stdout] test operation_id_duplicate_returns_checked_error ... ok
[INFO] [stdout] test operation_id_emits_openapi_operation_id ... ok
[INFO] [stdout] 
[INFO] [stderr]      Running tests/query_string.rs (/opt/rustwide/target/release/build/servant-openapi/1565897623ec76e8/out/query_string-1565897623ec76e8)
[INFO] [stdout] test result: ok. 6 passed; 0 failed; 0 ignored; 0 measured; 0 filtered out; finished in 0.00s
[INFO] [stdout] 
[INFO] [stdout] 
[INFO] [stdout] running 1 test
[INFO] [stdout] test query_string_is_explicit_openapi_extension_not_fake_parameter ... ok
[INFO] [stderr]      Running tests/raw.rs (/opt/rustwide/target/release/build/servant-openapi/bfc328615796310a/out/raw-bfc328615796310a)
[INFO] [stdout] 
[INFO] [stdout] test result: ok. 1 passed; 0 failed; 0 ignored; 0 measured; 0 filtered out; finished in 0.00s
[INFO] [stdout] 
[INFO] [stdout] 
[INFO] [stdout] running 1 test
[INFO] [stdout] test raw_endpoints_are_omitted_from_openapi ... ok
[INFO] [stdout] 
[INFO] [stdout] test result: ok. 1 passed; 0 failed; 0 ignored; 0 measured; 0 filtered out; finished in 0.00s
[INFO] [stdout] 
[INFO] [stderr]      Running tests/schema_derive.rs (/opt/rustwide/target/release/build/servant-openapi/f14c35a12e1b931d/out/schema_derive-f14c35a12e1b931d)
[INFO] [stdout] 
[INFO] [stderr]      Running tests/stream_body.rs (/opt/rustwide/target/release/build/servant-openapi/f0ae93dc6bc5e5f4/out/stream_body-f0ae93dc6bc5e5f4)
[INFO] [stdout] running 1 test
[INFO] [stdout] test derives_object_schema_with_typed_properties ... ok
[INFO] [stdout] 
[INFO] [stdout] test result: ok. 1 passed; 0 failed; 0 ignored; 0 measured; 0 filtered out; finished in 0.00s
[INFO] [stdout] 
[INFO] [stdout] 
[INFO] [stdout] running 1 test
[INFO] [stdout] test stream_body_request_body_is_explicit_openapi_extension ... ok
[INFO] [stdout] 
[INFO] [stdout] test result: ok. 1 passed; 0 failed; 0 ignored; 0 measured; 0 filtered out; finished in 0.00s
[INFO] [stdout] 
[INFO] [stderr]      Running unittests src/lib.rs (/opt/rustwide/target/release/build/servant-server/53a092b79f6f4060/out/servant_server-53a092b79f6f4060)
[INFO] [stdout] 
[INFO] [stdout] running 11 tests
[INFO] [stdout] test result::tests::combine_keeps_higher_priority_then_left ... ok
[INFO] [stdout] test listener::tests::connections_over_the_cap_are_closed ... ok
[INFO] [stdout] test router::tests::choice_merges_static_maps ... ok
[INFO] [stdout] test listener::tests::accept_error_does_not_end_the_loop ... ok
[INFO] [stdout] test router::tests::choice_concatenates_leaves_under_same_path ... ok
[INFO] [stdout] test listener::tests::accept_error_backs_off_before_retrying ... ok
[INFO] [stdout] test listener::tests::limits_are_clamped_to_at_least_one_connection ... ok
[INFO] [stdout] test request::tests::path_segments_and_trailing_slash ... ok
[INFO] [stdout] test request::tests::query_parsing ... ok
[INFO] [stdout] test result::tests::priority_table_matches_servant ... ok
[INFO] [stdout] test adapter::tests::stalled_request_headers_are_dropped_at_the_deadline ... ok
[INFO] [stdout] 
[INFO] [stdout] test result: ok. 11 passed; 0 failed; 0 ignored; 0 measured; 0 filtered out; finished in 0.00s
[INFO] [stdout] 
[INFO] [stderr]      Running tests/compile_fail.rs (/opt/rustwide/target/release/build/servant-server/92e4b41282acf769/out/compile_fail-92e4b41282acf769)
[INFO] [stdout] 
[INFO] [stdout] running 1 test
[INFO] [stderr] warning: unused workspace dependency `serde_urlencoded`
[INFO] [stderr]    --> Cargo.toml:214:25
[INFO] [stderr]     |
[INFO] [stderr] 214 | [workspace.dependencies.serde_urlencoded]
[INFO] [stderr]     |                         ^^^^^^^^^^^^^^^^
[INFO] [stderr]     |
[INFO] [stderr]     = note: `cargo::unused_workspace_dependencies` is set to `warn` by default
[INFO] [stderr] help: consider removing the workspace dependency `serde_urlencoded`
[INFO] [stderr] warning: unused workspace dependency `servant-macros`
[INFO] [stderr]    --> Cargo.toml:230:25
[INFO] [stderr]     |
[INFO] [stderr] 230 | [workspace.dependencies.servant-macros]
[INFO] [stderr]     |                         ^^^^^^^^^^^^^^
[INFO] [stderr]     |
[INFO] [stderr] help: consider removing the workspace dependency `servant-macros`
[INFO] [stderr] warning: unused workspace dependency `servant-server`
[INFO] [stderr]    --> Cargo.toml:238:25
[INFO] [stderr]     |
[INFO] [stderr] 238 | [workspace.dependencies.servant-server]
[INFO] [stderr]     |                         ^^^^^^^^^^^^^^
[INFO] [stderr]     |
[INFO] [stderr] help: consider removing the workspace dependency `servant-server`
[INFO] [stderr] warning: unused workspace dependency `thiserror`
[INFO] [stderr]    --> Cargo.toml:242:25
[INFO] [stderr]     |
[INFO] [stderr] 242 | [workspace.dependencies.thiserror]
[INFO] [stderr]     |                         ^^^^^^^^^
[INFO] [stderr]     |
[INFO] [stderr] help: consider removing the workspace dependency `thiserror`
[INFO] [stderr] warning: workspace (manifest) generated 4 warnings
[INFO] [stderr]    Compiling proc-macro2 v1.0.106
[INFO] [stderr]    Compiling unicode-ident v1.0.24
[INFO] [stderr]    Compiling quote v1.0.45
[INFO] [stderr]    Compiling libc v0.2.186
[INFO] [stderr]     Checking itoa v1.0.18
[INFO] [stderr]    Compiling serde_core v1.0.228
[INFO] [stderr]     Checking cfg-if v1.0.4
[INFO] [stderr]     Checking bytes v1.11.1
[INFO] [stderr]    Compiling serde v1.0.228
[INFO] [stderr]     Checking pin-project-lite v0.2.17
[INFO] [stderr]     Checking futures-core v0.3.32
[INFO] [stderr]    Compiling zmij v1.0.21
[INFO] [stderr]    Compiling serde_json v1.0.150
[INFO] [stderr]    Compiling zerocopy v0.8.50
[INFO] [stderr]     Checking memchr v2.8.1
[INFO] [stderr]     Checking futures-task v0.3.32
[INFO] [stderr]    Compiling getrandom v0.3.4
[INFO] [stderr]    Compiling thiserror v2.0.18
[INFO] [stderr]     Checking percent-encoding v2.3.2
[INFO] [stderr]     Checking slab v0.4.12
[INFO] [stderr]     Checking once_cell v1.21.4
[INFO] [stderr]    Compiling httparse v1.10.1
[INFO] [stderr]     Checking ryu v1.0.23
[INFO] [stderr]     Checking form_urlencoded v1.2.2
[INFO] [stderr]     Checking mime v0.3.17
[INFO] [stderr]     Checking try-lock v0.2.5
[INFO] [stderr]    Compiling shlex v2.0.1
[INFO] [stderr]    Compiling autocfg v1.5.1
[INFO] [stderr]    Compiling find-msvc-tools v0.1.9
[INFO] [stderr]     Checking futures-util v0.3.32
[INFO] [stderr]     Checking tracing-core v0.1.36
[INFO] [stderr]     Checking want v0.3.1
[INFO] [stderr]     Checking futures-channel v0.3.32
[INFO] [stderr]     Checking atomic-waker v1.1.2
[INFO] [stderr]    Compiling cc v1.2.65
[INFO] [stderr]     Checking powerfmt v0.2.0
[INFO] [stderr]     Checking httpdate v1.0.3
[INFO] [stderr]     Checking smallvec v1.15.1
[INFO] [stderr]     Checking regex-syntax v0.8.10
[INFO] [stderr]     Checking time-core v0.1.7
[INFO] [stderr]     Checking num-conv v0.1.0
[INFO] [stderr]     Checking either v1.16.0
[INFO] [stderr]     Checking ciborium-io v0.2.2
[INFO] [stderr]     Checking http v1.4.1
[INFO] [stderr]     Checking clap_lex v0.7.7
[INFO] [stderr]     Checking base64 v0.22.1
[INFO] [stderr]     Checking tower-service v0.3.3
[INFO] [stderr]     Checking anstyle v1.0.14
[INFO] [stderr]     Checking untrusted v0.9.0
[INFO] [stderr]     Checking deranged v0.5.2
[INFO] [stderr]     Checking itertools v0.10.5
[INFO] [stderr]     Checking clap_builder v4.5.53
[INFO] [stderr]     Checking same-file v1.0.6
[INFO] [stderr]     Checking cast v0.3.0
[INFO] [stderr]    Compiling syn v2.0.117
[INFO] [stderr]     Checking tracing v0.1.44
[INFO] [stderr]     Checking bit-vec v0.8.0
[INFO] [stderr]     Checking zeroize v1.8.2
[INFO] [stderr]    Compiling num-traits v0.2.19
[INFO] [stderr]     Checking rustls-pki-types v1.14.1
[INFO] [stderr]     Checking walkdir v2.5.0
[INFO] [stderr]     Checking log v0.4.32
[INFO] [stderr]     Checking oorandom v11.1.5
[INFO] [stderr]     Checking anes v0.1.6
[INFO] [stderr]     Checking unarray v0.1.4
[INFO] [stderr]     Checking bit-set v0.8.0
[INFO] [stderr]     Checking bitflags v2.13.0
[INFO] [stderr]     Checking pem v3.0.6
[INFO] [stderr]     Checking mio v1.2.1
[INFO] [stderr]     Checking socket2 v0.6.4
[INFO] [stderr]     Checking getrandom v0.2.17
[INFO] [stderr]     Checking is-terminal v0.4.17
[INFO] [stderr]     Checking http-body v1.0.1
[INFO] [stderr]     Checking rand_core v0.9.5
[INFO] [stderr]     Checking http-body-util v0.1.3
[INFO] [stderr]     Checking rand v0.9.4
[INFO] [stderr]     Checking rand_xorshift v0.4.0
[INFO] [stderr]     Checking criterion-plot v0.5.0
[INFO] [stderr]     Checking clap v4.5.53
[INFO] [stderr]    Compiling ring v0.17.14
[INFO] [stderr]     Checking time v0.3.45
[INFO] [stderr]     Checking yasna v0.5.2
[INFO] [stderr]     Checking regex-automata v0.4.14
[INFO] [stderr]    Compiling serde_derive v1.0.228
[INFO] [stderr]    Compiling zerocopy-derive v0.8.50
[INFO] [stderr]    Compiling thiserror-impl v2.0.18
[INFO] [stderr]    Compiling servant-macros v0.2.0 (/opt/rustwide/workdir/servant-macros)
[INFO] [stderr]    Compiling tokio-macros v2.7.0
[INFO] [stderr]     Checking regex v1.12.3
[INFO] [stderr]     Checking tokio v1.52.3
[INFO] [stderr]     Checking rcgen v0.13.2
[INFO] [stderr]     Checking hyper v1.10.1
[INFO] [stderr]     Checking hyper-util v0.1.20
[INFO] [stderr]     Checking serde_urlencoded v0.7.1
[INFO] [stderr]     Checking tinytemplate v1.2.1
[INFO] [stderr]     Checking servant v0.2.0 (/opt/rustwide/workdir/servant)
[INFO] [stderr]     Checking servant-docs v0.2.0 (/opt/rustwide/workdir/servant-docs)
[INFO] [stderr]     Checking servant-server v0.2.0 (/opt/rustwide/workdir/servant-server)
[INFO] [stderr]     Checking servant-client v0.2.0 (/opt/rustwide/workdir/servant-client)
[INFO] [stderr]     Checking servant-openapi v0.2.0 (/opt/rustwide/workdir/servant-openapi)
[INFO] [stderr]     Checking half v2.7.1
[INFO] [stderr]     Checking ppv-lite86 v0.2.21
[INFO] [stderr]     Checking ciborium-ll v0.2.2
[INFO] [stderr]     Checking rand_chacha v0.9.0
[INFO] [stderr]     Checking proptest v1.9.0
[INFO] [stderr]     Checking ciborium v0.2.2
[INFO] [stderr]     Checking criterion v0.5.1
[INFO] [stderr]     Checking servant-server-tests v0.0.0 (/opt/rustwide/target/tests/trybuild/servant-server)
[INFO] [stderr]     Finished `dev` profile [unoptimized + debuginfo] target(s) in 24.03s
[INFO] [stderr] 
[INFO] [stderr] 
[INFO] [stderr] test tests/ui/auth_handler_user_mismatch.rs ... mismatch
[INFO] [stderr] 
[INFO] [stderr] EXPECTED:
[INFO] [stderr] ┈┈┈┈┈┈┈┈┈┈┈┈┈┈┈┈┈┈┈┈┈┈┈┈┈┈┈┈┈┈┈┈┈┈┈┈┈┈┈┈┈┈┈┈┈┈┈┈┈┈┈┈┈┈┈┈┈┈┈┈
[INFO] [stderr] error[E0631]: type mismatch in closure arguments
[INFO] [stderr]   --> tests/ui/auth_handler_user_mismatch.rs:11:19
[INFO] [stderr]    |
[INFO] [stderr] 11 |       let _router = serve_with_context(
[INFO] [stderr]    |  ___________________^
[INFO] [stderr] 12 | |         api,
[INFO] [stderr] 13 | |         |name: String| async move { Ok::<_, ServerError>(format!("hello {name}")) },
[INFO] [stderr]    | |         -------------- found signature defined here
[INFO] [stderr] 14 | |         Context::new().with(BasicAuthCheck::new(|_data: &servant::auth::BasicAuthData| {
[INFO] [stderr] 15 | |             servant::auth::BasicAuthResult::Authorized(AuthenticatedUser)
[INFO] [stderr] 16 | |         })),
[INFO] [stderr] 17 | |     );
[INFO] [stderr]    | |_____^ expected due to this
[INFO] [stderr]    |
[INFO] [stderr]    = note: expected closure signature `fn(AuthenticatedUser) -> _`
[INFO] [stderr]               found closure signature `fn(String) -> _`
[INFO] [stderr]    = note: required for `{closure@$DIR/tests/ui/auth_handler_user_mismatch.rs:13:9: 13:23}` to implement `HandlerFn<HCons<AuthenticatedUser, HNil>>`
[INFO] [stderr]    = note: required for `BasicAuth<AuthenticatedUser, Verb<Get, 200, (servant::content::PlainText,), String>>` to implement `serve::kind::BuildServerByKind<serve::kind::TypedServer, {closure@$DIR/tests/ui/auth_handler_user_mismatch.rs:13:9: 13:23}>`
[INFO] [stderr]    = note: required for `BasicAuth<AuthenticatedUser, Verb<Get, 200, (servant::content::PlainText,), String>>` to implement `HasServer<{closure@$DIR/tests/ui/auth_handler_user_mismatch.rs:13:9: 13:23}>`
[INFO] [stderr] note: required by a bound in `serve_with_context`
[INFO] [stderr]   --> src/serve.rs
[INFO] [stderr]    |
[INFO] [stderr]    | pub fn serve_with_context<Api, H>(api: Api, handler: H, context: Context) -> Router
[INFO] [stderr]    |        ------------------ required by a bound in this function
[INFO] [stderr]    | where
[INFO] [stderr]    |     Api: HasServer<H>,
[INFO] [stderr]    |          ^^^^^^^^^^^^ required by this bound in `serve_with_context`
[INFO] [stderr] ┈┈┈┈┈┈┈┈┈┈┈┈┈┈┈┈┈┈┈┈┈┈┈┈┈┈┈┈┈┈┈┈┈┈┈┈┈┈┈┈┈┈┈┈┈┈┈┈┈┈┈┈┈┈┈┈┈┈┈┈
[INFO] [stderr] 
[INFO] [stderr] ACTUAL OUTPUT:
[INFO] [stderr] ┈┈┈┈┈┈┈┈┈┈┈┈┈┈┈┈┈┈┈┈┈┈┈┈┈┈┈┈┈┈┈┈┈┈┈┈┈┈┈┈┈┈┈┈┈┈┈┈┈┈┈┈┈┈┈┈┈┈┈┈
[INFO] [stderr] error[E0631]: type mismatch in closure arguments
[INFO] [stderr]   --> tests/ui/auth_handler_user_mismatch.rs:11:19
[INFO] [stderr]    |
[INFO] [stderr] 11 |       let _router = serve_with_context(
[INFO] [stderr]    |  ___________________^
[INFO] [stderr] 12 | |         api,
[INFO] [stderr] 13 | |         |name: String| async move { Ok::<_, ServerError>(format!("hello {name}")) },
[INFO] [stderr]    | |         -------------- found signature defined here
[INFO] [stderr] 14 | |         Context::new().with(BasicAuthCheck::new(|_data: &servant::auth::BasicAuthData| {
[INFO] [stderr] 15 | |             servant::auth::BasicAuthResult::Authorized(AuthenticatedUser)
[INFO] [stderr] 16 | |         })),
[INFO] [stderr] 17 | |     );
[INFO] [stderr]    | |_____^ expected due to this
[INFO] [stderr]    |
[INFO] [stderr]    = note: expected closure signature `fn(AuthenticatedUser) -> _`
[INFO] [stderr]               found closure signature `fn(String) -> _`
[INFO] [stderr]    = note: required for `{closure@$DIR/tests/ui/auth_handler_user_mismatch.rs:13:9: 13:23}` to implement `HandlerFn<HCons<AuthenticatedUser, HNil>>`
[INFO] [stderr]    = note: required for `BasicAuth<AuthenticatedUser, Verb<Get, 200, (servant::content::PlainText,), String>>` to implement `serve::kind::BuildServerByKind<serve::kind::TypedServer, {closure@$DIR/tests/ui/auth_handler_user_mismatch.rs:13:9: 13:23}>`
[INFO] [stderr]    = note: required for `BasicAuth<AuthenticatedUser, Verb<Get, 200, (servant::content::PlainText,), String>>` to implement `HasServer<{closure@$DIR/tests/ui/auth_handler_user_mismatch.rs:13:9: 13:23}>`
[INFO] [stderr] note: required by a bound in `serve_with_context`
[INFO] [stderr]   --> src/serve.rs
[INFO] [stderr]    |
[INFO] [stderr]    | pub fn serve_with_context<Api, H>(api: Api, handler: H, context: Context) -> Router
[INFO] [stderr]    | where
[INFO] [stderr]    |     Api: HasServer<H>,
[INFO] [stderr]    |          ^^^^^^^^^^^^ required by this bound in `serve_with_context`
[INFO] [stderr] ┈┈┈┈┈┈┈┈┈┈┈┈┈┈┈┈┈┈┈┈┈┈┈┈┈┈┈┈┈┈┈┈┈┈┈┈┈┈┈┈┈┈┈┈┈┈┈┈┈┈┈┈┈┈┈┈┈┈┈┈
[INFO] [stderr] note: If the actual output is the correct output you can bless it by rerunning
[INFO] [stderr]       your test with the environment variable TRYBUILD=overwrite
[INFO] [stderr] 
[INFO] [stderr] test tests/ui/generated_client_auth_protect_unsupported.rs ... ok
[INFO] [stderr] test tests/ui/generated_client_remote_host_unsupported.rs ... ok
[INFO] [stderr] test tests/ui/generated_client_vault_unsupported.rs ... ok
[INFO] [stderr] test tests/ui/generated_client_with_resource_unsupported.rs ... ok
[INFO] [stderr] test tests/ui/unsupported_content_type.rs ... mismatch
[INFO] [stderr] 
[INFO] [stderr] EXPECTED:
[INFO] [stderr] ┈┈┈┈┈┈┈┈┈┈┈┈┈┈┈┈┈┈┈┈┈┈┈┈┈┈┈┈┈┈┈┈┈┈┈┈┈┈┈┈┈┈┈┈┈┈┈┈┈┈┈┈┈┈┈┈┈┈┈┈
[INFO] [stderr] error[E0277]: the trait bound `NotAMime: MediaType` is not satisfied
[INFO] [stderr]  --> tests/ui/unsupported_content_type.rs:9:25
[INFO] [stderr]   |
[INFO] [stderr] 9 |     let _router = serve(get::<(NotAMime,), String>(), || async {
[INFO] [stderr]   |                   ----- ^^^^^^^^^^^^^^^^^^^^^^^^^^^^ unsatisfied trait bound
[INFO] [stderr]   |                   |
[INFO] [stderr]   |                   required by a bound introduced by this call
[INFO] [stderr]   |
[INFO] [stderr] help: the trait `MediaType` is not implemented for `NotAMime`
[INFO] [stderr]  --> tests/ui/unsupported_content_type.rs:4:1
[INFO] [stderr]   |
[INFO] [stderr] 4 | struct NotAMime;
[INFO] [stderr]   | ^^^^^^^^^^^^^^^
[INFO] [stderr]   = help: the following other types implement trait `MediaType`:
[INFO] [stderr]             EventStream
[INFO] [stderr]             FormUrlEncoded
[INFO] [stderr]             Json
[INFO] [stderr]             OctetStream
[INFO] [stderr]             PlainText
[INFO] [stderr]   = note: required for `(NotAMime,)` to implement `AllMime`
[INFO] [stderr]   = note: required for `Verb<Get, 200, (NotAMime,), String>` to implement `ServerChain`
[INFO] [stderr]   = note: required for `Verb<Get, 200, (NotAMime,), String>` to implement `serve::kind::BuildServerByKind<serve::kind::TypedServer, _>`
[INFO] [stderr]   = note: required for `Verb<Get, 200, (NotAMime,), String>` to implement `HasServer<_>`
[INFO] [stderr] note: required by a bound in `serve`
[INFO] [stderr]  --> src/serve.rs
[INFO] [stderr]   |
[INFO] [stderr]   | pub fn serve<Api, H>(api: Api, handler: H) -> Router
[INFO] [stderr]   |        ----- required by a bound in this function
[INFO] [stderr]   | where
[INFO] [stderr]   |     Api: HasServer<H>,
[INFO] [stderr]   |          ^^^^^^^^^^^^ required by this bound in `serve`
[INFO] [stderr] 
[INFO] [stderr] error[E0277]: the trait bound `String: MimeRender<NotAMime>` is not satisfied
[INFO] [stderr]  --> tests/ui/unsupported_content_type.rs:9:25
[INFO] [stderr]   |
[INFO] [stderr] 9 |     let _router = serve(get::<(NotAMime,), String>(), || async {
[INFO] [stderr]   |                   ----- ^^^^^^^^^^^^^^^^^^^^^^^^^^^^ the trait `MimeRender<NotAMime>` is not implemented for `String`
[INFO] [stderr]   |                   |
[INFO] [stderr]   |                   required by a bound introduced by this call
[INFO] [stderr]   |
[INFO] [stderr] help: the trait `MimeRender<NotAMime>` is not implemented for `String`
[INFO] [stderr]       but trait `MimeRender<PlainText>` is implemented for it
[INFO] [stderr]  --> $WORKSPACE/servant/src/content/codecs.rs
[INFO] [stderr]   |
[INFO] [stderr]   | impl MimeRender<PlainText> for String {
[INFO] [stderr]   | ^^^^^^^^^^^^^^^^^^^^^^^^^^^^^^^^^^^^^
[INFO] [stderr]   = help: for that trait implementation, expected `PlainText`, found `NotAMime`
[INFO] [stderr]   = note: required for `(NotAMime,)` to implement `AllMimeRender<String>`
[INFO] [stderr]   = note: required for `Verb<Get, 200, (NotAMime,), String>` to implement `ServerChain`
[INFO] [stderr]   = note: required for `Verb<Get, 200, (NotAMime,), String>` to implement `serve::kind::BuildServerByKind<serve::kind::TypedServer, _>`
[INFO] [stderr]   = note: required for `Verb<Get, 200, (NotAMime,), String>` to implement `HasServer<_>`
[INFO] [stderr] note: required by a bound in `serve`
[INFO] [stderr]  --> src/serve.rs
[INFO] [stderr]   |
[INFO] [stderr]   | pub fn serve<Api, H>(api: Api, handler: H) -> Router
[INFO] [stderr]   |        ----- required by a bound in this function
[INFO] [stderr]   | where
[INFO] [stderr]   |     Api: HasServer<H>,
[INFO] [stderr]   |          ^^^^^^^^^^^^ required by this bound in `serve`
[INFO] [stderr] ┈┈┈┈┈┈┈┈┈┈┈┈┈┈┈┈┈┈┈┈┈┈┈┈┈┈┈┈┈┈┈┈┈┈┈┈┈┈┈┈┈┈┈┈┈┈┈┈┈┈┈┈┈┈┈┈┈┈┈┈
[INFO] [stderr] 
[INFO] [stderr] ACTUAL OUTPUT:
[INFO] [stderr] ┈┈┈┈┈┈┈┈┈┈┈┈┈┈┈┈┈┈┈┈┈┈┈┈┈┈┈┈┈┈┈┈┈┈┈┈┈┈┈┈┈┈┈┈┈┈┈┈┈┈┈┈┈┈┈┈┈┈┈┈
[INFO] [stderr] error[E0277]: the trait bound `NotAMime: MediaType` is not satisfied
[INFO] [stderr]  --> tests/ui/unsupported_content_type.rs:9:25
[INFO] [stderr]   |
[INFO] [stderr] 9 |     let _router = serve(get::<(NotAMime,), String>(), || async {
[INFO] [stderr]   |                   ----- ^^^^^^^^^^^^^^^^^^^^^^^^^^^^ unsatisfied trait bound
[INFO] [stderr]   |                   |
[INFO] [stderr]   |                   required by a bound introduced by this call
[INFO] [stderr]   |
[INFO] [stderr] help: the trait `MediaType` is not implemented for `NotAMime`
[INFO] [stderr]  --> tests/ui/unsupported_content_type.rs:4:1
[INFO] [stderr]   |
[INFO] [stderr] 4 | struct NotAMime;
[INFO] [stderr]   | ^^^^^^^^^^^^^^^
[INFO] [stderr]   = help: the following other types implement trait `MediaType`:
[INFO] [stderr]             EventStream
[INFO] [stderr]             FormUrlEncoded
[INFO] [stderr]             Json
[INFO] [stderr]             OctetStream
[INFO] [stderr]             PlainText
[INFO] [stderr]   = note: required for `(NotAMime,)` to implement `AllMime`
[INFO] [stderr]   = note: required for `Verb<Get, 200, (NotAMime,), String>` to implement `ServerChain`
[INFO] [stderr]   = note: required for `Verb<Get, 200, (NotAMime,), String>` to implement `serve::kind::BuildServerByKind<serve::kind::TypedServer, _>`
[INFO] [stderr]   = note: required for `Verb<Get, 200, (NotAMime,), String>` to implement `HasServer<_>`
[INFO] [stderr] note: required by a bound in `serve`
[INFO] [stderr]  --> src/serve.rs
[INFO] [stderr]   |
[INFO] [stderr]   | pub fn serve<Api, H>(api: Api, handler: H) -> Router
[INFO] [stderr]   | where
[INFO] [stderr]   |     Api: HasServer<H>,
[INFO] [stderr]   |          ^^^^^^^^^^^^ required by this bound in `serve`
[INFO] [stderr] 
[INFO] [stderr] error[E0277]: the trait bound `String: MimeRender<NotAMime>` is not satisfied
[INFO] [stderr]  --> tests/ui/unsupported_content_type.rs:9:25
[INFO] [stderr]   |
[INFO] [stderr] 9 |     let _router = serve(get::<(NotAMime,), String>(), || async {
[INFO] [stderr]   |                   ----- ^^^^^^^^^^^^^^^^^^^^^^^^^^^^ the trait `MimeRender<NotAMime>` is not implemented for `String`
[INFO] [stderr]   |                   |
[INFO] [stderr]   |                   required by a bound introduced by this call
[INFO] [stderr]   |
[INFO] [stderr] help: the trait `MimeRender<NotAMime>` is not implemented for `String`
[INFO] [stderr]       but trait `MimeRender<PlainText>` is implemented for it
[INFO] [stderr]  --> $WORKSPACE/servant/src/content/codecs.rs
[INFO] [stderr]   |
[INFO] [stderr]   | impl MimeRender<PlainText> for String {
[INFO] [stderr]   | ^^^^^^^^^^^^^^^^^^^^^^^^^^^^^^^^^^^^^
[INFO] [stderr]   = help: for that trait implementation, expected `PlainText`, found `NotAMime`
[INFO] [stderr]   = note: required for `(NotAMime,)` to implement `AllMimeRender<String>`
[INFO] [stderr]   = note: required for `Verb<Get, 200, (NotAMime,), String>` to implement `ServerChain`
[INFO] [stderr]   = note: required for `Verb<Get, 200, (NotAMime,), String>` to implement `serve::kind::BuildServerByKind<serve::kind::TypedServer, _>`
[INFO] [stderr]   = note: required for `Verb<Get, 200, (NotAMime,), String>` to implement `HasServer<_>`
[INFO] [stderr] note: required by a bound in `serve`
[INFO] [stderr]  --> src/serve.rs
[INFO] [stderr]   |
[INFO] [stderr]   | pub fn serve<Api, H>(api: Api, handler: H) -> Router
[INFO] [stderr]   | where
[INFO] [stderr]   |     Api: HasServer<H>,
[INFO] [stderr]   |          ^^^^^^^^^^^^ required by this bound in `serve`
[INFO] [stderr] ┈┈┈┈┈┈┈┈┈┈┈┈┈┈┈┈┈┈┈┈┈┈┈┈┈┈┈┈┈┈┈┈┈┈┈┈┈┈┈┈┈┈┈┈┈┈┈┈┈┈┈┈┈┈┈┈┈┈┈┈
[INFO] [stderr] note: If the actual output is the correct output you can bless it by rerunning
[INFO] [stderr]       your test with the environment variable TRYBUILD=overwrite
[INFO] [stderr] 
[INFO] [stderr] test tests/ui/wrong_client_arguments.rs ... mismatch
[INFO] [stderr] 
[INFO] [stderr] EXPECTED:
[INFO] [stderr] ┈┈┈┈┈┈┈┈┈┈┈┈┈┈┈┈┈┈┈┈┈┈┈┈┈┈┈┈┈┈┈┈┈┈┈┈┈┈┈┈┈┈┈┈┈┈┈┈┈┈┈┈┈┈┈┈┈┈┈┈
[INFO] [stderr] error[E0277]: the trait bound `(): RunClient` is not satisfied
[INFO] [stderr]  --> tests/ui/wrong_client_arguments.rs:9:33
[INFO] [stderr]   |
[INFO] [stderr] 9 |     let _future = endpoint.call(&(), servant::hlist!["not-a-u64".to_string()]);
[INFO] [stderr]   |                            ---- ^^^ the trait `RunClient` is not implemented for `()`
[INFO] [stderr]   |                            |
[INFO] [stderr]   |                            required by a bound introduced by this call
[INFO] [stderr]   |
[INFO] [stderr] help: the trait `RunClient` is implemented for `HyperClient`
[INFO] [stderr]  --> $WORKSPACE/servant-client/src/runclient.rs
[INFO] [stderr]   |
[INFO] [stderr]   |     impl RunClient for HyperClient {
[INFO] [stderr]   |     ^^^^^^^^^^^^^^^^^^^^^^^^^^^^^^
[INFO] [stderr] note: required by a bound in `ClientEndpoint::<Api>::call`
[INFO] [stderr]  --> $WORKSPACE/servant-client/src/client/endpoint.rs
[INFO] [stderr]   |
[INFO] [stderr]   |     pub async fn call<T: RunClient>(
[INFO] [stderr]   |                          ^^^^^^^^^ required by this bound in `ClientEndpoint::<Api>::call`
[INFO] [stderr] 
[INFO] [stderr] error[E0308]: mismatched types
[INFO] [stderr]  --> tests/ui/wrong_client_arguments.rs:9:54
[INFO] [stderr]   |
[INFO] [stderr] 9 |     let _future = endpoint.call(&(), servant::hlist!["not-a-u64".to_string()]);
[INFO] [stderr]   |                                                      ^^^^^^^^^^^^^^^^^^^^^^^ expected `u64`, found `String`
[INFO] [stderr] ┈┈┈┈┈┈┈┈┈┈┈┈┈┈┈┈┈┈┈┈┈┈┈┈┈┈┈┈┈┈┈┈┈┈┈┈┈┈┈┈┈┈┈┈┈┈┈┈┈┈┈┈┈┈┈┈┈┈┈┈
[INFO] [stderr] 
[INFO] [stderr] ACTUAL OUTPUT:
[INFO] [stderr] ┈┈┈┈┈┈┈┈┈┈┈┈┈┈┈┈┈┈┈┈┈┈┈┈┈┈┈┈┈┈┈┈┈┈┈┈┈┈┈┈┈┈┈┈┈┈┈┈┈┈┈┈┈┈┈┈┈┈┈┈
[INFO] [stderr] error[E0277]: the trait bound `(): RunClient` is not satisfied
[INFO] [stderr]  --> tests/ui/wrong_client_arguments.rs:9:33
[INFO] [stderr]   |
[INFO] [stderr] 9 |     let _future = endpoint.call(&(), servant::hlist!["not-a-u64".to_string()]);
[INFO] [stderr]   |                            ---- ^^^ the trait `RunClient` is not implemented for `()`
[INFO] [stderr]   |                            |
[INFO] [stderr]   |                            required by a bound introduced by this call
[INFO] [stderr]   |
[INFO] [stderr] help: the trait `RunClient` is implemented for `HyperClient`
[INFO] [stderr]  --> $WORKSPACE/servant-client/src/runclient.rs
[INFO] [stderr]   |
[INFO] [stderr]   |     impl RunClient for HyperClient {
[INFO] [stderr]   |     ^^^^^^^^^^^^^^^^^^^^^^^^^^^^^^
[INFO] [stderr] note: required by a bound in `ClientEndpoint::<Api>::call`
[INFO] [stderr]  --> $WORKSPACE/servant-client/src/client/endpoint.rs
[INFO] [stderr]   |
[INFO] [stderr]   | impl<Api> ClientEndpoint<Api>
[INFO] [stderr] ...
[INFO] [stderr]   |     pub async fn call<T: RunClient>(
[INFO] [stderr]   |                          ^^^^^^^^^ required by this bound in `ClientEndpoint::<Api>::call`
[INFO] [stderr] 
[INFO] [stderr] error[E0308]: mismatched types
[INFO] [stderr]  --> tests/ui/wrong_client_arguments.rs:9:54
[INFO] [stderr]   |
[INFO] [stderr] 9 |     let _future = endpoint.call(&(), servant::hlist!["not-a-u64".to_string()]);
[INFO] [stderr]   |                                                      ^^^^^^^^^^^^^^^^^^^^^^^ expected `u64`, found `String`
[INFO] [stderr] ┈┈┈┈┈┈┈┈┈┈┈┈┈┈┈┈┈┈┈┈┈┈┈┈┈┈┈┈┈┈┈┈┈┈┈┈┈┈┈┈┈┈┈┈┈┈┈┈┈┈┈┈┈┈┈┈┈┈┈┈
[INFO] [stderr] note: If the actual output is the correct output you can bless it by rerunning
[INFO] [stderr]       your test with the environment variable TRYBUILD=overwrite
[INFO] [stderr] 
[INFO] [stderr] test tests/ui/wrong_handler_shape.rs ... mismatch
[INFO] [stderr] 
[INFO] [stderr] EXPECTED:
[INFO] [stderr] ┈┈┈┈┈┈┈┈┈┈┈┈┈┈┈┈┈┈┈┈┈┈┈┈┈┈┈┈┈┈┈┈┈┈┈┈┈┈┈┈┈┈┈┈┈┈┈┈┈┈┈┈┈┈┈┈┈┈┈┈
[INFO] [stderr] error[E0593]: closure is expected to take 1 argument, but it takes 0 arguments
[INFO] [stderr]  --> tests/ui/wrong_handler_shape.rs:8:19
[INFO] [stderr]   |
[INFO] [stderr] 8 |     let _router = serve(api, || async { Ok::<_, ServerError>("missing id".to_string()) });
[INFO] [stderr]   |                   ^^^^^^^^^^^--^^^^^^^^^^^^^^^^^^^^^^^^^^^^^^^^^^^^^^^^^^^^^^^^^^^^^^^^^^
[INFO] [stderr]   |                   |          |
[INFO] [stderr]   |                   |          takes 0 arguments
[INFO] [stderr]   |                   expected closure that takes 1 argument
[INFO] [stderr]   |
[INFO] [stderr]   = note: required for `{closure@$DIR/tests/ui/wrong_handler_shape.rs:8:30: 8:32}` to implement `HandlerFn<HCons<u64, HNil>>`
[INFO] [stderr]   = note: required for `servant::api::Path<servant::api::Capture<u64, Strict, Verb<Get, 200, (servant::content::Json,), String>>>` to implement `serve::kind::BuildServerByKind<serve::kind::TypedServer, {closure@$DIR/tests/ui/wrong_handler_shape.rs:8:30: 8:32}>`
[INFO] [stderr]   = note: required for `servant::api::Path<servant::api::Capture<u64, Strict, Verb<Get, 200, (servant::content::Json,), String>>>` to implement `HasServer<{closure@$DIR/tests/ui/wrong_handler_shape.rs:8:30: 8:32}>`
[INFO] [stderr] note: required by a bound in `serve`
[INFO] [stderr]  --> src/serve.rs
[INFO] [stderr]   |
[INFO] [stderr]   | pub fn serve<Api, H>(api: Api, handler: H) -> Router
[INFO] [stderr]   |        ----- required by a bound in this function
[INFO] [stderr]   | where
[INFO] [stderr]   |     Api: HasServer<H>,
[INFO] [stderr]   |          ^^^^^^^^^^^^ required by this bound in `serve`
[INFO] [stderr] help: consider changing the closure to take and ignore the expected argument
[INFO] [stderr]   |
[INFO] [stderr] 8 |     let _router = serve(api, |_| async { Ok::<_, ServerError>("missing id".to_string()) });
[INFO] [stderr]   |                               +
[INFO] [stderr] ┈┈┈┈┈┈┈┈┈┈┈┈┈┈┈┈┈┈┈┈┈┈┈┈┈┈┈┈┈┈┈┈┈┈┈┈┈┈┈┈┈┈┈┈┈┈┈┈┈┈┈┈┈┈┈┈┈┈┈┈
[INFO] [stderr] 
[INFO] [stderr] ACTUAL OUTPUT:
[INFO] [stderr] ┈┈┈┈┈┈┈┈┈┈┈┈┈┈┈┈┈┈┈┈┈┈┈┈┈┈┈┈┈┈┈┈┈┈┈┈┈┈┈┈┈┈┈┈┈┈┈┈┈┈┈┈┈┈┈┈┈┈┈┈
[INFO] [stderr] error[E0593]: closure is expected to take 1 argument, but it takes 0 arguments
[INFO] [stderr]  --> tests/ui/wrong_handler_shape.rs:8:19
[INFO] [stderr]   |
[INFO] [stderr] 8 |     let _router = serve(api, || async { Ok::<_, ServerError>("missing id".to_string()) });
[INFO] [stderr]   |                   ^^^^^^^^^^^--^^^^^^^^^^^^^^^^^^^^^^^^^^^^^^^^^^^^^^^^^^^^^^^^^^^^^^^^^^
[INFO] [stderr]   |                   |          |
[INFO] [stderr]   |                   |          takes 0 arguments
[INFO] [stderr]   |                   expected closure that takes 1 argument
[INFO] [stderr]   |
[INFO] [stderr]   = note: required for `{closure@$DIR/tests/ui/wrong_handler_shape.rs:8:30: 8:32}` to implement `HandlerFn<HCons<u64, HNil>>`
[INFO] [stderr]   = note: required for `servant::api::Path<servant::api::Capture<u64, Strict, Verb<Get, 200, (servant::content::Json,), String>>>` to implement `serve::kind::BuildServerByKind<serve::kind::TypedServer, {closure@$DIR/tests/ui/wrong_handler_shape.rs:8:30: 8:32}>`
[INFO] [stderr]   = note: required for `servant::api::Path<servant::api::Capture<u64, Strict, Verb<Get, 200, (servant::content::Json,), String>>>` to implement `HasServer<{closure@$DIR/tests/ui/wrong_handler_shape.rs:8:30: 8:32}>`
[INFO] [stderr] note: required by a bound in `serve`
[INFO] [stderr]  --> src/serve.rs
[INFO] [stderr]   |
[INFO] [stderr]   | pub fn serve<Api, H>(api: Api, handler: H) -> Router
[INFO] [stderr]   | where
[INFO] [stderr]   |     Api: HasServer<H>,
[INFO] [stderr]   |          ^^^^^^^^^^^^ required by this bound in `serve`
[INFO] [stderr] help: consider changing the closure to take and ignore the expected argument
[INFO] [stderr]   |
[INFO] [stderr] 8 |     let _router = serve(api, |_| async { Ok::<_, ServerError>("missing id".to_string()) });
[INFO] [stderr]   |                               +
[INFO] [stderr] ┈┈┈┈┈┈┈┈┈┈┈┈┈┈┈┈┈┈┈┈┈┈┈┈┈┈┈┈┈┈┈┈┈┈┈┈┈┈┈┈┈┈┈┈┈┈┈┈┈┈┈┈┈┈┈┈┈┈┈┈
[INFO] [stderr] note: If the actual output is the correct output you can bless it by rerunning
[INFO] [stderr]       your test with the environment variable TRYBUILD=overwrite
[INFO] [stderr] 
[INFO] [stderr] 
[INFO] [stderr] 
[INFO] [stderr] error: test failed, to rerun pass `-p servant-server --test compile_fail`
[INFO] [stdout] test public_api_misuse_fails_to_compile ... FAILED
[INFO] [stdout] 
[INFO] [stdout] failures:
[INFO] [stdout] 
[INFO] [stdout] ---- public_api_misuse_fails_to_compile stdout ----
[INFO] [stdout] 
[INFO] [stdout] thread 'public_api_misuse_fails_to_compile' (4266) panicked at /opt/rustwide/cargo-home/registry/src/index.crates.io-1949cf8c6b5b557f/trybuild-1.0.115/src/run.rs:102:13:
[INFO] [stdout] 4 of 8 tests failed
[INFO] [stdout] stack backtrace:
[INFO] [stdout]    0:     0x58865e8c5f41 - <<std[617be2ca0a6fd877]::sys::backtrace::BacktraceLock>::print::DisplayBacktrace as core[a373ad73a504971]::fmt::Display>::fmt
[INFO] [stdout]    1:     0x58865e8dc22a - core[a373ad73a504971]::fmt::write
[INFO] [stdout]    2:     0x58865e8ca78c - <alloc[2e1b2a31b91974c5]::vec::Vec<u8> as core[a373ad73a504971]::io::write::Write>::write_fmt
[INFO] [stdout]    3:     0x58865e89f3a6 - std[617be2ca0a6fd877]::panicking::default_hook::{closure#0}
[INFO] [stdout]    4:     0x58865e8bd4e9 - std[617be2ca0a6fd877]::panicking::default_hook
[INFO] [stdout]    5:     0x58865e856af0 - test[aada8e7e76ba119b]::test_main_inner::{closure#0}
[INFO] [stdout]    6:     0x58865e8bd6a2 - std[617be2ca0a6fd877]::panicking::panic_with_hook
[INFO] [stdout]    7:     0x58865e89f452 - std[617be2ca0a6fd877]::panicking::panic_handler::{closure#0}
[INFO] [stdout]    8:     0x58865e897ca9 - std[617be2ca0a6fd877]::sys::backtrace::__rust_end_short_backtrace::<std[617be2ca0a6fd877]::panicking::panic_handler::{closure#0}, !>
[INFO] [stdout]    9:     0x58865e8a005d - __rustc[ea4f61d10b84890b]::rust_begin_unwind
[INFO] [stdout]   10:     0x58865e8dc99c - core[a373ad73a504971]::panicking::panic_fmt
[INFO] [stdout]   11:     0x58865e7a852b - <trybuild[f6eabbbf8474e484]::Runner>::run
[INFO] [stdout]   12:     0x58865e7ab640 - <trybuild[f6eabbbf8474e484]::TestCases as core[a373ad73a504971]::ops::drop::Drop>::drop
[INFO] [stdout]   13:     0x58865e79faf7 - <compile_fail[4f44c9af6dcac558]::public_api_misuse_fails_to_compile::{closure#0} as core[a373ad73a504971]::ops::function::FnOnce<()>>::call_once
[INFO] [stdout]   14:     0x58865e849f3b - test[aada8e7e76ba119b]::__rust_begin_short_backtrace::<core[a373ad73a504971]::result::Result<(), alloc[2e1b2a31b91974c5]::string::String>, fn() -> core[a373ad73a504971]::result::Result<(), alloc[2e1b2a31b91974c5]::string::String>>
[INFO] [stdout]   15:     0x58865e857115 - test[aada8e7e76ba119b]::run_test::{closure#0}
[INFO] [stdout]   16:     0x58865e850a04 - std[617be2ca0a6fd877]::sys::backtrace::__rust_begin_short_backtrace::<test[aada8e7e76ba119b]::run_test::{closure#1}, ()>
[INFO] [stdout]   17:     0x58865e85a1a2 - <std[617be2ca0a6fd877]::thread::lifecycle::spawn_unchecked<test[aada8e7e76ba119b]::run_test::{closure#1}, ()>::{closure#1} as core[a373ad73a504971]::ops::function::FnOnce<()>>::call_once::{shim:vtable#0}
[INFO] [stdout]   18:     0x58865e8c519f - <std[617be2ca0a6fd877]::sys::thread::unix::Thread>::new::thread_start
[INFO] [stdout]   19:     0x7281f367adfa - <unknown>
[INFO] [stdout]   20:     0x7281f370e3d4 - clone
[INFO] [stdout]   21:                0x0 - <unknown>
[INFO] [stdout] 
[INFO] [stdout] 
[INFO] [stdout] failures:
[INFO] [stdout]     public_api_misuse_fails_to_compile
[INFO] [stdout] 
[INFO] [stdout] test result: FAILED. 0 passed; 1 failed; 0 ignored; 0 measured; 0 filtered out; finished in 41.93s
[INFO] [stdout] 
[INFO] running `Command { std: "docker" "inspect" "7256e38dce78d18c5f67ad8ce00961957578d15324687293d9c2224e3eb9ba23", kill_on_drop: false }`
[INFO] running `Command { std: "docker" "rm" "-f" "7256e38dce78d18c5f67ad8ce00961957578d15324687293d9c2224e3eb9ba23", kill_on_drop: false }`
[INFO] [stdout] 7256e38dce78d18c5f67ad8ce00961957578d15324687293d9c2224e3eb9ba23
