[INFO] cloning repository https://github.com/coffee-cup/favocon
[INFO] running `Command { std: "git" "-c" "credential.helper=" "-c" "credential.helper=/workspace/cargo-home/bin/git-credential-null" "clone" "--bare" "https://github.com/coffee-cup/favocon" "/workspace/cache/git-repos/https%3A%2F%2Fgithub.com%2Fcoffee-cup%2Ffavocon", kill_on_drop: false }`
[INFO] [stderr] Cloning into bare repository '/workspace/cache/git-repos/https%3A%2F%2Fgithub.com%2Fcoffee-cup%2Ffavocon'...
[INFO] running `Command { std: "git" "rev-parse" "HEAD", kill_on_drop: false }`
[INFO] [stdout] 4b908898e542faa4c7ef7cf0abd6d66048a9cb7e
[INFO] testing coffee-cup/favocon against 1.100.0-beta.1+cargoflags=--release for beta-release-1.100-3
[INFO] running `Command { std: "git" "clone" "/workspace/cache/git-repos/https%3A%2F%2Fgithub.com%2Fcoffee-cup%2Ffavocon" "/workspace/builds/worker-6-tc2/source", kill_on_drop: false }`
[INFO] [stderr] Cloning into '/workspace/builds/worker-6-tc2/source'...
[INFO] [stderr] done.
[INFO] started tweaking git repo https://github.com/coffee-cup/favocon
[INFO] finished tweaking git repo https://github.com/coffee-cup/favocon
[INFO] tweaked toml for git repo https://github.com/coffee-cup/favocon written to /workspace/builds/worker-6-tc2/source/Cargo.toml
[INFO] validating manifest of git repo https://github.com/coffee-cup/favocon on toolchain 1.100.0-beta.1
[INFO] running `Command { std: CARGO_HOME="/workspace/cargo-home" RUSTUP_HOME="/workspace/rustup-home" "/workspace/cargo-home/bin/cargo" "+1.100.0-beta.1" "metadata" "--manifest-path" "Cargo.toml" "--no-deps", kill_on_drop: false }`
[INFO] crate git repo https://github.com/coffee-cup/favocon already has a lockfile, it will not be regenerated
[INFO] running `Command { std: CARGO_HOME="/workspace/cargo-home" RUSTUP_HOME="/workspace/rustup-home" "/workspace/cargo-home/bin/cargo" "+1.100.0-beta.1" "fetch" "--manifest-path" "Cargo.toml", kill_on_drop: false }`
[INFO] [stderr] warning: `package.homepage` is redundant with `package.repository`
[INFO] [stderr]   --> Cargo.toml:19:12
[INFO] [stderr]    |
[INFO] [stderr] 19 | homepage = "https://github.com/coffee-cup/favocon"
[INFO] [stderr]    |            ^^^^^^^^^^^^^^^^^^^^^^^^^^^^^^^^^^^^^^^
[INFO] [stderr] ...
[INFO] [stderr] 24 | repository = "https://github.com/coffee-cup/favocon"
[INFO] [stderr]    |              ---------------------------------------
[INFO] [stderr]    |
[INFO] [stderr]    = note: `cargo::redundant_homepage` is set to `warn` by default
[INFO] [stderr] help: consider removing `package.homepage`
[INFO] [stderr] warning: `favocon` (manifest) generated 1 warning
[INFO] running `Command { std: "docker" "create" "-v" "/var/lib/crater-agent-workspace/builds/worker-6-tc2/source:/opt/rustwide/workdir:ro,Z" "-v" "/var/lib/crater-agent-workspace/builds/worker-6-tc2/target:/opt/rustwide/target:rw,Z" "-v" "/var/lib/crater-agent-workspace/cargo-home:/opt/rustwide/cargo-home:ro,Z" "-v" "/var/lib/crater-agent-workspace/rustup-home:/opt/rustwide/rustup-home:ro,Z" "-m" "1610612736" "--network" "none" "ghcr.io/rust-lang/crates-build-env/linux@sha256:77db811e55d90add9212f6832c23229e3de5f1c1f9905e8cb07319ea15df73ac" "sleep" "infinity", kill_on_drop: false }`
[INFO] [stdout] 03b1c45ddf5032d636c2b9e5de4f8cc486b706c334570ee3a663b6e9a1334a28
[INFO] running `Command { std: "docker" "start" "03b1c45ddf5032d636c2b9e5de4f8cc486b706c334570ee3a663b6e9a1334a28", kill_on_drop: false }`
[INFO] running `Command { std: "docker" "inspect" "03b1c45ddf5032d636c2b9e5de4f8cc486b706c334570ee3a663b6e9a1334a28", kill_on_drop: false }`
[INFO] running `Command { std: "docker" "exec" "-e" "SOURCE_DIR=/opt/rustwide/workdir" "-e" "CARGO_HOME=/opt/rustwide/cargo-home" "-e" "RUSTUP_HOME=/opt/rustwide/rustup-home" "-e" "CARGO_TARGET_DIR=/opt/rustwide/target" "-w" "/opt/rustwide/workdir" "--user" "0:0" "03b1c45ddf5032d636c2b9e5de4f8cc486b706c334570ee3a663b6e9a1334a28" "/opt/rustwide/cargo-home/bin/cargo" "+1.100.0-beta.1" "metadata" "--no-deps" "--format-version=1", kill_on_drop: false }`
[INFO] running `Command { std: "docker" "inspect" "03b1c45ddf5032d636c2b9e5de4f8cc486b706c334570ee3a663b6e9a1334a28", kill_on_drop: false }`
[INFO] running `Command { std: "docker" "exec" "-e" "SOURCE_DIR=/opt/rustwide/workdir" "-e" "CARGO_HOME=/opt/rustwide/cargo-home" "-e" "RUSTUP_HOME=/opt/rustwide/rustup-home" "-e" "CARGO_TARGET_DIR=/opt/rustwide/target" "-e" "CARGO_INCREMENTAL=0" "-e" "RUST_BACKTRACE=full" "-e" "RUSTFLAGS=--cap-lints=warn" "-e" "RUSTDOCFLAGS=--cap-lints=warn" "-w" "/opt/rustwide/workdir" "--user" "0:0" "03b1c45ddf5032d636c2b9e5de4f8cc486b706c334570ee3a663b6e9a1334a28" "/opt/rustwide/cargo-home/bin/cargo" "+1.100.0-beta.1" "build" "--frozen" "--message-format=json" "--release", kill_on_drop: false }`
[INFO] [stderr] warning: `package.homepage` is redundant with `package.repository`
[INFO] [stderr]   --> Cargo.toml:19:12
[INFO] [stderr]    |
[INFO] [stderr] 19 | homepage = "https://github.com/coffee-cup/favocon"
[INFO] [stderr]    |            ^^^^^^^^^^^^^^^^^^^^^^^^^^^^^^^^^^^^^^^
[INFO] [stderr] ...
[INFO] [stderr] 24 | repository = "https://github.com/coffee-cup/favocon"
[INFO] [stderr]    |              ---------------------------------------
[INFO] [stderr]    |
[INFO] [stderr]    = note: `cargo::redundant_homepage` is set to `warn` by default
[INFO] [stderr] help: consider removing `package.homepage`
[INFO] [stderr] warning: `favocon` (manifest) generated 1 warning
[INFO] [stderr]    Compiling libc v0.2.55
[INFO] [stderr]    Compiling autocfg v0.1.2
[INFO] [stderr]    Compiling rand_core v0.4.0
[INFO] [stderr]    Compiling lazy_static v1.3.0
[INFO] [stderr]    Compiling cfg-if v0.1.9
[INFO] [stderr]    Compiling num-traits v0.2.6
[INFO] [stderr]    Compiling semver-parser v0.7.0
[INFO] [stderr]    Compiling byteorder v1.3.1
[INFO] [stderr]    Compiling arrayvec v0.4.10
[INFO] [stderr]    Compiling num-integer v0.1.39
[INFO] [stderr]    Compiling adler32 v1.0.3
[INFO] [stderr]    Compiling proc-macro2 v0.4.30
[INFO] [stderr]    Compiling nodrop v0.1.13
[INFO] [stderr]    Compiling num-iter v0.1.37
[INFO] [stderr]    Compiling winapi-build v0.1.1
[INFO] [stderr]    Compiling rayon-core v1.4.1
[INFO] [stderr]    Compiling crossbeam-utils v0.2.2
[INFO] [stderr]    Compiling scopeguard v0.3.3
[INFO] [stderr]    Compiling unicode-xid v0.1.0
[INFO] [stderr]    Compiling memoffset v0.2.1
[INFO] [stderr]    Compiling syn v0.15.34
[INFO] [stderr]    Compiling bitflags v1.0.4
[INFO] [stderr]    Compiling kernel32-sys v0.2.2
[INFO] [stderr]    Compiling memchr v2.2.0
[INFO] [stderr]    Compiling semver v0.9.0
[INFO] [stderr]    Compiling num-derive v0.2.5
[INFO] [stderr]    Compiling rand_core v0.3.1
[INFO] [stderr]    Compiling rustc_version v0.2.3
[INFO] [stderr]    Compiling rand_pcg v0.1.2
[INFO] [stderr]    Compiling rand_chacha v0.1.1
[INFO] [stderr]    Compiling rand v0.6.5
[INFO] [stderr]    Compiling rand_isaac v0.1.1
[INFO] [stderr]    Compiling rand_xorshift v0.1.1
[INFO] [stderr]    Compiling rand_hc v0.1.0
[INFO] [stderr]    Compiling rand_jitter v0.1.4
[INFO] [stderr]    Compiling winapi v0.2.8
[INFO] [stderr]    Compiling rayon v1.0.3
[INFO] [stderr]    Compiling unicode-xid v0.0.4
[INFO] [stderr]    Compiling parking_lot_core v0.5.0
[INFO] [stderr]    Compiling synom v0.11.3
[INFO] [stderr]    Compiling parking_lot v0.8.0
[INFO] [stderr]    Compiling unicode-width v0.1.5
[INFO] [stderr]    Compiling ucd-util v0.1.3
[INFO] [stderr]    Compiling quote v0.3.15
[INFO] [stderr]    Compiling scopeguard v1.0.0
[INFO] [stderr]    Compiling regex v1.1.6
[INFO] [stderr]    Compiling either v1.5.2
[INFO] [stderr]    Compiling smallvec v0.6.9
[INFO] [stderr]    Compiling num-rational v0.2.1
[INFO] [stderr]    Compiling lzw v0.10.0
[INFO] [stderr]    Compiling deflate v0.7.19
[INFO] [stderr]    Compiling num_cpus v1.10.0
[INFO] [stderr]    Compiling rand_os v0.1.3
[INFO] [stderr]    Compiling atty v0.2.11
[INFO] [stderr]    Compiling lock_api v0.2.0
[INFO] [stderr]    Compiling aho-corasick v0.7.3
[INFO] [stderr]    Compiling crossbeam-epoch v0.3.1
[INFO] [stderr]    Compiling regex-syntax v0.6.6
[INFO] [stderr]    Compiling syn v0.11.11
[INFO] [stderr]    Compiling term v0.2.14
[INFO] [stderr]    Compiling thread_local v0.3.6
[INFO] [stderr]    Compiling quote v0.6.12
[INFO] [stderr]    Compiling inflate v0.3.4
[INFO] [stderr]    Compiling crossbeam-deque v0.2.0
[INFO] [stderr]    Compiling inflate v0.4.5
[INFO] [stderr]    Compiling utf8-ranges v1.0.2
[INFO] [stderr]    Compiling color_quant v1.0.1
[INFO] [stderr]    Compiling ansi_term v0.7.5
[INFO] [stderr]    Compiling rand v0.4.6
[INFO] [stderr]    Compiling gif v0.10.1
[INFO] [stderr]    Compiling spinner v0.4.0
[INFO] [stderr]    Compiling clicolors-control v1.0.0
[INFO] [stderr]    Compiling termios v0.3.1
[INFO] [stderr]    Compiling textwrap v0.11.0
[INFO] [stderr]    Compiling strum v0.8.0
[INFO] [stderr]    Compiling png v0.11.0
[INFO] [stderr]    Compiling png v0.14.1
[INFO] [stderr]    Compiling scoped_threadpool v0.1.9
[INFO] [stderr]    Compiling remove_dir_all v0.5.1
[INFO] [stderr]    Compiling clap v2.33.0
[INFO] [stderr]    Compiling strum_macros v0.8.0
[INFO] [stderr]    Compiling ico v0.1.0
[INFO] [stderr]    Compiling tempdir v0.3.7
[INFO] [stderr]    Compiling spinners v1.0.0
[INFO] [stderr]    Compiling jpeg-decoder v0.1.15
[INFO] [stderr]    Compiling tiff v0.2.2
[INFO] [stderr]    Compiling console v0.7.5
[INFO] [stderr]    Compiling image v0.21.1
[INFO] [stderr]    Compiling favocon v1.1.0 (/opt/rustwide/workdir)
[INFO] [stderr]     Finished `release` profile [optimized] target(s) in 51.64s
[INFO] [stderr] warning: the following packages contain code that will be rejected by a future version of Rust: syn v0.11.11
[INFO] [stderr] note: to see what the problems were, use the option `--future-incompat-report`, or run `cargo report future-incompatibilities --id 3`
[INFO] running `Command { std: "docker" "inspect" "03b1c45ddf5032d636c2b9e5de4f8cc486b706c334570ee3a663b6e9a1334a28", kill_on_drop: false }`
[INFO] running `Command { std: "docker" "exec" "-e" "SOURCE_DIR=/opt/rustwide/workdir" "-e" "CARGO_HOME=/opt/rustwide/cargo-home" "-e" "RUSTUP_HOME=/opt/rustwide/rustup-home" "-e" "CARGO_TARGET_DIR=/opt/rustwide/target" "-e" "CARGO_INCREMENTAL=0" "-e" "RUST_BACKTRACE=full" "-e" "RUSTFLAGS=--cap-lints=warn" "-e" "RUSTDOCFLAGS=--cap-lints=warn" "-w" "/opt/rustwide/workdir" "--user" "0:0" "03b1c45ddf5032d636c2b9e5de4f8cc486b706c334570ee3a663b6e9a1334a28" "/opt/rustwide/cargo-home/bin/cargo" "+1.100.0-beta.1" "test" "--frozen" "--no-run" "--message-format=json" "--release", kill_on_drop: false }`
[INFO] [stderr] warning: `package.homepage` is redundant with `package.repository`
[INFO] [stderr]   --> Cargo.toml:19:12
[INFO] [stderr]    |
[INFO] [stderr] 19 | homepage = "https://github.com/coffee-cup/favocon"
[INFO] [stderr]    |            ^^^^^^^^^^^^^^^^^^^^^^^^^^^^^^^^^^^^^^^
[INFO] [stderr] ...
[INFO] [stderr] 24 | repository = "https://github.com/coffee-cup/favocon"
[INFO] [stderr]    |              ---------------------------------------
[INFO] [stderr]    |
[INFO] [stderr]    = note: `cargo::redundant_homepage` is set to `warn` by default
[INFO] [stderr] help: consider removing `package.homepage`
[INFO] [stderr] warning: `favocon` (manifest) generated 1 warning
[INFO] [stderr]    Compiling serde v1.0.91
[INFO] [stderr]    Compiling serde_derive v1.0.91
[INFO] [stderr]    Compiling itoa v0.4.4
[INFO] [stderr]    Compiling float-cmp v0.4.0
[INFO] [stderr]    Compiling log v0.4.6
[INFO] [stderr]    Compiling predicates v1.0.1
[INFO] [stderr]    Compiling serde_json v1.0.41
[INFO] [stderr]    Compiling escargot v0.4.0
[INFO] [stderr]    Compiling assert_cmd v0.11.1
[INFO] [stderr]    Compiling favocon v1.1.0 (/opt/rustwide/workdir)
[INFO] [stderr]     Finished `release` profile [optimized] target(s) in 14.66s
[INFO] [stderr] warning: the following packages contain code that will be rejected by a future version of Rust: escargot v0.4.0, syn v0.11.11
[INFO] [stderr] note: to see what the problems were, use the option `--future-incompat-report`, or run `cargo report future-incompatibilities --id 4`
[INFO] running `Command { std: "docker" "inspect" "03b1c45ddf5032d636c2b9e5de4f8cc486b706c334570ee3a663b6e9a1334a28", kill_on_drop: false }`
[INFO] running `Command { std: "docker" "exec" "-e" "SOURCE_DIR=/opt/rustwide/workdir" "-e" "CARGO_HOME=/opt/rustwide/cargo-home" "-e" "RUSTUP_HOME=/opt/rustwide/rustup-home" "-e" "CARGO_TARGET_DIR=/opt/rustwide/target" "-e" "CARGO_INCREMENTAL=0" "-e" "RUST_BACKTRACE=full" "-e" "RUSTFLAGS=--cap-lints=warn" "-e" "RUSTDOCFLAGS=--cap-lints=warn" "-w" "/opt/rustwide/workdir" "--user" "0:0" "03b1c45ddf5032d636c2b9e5de4f8cc486b706c334570ee3a663b6e9a1334a28" "/opt/rustwide/cargo-home/bin/cargo" "+1.100.0-beta.1" "test" "--frozen" "--release", kill_on_drop: false }`
[INFO] [stderr] warning: `package.homepage` is redundant with `package.repository`
[INFO] [stderr]   --> Cargo.toml:19:12
[INFO] [stderr]    |
[INFO] [stderr] 19 | homepage = "https://github.com/coffee-cup/favocon"
[INFO] [stderr]    |            ^^^^^^^^^^^^^^^^^^^^^^^^^^^^^^^^^^^^^^^
[INFO] [stderr] ...
[INFO] [stderr] 24 | repository = "https://github.com/coffee-cup/favocon"
[INFO] [stderr]    |              ---------------------------------------
[INFO] [stderr]    |
[INFO] [stderr]    = note: `cargo::redundant_homepage` is set to `warn` by default
[INFO] [stderr] help: consider removing `package.homepage`
[INFO] [stderr] warning: `favocon` (manifest) generated 1 warning
[INFO] [stderr]     Finished `release` profile [optimized] target(s) in 0.12s
[INFO] [stderr] warning: the following packages contain code that will be rejected by a future version of Rust: escargot v0.4.0, syn v0.11.11
[INFO] [stderr] note: to see what the problems were, use the option `--future-incompat-report`, or run `cargo report future-incompatibilities --id 4`
[INFO] [stderr]      Running unittests src/main.rs (/opt/rustwide/target/release/build/favocon/16f3e07665e8baeb/out/favocon-16f3e07665e8baeb)
[INFO] [stderr]      Running tests/cli.rs (/opt/rustwide/target/release/build/favocon/24accd5767548c3b/out/cli-24accd5767548c3b)
[INFO] [stdout] 
[INFO] [stdout] running 0 tests
[INFO] [stdout] 
[INFO] [stdout] test result: ok. 0 passed; 0 failed; 0 ignored; 0 measured; 0 filtered out; finished in 0.00s
[INFO] [stdout] 
[INFO] [stdout] 
[INFO] [stdout] running 4 tests
[INFO] [stdout] test icon_created_from_jpg ... FAILED
[INFO] [stdout] test icon_doesnt_exist ... FAILED
[INFO] [stdout] test icon_created_from_png ... FAILED
[INFO] [stdout] test invalid_size_icon ... FAILED
[INFO] [stdout] 
[INFO] [stdout] failures:
[INFO] [stdout] 
[INFO] [stdout] ---- icon_created_from_jpg stdout ----
[INFO] [stdout] Error: CargoError { cause: Some(NotFoundError { path: "/opt/rustwide/target/release/build/favocon/24accd5767548c3b/out/favocon" }) }
[INFO] [stdout] 
[INFO] [stdout] ---- icon_doesnt_exist stdout ----
[INFO] [stdout] Error: CargoError { cause: Some(NotFoundError { path: "/opt/rustwide/target/release/build/favocon/24accd5767548c3b/out/favocon" }) }
[INFO] [stdout] 
[INFO] [stdout] ---- icon_created_from_png stdout ----
[INFO] [stdout] Error: CargoError { cause: Some(NotFoundError { path: "/opt/rustwide/target/release/build/favocon/24accd5767548c3b/out/favocon" }) }
[INFO] [stdout] 
[INFO] [stdout] ---- invalid_size_icon stdout ----
[INFO] [stdout] Error: CargoError { cause: Some(NotFoundError { path: "/opt/rustwide/target/release/build/favocon/24accd5767548c3b/out/favocon" }) }
[INFO] [stdout] 
[INFO] [stdout] 
[INFO] [stdout] failures:
[INFO] [stdout]     icon_created_from_jpg
[INFO] [stdout]     icon_created_from_png
[INFO] [stdout]     icon_doesnt_exist
[INFO] [stdout]     invalid_size_icon
[INFO] [stdout] 
[INFO] [stdout] test result: FAILED. 0 passed; 4 failed; 0 ignored; 0 measured; 0 filtered out; finished in 0.00s
[INFO] [stdout] 
[INFO] [stderr] error: test failed, to rerun pass `--test cli`
[INFO] running `Command { std: "docker" "inspect" "03b1c45ddf5032d636c2b9e5de4f8cc486b706c334570ee3a663b6e9a1334a28", kill_on_drop: false }`
[INFO] running `Command { std: "docker" "rm" "-f" "03b1c45ddf5032d636c2b9e5de4f8cc486b706c334570ee3a663b6e9a1334a28", kill_on_drop: false }`
[INFO] [stdout] 03b1c45ddf5032d636c2b9e5de4f8cc486b706c334570ee3a663b6e9a1334a28
