[INFO] cloning repository https://github.com/cntryl/midge-destroyer
[INFO] running `Command { std: "git" "-c" "credential.helper=" "-c" "credential.helper=/workspace/cargo-home/bin/git-credential-null" "clone" "--bare" "https://github.com/cntryl/midge-destroyer" "/workspace/cache/git-repos/https%3A%2F%2Fgithub.com%2Fcntryl%2Fmidge-destroyer", kill_on_drop: false }`
[INFO] [stderr] Cloning into bare repository '/workspace/cache/git-repos/https%3A%2F%2Fgithub.com%2Fcntryl%2Fmidge-destroyer'...
[INFO] running `Command { std: "git" "rev-parse" "HEAD", kill_on_drop: false }`
[INFO] [stdout] d4a567009f24e52289fba92484078b91b6a50a4f
[INFO] testing cntryl/midge-destroyer against 1.100.0-beta.1+cargoflags=--release for beta-release-1.100-3
[INFO] running `Command { std: "git" "clone" "/workspace/cache/git-repos/https%3A%2F%2Fgithub.com%2Fcntryl%2Fmidge-destroyer" "/workspace/builds/worker-4-tc2/source", kill_on_drop: false }`
[INFO] [stderr] Cloning into '/workspace/builds/worker-4-tc2/source'...
[INFO] [stderr] done.
[INFO] started tweaking git repo https://github.com/cntryl/midge-destroyer
[INFO] finished tweaking git repo https://github.com/cntryl/midge-destroyer
[INFO] tweaked toml for git repo https://github.com/cntryl/midge-destroyer written to /workspace/builds/worker-4-tc2/source/Cargo.toml
[INFO] validating manifest of git repo https://github.com/cntryl/midge-destroyer on toolchain 1.100.0-beta.1
[INFO] running `Command { std: CARGO_HOME="/workspace/cargo-home" RUSTUP_HOME="/workspace/rustup-home" "/workspace/cargo-home/bin/cargo" "+1.100.0-beta.1" "metadata" "--manifest-path" "Cargo.toml" "--no-deps", kill_on_drop: false }`
[INFO] crate git repo https://github.com/cntryl/midge-destroyer already has a lockfile, it will not be regenerated
[INFO] running `Command { std: CARGO_HOME="/workspace/cargo-home" RUSTUP_HOME="/workspace/rustup-home" "/workspace/cargo-home/bin/cargo" "+1.100.0-beta.1" "fetch" "--manifest-path" "Cargo.toml", kill_on_drop: false }`
[INFO] running `Command { std: "docker" "create" "-v" "/var/lib/crater-agent-workspace/builds/worker-4-tc2/source:/opt/rustwide/workdir:ro,Z" "-v" "/var/lib/crater-agent-workspace/builds/worker-4-tc2/target:/opt/rustwide/target:rw,Z" "-v" "/var/lib/crater-agent-workspace/cargo-home:/opt/rustwide/cargo-home:ro,Z" "-v" "/var/lib/crater-agent-workspace/rustup-home:/opt/rustwide/rustup-home:ro,Z" "-m" "1610612736" "--network" "none" "ghcr.io/rust-lang/crates-build-env/linux@sha256:77db811e55d90add9212f6832c23229e3de5f1c1f9905e8cb07319ea15df73ac" "sleep" "infinity", kill_on_drop: false }`
[INFO] [stdout] 9eb886c8c9b88fe7b5f795dad551c4bbdf743d44b796ce04ef06ee6ceca1a639
[INFO] running `Command { std: "docker" "start" "9eb886c8c9b88fe7b5f795dad551c4bbdf743d44b796ce04ef06ee6ceca1a639", kill_on_drop: false }`
[INFO] running `Command { std: "docker" "inspect" "9eb886c8c9b88fe7b5f795dad551c4bbdf743d44b796ce04ef06ee6ceca1a639", kill_on_drop: false }`
[INFO] running `Command { std: "docker" "exec" "-e" "SOURCE_DIR=/opt/rustwide/workdir" "-e" "CARGO_HOME=/opt/rustwide/cargo-home" "-e" "RUSTUP_HOME=/opt/rustwide/rustup-home" "-e" "CARGO_TARGET_DIR=/opt/rustwide/target" "-w" "/opt/rustwide/workdir" "--user" "0:0" "9eb886c8c9b88fe7b5f795dad551c4bbdf743d44b796ce04ef06ee6ceca1a639" "/opt/rustwide/cargo-home/bin/cargo" "+1.100.0-beta.1" "metadata" "--no-deps" "--format-version=1", kill_on_drop: false }`
[INFO] running `Command { std: "docker" "inspect" "9eb886c8c9b88fe7b5f795dad551c4bbdf743d44b796ce04ef06ee6ceca1a639", kill_on_drop: false }`
[INFO] running `Command { std: "docker" "exec" "-e" "SOURCE_DIR=/opt/rustwide/workdir" "-e" "CARGO_HOME=/opt/rustwide/cargo-home" "-e" "RUSTUP_HOME=/opt/rustwide/rustup-home" "-e" "CARGO_TARGET_DIR=/opt/rustwide/target" "-e" "CARGO_INCREMENTAL=0" "-e" "RUST_BACKTRACE=full" "-e" "RUSTFLAGS=--cap-lints=warn" "-e" "RUSTDOCFLAGS=--cap-lints=warn" "-w" "/opt/rustwide/workdir" "--user" "0:0" "9eb886c8c9b88fe7b5f795dad551c4bbdf743d44b796ce04ef06ee6ceca1a639" "/opt/rustwide/cargo-home/bin/cargo" "+1.100.0-beta.1" "build" "--frozen" "--message-format=json" "--release", kill_on_drop: false }`
[INFO] [stderr]    Compiling proc-macro2 v1.0.107
[INFO] [stderr]    Compiling unicode-ident v1.0.26
[INFO] [stderr]    Compiling quote v1.0.47
[INFO] [stderr]    Compiling libc v0.2.189
[INFO] [stderr]    Compiling find-msvc-tools v0.1.14
[INFO] [stderr]    Compiling shlex v2.0.1
[INFO] [stderr]    Compiling cfg-if v1.0.5
[INFO] [stderr]    Compiling pkg-config v0.3.34
[INFO] [stderr]    Compiling serde_core v1.0.229
[INFO] [stderr]    Compiling serde v1.0.229
[INFO] [stderr]    Compiling smallvec v1.16.2
[INFO] [stderr]    Compiling fs_extra v1.3.0
[INFO] [stderr]    Compiling memchr v2.8.3
[INFO] [stderr]    Compiling futures-core v0.3.34
[INFO] [stderr]    Compiling crossbeam-utils v0.8.23
[INFO] [stderr]    Compiling litemap v0.8.3
[INFO] [stderr]    Compiling writeable v0.6.4
[INFO] [stderr]    Compiling aws-lc-rs v1.18.1
[INFO] [stderr]    Compiling zeroize v1.9.0
[INFO] [stderr]    Compiling icu_properties_data v2.3.0
[INFO] [stderr]    Compiling icu_normalizer_data v2.3.0
[INFO] [stderr]    Compiling futures-sink v0.3.34
[INFO] [stderr]    Compiling typenum v1.20.1
[INFO] [stderr]    Compiling rustls-pki-types v1.15.1
[INFO] [stderr]    Compiling tracing-core v0.1.36
[INFO] [stderr]    Compiling futures-task v0.3.34
[INFO] [stderr]    Compiling slab v0.4.12
[INFO] [stderr]    Compiling rustls v0.23.45
[INFO] [stderr]    Compiling futures-io v0.3.34
[INFO] [stderr]    Compiling getrandom v0.4.3
[INFO] [stderr]    Compiling cmov v0.5.4
[INFO] [stderr]    Compiling autocfg v1.5.1
[INFO] [stderr]    Compiling rand_core v0.10.1
[INFO] [stderr]    Compiling futures-channel v0.3.34
[INFO] [stderr]    Compiling bitflags v2.13.2
[INFO] [stderr]    Compiling log v0.4.34
[INFO] [stderr]    Compiling const-oid v0.10.2
[INFO] [stderr]    Compiling zmij v1.0.23
[INFO] [stderr]    Compiling ctutils v0.4.2
[INFO] [stderr]    Compiling semver v1.0.28
[INFO] [stderr]    Compiling crossbeam-epoch v0.9.21
[INFO] [stderr]    Compiling futures-util v0.3.34
[INFO] [stderr]    Compiling num-traits v0.2.19
[INFO] [stderr]    Compiling cpufeatures v0.3.1
[INFO] [stderr]    Compiling crc32fast v1.5.2
[INFO] [stderr]    Compiling syn v3.0.6
[INFO] [stderr]    Compiling syn v2.0.119
[INFO] [stderr]    Compiling rustc_version v0.4.1
[INFO] [stderr]    Compiling form_urlencoded v1.2.2
[INFO] [stderr]    Compiling sync_wrapper v1.0.2
[INFO] [stderr]    Compiling ipnet v2.12.2
[INFO] [stderr]    Compiling rustversion v1.0.23
[INFO] [stderr]    Compiling rustix v1.1.5
[INFO] [stderr]    Compiling crossbeam-deque v0.8.8
[INFO] [stderr]    Compiling zstd-safe v8.0.0
[INFO] [stderr]    Compiling base64 v0.23.1
[INFO] [stderr]    Compiling serde_json v1.0.151
[INFO] [stderr]    Compiling regex-syntax v0.8.11
[INFO] [stderr]    Compiling adler2 v2.0.1
[INFO] [stderr]    Compiling simd-adler32 v0.3.10
[INFO] [stderr]    Compiling anstyle-parse v1.0.0
[INFO] [stderr]    Compiling rustls-native-certs v0.8.4
[INFO] [stderr]    Compiling crc32c v0.6.8
[INFO] [stderr]    Compiling miniz_oxide v0.9.1
[INFO] [stderr]    Compiling mio v1.2.3
[INFO] [stderr]    Compiling socket2 v0.6.5
[INFO] [stderr]    Compiling jobserver v0.1.35
[INFO] [stderr]    Compiling hybrid-array v0.4.15
[INFO] [stderr]    Compiling parking_lot_core v0.9.12
[INFO] [stderr]    Compiling cc v1.5.1
[INFO] [stderr]    Compiling crossbeam-channel v0.5.17
[INFO] [stderr]    Compiling colorchoice v1.0.5
[INFO] [stderr]    Compiling linux-raw-sys v0.12.1
[INFO] [stderr]    Compiling thiserror v2.0.21
[INFO] [stderr]    Compiling anstyle v1.0.14
[INFO] [stderr]    Compiling anstyle-query v1.1.5
[INFO] [stderr]    Compiling lazy_static v1.5.1
[INFO] [stderr]    Compiling is_terminal_polyfill v1.70.2
[INFO] [stderr]    Compiling sharded-slab v0.1.7
[INFO] [stderr]    Compiling anstream v1.0.0
[INFO] [stderr]    Compiling crypto-common v0.2.2
[INFO] [stderr]    Compiling block-buffer v0.12.1
[INFO] [stderr]    Compiling flate2 v1.1.10
[INFO] [stderr]    Compiling getrandom v0.2.17
[INFO] [stderr]    Compiling chacha20 v0.10.2
[INFO] [stderr]    Compiling tracing-log v0.2.0
[INFO] [stderr]    Compiling nom v8.0.0
[INFO] [stderr]    Compiling crossbeam-queue v0.3.14
[INFO] [stderr]    Compiling cmake v0.1.58
[INFO] [stderr]    Compiling thread_local v1.1.10
[INFO] [stderr]    Compiling iana-time-zone v0.1.65
[INFO] [stderr]    Compiling hashbrown v0.14.5
[INFO] [stderr]    Compiling twox-hash v2.1.4
[INFO] [stderr]    Compiling fastrand v2.5.0
[INFO] [stderr]    Compiling anyhow v1.0.104
[INFO] [stderr]    Compiling clap_lex v1.1.1
[INFO] [stderr]    Compiling lz4_flex v0.14.0
[INFO] [stderr]    Compiling arc-swap v1.9.2
[INFO] [stderr]    Compiling crossbeam v0.8.5
[INFO] [stderr]    Compiling clap_builder v4.6.7
[INFO] [stderr]    Compiling rand v0.10.3
[INFO] [stderr]    Compiling regex-automata v0.4.18
[INFO] [stderr]    Compiling dashmap v6.2.1
[INFO] [stderr]    Compiling aws-lc-sys v0.45.0
[INFO] [stderr]    Compiling zstd-sys v2.1.0+zstd.1.5.7
[INFO] [stderr]    Compiling digest v0.11.3
[INFO] [stderr]    Compiling ring v0.17.14
[INFO] [stderr]    Compiling sha1 v0.11.0
[INFO] [stderr]    Compiling sha2 v0.11.0
[INFO] [stderr]    Compiling hmac v0.13.0
[INFO] [stderr]    Compiling parking_lot v0.12.5
[INFO] [stderr]    Compiling tempfile v3.27.0
[INFO] [stderr]    Compiling uuid v1.26.1
[INFO] [stderr]    Compiling num_cpus v1.17.0
[INFO] [stderr]    Compiling synstructure v0.14.0
[INFO] [stderr]    Compiling hostname v0.4.2
[INFO] [stderr]    Compiling sysinfo v0.39.6
[INFO] [stderr]    Compiling urlencoding v2.1.3
[INFO] [stderr]    Compiling xxhash-rust v0.8.19
[INFO] [stderr]    Compiling matchers v0.2.0
[INFO] [stderr]    Compiling tracing-attributes v0.1.31
[INFO] [stderr]    Compiling thiserror-impl v1.0.69
[INFO] [stderr]    Compiling zerofrom-derive v0.1.8
[INFO] [stderr]    Compiling yoke-derive v0.8.4
[INFO] [stderr]    Compiling serde_derive v1.0.229
[INFO] [stderr]    Compiling zerovec-derive v0.11.6
[INFO] [stderr]    Compiling displaydoc v0.2.7
[INFO] [stderr]    Compiling tokio-macros v2.7.2
[INFO] [stderr]    Compiling thiserror-impl v2.0.21
[INFO] [stderr]    Compiling zerofrom v0.1.8
[INFO] [stderr]    Compiling yoke v0.8.3
[INFO] [stderr]    Compiling tracing v0.1.44
[INFO] [stderr]    Compiling hdrhistogram v7.6.0
[INFO] [stderr]    Compiling clap_derive v4.6.7
[INFO] [stderr]    Compiling thiserror v1.0.69
[INFO] [stderr]    Compiling zerovec v0.11.8
[INFO] [stderr]    Compiling zerotrie v0.2.5
[INFO] [stderr]    Compiling tracing-subscriber v0.3.23
[INFO] [stderr]    Compiling tinystr v0.8.4
[INFO] [stderr]    Compiling potential_utf v0.1.6
[INFO] [stderr]    Compiling icu_locale_core v2.3.0
[INFO] [stderr]    Compiling icu_collections v2.3.0
[INFO] [stderr]    Compiling clap v4.6.7
[INFO] [stderr]    Compiling bytes v1.12.1
[INFO] [stderr]    Compiling chrono v0.4.45
[INFO] [stderr]    Compiling icu_provider v2.3.1
[INFO] [stderr]    Compiling icu_normalizer v2.3.0
[INFO] [stderr]    Compiling http v1.5.0
[INFO] [stderr]    Compiling tokio v1.53.1
[INFO] [stderr]    Compiling icu_properties v2.3.0
[INFO] [stderr]    Compiling http-body v1.1.0
[INFO] [stderr]    Compiling http-body-util v0.1.5
[INFO] [stderr]    Compiling idna_adapter v1.2.2
[INFO] [stderr]    Compiling idna v1.1.0
[INFO] [stderr]    Compiling url v2.5.8
[INFO] [stderr]    Compiling hyper v1.11.1
[INFO] [stderr]    Compiling tower v0.5.3
[INFO] [stderr]    Compiling tower-http v0.6.11
[INFO] [stderr]    Compiling hyper-util v0.1.21
[INFO] [stderr]    Compiling zstd v0.14.0
[INFO] [stderr]    Compiling rustls-webpki v0.103.15
[INFO] [stderr]    Compiling tokio-rustls v0.26.6
[INFO] [stderr]    Compiling rustls-platform-verifier v0.7.1
[INFO] [stderr]    Compiling hyper-rustls v0.27.10
[INFO] [stderr]    Compiling reqwest v0.13.5
[INFO] [stderr]    Compiling cntryl-midge v0.3.1
[INFO] [stderr]    Compiling midge-destroyer v0.1.0 (/opt/rustwide/workdir)
[INFO] [stderr] warning: unused dependency `thiserror`
[INFO] [stderr]   --> Cargo.toml:13:1
[INFO] [stderr]    |
[INFO] [stderr] 13 | thiserror = "1.0"
[INFO] [stderr]    | ^^^^^^^^^^^^^^^^^
[INFO] [stderr]    |
[INFO] [stderr]    = note: `cargo::unused_dependencies` is set to `warn` by default
[INFO] [stderr] help: consider removing the dependency on `thiserror`
[INFO] [stderr] warning: `midge-destroyer` (manifest) generated 1 warning
[INFO] [stderr]     Finished `release` profile [optimized] target(s) in 3m 05s
[INFO] running `Command { std: "docker" "inspect" "9eb886c8c9b88fe7b5f795dad551c4bbdf743d44b796ce04ef06ee6ceca1a639", kill_on_drop: false }`
[INFO] running `Command { std: "docker" "exec" "-e" "SOURCE_DIR=/opt/rustwide/workdir" "-e" "CARGO_HOME=/opt/rustwide/cargo-home" "-e" "RUSTUP_HOME=/opt/rustwide/rustup-home" "-e" "CARGO_TARGET_DIR=/opt/rustwide/target" "-e" "CARGO_INCREMENTAL=0" "-e" "RUST_BACKTRACE=full" "-e" "RUSTFLAGS=--cap-lints=warn" "-e" "RUSTDOCFLAGS=--cap-lints=warn" "-w" "/opt/rustwide/workdir" "--user" "0:0" "9eb886c8c9b88fe7b5f795dad551c4bbdf743d44b796ce04ef06ee6ceca1a639" "/opt/rustwide/cargo-home/bin/cargo" "+1.100.0-beta.1" "test" "--frozen" "--no-run" "--message-format=json" "--release", kill_on_drop: false }`
[INFO] [stderr]    Compiling midge-destroyer v0.1.0 (/opt/rustwide/workdir)
[INFO] [stderr]     Finished `release` profile [optimized] target(s) in 6.67s
[INFO] running `Command { std: "docker" "inspect" "9eb886c8c9b88fe7b5f795dad551c4bbdf743d44b796ce04ef06ee6ceca1a639", kill_on_drop: false }`
[INFO] running `Command { std: "docker" "exec" "-e" "SOURCE_DIR=/opt/rustwide/workdir" "-e" "CARGO_HOME=/opt/rustwide/cargo-home" "-e" "RUSTUP_HOME=/opt/rustwide/rustup-home" "-e" "CARGO_TARGET_DIR=/opt/rustwide/target" "-e" "CARGO_INCREMENTAL=0" "-e" "RUST_BACKTRACE=full" "-e" "RUSTFLAGS=--cap-lints=warn" "-e" "RUSTDOCFLAGS=--cap-lints=warn" "-w" "/opt/rustwide/workdir" "--user" "0:0" "9eb886c8c9b88fe7b5f795dad551c4bbdf743d44b796ce04ef06ee6ceca1a639" "/opt/rustwide/cargo-home/bin/cargo" "+1.100.0-beta.1" "test" "--frozen" "--release", kill_on_drop: false }`
[INFO] [stderr]     Finished `release` profile [optimized] target(s) in 0.23s
[INFO] [stderr]      Running unittests src/lib.rs (/opt/rustwide/target/release/build/midge-destroyer/eab8ceceedc7af42/out/midge_destroyer-eab8ceceedc7af42)
[INFO] [stdout] 
[INFO] [stdout] running 61 tests
[INFO] [stdout] test config::tests::should_preserve_conservative_recovery_budget ... ok
[INFO] [stdout] test config::tests::should_keep_warning_threshold_achievable_for_bounded_failover_against_cloud_backend ... ok
[INFO] [stdout] test ledger::tests::should_classify_observed_outcomes ... ok
[INFO] [stdout] test ledger::tests::should_treat_identical_replay_ack_as_idempotent ... ok
[INFO] [stdout] test runner::tests::should_clear_acquisition_lock_after_fault_worker_terminates ... ok
[INFO] [stdout] test runner::tests::should_enforce_recovery_deadline_only_until_worker_is_ready ... ok
[INFO] [stdout] test report::tests::should_classify_recovery_latency_verdicts ... ok
[INFO] [stdout] test runner::tests::should_collect_only_suite_manifests ... ok
[INFO] [stdout] test runner::tests::should_exclude_key_when_later_mutation_outcome_is_unknown ... ok
[INFO] [stdout] test runner::tests::should_pass_resolved_endpoint_to_every_worker ... ok
[INFO] [stdout] test runner::tests::should_preserve_recovery_context_after_worker_readiness ... ok
[INFO] [stdout] test runner::tests::should_ignore_unterminated_report_tail_after_worker_kill ... ok
[INFO] [stdout] test emulator::tests::should_run_compose_teardown_when_guard_drops ... ok
[INFO] [stdout] test ledger::tests::should_accept_verified_put_when_ack_was_lost_with_worker ... ok
[INFO] [stdout] test runner::tests::should_resume_at_failed_operation_after_fault_worker_exits ... ok
[INFO] [stdout] test ledger::tests::should_classify_unobserved_outcomes_as_unknown_after_timeout ... ok
[INFO] [stdout] test ledger::tests::should_prefer_verification_loss_over_mutation_ack ... ok
[INFO] [stdout] test runner::tests::should_size_fresh_verifier_for_workload_and_recovery_budgets ... ok
[INFO] [stdout] test ledger::tests::should_not_mark_unattempted_operation_missing_from_full_plan_verifier ... ok
[INFO] [stdout] test runner::tests::should_preserve_known_key_when_later_mutation_failed ... ok
[INFO] [stdout] test runner::tests::should_verify_last_acknowledged_value_when_later_plan_was_unattempted ... ok
[INFO] [stdout] test report::tests::should_attribute_emulator_outage_to_infrastructure ... ok
[INFO] [stdout] test runner::tests::should_reject_malformed_completed_report_line ... ok
[INFO] [stdout] test runner::tests::should_treat_worker_progress_artifact_growth_as_watchdog_progress ... ok
[INFO] [stdout] test runner::tests::should_collect_only_exact_worker_lifecycle_artifacts ... ok
[INFO] [stdout] test runner::tests::should_restore_known_key_when_ack_follows_unknown_mutation ... ok
[INFO] [stdout] test runner::tests::should_retry_ready_worker_timeout_before_recovery_hard_deadline ... ok
[INFO] [stdout] test scenario::tests::should_delete_existing_keys_when_generating_workload ... ok
[INFO] [stdout] test scenario::tests::should_bound_failpoint_faults_by_scale_concurrency ... ok
[INFO] [stdout] test config::tests::should_preserve_bounded_failover_recovery_budget ... ok
[INFO] [stdout] test emulator::tests::should_parse_loopback_dynamic_compose_port ... ok
[INFO] [stdout] test runner::tests::should_timeout_worker_after_no_progress_despite_large_total_budget ... ok
[INFO] [stdout] test runner::tests::should_clear_lock_only_after_controller_proven_ungraceful_exit ... ok
[INFO] [stdout] test scenario::tests::should_create_expected_fault_density ... ok
[INFO] [stdout] test scenario::tests::should_generate_reproducible_transaction_histories_with_overlapping_keys ... ok
[INFO] [stdout] test emulator::tests::should_run_emulator_as_evidence_directory_owner_when_using_bind_mounts ... ok
[INFO] [stdout] test scenario::tests::should_include_every_applicable_black_box_scenario_in_standard_suite ... ok
[INFO] [stdout] test scenario::tests::should_generate_unsorted_uuid_pressure_workload ... ok
[INFO] [stdout] test scenario::tests::should_scope_stale_cache_recovery_to_cloud_backends ... ok
[INFO] [stdout] test scenario::tests::should_include_process_kill_in_uuid_pressure_seed_window ... ok
[INFO] [stdout] test scenario::tests::should_only_delete_disposable_wal_cache_when_backend_is_cloud ... ok
[INFO] [stdout] test scenario::tests::should_target_durable_puts_for_ack_kill_window ... ok
[INFO] [stdout] test runner::tests::should_resume_mixed_workload_at_batch_boundary_after_partial_failure ... ok
[INFO] [stdout] test scenario::tests::should_only_generate_stale_cache_faults_for_stale_cache_recovery ... ok
[INFO] [stdout] test scenario::tests::should_only_generate_process_faults_for_recovery_crash_loop ... ok
[INFO] [stdout] test scenario::tests::should_reuse_bounded_keyspace_when_generating_workload ... ok
[INFO] [stdout] test scenario::tests::should_only_generate_wal_truncation_faults_for_wal_truncation_race ... ok
[INFO] [stdout] test scenario::tests::should_target_hot_and_cold_column_families_in_interference_workload ... ok
[INFO] [stdout] test scenario::tests::should_replay_same_plan_for_same_seed ... ok
[INFO] [stdout] test scenario::tests::should_report_failpoint_scenarios_as_skipped_when_feature_is_disabled ... ok
[INFO] [stdout] test worker_protocol::tests::should_default_legacy_commands_to_pointwise_default_column_family ... ok
[INFO] [stdout] test worker_protocol::tests::should_round_trip_worker_progress_report ... ok
[INFO] [stdout] test worker_protocol::tests::should_round_trip_worker_readiness_report ... ok
[INFO] [stdout] test scenario::tests::should_vary_plan_when_seed_changes ... ok
[INFO] [stdout] test worker_protocol::tests::should_keep_lifecycle_errors_out_of_mutation_report_schema ... ok
[INFO] [stdout] test runner::tests::should_write_frontier_manifest_inside_unique_execution_directory ... ok
[INFO] [stdout] test ledger::tests::should_resolve_transient_mutation_failure_given_retry_ack ... ok
[INFO] [stdout] test scenario::tests::should_encode_distinct_production_workload_intent_for_new_scenarios ... ok
[INFO] [stdout] test runner::tests::should_scale_cloud_snapshot_observation_budget_by_compaction_batches ... ok
[INFO] [stdout] test scenario::tests::should_align_uuid_pressure_faults_to_completed_chunks ... ok
[INFO] [stdout] test scenario::tests::should_keep_both_lanes_in_partial_adversarial_workload_batch ... ok
[INFO] [stdout] 
[INFO] [stdout] test result: ok. 61 passed; 0 failed; 0 ignored; 0 measured; 0 filtered out; finished in 0.19s
[INFO] [stdout] 
[INFO] [stderr]      Running unittests src/main.rs (/opt/rustwide/target/release/build/midge-destroyer/84222c05c1884303/out/midge_destroyer-84222c05c1884303)
[INFO] [stdout] 
[INFO] [stdout] running 0 tests
[INFO] [stdout] 
[INFO] [stderr]      Running unittests src/bin/worker.rs (/opt/rustwide/target/release/build/midge-destroyer/2261ca6b3390e50b/out/midge_destroyer_worker-2261ca6b3390e50b)
[INFO] [stdout] test result: ok. 0 passed; 0 failed; 0 ignored; 0 measured; 0 filtered out; finished in 0.00s
[INFO] [stdout] 
[INFO] [stdout] 
[INFO] [stdout] running 8 tests
[INFO] [stdout] test tests::should_bound_read_overlap_in_mixed_workload_chunks ... ok
[INFO] [stdout] test tests::should_allow_cloud_maintenance_to_use_qualification_response_window ... ok
[INFO] [stdout] test tests::should_not_repeat_explicit_worker_engine_shutdown_on_drop ... ok
[INFO] [stdout] test tests::should_match_bounded_failover_worker_lease_to_recovery_budget ... ok
[INFO] [stdout] test tests::should_leave_headroom_beyond_midge_cloud_shutdown_drain_budget ... ok
[INFO] [stdout] test tests::should_leave_real_world_mixed_workloads_on_background_compaction ... ok
[INFO] [stdout] test tests::should_shutdown_opened_engine_when_worker_path_returns_early ... ok
[INFO] [stdout] test tests::should_open_column_families_referenced_only_by_fresh_verifier ... ok
[INFO] [stdout] 
[INFO] [stdout] test result: ok. 8 passed; 0 failed; 0 ignored; 0 measured; 0 filtered out; finished in 0.00s
[INFO] [stdout] 
[INFO] [stderr]      Running tests/local_smoke.rs (/opt/rustwide/target/release/build/midge-destroyer/691f2a9b9e52bfec/out/local_smoke-691f2a9b9e52bfec)
[INFO] [stdout] 
[INFO] [stdout] running 2 tests
[INFO] [stderr] error: test failed, to rerun pass `--test local_smoke`
[INFO] [stdout] test should_run_local_smoke_once ... FAILED
[INFO] [stdout] test should_continue_after_expected_worker_crash_without_report_file ... FAILED
[INFO] [stdout] 
[INFO] [stdout] failures:
[INFO] [stdout] 
[INFO] [stdout] ---- should_run_local_smoke_once stdout ----
[INFO] [stdout] 
[INFO] [stdout] thread 'should_run_local_smoke_once' (5008) panicked at tests/local_smoke.rs:32:10:
[INFO] [stdout] run destroyer: Os { code: 2, kind: NotFound, message: "No such file or directory" }
[INFO] [stdout] stack backtrace:
[INFO] [stdout]    0:     0x5b7c1154d511 - <<std[617be2ca0a6fd877]::sys::backtrace::BacktraceLock>::print::DisplayBacktrace as core[a373ad73a504971]::fmt::Display>::fmt
[INFO] [stdout]    1:     0x5b7c1156190a - core[a373ad73a504971]::fmt::write
[INFO] [stdout]    2:     0x5b7c115519fc - <alloc[2e1b2a31b91974c5]::vec::Vec<u8> as core[a373ad73a504971]::io::write::Write>::write_fmt
[INFO] [stdout]    3:     0x5b7c11527e96 - std[617be2ca0a6fd877]::panicking::default_hook::{closure#0}
[INFO] [stdout]    4:     0x5b7c11544f19 - std[617be2ca0a6fd877]::panicking::default_hook
[INFO] [stdout]    5:     0x5b7c114da490 - test[aada8e7e76ba119b]::test_main_inner::{closure#0}
[INFO] [stdout]    6:     0x5b7c115450d2 - std[617be2ca0a6fd877]::panicking::panic_with_hook
[INFO] [stdout]    7:     0x5b7c11527f42 - std[617be2ca0a6fd877]::panicking::panic_handler::{closure#0}
[INFO] [stdout]    8:     0x5b7c11520909 - std[617be2ca0a6fd877]::sys::backtrace::__rust_end_short_backtrace::<std[617be2ca0a6fd877]::panicking::panic_handler::{closure#0}, !>
[INFO] [stdout]    9:     0x5b7c11528b4d - __rustc[ea4f61d10b84890b]::rust_begin_unwind
[INFO] [stdout]   10:     0x5b7c1156203c - core[a373ad73a504971]::panicking::panic_fmt
[INFO] [stdout]   11:     0x5b7c11561e12 - core[a373ad73a504971]::result::unwrap_failed
[INFO] [stdout]   12:     0x5b7c114cb74d - <local_smoke[ecf849ff68ea7e39]::should_run_local_smoke_once::{closure#0} as core[a373ad73a504971]::ops::function::FnOnce<()>>::call_once
[INFO] [stdout]   13:     0x5b7c114cd8db - test[aada8e7e76ba119b]::__rust_begin_short_backtrace::<core[a373ad73a504971]::result::Result<(), alloc[2e1b2a31b91974c5]::string::String>, fn() -> core[a373ad73a504971]::result::Result<(), alloc[2e1b2a31b91974c5]::string::String>>
[INFO] [stdout]   14:     0x5b7c114daab5 - test[aada8e7e76ba119b]::run_test::{closure#0}
[INFO] [stdout]   15:     0x5b7c114d43a4 - std[617be2ca0a6fd877]::sys::backtrace::__rust_begin_short_backtrace::<test[aada8e7e76ba119b]::run_test::{closure#1}, ()>
[INFO] [stdout]   16:     0x5b7c114ddb42 - <std[617be2ca0a6fd877]::thread::lifecycle::spawn_unchecked<test[aada8e7e76ba119b]::run_test::{closure#1}, ()>::{closure#1} as core[a373ad73a504971]::ops::function::FnOnce<()>>::call_once::{shim:vtable#0}
[INFO] [stdout]   17:     0x5b7c1154ca0f - <std[617be2ca0a6fd877]::sys::thread::unix::Thread>::new::thread_start
[INFO] [stdout]   18:     0x70046f186dfa - <unknown>
[INFO] [stdout]   19:     0x70046f21a3d4 - clone
[INFO] [stdout]   20:                0x0 - <unknown>
[INFO] [stdout] 
[INFO] [stdout] ---- should_continue_after_expected_worker_crash_without_report_file stdout ----
[INFO] [stdout] 
[INFO] [stdout] thread 'should_continue_after_expected_worker_crash_without_report_file' (5007) panicked at tests/local_smoke.rs:89:10:
[INFO] [stdout] run crash-loop destroyer: Os { code: 2, kind: NotFound, message: "No such file or directory" }
[INFO] [stdout] stack backtrace:
[INFO] [stdout]    0:     0x5b7c1154d511 - <<std[617be2ca0a6fd877]::sys::backtrace::BacktraceLock>::print::DisplayBacktrace as core[a373ad73a504971]::fmt::Display>::fmt
[INFO] [stdout]    1:     0x5b7c1156190a - core[a373ad73a504971]::fmt::write
[INFO] [stdout]    2:     0x5b7c115519fc - <alloc[2e1b2a31b91974c5]::vec::Vec<u8> as core[a373ad73a504971]::io::write::Write>::write_fmt
[INFO] [stdout]    3:     0x5b7c11527e96 - std[617be2ca0a6fd877]::panicking::default_hook::{closure#0}
[INFO] [stdout]    4:     0x5b7c11544f19 - std[617be2ca0a6fd877]::panicking::default_hook
[INFO] [stdout]    5:     0x5b7c114da490 - test[aada8e7e76ba119b]::test_main_inner::{closure#0}
[INFO] [stdout]    6:     0x5b7c115450d2 - std[617be2ca0a6fd877]::panicking::panic_with_hook
[INFO] [stdout]    7:     0x5b7c11527f42 - std[617be2ca0a6fd877]::panicking::panic_handler::{closure#0}
[INFO] [stdout]    8:     0x5b7c11520909 - std[617be2ca0a6fd877]::sys::backtrace::__rust_end_short_backtrace::<std[617be2ca0a6fd877]::panicking::panic_handler::{closure#0}, !>
[INFO] [stdout]    9:     0x5b7c11528b4d - __rustc[ea4f61d10b84890b]::rust_begin_unwind
[INFO] [stdout]   10:     0x5b7c1156203c - core[a373ad73a504971]::panicking::panic_fmt
[INFO] [stdout]   11:     0x5b7c11561e12 - core[a373ad73a504971]::result::unwrap_failed
[INFO] [stdout]   12:     0x5b7c114cc1bb - <local_smoke[ecf849ff68ea7e39]::should_continue_after_expected_worker_crash_without_report_file::{closure#0} as core[a373ad73a504971]::ops::function::FnOnce<()>>::call_once
[INFO] [stdout]   13:     0x5b7c114cd8db - test[aada8e7e76ba119b]::__rust_begin_short_backtrace::<core[a373ad73a504971]::result::Result<(), alloc[2e1b2a31b91974c5]::string::String>, fn() -> core[a373ad73a504971]::result::Result<(), alloc[2e1b2a31b91974c5]::string::String>>
[INFO] [stdout]   14:     0x5b7c114daab5 - test[aada8e7e76ba119b]::run_test::{closure#0}
[INFO] [stdout]   15:     0x5b7c114d43a4 - std[617be2ca0a6fd877]::sys::backtrace::__rust_begin_short_backtrace::<test[aada8e7e76ba119b]::run_test::{closure#1}, ()>
[INFO] [stdout]   16:     0x5b7c114ddb42 - <std[617be2ca0a6fd877]::thread::lifecycle::spawn_unchecked<test[aada8e7e76ba119b]::run_test::{closure#1}, ()>::{closure#1} as core[a373ad73a504971]::ops::function::FnOnce<()>>::call_once::{shim:vtable#0}
[INFO] [stdout]   17:     0x5b7c1154ca0f - <std[617be2ca0a6fd877]::sys::thread::unix::Thread>::new::thread_start
[INFO] [stdout]   18:     0x70046f186dfa - <unknown>
[INFO] [stdout]   19:     0x70046f21a3d4 - clone
[INFO] [stdout]   20:                0x0 - <unknown>
[INFO] [stdout] 
[INFO] [stdout] 
[INFO] [stdout] failures:
[INFO] [stdout]     should_continue_after_expected_worker_crash_without_report_file
[INFO] [stdout]     should_run_local_smoke_once
[INFO] [stdout] 
[INFO] [stdout] test result: FAILED. 0 passed; 2 failed; 0 ignored; 0 measured; 0 filtered out; finished in 0.00s
[INFO] [stdout] 
[INFO] running `Command { std: "docker" "inspect" "9eb886c8c9b88fe7b5f795dad551c4bbdf743d44b796ce04ef06ee6ceca1a639", kill_on_drop: false }`
[INFO] running `Command { std: "docker" "rm" "-f" "9eb886c8c9b88fe7b5f795dad551c4bbdf743d44b796ce04ef06ee6ceca1a639", kill_on_drop: false }`
[INFO] [stdout] 9eb886c8c9b88fe7b5f795dad551c4bbdf743d44b796ce04ef06ee6ceca1a639
