[INFO] cloning repository https://github.com/arboresce/arboresce-ffi
[INFO] running `Command { std: "git" "-c" "credential.helper=" "-c" "credential.helper=/workspace/cargo-home/bin/git-credential-null" "clone" "--bare" "https://github.com/arboresce/arboresce-ffi" "/workspace/cache/git-repos/https%3A%2F%2Fgithub.com%2Farboresce%2Farboresce-ffi", kill_on_drop: false }`
[INFO] [stderr] Cloning into bare repository '/workspace/cache/git-repos/https%3A%2F%2Fgithub.com%2Farboresce%2Farboresce-ffi'...
[INFO] running `Command { std: "git" "rev-parse" "HEAD", kill_on_drop: false }`
[INFO] [stdout] 931b92bfb2ebc0aeb22f298b61df94412b8f6d0e
[INFO] testing arboresce/arboresce-ffi against 1.100.0-beta.1+cargoflags=--release for beta-release-1.100-3
[INFO] running `Command { std: "git" "clone" "/workspace/cache/git-repos/https%3A%2F%2Fgithub.com%2Farboresce%2Farboresce-ffi" "/workspace/builds/worker-7-tc2/source", kill_on_drop: false }`
[INFO] [stderr] Cloning into '/workspace/builds/worker-7-tc2/source'...
[INFO] [stderr] done.
[INFO] removed /workspace/builds/worker-7-tc2/source/rust-toolchain.toml
[INFO] started tweaking git repo https://github.com/arboresce/arboresce-ffi
[INFO] finished tweaking git repo https://github.com/arboresce/arboresce-ffi
[INFO] tweaked toml for git repo https://github.com/arboresce/arboresce-ffi written to /workspace/builds/worker-7-tc2/source/Cargo.toml
[INFO] validating manifest of git repo https://github.com/arboresce/arboresce-ffi on toolchain 1.100.0-beta.1
[INFO] running `Command { std: CARGO_HOME="/workspace/cargo-home" RUSTUP_HOME="/workspace/rustup-home" "/workspace/cargo-home/bin/cargo" "+1.100.0-beta.1" "metadata" "--manifest-path" "Cargo.toml" "--no-deps", kill_on_drop: false }`
[INFO] crate git repo https://github.com/arboresce/arboresce-ffi already has a lockfile, it will not be regenerated
[INFO] running `Command { std: CARGO_HOME="/workspace/cargo-home" RUSTUP_HOME="/workspace/rustup-home" "/workspace/cargo-home/bin/cargo" "+1.100.0-beta.1" "fetch" "--manifest-path" "Cargo.toml", kill_on_drop: false }`
[INFO] running `Command { std: "docker" "create" "-v" "/var/lib/crater-agent-workspace/builds/worker-7-tc2/source:/opt/rustwide/workdir:ro,Z" "-v" "/var/lib/crater-agent-workspace/builds/worker-7-tc2/target:/opt/rustwide/target:rw,Z" "-v" "/var/lib/crater-agent-workspace/cargo-home:/opt/rustwide/cargo-home:ro,Z" "-v" "/var/lib/crater-agent-workspace/rustup-home:/opt/rustwide/rustup-home:ro,Z" "-m" "1610612736" "--network" "none" "ghcr.io/rust-lang/crates-build-env/linux@sha256:77db811e55d90add9212f6832c23229e3de5f1c1f9905e8cb07319ea15df73ac" "sleep" "infinity", kill_on_drop: false }`
[INFO] [stdout] d0edcce2fcfe495675b45a22bd83ef05ad443d42e8c18d1200ba495a8009999f
[INFO] running `Command { std: "docker" "start" "d0edcce2fcfe495675b45a22bd83ef05ad443d42e8c18d1200ba495a8009999f", kill_on_drop: false }`
[INFO] running `Command { std: "docker" "inspect" "d0edcce2fcfe495675b45a22bd83ef05ad443d42e8c18d1200ba495a8009999f", kill_on_drop: false }`
[INFO] running `Command { std: "docker" "exec" "-e" "SOURCE_DIR=/opt/rustwide/workdir" "-e" "CARGO_HOME=/opt/rustwide/cargo-home" "-e" "RUSTUP_HOME=/opt/rustwide/rustup-home" "-e" "CARGO_TARGET_DIR=/opt/rustwide/target" "-w" "/opt/rustwide/workdir" "--user" "0:0" "d0edcce2fcfe495675b45a22bd83ef05ad443d42e8c18d1200ba495a8009999f" "/opt/rustwide/cargo-home/bin/cargo" "+1.100.0-beta.1" "metadata" "--no-deps" "--format-version=1", kill_on_drop: false }`
[INFO] running `Command { std: "docker" "inspect" "d0edcce2fcfe495675b45a22bd83ef05ad443d42e8c18d1200ba495a8009999f", kill_on_drop: false }`
[INFO] running `Command { std: "docker" "exec" "-e" "SOURCE_DIR=/opt/rustwide/workdir" "-e" "CARGO_HOME=/opt/rustwide/cargo-home" "-e" "RUSTUP_HOME=/opt/rustwide/rustup-home" "-e" "CARGO_TARGET_DIR=/opt/rustwide/target" "-e" "CARGO_INCREMENTAL=0" "-e" "RUST_BACKTRACE=full" "-e" "RUSTFLAGS=--cap-lints=warn" "-e" "RUSTDOCFLAGS=--cap-lints=warn" "-w" "/opt/rustwide/workdir" "--user" "0:0" "d0edcce2fcfe495675b45a22bd83ef05ad443d42e8c18d1200ba495a8009999f" "/opt/rustwide/cargo-home/bin/cargo" "+1.100.0-beta.1" "build" "--frozen" "--message-format=json" "--release", kill_on_drop: false }`
[INFO] [stderr]    Compiling proc-macro2 v1.0.107
[INFO] [stderr]    Compiling unicode-ident v1.0.26
[INFO] [stderr]    Compiling quote v1.0.47
[INFO] [stderr]    Compiling getrandom v0.4.3
[INFO] [stderr]    Compiling anyhow v1.0.104
[INFO] [stderr]    Compiling rustix v1.1.5
[INFO] [stderr]    Compiling cfg-if v1.0.5
[INFO] [stderr]    Compiling serde_core v1.0.229
[INFO] [stderr]    Compiling libc v0.2.189
[INFO] [stderr]    Compiling memchr v2.8.3
[INFO] [stderr]    Compiling serde v1.0.229
[INFO] [stderr]    Compiling wasm-bindgen-shared v0.2.127
[INFO] [stderr]    Compiling hashbrown v0.17.1
[INFO] [stderr]    Compiling equivalent v1.0.2
[INFO] [stderr]    Compiling bitflags v2.13.2
[INFO] [stderr]    Compiling indexmap v2.14.2
[INFO] [stderr]    Compiling linux-raw-sys v0.12.1
[INFO] [stderr]    Compiling syn v3.0.6
[INFO] [stderr]    Compiling syn v2.0.119
[INFO] [stderr]    Compiling once_cell v1.21.4
[INFO] [stderr]    Compiling autocfg v1.5.1
[INFO] [stderr]    Compiling rustversion v1.0.23
[INFO] [stderr]    Compiling fastrand v2.5.0
[INFO] [stderr]    Compiling zmij v1.0.23
[INFO] [stderr]    Compiling napi-build v2.5.0
[INFO] [stderr]    Compiling futures-core v0.3.34
[INFO] [stderr]    Compiling futures-sink v0.3.34
[INFO] [stderr]    Compiling futures-channel v0.3.34
[INFO] [stderr]    Compiling fs-err v2.11.0
[INFO] [stderr]    Compiling camino v1.2.6
[INFO] [stderr]    Compiling winnow v1.0.4
[INFO] [stderr]    Compiling futures-task v0.3.34
[INFO] [stderr]    Compiling pin-project-lite v0.2.17
[INFO] [stderr]    Compiling futures-io v0.3.34
[INFO] [stderr]    Compiling thiserror v2.0.21
[INFO] [stderr]    Compiling slab v0.4.12
[INFO] [stderr]    Compiling heck v0.5.0
[INFO] [stderr]    Compiling serde_json v1.0.151
[INFO] [stderr]    Compiling toml_parser v1.1.3+spec-1.1.0
[INFO] [stderr]    Compiling toml_datetime v0.7.5+spec-1.1.0
[INFO] [stderr]    Compiling tempfile v3.27.0
[INFO] [stderr]    Compiling serde_spanned v1.1.1
[INFO] [stderr]    Compiling winnow v0.7.15
[INFO] [stderr]    Compiling toml_writer v1.1.2+spec-1.1.0
[INFO] [stderr]    Compiling arboresce v0.0.0 (https://github.com/arboresce/arboresce?rev=f0ffbfa8be935bd49c084c2b83a86975967709a4#f0ffbfa8)
[INFO] [stderr]    Compiling unicode-segmentation v1.13.3
[INFO] [stderr]    Compiling bumpalo v3.20.3
[INFO] [stderr]    Compiling itoa v1.0.18
[INFO] [stderr]    Compiling siphasher v1.0.3
[INFO] [stderr]    Compiling convert_case v0.12.0
[INFO] [stderr]    Compiling wasm-bindgen v0.2.127
[INFO] [stderr]    Compiling semver v1.0.28
[INFO] [stderr]    Compiling napi v3.13.0
[INFO] [stderr]    Compiling libloading v0.9.0
[INFO] [stderr]    Compiling toml v0.9.12+spec-1.1.0
[INFO] [stderr]    Compiling static_assertions v1.1.0
[INFO] [stderr]    Compiling serde_derive v1.0.229
[INFO] [stderr]    Compiling futures-macro v0.3.34
[INFO] [stderr]    Compiling thiserror-impl v2.0.21
[INFO] [stderr]    Compiling wasm-bindgen-macro-support v0.2.127
[INFO] [stderr]    Compiling futures-util v0.3.34
[INFO] [stderr]    Compiling bytes v1.12.1
[INFO] [stderr]    Compiling napi-derive-backend v6.1.4
[INFO] [stderr]    Compiling uniffi_internal_macros v0.31.0
[INFO] [stderr]    Compiling uniffi_core v0.31.0
[INFO] [stderr]    Compiling napi-sys v3.3.2
[INFO] [stderr]    Compiling arboresce-node v0.0.0 (/opt/rustwide/workdir/crates/node)
[INFO] [stderr]    Compiling nohash-hasher v0.2.0
[INFO] [stderr]    Compiling uniffi_pipeline v0.31.0
[INFO] [stderr]    Compiling ctor v1.0.13
[INFO] [stderr]    Compiling arboresce-ffi v0.0.0 (/opt/rustwide/workdir/crates/ffi)
[INFO] [stderr]    Compiling rustc-hash v2.1.3
[INFO] [stderr]    Compiling arboresce-c v0.0.0 (/opt/rustwide/workdir/crates/c)
[INFO] [stderr]    Compiling uniffi_meta v0.31.0
[INFO] [stderr]    Compiling napi-derive v3.6.9
[INFO] [stderr]    Compiling cargo-platform v0.1.9
[INFO] [stderr]    Compiling cargo_metadata v0.19.2
[INFO] [stderr]    Compiling uniffi_macros v0.31.0
[INFO] [stderr]    Compiling wasm-bindgen-macro v0.2.127
[INFO] [stderr]    Compiling futures-executor v0.3.34
[INFO] [stderr]    Compiling futures v0.3.34
[INFO] [stderr]    Compiling arboresce-wasm v0.0.0 (/opt/rustwide/workdir/crates/wasm)
[INFO] [stderr]    Compiling uniffi v0.31.0
[INFO] [stderr]     Finished `release` profile [optimized] target(s) in 1m 48s
[INFO] running `Command { std: "docker" "inspect" "d0edcce2fcfe495675b45a22bd83ef05ad443d42e8c18d1200ba495a8009999f", kill_on_drop: false }`
[INFO] running `Command { std: "docker" "exec" "-e" "SOURCE_DIR=/opt/rustwide/workdir" "-e" "CARGO_HOME=/opt/rustwide/cargo-home" "-e" "RUSTUP_HOME=/opt/rustwide/rustup-home" "-e" "CARGO_TARGET_DIR=/opt/rustwide/target" "-e" "CARGO_INCREMENTAL=0" "-e" "RUST_BACKTRACE=full" "-e" "RUSTFLAGS=--cap-lints=warn" "-e" "RUSTDOCFLAGS=--cap-lints=warn" "-w" "/opt/rustwide/workdir" "--user" "0:0" "d0edcce2fcfe495675b45a22bd83ef05ad443d42e8c18d1200ba495a8009999f" "/opt/rustwide/cargo-home/bin/cargo" "+1.100.0-beta.1" "test" "--frozen" "--no-run" "--message-format=json" "--release", kill_on_drop: false }`
[INFO] [stderr]    Compiling arboresce-wasm v0.0.0 (/opt/rustwide/workdir/crates/wasm)
[INFO] [stderr]    Compiling arboresce-c v0.0.0 (/opt/rustwide/workdir/crates/c)
[INFO] [stderr]    Compiling arboresce-ffi v0.0.0 (/opt/rustwide/workdir/crates/ffi)
[INFO] [stderr]    Compiling arboresce-node v0.0.0 (/opt/rustwide/workdir/crates/node)
[INFO] [stderr]     Finished `release` profile [optimized] target(s) in 1m 16s
[INFO] running `Command { std: "docker" "inspect" "d0edcce2fcfe495675b45a22bd83ef05ad443d42e8c18d1200ba495a8009999f", kill_on_drop: false }`
[INFO] running `Command { std: "docker" "exec" "-e" "SOURCE_DIR=/opt/rustwide/workdir" "-e" "CARGO_HOME=/opt/rustwide/cargo-home" "-e" "RUSTUP_HOME=/opt/rustwide/rustup-home" "-e" "CARGO_TARGET_DIR=/opt/rustwide/target" "-e" "CARGO_INCREMENTAL=0" "-e" "RUST_BACKTRACE=full" "-e" "RUSTFLAGS=--cap-lints=warn" "-e" "RUSTDOCFLAGS=--cap-lints=warn" "-w" "/opt/rustwide/workdir" "--user" "0:0" "d0edcce2fcfe495675b45a22bd83ef05ad443d42e8c18d1200ba495a8009999f" "/opt/rustwide/cargo-home/bin/cargo" "+1.100.0-beta.1" "test" "--frozen" "--release", kill_on_drop: false }`
[INFO] [stderr]     Finished `release` profile [optimized] target(s) in 0.24s
[INFO] [stderr]      Running unittests src/lib.rs (/opt/rustwide/target/release/build/arboresce-c/c713f1d064ceec08/out/arboresce_c-c713f1d064ceec08)
[INFO] [stdout] 
[INFO] [stdout] running 3 tests
[INFO] [stdout] test tests::null_never_runs_operation ... ok
[INFO] [stdout] test tests::panic_resets_output ... ok
[INFO] [stderr]      Running tests/api.rs (/opt/rustwide/target/release/build/arboresce-c/01b1ba5b7cc2dbbb/out/api-01b1ba5b7cc2dbbb)
[INFO] [stdout] test tests::panic_payload_drop_aborts_at_foreign_boundary ... ok
[INFO] [stdout] 
[INFO] [stdout] test result: ok. 3 passed; 0 failed; 0 ignored; 0 measured; 0 filtered out; finished in 0.20s
[INFO] [stdout] 
[INFO] [stdout] 
[INFO] [stdout] running 3 tests
[INFO] [stdout] test identity_and_layout ... ok
[INFO] [stdout] test null_is_invalid ... ok
[INFO] [stdout] test repeated_and_concurrent ... ok
[INFO] [stdout] 
[INFO] [stdout] test result: ok. 3 passed; 0 failed; 0 ignored; 0 measured; 0 filtered out; finished in 0.01s
[INFO] [stdout] 
[INFO] [stderr]      Running unittests src/lib.rs (/opt/rustwide/target/release/build/arboresce-ffi/029316b1c5ca3ebf/out/arboresce_ffi-029316b1c5ca3ebf)
[INFO] [stdout] 
[INFO] [stdout] running 0 tests
[INFO] [stdout] 
[INFO] [stdout] test result: ok. 0 passed; 0 failed; 0 ignored; 0 measured; 0 filtered out; finished in 0.00s
[INFO] [stdout] 
[INFO] [stderr]      Running tests/api.rs (/opt/rustwide/target/release/build/arboresce-ffi/4851211d472625ad/out/api-4851211d472625ad)
[INFO] [stdout] 
[INFO] [stdout] running 4 tests
[INFO] [stdout] test repeated_calls ... ok
[INFO] [stdout] test identity ... ok
[INFO] [stdout] test print_name ... FAILED
[INFO] [stdout] test concurrent_calls ... ok
[INFO] [stdout] 
[INFO] [stdout] failures:
[INFO] [stdout] 
[INFO] [stdout] ---- print_name stdout ----
[INFO] [stdout] 
[INFO] [stdout] thread 'print_name' (2265) panicked at crates/ffi/tests/api.rs:38:6:
[INFO] [stdout] called `Result::unwrap()` on an `Err` value: Os { code: 2, kind: NotFound, message: "No such file or directory" }
[INFO] [stdout] stack backtrace:
[INFO] [stdout]    0:     0x6462db2e6276 - <<std[617be2ca0a6fd877]::sys::backtrace::BacktraceLock>::print::DisplayBacktrace as core[a373ad73a504971]::fmt::Display>::fmt
[INFO] [stdout]    1:     0x6462db29a74a - core[a373ad73a504971]::fmt::write
[INFO] [stdout]    2:     0x6462db2eb7cc - <alloc[2e1b2a31b91974c5]::vec::Vec<u8> as core[a373ad73a504971]::io::write::Write>::write_fmt
[INFO] [stdout]    3:     0x6462db2c3322 - std[617be2ca0a6fd877]::panicking::default_hook::{closure#0}
[INFO] [stdout]    4:     0x6462db2de911 - std[617be2ca0a6fd877]::panicking::default_hook
[INFO] [stdout]    5:     0x6462db2ded52 - std[617be2ca0a6fd877]::panicking::panic_with_hook
[INFO] [stdout]    6:     0x6462db2c33d2 - std[617be2ca0a6fd877]::panicking::panic_handler::{closure#0}
[INFO] [stdout]    7:     0x6462db2bc1c9 - std[617be2ca0a6fd877]::sys::backtrace::__rust_end_short_backtrace::<std[617be2ca0a6fd877]::panicking::panic_handler::{closure#0}, !>
[INFO] [stdout]    8:     0x6462db2c3fed - __rustc[ea4f61d10b84890b]::rust_begin_unwind
[INFO] [stdout]    9:     0x6462db29ae3c - core[a373ad73a504971]::panicking::panic_fmt
[INFO] [stdout]   10:     0x6462db29ac12 - core[a373ad73a504971]::result::unwrap_failed
[INFO] [stdout]   11:     0x6462db296ccd - <api[efb3fe23645ff6e5]::print_name::{closure#0} as core[a373ad73a504971]::ops::function::FnOnce<()>>::call_once
[INFO] [stdout]   12:     0x6462db2ecd4b - test[aada8e7e76ba119b]::__rust_begin_short_backtrace::<core[a373ad73a504971]::result::Result<(), alloc[2e1b2a31b91974c5]::string::String>, fn() -> core[a373ad73a504971]::result::Result<(), alloc[2e1b2a31b91974c5]::string::String>>
[INFO] [stdout]   13:     0x6462db2fabf4 - test[aada8e7e76ba119b]::run_test::{closure#0}
[INFO] [stdout]   14:     0x6462db2f4324 - std[617be2ca0a6fd877]::sys::backtrace::__rust_begin_short_backtrace::<test[aada8e7e76ba119b]::run_test::{closure#1}, ()>
[INFO] [stdout]   15:     0x6462db2fe9b2 - <std[617be2ca0a6fd877]::thread::lifecycle::spawn_unchecked<test[aada8e7e76ba119b]::run_test::{closure#1}, ()>::{closure#1} as core[a373ad73a504971]::ops::function::FnOnce<()>>::call_once::{shim:vtable#0}
[INFO] [stdout]   16:     0x6462db2e5ae4 - <std[617be2ca0a6fd877]::sys::thread::unix::Thread>::new::thread_start
[INFO] [stdout]   17:     0x77b2c7568dfa - <unknown>
[INFO] [stdout]   18:     0x77b2c75fc3d4 - clone
[INFO] [stdout]   19:                0x0 - <unknown>
[INFO] [stdout] 
[INFO] [stdout] 
[INFO] [stdout] failures:
[INFO] [stdout]     print_name
[INFO] [stdout] 
[INFO] [stdout] test result: FAILED. 3 passed; 1 failed; 0 ignored; 0 measured; 0 filtered out; finished in 0.01s
[INFO] [stdout] 
[INFO] [stderr] error: test failed, to rerun pass `-p arboresce-ffi --test api`
[INFO] running `Command { std: "docker" "inspect" "d0edcce2fcfe495675b45a22bd83ef05ad443d42e8c18d1200ba495a8009999f", kill_on_drop: false }`
[INFO] running `Command { std: "docker" "rm" "-f" "d0edcce2fcfe495675b45a22bd83ef05ad443d42e8c18d1200ba495a8009999f", kill_on_drop: false }`
[INFO] [stdout] d0edcce2fcfe495675b45a22bd83ef05ad443d42e8c18d1200ba495a8009999f
