[INFO] cloning repository https://github.com/apskhem/sqlx-dbml
[INFO] running `Command { std: "git" "-c" "credential.helper=" "-c" "credential.helper=/workspace/cargo-home/bin/git-credential-null" "clone" "--bare" "https://github.com/apskhem/sqlx-dbml" "/workspace/cache/git-repos/https%3A%2F%2Fgithub.com%2Fapskhem%2Fsqlx-dbml", kill_on_drop: false }`
[INFO] [stderr] Cloning into bare repository '/workspace/cache/git-repos/https%3A%2F%2Fgithub.com%2Fapskhem%2Fsqlx-dbml'...
[INFO] running `Command { std: "git" "rev-parse" "HEAD", kill_on_drop: false }`
[INFO] [stdout] 118d8cbf3e3441954c0e6100dd01dd9245249622
[INFO] testing apskhem/sqlx-dbml against 1.99.0-beta.8+cargoflags=--release for beta-release-1.100-3
[INFO] running `Command { std: "git" "clone" "/workspace/cache/git-repos/https%3A%2F%2Fgithub.com%2Fapskhem%2Fsqlx-dbml" "/workspace/builds/worker-0-tc1/source", kill_on_drop: false }`
[INFO] [stderr] Cloning into '/workspace/builds/worker-0-tc1/source'...
[INFO] [stderr] done.
[INFO] started tweaking git repo https://github.com/apskhem/sqlx-dbml
[INFO] finished tweaking git repo https://github.com/apskhem/sqlx-dbml
[INFO] tweaked toml for git repo https://github.com/apskhem/sqlx-dbml written to /workspace/builds/worker-0-tc1/source/Cargo.toml
[INFO] validating manifest of git repo https://github.com/apskhem/sqlx-dbml on toolchain 1.99.0-beta.8
[INFO] running `Command { std: CARGO_HOME="/workspace/cargo-home" RUSTUP_HOME="/workspace/rustup-home" "/workspace/cargo-home/bin/cargo" "+1.99.0-beta.8" "metadata" "--manifest-path" "Cargo.toml" "--no-deps", kill_on_drop: false }`
[INFO] crate git repo https://github.com/apskhem/sqlx-dbml already has a lockfile, it will not be regenerated
[INFO] running `Command { std: CARGO_HOME="/workspace/cargo-home" RUSTUP_HOME="/workspace/rustup-home" "/workspace/cargo-home/bin/cargo" "+1.99.0-beta.8" "fetch" "--manifest-path" "Cargo.toml", kill_on_drop: false }`
[INFO] [stderr]     Blocking waiting for file lock on package cache
[INFO] [stderr]     Updating crates.io index
[INFO] [stderr]     Blocking waiting for file lock on package cache
[INFO] [stderr]  Downloading crates ...
[INFO] [stderr]   Downloaded tracing-attributes v0.1.26
[INFO] [stderr]   Downloaded sqlx-sqlite v0.7.1
[INFO] [stderr]   Downloaded uuid v1.4.1
[INFO] [stderr]   Downloaded url v2.4.0
[INFO] [stderr]   Downloaded either v1.8.1
[INFO] [stderr]   Downloaded bytecheck_derive v0.6.11
[INFO] [stderr]   Downloaded thiserror-impl v1.0.43
[INFO] [stderr]   Downloaded ptr_meta v0.1.4
[INFO] [stderr]   Downloaded ptr_meta_derive v0.1.4
[INFO] [stderr]   Downloaded bytecheck v0.6.11
[INFO] [stderr]   Downloaded borsh-derive v0.10.3
[INFO] [stderr]   Downloaded spki v0.7.2
[INFO] [stderr]   Downloaded sqlx-macros v0.7.1
[INFO] [stderr]   Downloaded borsh-schema-derive-internal v0.10.3
[INFO] [stderr]   Downloaded pin-project-lite v0.2.10
[INFO] [stderr]   Downloaded rkyv_derive v0.7.42
[INFO] [stderr]   Downloaded signature v2.1.0
[INFO] [stderr]   Downloaded subtle v2.5.0
[INFO] [stderr]   Downloaded rend v0.4.0
[INFO] [stderr]   Downloaded wasm-bindgen-shared v0.2.87
[INFO] [stderr]   Downloaded home v0.5.5
[INFO] [stderr]   Downloaded borsh-derive-internal v0.10.3
[INFO] [stderr]   Downloaded futures-io v0.3.28
[INFO] [stderr]   Downloaded crc v3.0.1
[INFO] [stderr]   Downloaded wasm-bindgen-macro v0.2.87
[INFO] [stderr]   Downloaded fastrand v1.9.0
[INFO] [stderr]   Downloaded seahash v4.1.0
[INFO] [stderr]   Downloaded quote v1.0.31
[INFO] [stderr]   Downloaded arrayvec v0.7.4
[INFO] [stderr]   Downloaded mac_address v1.1.5
[INFO] [stderr]   Downloaded md-5 v0.10.5
[INFO] [stderr]   Downloaded errno v0.3.1
[INFO] [stderr]   Downloaded crc-catalog v2.2.0
[INFO] [stderr]   Downloaded thiserror v1.0.43
[INFO] [stderr]   Downloaded sqlformat v0.2.1
[INFO] [stderr]   Downloaded sha2 v0.10.7
[INFO] [stderr]   Downloaded simdutf8 v0.1.4
[INFO] [stderr]   Downloaded borsh v0.10.3
[INFO] [stderr]   Downloaded pest_derive v2.7.1
[INFO] [stderr]   Downloaded pin-project-internal v1.1.2
[INFO] [stderr]   Downloaded whoami v1.4.1
[INFO] [stderr]   Downloaded ipnetwork v0.20.0
[INFO] [stderr]   Downloaded slab v0.4.8
[INFO] [stderr]   Downloaded wasm-bindgen-macro-support v0.2.87
[INFO] [stderr]   Downloaded pest_generator v2.7.1
[INFO] [stderr]   Downloaded paste v1.0.14
[INFO] [stderr]   Downloaded log v0.4.19
[INFO] [stderr]   Downloaded sqlx-macros-core v0.7.1
[INFO] [stderr]   Downloaded io-lifetimes v1.0.11
[INFO] [stderr]   Downloaded ahash v0.8.3
[INFO] [stderr]   Downloaded crossbeam-utils v0.8.16
[INFO] [stderr]   Downloaded core-foundation-sys v0.8.4
[INFO] [stderr]   Downloaded futures-executor v0.3.28
[INFO] [stderr]   Downloaded stringprep v0.1.3
[INFO] [stderr]   Downloaded crossbeam-queue v0.3.8
[INFO] [stderr]   Downloaded wasm-bindgen-backend v0.2.87
[INFO] [stderr]   Downloaded hashlink v0.8.3
[INFO] [stderr]   Downloaded iana-time-zone v0.1.57
[INFO] [stderr]   Downloaded dbml-rs v0.1.0-beta.2
[INFO] [stderr]   Downloaded ucd-trie v0.1.6
[INFO] [stderr]   Downloaded const-oid v0.9.4
[INFO] [stderr]   Downloaded serde_derive v1.0.171
[INFO] [stderr]   Downloaded sqlx v0.7.1
[INFO] [stderr]   Downloaded zeroize v1.6.0
[INFO] [stderr]   Downloaded bitflags v2.3.3
[INFO] [stderr]   Downloaded pest_meta v2.7.1
[INFO] [stderr]   Downloaded allocator-api2 v0.2.16
[INFO] [stderr]   Downloaded toml v0.5.11
[INFO] [stderr]   Downloaded cc v1.0.79
[INFO] [stderr]   Downloaded indexmap v2.0.0
[INFO] [stderr]   Downloaded flume v0.10.14
[INFO] [stderr]   Downloaded pin-project v1.1.2
[INFO] [stderr]   Downloaded tempfile v3.6.0
[INFO] [stderr]   Downloaded js-sys v0.3.64
[INFO] [stderr]   Downloaded sqlx-mysql v0.7.1
[INFO] [stderr]   Downloaded sqlx-core v0.7.1
[INFO] [stderr]   Downloaded serde v1.0.171
[INFO] [stderr]   Downloaded rsa v0.9.2
[INFO] [stderr]   Downloaded bumpalo v3.13.0
[INFO] [stderr]   Downloaded der v0.7.7
[INFO] [stderr]   Downloaded sqlx-postgres v0.7.1
[INFO] [stderr]   Downloaded unicode-segmentation v1.10.1
[INFO] [stderr]   Downloaded rkyv v0.7.42
[INFO] [stderr]   Downloaded rust_decimal v1.30.0
[INFO] [stderr]   Downloaded hashbrown v0.14.0
[INFO] [stderr]   Downloaded pest v2.7.1
[INFO] [stderr]   Downloaded libm v0.2.7
[INFO] [stderr]   Downloaded aho-corasick v1.0.2
[INFO] [stderr]   Downloaded serde_json v1.0.103
[INFO] [stderr]   Downloaded wasm-bindgen v0.2.87
[INFO] [stderr]   Downloaded chrono v0.4.26
[INFO] [stderr]   Downloaded syn v2.0.26
[INFO] [stderr]   Downloaded nix v0.23.2
[INFO] [stderr]   Downloaded regex v1.9.1
[INFO] [stderr]   Downloaded rustix v0.37.23
[INFO] [stderr]   Downloaded regex-automata v0.3.3
[INFO] [stderr]   Downloaded linux-raw-sys v0.3.8
[INFO] [stderr]   Downloaded libsqlite3-sys v0.26.0
[INFO] [stderr]   Downloaded windows v0.48.0
[INFO] running `Command { std: "docker" "create" "-v" "/var/lib/crater-agent-workspace/builds/worker-0-tc1/source:/opt/rustwide/workdir:ro,Z" "-v" "/var/lib/crater-agent-workspace/builds/worker-0-tc1/target:/opt/rustwide/target:rw,Z" "-v" "/var/lib/crater-agent-workspace/cargo-home:/opt/rustwide/cargo-home:ro,Z" "-v" "/var/lib/crater-agent-workspace/rustup-home:/opt/rustwide/rustup-home:ro,Z" "-m" "1610612736" "--network" "none" "ghcr.io/rust-lang/crates-build-env/linux@sha256:77db811e55d90add9212f6832c23229e3de5f1c1f9905e8cb07319ea15df73ac" "sleep" "infinity", kill_on_drop: false }`
[INFO] [stdout] 0895c41d3d5d9e4bcae9023c3e2f064331d0f164ea7a6d32338054066ef1aef8
[INFO] running `Command { std: "docker" "start" "0895c41d3d5d9e4bcae9023c3e2f064331d0f164ea7a6d32338054066ef1aef8", kill_on_drop: false }`
[INFO] running `Command { std: "docker" "inspect" "0895c41d3d5d9e4bcae9023c3e2f064331d0f164ea7a6d32338054066ef1aef8", kill_on_drop: false }`
[INFO] running `Command { std: "docker" "exec" "-e" "SOURCE_DIR=/opt/rustwide/workdir" "-e" "CARGO_HOME=/opt/rustwide/cargo-home" "-e" "RUSTUP_HOME=/opt/rustwide/rustup-home" "-e" "CARGO_TARGET_DIR=/opt/rustwide/target" "-w" "/opt/rustwide/workdir" "--user" "0:0" "0895c41d3d5d9e4bcae9023c3e2f064331d0f164ea7a6d32338054066ef1aef8" "/opt/rustwide/cargo-home/bin/cargo" "+1.99.0-beta.8" "metadata" "--no-deps" "--format-version=1", kill_on_drop: false }`
[INFO] running `Command { std: "docker" "inspect" "0895c41d3d5d9e4bcae9023c3e2f064331d0f164ea7a6d32338054066ef1aef8", kill_on_drop: false }`
[INFO] running `Command { std: "docker" "exec" "-e" "SOURCE_DIR=/opt/rustwide/workdir" "-e" "CARGO_HOME=/opt/rustwide/cargo-home" "-e" "RUSTUP_HOME=/opt/rustwide/rustup-home" "-e" "CARGO_TARGET_DIR=/opt/rustwide/target" "-e" "CARGO_INCREMENTAL=0" "-e" "RUST_BACKTRACE=full" "-e" "RUSTFLAGS=--cap-lints=warn" "-e" "RUSTDOCFLAGS=--cap-lints=warn" "-w" "/opt/rustwide/workdir" "--user" "0:0" "0895c41d3d5d9e4bcae9023c3e2f064331d0f164ea7a6d32338054066ef1aef8" "/opt/rustwide/cargo-home/bin/cargo" "+1.99.0-beta.8" "build" "--frozen" "--message-format=json" "--release", kill_on_drop: false }`
[INFO] [stderr]    Compiling proc-macro2 v1.0.66
[INFO] [stderr]    Compiling unicode-ident v1.0.11
[INFO] [stderr]    Compiling thiserror v1.0.43
[INFO] [stderr]    Compiling ucd-trie v0.1.6
[INFO] [stderr]    Compiling once_cell v1.18.0
[INFO] [stderr]    Compiling regex-syntax v0.7.4
[INFO] [stderr]    Compiling aho-corasick v1.0.2
[INFO] [stderr]    Compiling quote v1.0.31
[INFO] [stderr]    Compiling syn v2.0.26
[INFO] [stderr]    Compiling regex-automata v0.3.3
[INFO] [stderr]    Compiling thiserror-impl v1.0.43
[INFO] [stderr]    Compiling pest v2.7.1
[INFO] [stderr]    Compiling pest_meta v2.7.1
[INFO] [stderr]    Compiling regex v1.9.1
[INFO] [stderr]    Compiling pest_generator v2.7.1
[INFO] [stderr]    Compiling Inflector v0.11.4
[INFO] [stderr]    Compiling pest_derive v2.7.1
[INFO] [stderr]    Compiling dbml-rs v0.1.0-beta.2
[INFO] [stderr]    Compiling sqlx-dbml v0.1.0-beta.2 (/opt/rustwide/workdir)
[INFO] [stdout] warning: unused variable: `arr`
[INFO] [stdout]   --> src/compiler/traits.rs:46:29
[INFO] [stdout]    |
[INFO] [stdout] 46 |       .fold(str_type, |acc, arr| format!("Vec<{}>", acc))
[INFO] [stdout]    |                             ^^^ help: if this is intentional, prefix it with an underscore: `_arr`
[INFO] [stdout]    |
[INFO] [stdout]    = note: `#[warn(unused_variables)]` (part of `#[warn(unused)]`) on by default
[INFO] [stdout] 
[INFO] [stdout] 
[INFO] [stdout] warning: unused variable: `arr`
[INFO] [stdout]   --> src/compiler/traits.rs:83:50
[INFO] [stdout]    |
[INFO] [stdout] 83 |         let r = self.arrays.iter().fold(s, |acc, arr| {
[INFO] [stdout]    |                                                  ^^^ help: if this is intentional, prefix it with an underscore: `_arr`
[INFO] [stdout] 
[INFO] [stdout] 
[INFO] [stdout] warning: unused variable: `indexes`
[INFO] [stdout]    --> src/compiler/mod.rs:119:5
[INFO] [stdout]     |
[INFO] [stdout] 119 |     indexes,
[INFO] [stdout]     |     ^^^^^^^ help: try ignoring the field: `indexes: _`
[INFO] [stdout] 
[INFO] [stdout] 
[INFO] [stdout] warning: unused variable: `indexes`
[INFO] [stdout]    --> src/compiler/mod.rs:192:5
[INFO] [stdout]     |
[INFO] [stdout] 192 |     indexes,
[INFO] [stdout]     |     ^^^^^^^ help: try ignoring the field: `indexes: _`
[INFO] [stdout] 
[INFO] [stdout] 
[INFO] [stdout] warning: unused variable: `schema`
[INFO] [stdout]    --> src/compiler/mod.rs:275:44
[INFO] [stdout]     |
[INFO] [stdout] 275 |       ident: ast::enums::EnumIdent { name, schema },
[INFO] [stdout]     |                                            ^^^^^^ help: try ignoring the field: `schema: _`
[INFO] [stdout] 
[INFO] [stdout] 
[INFO] [stderr]     Finished `release` profile [optimized] target(s) in 22.07s
[INFO] running `Command { std: "docker" "inspect" "0895c41d3d5d9e4bcae9023c3e2f064331d0f164ea7a6d32338054066ef1aef8", kill_on_drop: false }`
[INFO] running `Command { std: "docker" "exec" "-e" "SOURCE_DIR=/opt/rustwide/workdir" "-e" "CARGO_HOME=/opt/rustwide/cargo-home" "-e" "RUSTUP_HOME=/opt/rustwide/rustup-home" "-e" "CARGO_TARGET_DIR=/opt/rustwide/target" "-e" "CARGO_INCREMENTAL=0" "-e" "RUST_BACKTRACE=full" "-e" "RUSTFLAGS=--cap-lints=warn" "-e" "RUSTDOCFLAGS=--cap-lints=warn" "-w" "/opt/rustwide/workdir" "--user" "0:0" "0895c41d3d5d9e4bcae9023c3e2f064331d0f164ea7a6d32338054066ef1aef8" "/opt/rustwide/cargo-home/bin/cargo" "+1.99.0-beta.8" "test" "--frozen" "--no-run" "--message-format=json" "--release", kill_on_drop: false }`
[INFO] [stderr]    Compiling libc v0.2.147
[INFO] [stderr]    Compiling typenum v1.16.0
[INFO] [stderr]    Compiling cfg-if v1.0.0
[INFO] [stderr]    Compiling serde v1.0.171
[INFO] [stderr]    Compiling futures-core v0.3.28
[INFO] [stderr]    Compiling once_cell v1.18.0
[INFO] [stderr]    Compiling memoffset v0.6.5
[INFO] [stderr]    Compiling lock_api v0.4.10
[INFO] [stderr]    Compiling parking_lot_core v0.9.8
[INFO] [stderr]    Compiling generic-array v0.14.7
[INFO] [stderr]    Compiling ahash v0.8.3
[INFO] [stderr]    Compiling slab v0.4.8
[INFO] [stderr]    Compiling crossbeam-utils v0.8.16
[INFO] [stderr]    Compiling futures-task v0.3.28
[INFO] [stderr]    Compiling syn v2.0.26
[INFO] [stderr]    Compiling num-traits v0.2.15
[INFO] [stderr]    Compiling crossbeam-queue v0.3.8
[INFO] [stderr]    Compiling subtle v2.5.0
[INFO] [stderr]    Compiling rust_decimal v1.30.0
[INFO] [stderr]    Compiling futures-util v0.3.28
[INFO] [stderr]    Compiling serde_json v1.0.103
[INFO] [stderr]    Compiling futures-channel v0.3.28
[INFO] [stderr]    Compiling tinyvec_macros v0.1.1
[INFO] [stderr]    Compiling memchr v2.5.0
[INFO] [stderr]    Compiling paste v1.0.14
[INFO] [stderr]    Compiling bitflags v1.3.2
[INFO] [stderr]    Compiling tinyvec v1.6.0
[INFO] [stderr]    Compiling allocator-api2 v0.2.16
[INFO] [stderr]    Compiling unicode-bidi v0.3.13
[INFO] [stderr]    Compiling smallvec v1.11.0
[INFO] [stderr]    Compiling scopeguard v1.2.0
[INFO] [stderr]    Compiling percent-encoding v2.3.0
[INFO] [stderr]    Compiling minimal-lexical v0.2.1
[INFO] [stderr]    Compiling futures-sink v0.3.28
[INFO] [stderr]    Compiling pin-project-lite v0.2.10
[INFO] [stderr]    Compiling cpufeatures v0.2.9
[INFO] [stderr]    Compiling io-lifetimes v1.0.11
[INFO] [stderr]    Compiling form_urlencoded v1.2.0
[INFO] [stderr]    Compiling tracing-core v0.1.31
[INFO] [stderr]    Compiling num-integer v0.1.45
[INFO] [stderr]    Compiling log v0.4.19
[INFO] [stderr]    Compiling unicode_categories v0.1.1
[INFO] [stderr]    Compiling ryu v1.0.15
[INFO] [stderr]    Compiling nom v7.1.3
[INFO] [stderr]    Compiling ppv-lite86 v0.2.17
[INFO] [stderr]    Compiling iana-time-zone v0.1.57
[INFO] [stderr]    Compiling equivalent v1.0.1
[INFO] [stderr]    Compiling crc-catalog v2.2.0
[INFO] [stderr]    Compiling futures-io v0.3.28
[INFO] [stderr]    Compiling rustix v0.37.23
[INFO] [stderr]    Compiling unicode-normalization v0.1.22
[INFO] [stderr]    Compiling pin-utils v0.1.0
[INFO] [stderr]    Compiling arrayvec v0.7.4
[INFO] [stderr]    Compiling itoa v1.0.9
[INFO] [stderr]    Compiling chrono v0.4.26
[INFO] [stderr]    Compiling atoi v2.0.0
[INFO] [stderr]    Compiling crc v3.0.1
[INFO] [stderr]    Compiling getrandom v0.2.10
[INFO] [stderr]    Compiling idna v0.4.0
[INFO] [stderr]    Compiling block-buffer v0.10.4
[INFO] [stderr]    Compiling crypto-common v0.1.6
[INFO] [stderr]    Compiling num-bigint v0.4.3
[INFO] [stderr]    Compiling digest v0.10.7
[INFO] [stderr]    Compiling nix v0.23.2
[INFO] [stderr]    Compiling tempfile v3.6.0
[INFO] [stderr]    Compiling hashbrown v0.14.0
[INFO] [stderr]    Compiling rand_core v0.6.4
[INFO] [stderr]    Compiling hmac v0.12.1
[INFO] [stderr]    Compiling parking_lot v0.12.1
[INFO] [stderr]    Compiling sha2 v0.10.7
[INFO] [stderr]    Compiling bit-vec v0.6.3
[INFO] [stderr]    Compiling url v2.4.0
[INFO] [stderr]    Compiling rand_chacha v0.3.1
[INFO] [stderr]    Compiling bytes v1.4.0
[INFO] [stderr]    Compiling futures-intrusive v0.5.0
[INFO] [stderr]    Compiling linux-raw-sys v0.3.8
[INFO] [stderr]    Compiling dotenvy v0.15.7
[INFO] [stderr]    Compiling hex v0.4.3
[INFO] [stderr]    Compiling byteorder v1.4.3
[INFO] [stderr]    Compiling event-listener v2.5.3
[INFO] [stderr]    Compiling uuid v1.4.1
[INFO] [stderr]    Compiling syn v1.0.109
[INFO] [stderr]    Compiling hashlink v0.8.3
[INFO] [stderr]    Compiling indexmap v2.0.0
[INFO] [stderr]    Compiling rand v0.8.5
[INFO] [stderr]    Compiling hkdf v0.12.3
[INFO] [stderr]    Compiling md-5 v0.10.5
[INFO] [stderr]    Compiling sha1 v0.10.5
[INFO] [stderr]    Compiling stringprep v0.1.3
[INFO] [stderr]    Compiling fastrand v1.9.0
[INFO] [stderr]    Compiling unicode-segmentation v1.10.1
[INFO] [stderr]    Compiling home v0.5.5
[INFO] [stderr]    Compiling base64 v0.21.2
[INFO] [stderr]    Compiling whoami v1.4.1
[INFO] [stderr]    Compiling bitflags v2.3.3
[INFO] [stderr]    Compiling heck v0.4.1
[INFO] [stderr]    Compiling mac_address v1.1.5
[INFO] [stderr]    Compiling serde_derive v1.0.171
[INFO] [stderr]    Compiling thiserror-impl v1.0.43
[INFO] [stderr]    Compiling tracing-attributes v0.1.26
[INFO] [stderr]    Compiling thiserror v1.0.43
[INFO] [stderr]    Compiling pest v2.7.1
[INFO] [stderr]    Compiling tracing v0.1.37
[INFO] [stderr]    Compiling pest_meta v2.7.1
[INFO] [stderr]    Compiling pest_generator v2.7.1
[INFO] [stderr]    Compiling pest_derive v2.7.1
[INFO] [stderr]    Compiling dbml-rs v0.1.0-beta.2
[INFO] [stderr]    Compiling sqlx-dbml v0.1.0-beta.2 (/opt/rustwide/workdir)
[INFO] [stdout] warning: unused variable: `arr`
[INFO] [stdout]   --> src/compiler/traits.rs:46:29
[INFO] [stdout]    |
[INFO] [stdout] 46 |       .fold(str_type, |acc, arr| format!("Vec<{}>", acc))
[INFO] [stdout]    |                             ^^^ help: if this is intentional, prefix it with an underscore: `_arr`
[INFO] [stdout]    |
[INFO] [stdout]    = note: `#[warn(unused_variables)]` (part of `#[warn(unused)]`) on by default
[INFO] [stdout] 
[INFO] [stdout] 
[INFO] [stdout] warning: unused variable: `arr`
[INFO] [stdout]   --> src/compiler/traits.rs:83:50
[INFO] [stdout]    |
[INFO] [stdout] 83 |         let r = self.arrays.iter().fold(s, |acc, arr| {
[INFO] [stdout]    |                                                  ^^^ help: if this is intentional, prefix it with an underscore: `_arr`
[INFO] [stdout] 
[INFO] [stdout] 
[INFO] [stdout] warning: unused variable: `indexes`
[INFO] [stdout]    --> src/compiler/mod.rs:119:5
[INFO] [stdout]     |
[INFO] [stdout] 119 |     indexes,
[INFO] [stdout]     |     ^^^^^^^ help: try ignoring the field: `indexes: _`
[INFO] [stdout] 
[INFO] [stdout] 
[INFO] [stdout] warning: unused variable: `indexes`
[INFO] [stdout]    --> src/compiler/mod.rs:192:5
[INFO] [stdout]     |
[INFO] [stdout] 192 |     indexes,
[INFO] [stdout]     |     ^^^^^^^ help: try ignoring the field: `indexes: _`
[INFO] [stdout] 
[INFO] [stdout] 
[INFO] [stdout] warning: unused variable: `schema`
[INFO] [stdout]    --> src/compiler/mod.rs:275:44
[INFO] [stdout]     |
[INFO] [stdout] 275 |       ident: ast::enums::EnumIdent { name, schema },
[INFO] [stdout]     |                                            ^^^^^^ help: try ignoring the field: `schema: _`
[INFO] [stdout] 
[INFO] [stdout] 
[INFO] [stderr]    Compiling either v1.8.1
[INFO] [stderr]    Compiling ipnetwork v0.20.0
[INFO] [stderr]    Compiling itertools v0.10.5
[INFO] [stderr]    Compiling sqlformat v0.2.1
[INFO] [stderr]    Compiling sqlx-core v0.7.1
[INFO] [stderr]    Compiling sqlx-postgres v0.7.1
[INFO] [stderr]    Compiling sqlx-macros-core v0.7.1
[INFO] [stderr]    Compiling sqlx-macros v0.7.1
[INFO] [stderr]    Compiling sqlx v0.7.1
[INFO] [stdout] warning: unused variable: `arr`
[INFO] [stdout]   --> src/compiler/traits.rs:46:29
[INFO] [stdout]    |
[INFO] [stdout] 46 |       .fold(str_type, |acc, arr| format!("Vec<{}>", acc))
[INFO] [stdout]    |                             ^^^ help: if this is intentional, prefix it with an underscore: `_arr`
[INFO] [stdout]    |
[INFO] [stdout]    = note: `#[warn(unused_variables)]` (part of `#[warn(unused)]`) on by default
[INFO] [stdout] 
[INFO] [stdout] 
[INFO] [stdout] warning: unused variable: `arr`
[INFO] [stdout]   --> src/compiler/traits.rs:83:50
[INFO] [stdout]    |
[INFO] [stdout] 83 |         let r = self.arrays.iter().fold(s, |acc, arr| {
[INFO] [stdout]    |                                                  ^^^ help: if this is intentional, prefix it with an underscore: `_arr`
[INFO] [stdout] 
[INFO] [stdout] 
[INFO] [stdout] warning: unused variable: `indexes`
[INFO] [stdout]    --> src/compiler/mod.rs:119:5
[INFO] [stdout]     |
[INFO] [stdout] 119 |     indexes,
[INFO] [stdout]     |     ^^^^^^^ help: try ignoring the field: `indexes: _`
[INFO] [stdout] 
[INFO] [stdout] 
[INFO] [stdout] warning: unused variable: `indexes`
[INFO] [stdout]    --> src/compiler/mod.rs:192:5
[INFO] [stdout]     |
[INFO] [stdout] 192 |     indexes,
[INFO] [stdout]     |     ^^^^^^^ help: try ignoring the field: `indexes: _`
[INFO] [stdout] 
[INFO] [stdout] 
[INFO] [stdout] warning: unused variable: `schema`
[INFO] [stdout]    --> src/compiler/mod.rs:275:44
[INFO] [stdout]     |
[INFO] [stdout] 275 |       ident: ast::enums::EnumIdent { name, schema },
[INFO] [stdout]     |                                            ^^^^^^ help: try ignoring the field: `schema: _`
[INFO] [stdout] 
[INFO] [stdout] 
[INFO] [stderr]     Finished `release` profile [optimized] target(s) in 58.10s
[INFO] [stderr] warning: the following packages contain code that will be rejected by a future version of Rust: sqlx-postgres v0.7.1
[INFO] [stderr] note: to see what the problems were, use the option `--future-incompat-report`, or run `cargo report future-incompatibilities --id 2`
[INFO] running `Command { std: "docker" "inspect" "0895c41d3d5d9e4bcae9023c3e2f064331d0f164ea7a6d32338054066ef1aef8", kill_on_drop: false }`
[INFO] running `Command { std: "docker" "exec" "-e" "SOURCE_DIR=/opt/rustwide/workdir" "-e" "CARGO_HOME=/opt/rustwide/cargo-home" "-e" "RUSTUP_HOME=/opt/rustwide/rustup-home" "-e" "CARGO_TARGET_DIR=/opt/rustwide/target" "-e" "CARGO_INCREMENTAL=0" "-e" "RUST_BACKTRACE=full" "-e" "RUSTFLAGS=--cap-lints=warn" "-e" "RUSTDOCFLAGS=--cap-lints=warn" "-w" "/opt/rustwide/workdir" "--user" "0:0" "0895c41d3d5d9e4bcae9023c3e2f064331d0f164ea7a6d32338054066ef1aef8" "/opt/rustwide/cargo-home/bin/cargo" "+1.99.0-beta.8" "test" "--frozen" "--release", kill_on_drop: false }`
[INFO] [stderr] warning: unused variable: `arr`
[INFO] [stderr]   --> src/compiler/traits.rs:46:29
[INFO] [stderr]    |
[INFO] [stderr] 46 |       .fold(str_type, |acc, arr| format!("Vec<{}>", acc))
[INFO] [stderr]    |                             ^^^ help: if this is intentional, prefix it with an underscore: `_arr`
[INFO] [stderr]    |
[INFO] [stderr]    = note: `#[warn(unused_variables)]` (part of `#[warn(unused)]`) on by default
[INFO] [stderr] 
[INFO] [stderr] warning: unused variable: `arr`
[INFO] [stderr]   --> src/compiler/traits.rs:83:50
[INFO] [stderr]    |
[INFO] [stderr] 83 |         let r = self.arrays.iter().fold(s, |acc, arr| {
[INFO] [stderr]    |                                                  ^^^ help: if this is intentional, prefix it with an underscore: `_arr`
[INFO] [stderr] 
[INFO] [stderr] warning: unused variable: `indexes`
[INFO] [stderr]    --> src/compiler/mod.rs:119:5
[INFO] [stderr]     |
[INFO] [stderr] 119 |     indexes,
[INFO] [stderr]     |     ^^^^^^^ help: try ignoring the field: `indexes: _`
[INFO] [stderr] 
[INFO] [stderr] warning: unused variable: `indexes`
[INFO] [stderr]    --> src/compiler/mod.rs:192:5
[INFO] [stderr]     |
[INFO] [stderr] 192 |     indexes,
[INFO] [stderr]     |     ^^^^^^^ help: try ignoring the field: `indexes: _`
[INFO] [stderr] 
[INFO] [stderr] warning: unused variable: `schema`
[INFO] [stderr]    --> src/compiler/mod.rs:275:44
[INFO] [stderr]     |
[INFO] [stderr] 275 |       ident: ast::enums::EnumIdent { name, schema },
[INFO] [stderr]     |                                            ^^^^^^ help: try ignoring the field: `schema: _`
[INFO] [stderr] 
[INFO] [stderr] warning: `sqlx-dbml` (lib) generated 5 warnings (run `cargo fix --lib -p sqlx-dbml` to apply 5 suggestions)
[INFO] [stderr] warning: `sqlx-dbml` (lib test) generated 5 warnings (5 duplicates)
[INFO] [stderr]     Finished `release` profile [optimized] target(s) in 0.31s
[INFO] [stderr] warning: the following packages contain code that will be rejected by a future version of Rust: sqlx-postgres v0.7.1
[INFO] [stderr] note: to see what the problems were, use the option `--future-incompat-report`, or run `cargo report future-incompatibilities --id 2`
[INFO] [stderr]      Running unittests src/lib.rs (/opt/rustwide/target/release/deps/sqlx_dbml-c033693104b63db0)
[INFO] [stderr]      Running tests/mod.rs (/opt/rustwide/target/release/deps/mod-caadf3c2e9b4c65c)
[INFO] [stdout] 
[INFO] [stdout] running 0 tests
[INFO] [stdout] 
[INFO] [stdout] test result: ok. 0 passed; 0 failed; 0 ignored; 0 measured; 0 filtered out; finished in 0.00s
[INFO] [stdout] 
[INFO] [stdout] 
[INFO] [stdout] running 1 test
[INFO] [stdout] test gen_all ... FAILED
[INFO] [stdout] 
[INFO] [stdout] failures:
[INFO] [stdout] 
[INFO] [stdout] ---- gen_all stdout ----
[INFO] [stdout] 
[INFO] [stdout] thread 'gen_all' (3577) panicked at tests/mod.rs:56:30:
[INFO] [stdout] "tests/dbml/sea_orm_bakery.dbml" Read-only file system (os error 30)
[INFO] [stdout] stack backtrace:
[INFO] [stdout]    0:     0x559a200b8a61 - <<std[70759c8f55707aa4]::sys::backtrace::BacktraceLock>::print::DisplayBacktrace as core[df12db4294e9bfd3]::fmt::Display>::fmt
[INFO] [stdout]    1:     0x559a200ce2ba - core[df12db4294e9bfd3]::fmt::write
[INFO] [stdout]    2:     0x559a200bd1cc - <alloc[2182bb758b4b3781]::vec::Vec<u8> as core[df12db4294e9bfd3]::io::write::Write>::write_fmt
[INFO] [stdout]    3:     0x559a20093c56 - std[70759c8f55707aa4]::panicking::default_hook::{closure#0}
[INFO] [stdout]    4:     0x559a200b09d9 - std[70759c8f55707aa4]::panicking::default_hook
[INFO] [stdout]    5:     0x559a1ffeda20 - test[9d35eded1c95d3be]::test_main_inner::<test[9d35eded1c95d3be]::test_main_static::{closure#0}>::{closure#0}
[INFO] [stdout]    6:     0x559a200b0b92 - std[70759c8f55707aa4]::panicking::panic_with_hook
[INFO] [stdout]    7:     0x559a20093d02 - std[70759c8f55707aa4]::panicking::panic_handler::{closure#0}
[INFO] [stdout]    8:     0x559a2008c739 - std[70759c8f55707aa4]::sys::backtrace::__rust_end_short_backtrace::<std[70759c8f55707aa4]::panicking::panic_handler::{closure#0}, !>
[INFO] [stdout]    9:     0x559a200948fd - __rustc[8fa7c3cbc660c2b3]::rust_begin_unwind
[INFO] [stdout]   10:     0x559a200ce9ec - core[df12db4294e9bfd3]::panicking::panic_fmt
[INFO] [stdout]   11:     0x559a1ffe0200 - mod[dc5ad1f6e646780c]::gen_all::{closure#0}
[INFO] [stdout]   12:     0x559a1ffe0aaa - <mod[dc5ad1f6e646780c]::gen_all::{closure#0} as core[df12db4294e9bfd3]::ops::function::FnOnce<()>>::call_once
[INFO] [stdout]   13:     0x559a1ffe0d0b - test[9d35eded1c95d3be]::__rust_begin_short_backtrace::<core[df12db4294e9bfd3]::result::Result<(), alloc[2182bb758b4b3781]::string::String>, fn() -> core[df12db4294e9bfd3]::result::Result<(), alloc[2182bb758b4b3781]::string::String>>
[INFO] [stdout]   14:     0x559a1ffee375 - test[9d35eded1c95d3be]::run_test::{closure#0}
[INFO] [stdout]   15:     0x559a1ffe7c34 - std[70759c8f55707aa4]::sys::backtrace::__rust_begin_short_backtrace::<test[9d35eded1c95d3be]::run_test::{closure#1}, ()>
[INFO] [stdout]   16:     0x559a1fff14d2 - <std[70759c8f55707aa4]::thread::lifecycle::spawn_unchecked<test[9d35eded1c95d3be]::run_test::{closure#1}, ()>::{closure#1} as core[df12db4294e9bfd3]::ops::function::FnOnce<()>>::call_once::{shim:vtable#0}
[INFO] [stdout]   17:     0x559a200b7dd9 - <std[70759c8f55707aa4]::sys::thread::unix::Thread>::new::thread_start
[INFO] [stdout]   18:     0x7a119625edfa - <unknown>
[INFO] [stdout]   19:     0x7a11962f23d4 - clone
[INFO] [stdout]   20:                0x0 - <unknown>
[INFO] [stdout] 
[INFO] [stdout] 
[INFO] [stdout] failures:
[INFO] [stdout]     gen_all
[INFO] [stdout] 
[INFO] [stdout] test result: FAILED. 0 passed; 1 failed; 0 ignored; 0 measured; 0 filtered out; finished in 0.00s
[INFO] [stdout] 
[INFO] [stderr] error: test failed, to rerun pass `--test mod`
[INFO] running `Command { std: "docker" "inspect" "0895c41d3d5d9e4bcae9023c3e2f064331d0f164ea7a6d32338054066ef1aef8", kill_on_drop: false }`
[INFO] running `Command { std: "docker" "rm" "-f" "0895c41d3d5d9e4bcae9023c3e2f064331d0f164ea7a6d32338054066ef1aef8", kill_on_drop: false }`
[INFO] [stdout] 0895c41d3d5d9e4bcae9023c3e2f064331d0f164ea7a6d32338054066ef1aef8
