[INFO] cloning repository https://github.com/apple037/rust-on-k8s
[INFO] running `Command { std: "git" "-c" "credential.helper=" "-c" "credential.helper=/workspace/cargo-home/bin/git-credential-null" "clone" "--bare" "https://github.com/apple037/rust-on-k8s" "/workspace/cache/git-repos/https%3A%2F%2Fgithub.com%2Fapple037%2Frust-on-k8s", kill_on_drop: false }`
[INFO] [stderr] Cloning into bare repository '/workspace/cache/git-repos/https%3A%2F%2Fgithub.com%2Fapple037%2Frust-on-k8s'...
[INFO] running `Command { std: "git" "rev-parse" "HEAD", kill_on_drop: false }`
[INFO] [stdout] 0826dc850a6c99df534a9a3aac5cc0ce8ffe59d6
[INFO] testing apple037/rust-on-k8s against 1.99.0-beta.8+cargoflags=--release for beta-release-1.100-3
[INFO] running `Command { std: "git" "clone" "/workspace/cache/git-repos/https%3A%2F%2Fgithub.com%2Fapple037%2Frust-on-k8s" "/workspace/builds/worker-2-tc1/source", kill_on_drop: false }`
[INFO] [stderr] Cloning into '/workspace/builds/worker-2-tc1/source'...
[INFO] [stderr] done.
[INFO] started tweaking git repo https://github.com/apple037/rust-on-k8s
[INFO] finished tweaking git repo https://github.com/apple037/rust-on-k8s
[INFO] tweaked toml for git repo https://github.com/apple037/rust-on-k8s written to /workspace/builds/worker-2-tc1/source/Cargo.toml
[INFO] validating manifest of git repo https://github.com/apple037/rust-on-k8s on toolchain 1.99.0-beta.8
[INFO] running `Command { std: CARGO_HOME="/workspace/cargo-home" RUSTUP_HOME="/workspace/rustup-home" "/workspace/cargo-home/bin/cargo" "+1.99.0-beta.8" "metadata" "--manifest-path" "Cargo.toml" "--no-deps", kill_on_drop: false }`
[INFO] crate git repo https://github.com/apple037/rust-on-k8s already has a lockfile, it will not be regenerated
[INFO] running `Command { std: CARGO_HOME="/workspace/cargo-home" RUSTUP_HOME="/workspace/rustup-home" "/workspace/cargo-home/bin/cargo" "+1.99.0-beta.8" "fetch" "--manifest-path" "Cargo.toml", kill_on_drop: false }`
[INFO] [stderr]     Updating crates.io index
[INFO] [stderr]  Downloading crates ...
[INFO] [stderr]   Downloaded valuable v0.1.0
[INFO] [stderr]   Downloaded proc-macro2 v1.0.80
[INFO] [stderr]   Downloaded tokio-macros v2.2.0
[INFO] [stderr]   Downloaded tracing-attributes v0.1.27
[INFO] [stderr]   Downloaded futures-macro v0.3.30
[INFO] [stderr]   Downloaded http-body v1.0.0
[INFO] [stderr]   Downloaded cpufeatures v0.2.12
[INFO] [stderr]   Downloaded itoa v1.0.11
[INFO] [stderr]   Downloaded simple_asn1 v0.6.2
[INFO] [stderr]   Downloaded time-core v0.1.2
[INFO] [stderr]   Downloaded toml_datetime v0.6.5
[INFO] [stderr]   Downloaded serde_spanned v0.6.5
[INFO] [stderr]   Downloaded http-body-util v0.1.1
[INFO] [stderr]   Downloaded sha256 v1.5.0
[INFO] [stderr]   Downloaded thiserror-impl v1.0.58
[INFO] [stderr]   Downloaded pem v3.0.4
[INFO] [stderr]   Downloaded tower-layer v0.3.2
[INFO] [stderr]   Downloaded sync_wrapper v1.0.1
[INFO] [stderr]   Downloaded subtle v2.5.0
[INFO] [stderr]   Downloaded lock_api v0.4.11
[INFO] [stderr]   Downloaded postgres-types v0.2.6
[INFO] [stderr]   Downloaded axum-core v0.4.3
[INFO] [stderr]   Downloaded parking_lot_core v0.9.9
[INFO] [stderr]   Downloaded pin-project-lite v0.2.14
[INFO] [stderr]   Downloaded whoami v1.5.1
[INFO] [stderr]   Downloaded getrandom v0.2.14
[INFO] [stderr]   Downloaded postgres-protocol v0.6.6
[INFO] [stderr]   Downloaded stringprep v0.1.4
[INFO] [stderr]   Downloaded async-trait v0.1.80
[INFO] [stderr]   Downloaded time-macros v0.2.18
[INFO] [stderr]   Downloaded deranged v0.3.11
[INFO] [stderr]   Downloaded thiserror v1.0.58
[INFO] [stderr]   Downloaded pin-project-internal v1.1.5
[INFO] [stderr]   Downloaded rustversion v1.0.15
[INFO] [stderr]   Downloaded axum-macros v0.4.1
[INFO] [stderr]   Downloaded jsonwebtoken v9.3.0
[INFO] [stderr]   Downloaded serde_derive v1.0.197
[INFO] [stderr]   Downloaded socket2 v0.5.6
[INFO] [stderr]   Downloaded bytes v1.6.0
[INFO] [stderr]   Downloaded miniz_oxide v0.7.2
[INFO] [stderr]   Downloaded ryu v1.0.17
[INFO] [stderr]   Downloaded num-traits v0.2.18
[INFO] [stderr]   Downloaded pin-project v1.1.5
[INFO] [stderr]   Downloaded toml v0.8.12
[INFO] [stderr]   Downloaded serde v1.0.197
[INFO] [stderr]   Downloaded cc v1.0.94
[INFO] [stderr]   Downloaded hyper-util v0.1.3
[INFO] [stderr]   Downloaded base64 v0.22.0
[INFO] [stderr]   Downloaded tokio-postgres v0.7.10
[INFO] [stderr]   Downloaded js-sys v0.3.69
[INFO] [stderr]   Downloaded backtrace v0.3.71
[INFO] [stderr]   Downloaded mio v0.8.11
[INFO] [stderr]   Downloaded num-bigint v0.4.4
[INFO] [stderr]   Downloaded http v1.1.0
[INFO] [stderr]   Downloaded tracing-subscriber v0.3.18
[INFO] [stderr]   Downloaded toml_edit v0.22.9
[INFO] [stderr]   Downloaded unicode-normalization v0.1.23
[INFO] [stderr]   Downloaded hyper v1.3.0
[INFO] [stderr]   Downloaded syn v2.0.59
[INFO] [stderr]   Downloaded time v0.3.36
[INFO] [stderr]   Downloaded axum v0.7.5
[INFO] [stderr]   Downloaded serde_json v1.0.116
[INFO] [stderr]   Downloaded winnow v0.6.6
[INFO] [stderr]   Downloaded redis v0.25.3
[INFO] [stderr]   Downloaded finl_unicode v1.2.0
[INFO] [stderr]   Downloaded web-sys v0.3.69
[INFO] [stderr]   Downloaded libc v0.2.153
[INFO] [stderr]   Downloaded tokio v1.37.0
[INFO] [stderr]   Downloaded ring v0.17.8
[INFO] running `Command { std: "docker" "create" "-v" "/var/lib/crater-agent-workspace/builds/worker-2-tc1/source:/opt/rustwide/workdir:ro,Z" "-v" "/var/lib/crater-agent-workspace/builds/worker-2-tc1/target:/opt/rustwide/target:rw,Z" "-v" "/var/lib/crater-agent-workspace/cargo-home:/opt/rustwide/cargo-home:ro,Z" "-v" "/var/lib/crater-agent-workspace/rustup-home:/opt/rustwide/rustup-home:ro,Z" "-m" "1610612736" "--network" "none" "ghcr.io/rust-lang/crates-build-env/linux@sha256:77db811e55d90add9212f6832c23229e3de5f1c1f9905e8cb07319ea15df73ac" "sleep" "infinity", kill_on_drop: false }`
[INFO] [stdout] 8b16dad8244895cc902b08742ba608dc4db6176329ed88c7064cd9607f8998d4
[INFO] running `Command { std: "docker" "start" "8b16dad8244895cc902b08742ba608dc4db6176329ed88c7064cd9607f8998d4", kill_on_drop: false }`
[INFO] running `Command { std: "docker" "inspect" "8b16dad8244895cc902b08742ba608dc4db6176329ed88c7064cd9607f8998d4", kill_on_drop: false }`
[INFO] running `Command { std: "docker" "exec" "-e" "SOURCE_DIR=/opt/rustwide/workdir" "-e" "CARGO_HOME=/opt/rustwide/cargo-home" "-e" "RUSTUP_HOME=/opt/rustwide/rustup-home" "-e" "CARGO_TARGET_DIR=/opt/rustwide/target" "-w" "/opt/rustwide/workdir" "--user" "0:0" "8b16dad8244895cc902b08742ba608dc4db6176329ed88c7064cd9607f8998d4" "/opt/rustwide/cargo-home/bin/cargo" "+1.99.0-beta.8" "metadata" "--no-deps" "--format-version=1", kill_on_drop: false }`
[INFO] running `Command { std: "docker" "inspect" "8b16dad8244895cc902b08742ba608dc4db6176329ed88c7064cd9607f8998d4", kill_on_drop: false }`
[INFO] running `Command { std: "docker" "exec" "-e" "SOURCE_DIR=/opt/rustwide/workdir" "-e" "CARGO_HOME=/opt/rustwide/cargo-home" "-e" "RUSTUP_HOME=/opt/rustwide/rustup-home" "-e" "CARGO_TARGET_DIR=/opt/rustwide/target" "-e" "CARGO_INCREMENTAL=0" "-e" "RUST_BACKTRACE=full" "-e" "RUSTFLAGS=--cap-lints=warn" "-e" "RUSTDOCFLAGS=--cap-lints=warn" "-w" "/opt/rustwide/workdir" "--user" "0:0" "8b16dad8244895cc902b08742ba608dc4db6176329ed88c7064cd9607f8998d4" "/opt/rustwide/cargo-home/bin/cargo" "+1.99.0-beta.8" "build" "--frozen" "--message-format=json" "--release", kill_on_drop: false }`
[INFO] [stderr]    Compiling proc-macro2 v1.0.80
[INFO] [stderr]    Compiling unicode-ident v1.0.12
[INFO] [stderr]    Compiling libc v0.2.153
[INFO] [stderr]    Compiling bytes v1.6.0
[INFO] [stderr]    Compiling itoa v1.0.11
[INFO] [stderr]    Compiling typenum v1.17.0
[INFO] [stderr]    Compiling pin-project-lite v0.2.14
[INFO] [stderr]    Compiling generic-array v0.14.7
[INFO] [stderr]    Compiling lock_api v0.4.11
[INFO] [stderr]    Compiling smallvec v1.13.2
[INFO] [stderr]    Compiling parking_lot_core v0.9.9
[INFO] [stderr]    Compiling serde v1.0.197
[INFO] [stderr]    Compiling futures-core v0.3.30
[INFO] [stderr]    Compiling once_cell v1.19.0
[INFO] [stderr]    Compiling slab v0.4.9
[INFO] [stderr]    Compiling tinyvec_macros v0.1.1
[INFO] [stderr]    Compiling futures-sink v0.3.30
[INFO] [stderr]    Compiling tinyvec v1.6.0
[INFO] [stderr]    Compiling tracing-core v0.1.32
[INFO] [stderr]    Compiling rustversion v1.0.15
[INFO] [stderr]    Compiling log v0.4.21
[INFO] [stderr]    Compiling subtle v2.5.0
[INFO] [stderr]    Compiling socket2 v0.5.6
[INFO] [stderr]    Compiling quote v1.0.36
[INFO] [stderr]    Compiling num_cpus v1.16.0
[INFO] [stderr]    Compiling getrandom v0.2.14
[INFO] [stderr]    Compiling syn v2.0.59
[INFO] [stderr]    Compiling parking_lot v0.12.1
[INFO] [stderr]    Compiling signal-hook-registry v1.4.1
[INFO] [stderr]    Compiling mio v0.8.11
[INFO] [stderr]    Compiling unicode-normalization v0.1.23
[INFO] [stderr]    Compiling pin-utils v0.1.0
[INFO] [stderr]    Compiling block-buffer v0.10.4
[INFO] [stderr]    Compiling crypto-common v0.1.6
[INFO] [stderr]    Compiling futures-task v0.3.30
[INFO] [stderr]    Compiling unicode-bidi v0.3.15
[INFO] [stderr]    Compiling http v1.1.0
[INFO] [stderr]    Compiling digest v0.10.7
[INFO] [stderr]    Compiling num-traits v0.2.18
[INFO] [stderr]    Compiling memchr v2.7.2
[INFO] [stderr]    Compiling percent-encoding v2.3.1
[INFO] [stderr]    Compiling rand_core v0.6.4
[INFO] [stderr]    Compiling cpufeatures v0.2.12
[INFO] [stderr]    Compiling ryu v1.0.17
[INFO] [stderr]    Compiling httparse v1.8.0
[INFO] [stderr]    Compiling rand_chacha v0.3.1
[INFO] [stderr]    Compiling sha2 v0.10.8
[INFO] [stderr]    Compiling form_urlencoded v1.2.1
[INFO] [stderr]    Compiling futures-channel v0.3.30
[INFO] [stderr]    Compiling http-body v1.0.0
[INFO] [stderr]    Compiling num-bigint v0.4.4
[INFO] [stderr]    Compiling cc v1.0.94
[INFO] [stderr]    Compiling time-core v0.1.2
[INFO] [stderr]    Compiling powerfmt v0.2.0
[INFO] [stderr]    Compiling thiserror v1.0.58
[INFO] [stderr]    Compiling serde_json v1.0.116
[INFO] [stderr]    Compiling num-conv v0.1.0
[INFO] [stderr]    Compiling finl_unicode v1.2.0
[INFO] [stderr]    Compiling time-macros v0.2.18
[INFO] [stderr]    Compiling num-integer v0.1.46
[INFO] [stderr]    Compiling deranged v0.3.11
[INFO] [stderr]    Compiling stringprep v0.1.4
[INFO] [stderr]    Compiling rand v0.8.5
[INFO] [stderr]    Compiling ring v0.17.8
[INFO] [stderr]    Compiling axum-core v0.4.3
[INFO] [stderr]    Compiling md-5 v0.10.6
[INFO] [stderr]    Compiling hmac v0.12.1
[INFO] [stderr]    Compiling equivalent v1.0.1
[INFO] [stderr]    Compiling tower-service v0.3.2
[INFO] [stderr]    Compiling tower-layer v0.3.2
[INFO] [stderr]    Compiling fallible-iterator v0.2.0
[INFO] [stderr]    Compiling hashbrown v0.14.3
[INFO] [stderr]    Compiling phf_shared v0.11.2
[INFO] [stderr]    Compiling time v0.3.36
[INFO] [stderr]    Compiling http-body-util v0.1.1
[INFO] [stderr]    Compiling postgres-protocol v0.6.6
[INFO] [stderr]    Compiling axum v0.7.5
[INFO] [stderr]    Compiling idna v0.5.0
[INFO] [stderr]    Compiling indexmap v2.2.6
[INFO] [stderr]    Compiling base64 v0.22.0
[INFO] [stderr]    Compiling heck v0.4.1
[INFO] [stderr]    Compiling spin v0.9.8
[INFO] [stderr]    Compiling overload v0.1.1
[INFO] [stderr]    Compiling winnow v0.6.6
[INFO] [stderr]    Compiling nu-ansi-term v0.46.0
[INFO] [stderr]    Compiling serde_derive v1.0.197
[INFO] [stderr]    Compiling tokio-macros v2.2.0
[INFO] [stderr]    Compiling futures-macro v0.3.30
[INFO] [stderr]    Compiling tracing-attributes v0.1.27
[INFO] [stderr]    Compiling tokio v1.37.0
[INFO] [stderr]    Compiling futures-util v0.3.30
[INFO] [stderr]    Compiling tracing v0.1.40
[INFO] [stderr]    Compiling async-trait v0.1.80
[INFO] [stderr]    Compiling pin-project-internal v1.1.5
[INFO] [stderr]    Compiling thiserror-impl v1.0.58
[INFO] [stderr]    Compiling axum-macros v0.4.1
[INFO] [stderr]    Compiling simple_asn1 v0.6.2
[INFO] [stderr]    Compiling pin-project v1.1.5
[INFO] [stderr]    Compiling sharded-slab v0.1.7
[INFO] [stderr]    Compiling pem v3.0.4
[INFO] [stderr]    Compiling postgres-types v0.2.6
[INFO] [stderr]    Compiling url v2.5.0
[INFO] [stderr]    Compiling phf v0.11.2
[INFO] [stderr]    Compiling combine v4.6.7
[INFO] [stderr]    Compiling tracing-log v0.2.0
[INFO] [stderr]    Compiling thread_local v1.1.8
[INFO] [stderr]    Compiling hex v0.4.3
[INFO] [stderr]    Compiling sync_wrapper v1.0.1
[INFO] [stderr]    Compiling sha1_smol v1.0.0
[INFO] [stderr]    Compiling whoami v1.5.1
[INFO] [stderr]    Compiling matchit v0.7.3
[INFO] [stderr]    Compiling hyper v1.3.0
[INFO] [stderr]    Compiling toml_datetime v0.6.5
[INFO] [stderr]    Compiling serde_spanned v0.6.5
[INFO] [stderr]    Compiling toml_edit v0.22.9
[INFO] [stderr]    Compiling hyper-util v0.1.3
[INFO] [stderr]    Compiling serde_urlencoded v0.7.1
[INFO] [stderr]    Compiling serde_path_to_error v0.1.16
[INFO] [stderr]    Compiling tower v0.4.13
[INFO] [stderr]    Compiling tokio-util v0.7.10
[INFO] [stderr]    Compiling toml v0.8.12
[INFO] [stderr]    Compiling tokio-postgres v0.7.10
[INFO] [stderr]    Compiling sha256 v1.5.0
[INFO] [stderr]    Compiling jsonwebtoken v9.3.0
[INFO] [stderr]    Compiling redis v0.25.3
[INFO] [stderr]    Compiling tracing-subscriber v0.3.18
[INFO] [stderr]    Compiling rust-on-k8s v0.1.0 (/opt/rustwide/workdir)
[INFO] [stdout] warning: unused imports: `extract::Query` and `response::IntoResponse`
[INFO] [stdout]  --> src/handlers/user_handler.rs:2:12
[INFO] [stdout]   |
[INFO] [stdout] 2 | use axum::{extract::Query, http::StatusCode, response::IntoResponse, Json};
[INFO] [stdout]   |            ^^^^^^^^^^^^^^                    ^^^^^^^^^^^^^^^^^^^^^^
[INFO] [stdout]   |
[INFO] [stdout]   = note: `#[warn(unused_imports)]` (part of `#[warn(unused)]`) on by default
[INFO] [stdout] 
[INFO] [stdout] 
[INFO] [stdout] warning: unused import: `jsonwebtoken::errors::Error`
[INFO] [stdout]  --> src/handlers/user_handler.rs:3:5
[INFO] [stdout]   |
[INFO] [stdout] 3 | use jsonwebtoken::errors::Error;
[INFO] [stdout]   |     ^^^^^^^^^^^^^^^^^^^^^^^^^^^
[INFO] [stdout] 
[INFO] [stdout] 
[INFO] [stdout] warning: unused imports: `Value` and `to_string`
[INFO] [stdout]  --> src/handlers/user_handler.rs:5:24
[INFO] [stdout]   |
[INFO] [stdout] 5 | use serde_json::{json, Value, to_string};
[INFO] [stdout]   |                        ^^^^^  ^^^^^^^^^
[INFO] [stdout] 
[INFO] [stdout] 
[INFO] [stdout] warning: unused imports: `DbConnection` and `execute_delete_query`
[INFO] [stdout]  --> src/handlers/user_handler.rs:8:135
[INFO] [stdout]   |
[INFO] [stdout] 8 | ...ert_user, fetch_insert_id, execute_update_user, execute_delete_query, DbConnection};
[INFO] [stdout]   |                                                    ^^^^^^^^^^^^^^^^^^^^  ^^^^^^^^^^^^
[INFO] [stdout] 
[INFO] [stdout] 
[INFO] [stdout] warning: unused import: `user_handler::*`
[INFO] [stdout]  --> src/handlers.rs:3:5
[INFO] [stdout]   |
[INFO] [stdout] 3 | use user_handler::*;
[INFO] [stdout]   |     ^^^^^^^^^^^^^^^
[INFO] [stdout] 
[INFO] [stdout] 
[INFO] [stdout] warning: unused imports: `Config`, `Connection`, `ToSql`, and `Type`
[INFO] [stdout]  --> src/db_connection.rs:1:22
[INFO] [stdout]   |
[INFO] [stdout] 1 | use tokio_postgres::{Config, Connection, NoTls, Error, Row, types::{ToSql, Type}};
[INFO] [stdout]   |                      ^^^^^^  ^^^^^^^^^^                             ^^^^^  ^^^^
[INFO] [stdout] 
[INFO] [stdout] 
[INFO] [stdout] warning: unused import: `std::collections::HashMap`
[INFO] [stdout]  --> src/db_connection.rs:2:5
[INFO] [stdout]   |
[INFO] [stdout] 2 | use std::collections::HashMap;
[INFO] [stdout]   |     ^^^^^^^^^^^^^^^^^^^^^^^^^
[INFO] [stdout] 
[INFO] [stdout] 
[INFO] [stdout] warning: unused variable: `e`
[INFO] [stdout]    --> src/handlers/user_handler.rs:148:13
[INFO] [stdout]     |
[INFO] [stdout] 148 |         Err(e) => {
[INFO] [stdout]     |             ^ help: if this is intentional, prefix it with an underscore: `_e`
[INFO] [stdout]     |
[INFO] [stdout]     = note: `#[warn(unused_variables)]` (part of `#[warn(unused)]`) on by default
[INFO] [stdout] 
[INFO] [stdout] 
[INFO] [stdout] warning: unused variable: `e`
[INFO] [stdout]    --> src/handlers/user_handler.rs:202:13
[INFO] [stdout]     |
[INFO] [stdout] 202 |         Err(e) => {
[INFO] [stdout]     |             ^ help: if this is intentional, prefix it with an underscore: `_e`
[INFO] [stdout] 
[INFO] [stdout] 
[INFO] [stdout] warning: unused variable: `e`
[INFO] [stdout]    --> src/handlers/user_handler.rs:260:21
[INFO] [stdout]     |
[INFO] [stdout] 260 |                 Err(e) => {
[INFO] [stdout]     |                     ^ help: if this is intentional, prefix it with an underscore: `_e`
[INFO] [stdout] 
[INFO] [stdout] 
[INFO] [stdout] warning: unused variable: `e`
[INFO] [stdout]    --> src/handlers/user_handler.rs:266:13
[INFO] [stdout]     |
[INFO] [stdout] 266 |         Err(e) => {
[INFO] [stdout]     |             ^ help: if this is intentional, prefix it with an underscore: `_e`
[INFO] [stdout] 
[INFO] [stdout] 
[INFO] [stdout] warning: method `to_string` is never used
[INFO] [stdout]   --> src/models/user_models.rs:23:12
[INFO] [stdout]    |
[INFO] [stdout] 13 | impl User {
[INFO] [stdout]    | --------- method in this implementation
[INFO] [stdout] ...
[INFO] [stdout] 23 |     pub fn to_string(&self) -> String {
[INFO] [stdout]    |            ^^^^^^^^^
[INFO] [stdout]    |
[INFO] [stdout]    = note: `#[warn(dead_code)]` (part of `#[warn(unused)]`) on by default
[INFO] [stdout] 
[INFO] [stdout] 
[INFO] [stdout] warning: methods `to_string` and `to_json_string` are never used
[INFO] [stdout]   --> src/models/user_models.rs:91:12
[INFO] [stdout]    |
[INFO] [stdout] 81 | impl UserLoginResponse {
[INFO] [stdout]    | ---------------------- methods in this implementation
[INFO] [stdout] ...
[INFO] [stdout] 91 |     pub fn to_string(&self) -> String {
[INFO] [stdout]    |            ^^^^^^^^^
[INFO] [stdout] ...
[INFO] [stdout] 94 |     pub fn to_json_string(&self) -> String {
[INFO] [stdout]    |            ^^^^^^^^^^^^^^
[INFO] [stdout] 
[INFO] [stdout] 
[INFO] [stdout] warning: struct `Claims` is never constructed
[INFO] [stdout]    --> src/models/user_models.rs:103:12
[INFO] [stdout]     |
[INFO] [stdout] 103 | pub struct Claims {
[INFO] [stdout]     |            ^^^^^^
[INFO] [stdout] 
[INFO] [stdout] 
[INFO] [stdout] warning: associated function `new` is never used
[INFO] [stdout]    --> src/models/user_models.rs:149:12
[INFO] [stdout]     |
[INFO] [stdout] 148 | impl CommonResponse {
[INFO] [stdout]     | ------------------- associated function in this implementation
[INFO] [stdout] 149 |     pub fn new(message: String, code: String, data: Value) -> CommonResponse {
[INFO] [stdout]     |            ^^^
[INFO] [stdout] 
[INFO] [stdout] 
[INFO] [stdout] warning: function `execute_query` is never used
[INFO] [stdout]   --> src/db_connection.rs:49:14
[INFO] [stdout]    |
[INFO] [stdout] 49 | pub async fn execute_query(connection: &DbConnection, query: &str) -> Result<Vec<Row>, Error> {
[INFO] [stdout]    |              ^^^^^^^^^^^^^
[INFO] [stdout] 
[INFO] [stdout] 
[INFO] [stdout] warning: function `execute_delete_query` is never used
[INFO] [stdout]   --> src/db_connection.rs:96:14
[INFO] [stdout]    |
[INFO] [stdout] 96 | pub async fn execute_delete_query(connection: &DbConnection, user_id: &i32) -> Result<u64, Error> {
[INFO] [stdout]    |              ^^^^^^^^^^^^^^^^^^^^
[INFO] [stdout] 
[INFO] [stdout] 
[INFO] [stdout] warning: function `revoke_token` is never used
[INFO] [stdout]    --> src/services/jwt_service.rs:115:8
[INFO] [stdout]     |
[INFO] [stdout] 115 | pub fn revoke_token(_token: &str) -> bool {
[INFO] [stdout]     |        ^^^^^^^^^^^^
[INFO] [stdout] 
[INFO] [stdout] 
[INFO] [stdout] warning: function `hash_sha256` is never used
[INFO] [stdout]  --> src/utils/sha256_util.rs:3:8
[INFO] [stdout]   |
[INFO] [stdout] 3 | pub fn hash_sha256(input: &str) -> String {
[INFO] [stdout]   |        ^^^^^^^^^^^
[INFO] [stdout] 
[INFO] [stdout] 
[INFO] [stdout] warning: methods `set` and `set_nx` are never used
[INFO] [stdout]   --> src/redis_instance.rs:18:12
[INFO] [stdout]    |
[INFO] [stdout]  7 | impl RedisInstance {
[INFO] [stdout]    | ------------------ methods in this implementation
[INFO] [stdout] ...
[INFO] [stdout] 18 |     pub fn set(&mut self, key: &str, value: &str) -> RedisResult<()> {
[INFO] [stdout]    |            ^^^
[INFO] [stdout] ...
[INFO] [stdout] 40 |     pub fn set_nx(&mut self, key: &str, value: &str) -> RedisResult<bool> {
[INFO] [stdout]    |            ^^^^^^
[INFO] [stdout] 
[INFO] [stdout] 
[INFO] [stderr]     Finished `release` profile [optimized] target(s) in 3m 11s
[INFO] [stderr] warning: the following packages contain code that will be rejected by a future version of Rust: redis v0.25.3
[INFO] [stderr] note: to see what the problems were, use the option `--future-incompat-report`, or run `cargo report future-incompatibilities --id 5`
[INFO] running `Command { std: "docker" "inspect" "8b16dad8244895cc902b08742ba608dc4db6176329ed88c7064cd9607f8998d4", kill_on_drop: false }`
[INFO] running `Command { std: "docker" "exec" "-e" "SOURCE_DIR=/opt/rustwide/workdir" "-e" "CARGO_HOME=/opt/rustwide/cargo-home" "-e" "RUSTUP_HOME=/opt/rustwide/rustup-home" "-e" "CARGO_TARGET_DIR=/opt/rustwide/target" "-e" "CARGO_INCREMENTAL=0" "-e" "RUST_BACKTRACE=full" "-e" "RUSTFLAGS=--cap-lints=warn" "-e" "RUSTDOCFLAGS=--cap-lints=warn" "-w" "/opt/rustwide/workdir" "--user" "0:0" "8b16dad8244895cc902b08742ba608dc4db6176329ed88c7064cd9607f8998d4" "/opt/rustwide/cargo-home/bin/cargo" "+1.99.0-beta.8" "test" "--frozen" "--no-run" "--message-format=json" "--release", kill_on_drop: false }`
[INFO] [stderr]    Compiling rust-on-k8s v0.1.0 (/opt/rustwide/workdir)
[INFO] [stdout] warning: unused imports: `extract::Query` and `response::IntoResponse`
[INFO] [stdout]  --> src/handlers/user_handler.rs:2:12
[INFO] [stdout]   |
[INFO] [stdout] 2 | use axum::{extract::Query, http::StatusCode, response::IntoResponse, Json};
[INFO] [stdout]   |            ^^^^^^^^^^^^^^                    ^^^^^^^^^^^^^^^^^^^^^^
[INFO] [stdout]   |
[INFO] [stdout]   = note: `#[warn(unused_imports)]` (part of `#[warn(unused)]`) on by default
[INFO] [stdout] 
[INFO] [stdout] 
[INFO] [stdout] warning: unused import: `jsonwebtoken::errors::Error`
[INFO] [stdout]  --> src/handlers/user_handler.rs:3:5
[INFO] [stdout]   |
[INFO] [stdout] 3 | use jsonwebtoken::errors::Error;
[INFO] [stdout]   |     ^^^^^^^^^^^^^^^^^^^^^^^^^^^
[INFO] [stdout] 
[INFO] [stdout] 
[INFO] [stdout] warning: unused imports: `Value` and `to_string`
[INFO] [stdout]  --> src/handlers/user_handler.rs:5:24
[INFO] [stdout]   |
[INFO] [stdout] 5 | use serde_json::{json, Value, to_string};
[INFO] [stdout]   |                        ^^^^^  ^^^^^^^^^
[INFO] [stdout] 
[INFO] [stdout] 
[INFO] [stdout] warning: unused imports: `DbConnection` and `execute_delete_query`
[INFO] [stdout]  --> src/handlers/user_handler.rs:8:135
[INFO] [stdout]   |
[INFO] [stdout] 8 | ...ert_user, fetch_insert_id, execute_update_user, execute_delete_query, DbConnection};
[INFO] [stdout]   |                                                    ^^^^^^^^^^^^^^^^^^^^  ^^^^^^^^^^^^
[INFO] [stdout] 
[INFO] [stdout] 
[INFO] [stdout] warning: unused import: `user_handler::*`
[INFO] [stdout]  --> src/handlers.rs:3:5
[INFO] [stdout]   |
[INFO] [stdout] 3 | use user_handler::*;
[INFO] [stdout]   |     ^^^^^^^^^^^^^^^
[INFO] [stdout] 
[INFO] [stdout] 
[INFO] [stdout] warning: unused imports: `Config`, `Connection`, `ToSql`, and `Type`
[INFO] [stdout]  --> src/db_connection.rs:1:22
[INFO] [stdout]   |
[INFO] [stdout] 1 | use tokio_postgres::{Config, Connection, NoTls, Error, Row, types::{ToSql, Type}};
[INFO] [stdout]   |                      ^^^^^^  ^^^^^^^^^^                             ^^^^^  ^^^^
[INFO] [stdout] 
[INFO] [stdout] 
[INFO] [stdout] warning: unused import: `std::collections::HashMap`
[INFO] [stdout]  --> src/db_connection.rs:2:5
[INFO] [stdout]   |
[INFO] [stdout] 2 | use std::collections::HashMap;
[INFO] [stdout]   |     ^^^^^^^^^^^^^^^^^^^^^^^^^
[INFO] [stdout] 
[INFO] [stdout] 
[INFO] [stdout] warning: unused variable: `e`
[INFO] [stdout]    --> src/handlers/user_handler.rs:148:13
[INFO] [stdout]     |
[INFO] [stdout] 148 |         Err(e) => {
[INFO] [stdout]     |             ^ help: if this is intentional, prefix it with an underscore: `_e`
[INFO] [stdout]     |
[INFO] [stdout]     = note: `#[warn(unused_variables)]` (part of `#[warn(unused)]`) on by default
[INFO] [stdout] 
[INFO] [stdout] 
[INFO] [stdout] warning: unused variable: `e`
[INFO] [stdout]    --> src/handlers/user_handler.rs:202:13
[INFO] [stdout]     |
[INFO] [stdout] 202 |         Err(e) => {
[INFO] [stdout]     |             ^ help: if this is intentional, prefix it with an underscore: `_e`
[INFO] [stdout] 
[INFO] [stdout] 
[INFO] [stdout] warning: unused variable: `e`
[INFO] [stdout]    --> src/handlers/user_handler.rs:260:21
[INFO] [stdout]     |
[INFO] [stdout] 260 |                 Err(e) => {
[INFO] [stdout]     |                     ^ help: if this is intentional, prefix it with an underscore: `_e`
[INFO] [stdout] 
[INFO] [stdout] 
[INFO] [stdout] warning: unused variable: `e`
[INFO] [stdout]    --> src/handlers/user_handler.rs:266:13
[INFO] [stdout]     |
[INFO] [stdout] 266 |         Err(e) => {
[INFO] [stdout]     |             ^ help: if this is intentional, prefix it with an underscore: `_e`
[INFO] [stdout] 
[INFO] [stdout] 
[INFO] [stdout] warning: method `to_string` is never used
[INFO] [stdout]   --> src/models/user_models.rs:23:12
[INFO] [stdout]    |
[INFO] [stdout] 13 | impl User {
[INFO] [stdout]    | --------- method in this implementation
[INFO] [stdout] ...
[INFO] [stdout] 23 |     pub fn to_string(&self) -> String {
[INFO] [stdout]    |            ^^^^^^^^^
[INFO] [stdout]    |
[INFO] [stdout]    = note: `#[warn(dead_code)]` (part of `#[warn(unused)]`) on by default
[INFO] [stdout] 
[INFO] [stdout] 
[INFO] [stdout] warning: methods `to_string` and `to_json_string` are never used
[INFO] [stdout]   --> src/models/user_models.rs:91:12
[INFO] [stdout]    |
[INFO] [stdout] 81 | impl UserLoginResponse {
[INFO] [stdout]    | ---------------------- methods in this implementation
[INFO] [stdout] ...
[INFO] [stdout] 91 |     pub fn to_string(&self) -> String {
[INFO] [stdout]    |            ^^^^^^^^^
[INFO] [stdout] ...
[INFO] [stdout] 94 |     pub fn to_json_string(&self) -> String {
[INFO] [stdout]    |            ^^^^^^^^^^^^^^
[INFO] [stdout] 
[INFO] [stdout] 
[INFO] [stdout] warning: struct `Claims` is never constructed
[INFO] [stdout]    --> src/models/user_models.rs:103:12
[INFO] [stdout]     |
[INFO] [stdout] 103 | pub struct Claims {
[INFO] [stdout]     |            ^^^^^^
[INFO] [stdout] 
[INFO] [stdout] 
[INFO] [stdout] warning: associated function `new` is never used
[INFO] [stdout]    --> src/models/user_models.rs:149:12
[INFO] [stdout]     |
[INFO] [stdout] 148 | impl CommonResponse {
[INFO] [stdout]     | ------------------- associated function in this implementation
[INFO] [stdout] 149 |     pub fn new(message: String, code: String, data: Value) -> CommonResponse {
[INFO] [stdout]     |            ^^^
[INFO] [stdout] 
[INFO] [stdout] 
[INFO] [stdout] warning: function `revoke_token` is never used
[INFO] [stdout]    --> src/services/jwt_service.rs:115:8
[INFO] [stdout]     |
[INFO] [stdout] 115 | pub fn revoke_token(_token: &str) -> bool {
[INFO] [stdout]     |        ^^^^^^^^^^^^
[INFO] [stdout] 
[INFO] [stdout] 
[INFO] [stdout] warning: function `hash_sha256` is never used
[INFO] [stdout]  --> src/utils/sha256_util.rs:3:8
[INFO] [stdout]   |
[INFO] [stdout] 3 | pub fn hash_sha256(input: &str) -> String {
[INFO] [stdout]   |        ^^^^^^^^^^^
[INFO] [stdout] 
[INFO] [stdout] 
[INFO] [stdout] warning: methods `set` and `set_nx` are never used
[INFO] [stdout]   --> src/redis_instance.rs:18:12
[INFO] [stdout]    |
[INFO] [stdout]  7 | impl RedisInstance {
[INFO] [stdout]    | ------------------ methods in this implementation
[INFO] [stdout] ...
[INFO] [stdout] 18 |     pub fn set(&mut self, key: &str, value: &str) -> RedisResult<()> {
[INFO] [stdout]    |            ^^^
[INFO] [stdout] ...
[INFO] [stdout] 40 |     pub fn set_nx(&mut self, key: &str, value: &str) -> RedisResult<bool> {
[INFO] [stdout]    |            ^^^^^^
[INFO] [stdout] 
[INFO] [stdout] 
[INFO] [stderr]     Finished `release` profile [optimized] target(s) in 6.62s
[INFO] [stderr] warning: the following packages contain code that will be rejected by a future version of Rust: redis v0.25.3
[INFO] [stderr] note: to see what the problems were, use the option `--future-incompat-report`, or run `cargo report future-incompatibilities --id 5`
[INFO] running `Command { std: "docker" "inspect" "8b16dad8244895cc902b08742ba608dc4db6176329ed88c7064cd9607f8998d4", kill_on_drop: false }`
[INFO] running `Command { std: "docker" "exec" "-e" "SOURCE_DIR=/opt/rustwide/workdir" "-e" "CARGO_HOME=/opt/rustwide/cargo-home" "-e" "RUSTUP_HOME=/opt/rustwide/rustup-home" "-e" "CARGO_TARGET_DIR=/opt/rustwide/target" "-e" "CARGO_INCREMENTAL=0" "-e" "RUST_BACKTRACE=full" "-e" "RUSTFLAGS=--cap-lints=warn" "-e" "RUSTDOCFLAGS=--cap-lints=warn" "-w" "/opt/rustwide/workdir" "--user" "0:0" "8b16dad8244895cc902b08742ba608dc4db6176329ed88c7064cd9607f8998d4" "/opt/rustwide/cargo-home/bin/cargo" "+1.99.0-beta.8" "test" "--frozen" "--release", kill_on_drop: false }`
[INFO] [stderr] warning: unused imports: `extract::Query` and `response::IntoResponse`
[INFO] [stderr]  --> src/handlers/user_handler.rs:2:12
[INFO] [stderr]   |
[INFO] [stderr] 2 | use axum::{extract::Query, http::StatusCode, response::IntoResponse, Json};
[INFO] [stderr]   |            ^^^^^^^^^^^^^^                    ^^^^^^^^^^^^^^^^^^^^^^
[INFO] [stderr]   |
[INFO] [stderr]   = note: `#[warn(unused_imports)]` (part of `#[warn(unused)]`) on by default
[INFO] [stderr] 
[INFO] [stderr] warning: unused import: `jsonwebtoken::errors::Error`
[INFO] [stderr]  --> src/handlers/user_handler.rs:3:5
[INFO] [stderr]   |
[INFO] [stderr] 3 | use jsonwebtoken::errors::Error;
[INFO] [stderr]   |     ^^^^^^^^^^^^^^^^^^^^^^^^^^^
[INFO] [stderr] 
[INFO] [stderr] warning: unused imports: `Value` and `to_string`
[INFO] [stderr]  --> src/handlers/user_handler.rs:5:24
[INFO] [stderr]   |
[INFO] [stderr] 5 | use serde_json::{json, Value, to_string};
[INFO] [stderr]   |                        ^^^^^  ^^^^^^^^^
[INFO] [stderr] 
[INFO] [stderr] warning: unused imports: `DbConnection` and `execute_delete_query`
[INFO] [stderr]  --> src/handlers/user_handler.rs:8:135
[INFO] [stderr]   |
[INFO] [stderr] 8 | ...ert_user, fetch_insert_id, execute_update_user, execute_delete_query, DbConnection};
[INFO] [stderr]   |                                                    ^^^^^^^^^^^^^^^^^^^^  ^^^^^^^^^^^^
[INFO] [stderr] 
[INFO] [stderr] warning: unused import: `user_handler::*`
[INFO] [stderr]  --> src/handlers.rs:3:5
[INFO] [stderr]   |
[INFO] [stderr] 3 | use user_handler::*;
[INFO] [stderr]   |     ^^^^^^^^^^^^^^^
[INFO] [stderr] 
[INFO] [stderr] warning: unused imports: `Config`, `Connection`, `ToSql`, and `Type`
[INFO] [stderr]  --> src/db_connection.rs:1:22
[INFO] [stderr]   |
[INFO] [stderr] 1 | use tokio_postgres::{Config, Connection, NoTls, Error, Row, types::{ToSql, Type}};
[INFO] [stderr]   |                      ^^^^^^  ^^^^^^^^^^                             ^^^^^  ^^^^
[INFO] [stderr] 
[INFO] [stderr] warning: unused import: `std::collections::HashMap`
[INFO] [stderr]  --> src/db_connection.rs:2:5
[INFO] [stderr]   |
[INFO] [stderr] 2 | use std::collections::HashMap;
[INFO] [stderr]   |     ^^^^^^^^^^^^^^^^^^^^^^^^^
[INFO] [stderr] 
[INFO] [stderr] warning: unused variable: `e`
[INFO] [stderr]    --> src/handlers/user_handler.rs:148:13
[INFO] [stderr]     |
[INFO] [stderr] 148 |         Err(e) => {
[INFO] [stderr]     |             ^ help: if this is intentional, prefix it with an underscore: `_e`
[INFO] [stderr]     |
[INFO] [stderr]     = note: `#[warn(unused_variables)]` (part of `#[warn(unused)]`) on by default
[INFO] [stderr] 
[INFO] [stderr] warning: unused variable: `e`
[INFO] [stderr]    --> src/handlers/user_handler.rs:202:13
[INFO] [stderr]     |
[INFO] [stderr] 202 |         Err(e) => {
[INFO] [stderr]     |             ^ help: if this is intentional, prefix it with an underscore: `_e`
[INFO] [stderr] 
[INFO] [stderr] warning: unused variable: `e`
[INFO] [stderr]    --> src/handlers/user_handler.rs:260:21
[INFO] [stderr]     |
[INFO] [stderr] 260 |                 Err(e) => {
[INFO] [stderr]     |                     ^ help: if this is intentional, prefix it with an underscore: `_e`
[INFO] [stderr] 
[INFO] [stderr] warning: unused variable: `e`
[INFO] [stderr]    --> src/handlers/user_handler.rs:266:13
[INFO] [stderr]     |
[INFO] [stderr] 266 |         Err(e) => {
[INFO] [stderr]     |             ^ help: if this is intentional, prefix it with an underscore: `_e`
[INFO] [stderr] 
[INFO] [stderr] warning: method `to_string` is never used
[INFO] [stderr]   --> src/models/user_models.rs:23:12
[INFO] [stderr]    |
[INFO] [stderr] 13 | impl User {
[INFO] [stderr]    | --------- method in this implementation
[INFO] [stderr] ...
[INFO] [stderr] 23 |     pub fn to_string(&self) -> String {
[INFO] [stderr]    |            ^^^^^^^^^
[INFO] [stderr]    |
[INFO] [stderr]    = note: `#[warn(dead_code)]` (part of `#[warn(unused)]`) on by default
[INFO] [stderr] 
[INFO] [stderr] warning: methods `to_string` and `to_json_string` are never used
[INFO] [stderr]   --> src/models/user_models.rs:91:12
[INFO] [stderr]    |
[INFO] [stderr] 81 | impl UserLoginResponse {
[INFO] [stderr]    | ---------------------- methods in this implementation
[INFO] [stderr] ...
[INFO] [stderr] 91 |     pub fn to_string(&self) -> String {
[INFO] [stderr]    |            ^^^^^^^^^
[INFO] [stderr] ...
[INFO] [stderr] 94 |     pub fn to_json_string(&self) -> String {
[INFO] [stderr]    |            ^^^^^^^^^^^^^^
[INFO] [stderr] 
[INFO] [stderr] warning: struct `Claims` is never constructed
[INFO] [stderr]    --> src/models/user_models.rs:103:12
[INFO] [stderr]     |
[INFO] [stderr] 103 | pub struct Claims {
[INFO] [stderr]     |            ^^^^^^
[INFO] [stderr] 
[INFO] [stderr] warning: associated function `new` is never used
[INFO] [stderr]    --> src/models/user_models.rs:149:12
[INFO] [stderr]     |
[INFO] [stderr] 148 | impl CommonResponse {
[INFO] [stderr]     | ------------------- associated function in this implementation
[INFO] [stderr] 149 |     pub fn new(message: String, code: String, data: Value) -> CommonResponse {
[INFO] [stderr]     |            ^^^
[INFO] [stderr] 
[INFO] [stderr] warning: function `revoke_token` is never used
[INFO] [stderr]    --> src/services/jwt_service.rs:115:8
[INFO] [stderr]     |
[INFO] [stderr] 115 | pub fn revoke_token(_token: &str) -> bool {
[INFO] [stderr]     |        ^^^^^^^^^^^^
[INFO] [stderr] 
[INFO] [stderr] warning: function `hash_sha256` is never used
[INFO] [stderr]  --> src/utils/sha256_util.rs:3:8
[INFO] [stderr]   |
[INFO] [stderr] 3 | pub fn hash_sha256(input: &str) -> String {
[INFO] [stderr]   |        ^^^^^^^^^^^
[INFO] [stderr] 
[INFO] [stderr] warning: methods `set` and `set_nx` are never used
[INFO] [stderr]   --> src/redis_instance.rs:18:12
[INFO] [stderr]    |
[INFO] [stderr]  7 | impl RedisInstance {
[INFO] [stderr]    | ------------------ methods in this implementation
[INFO] [stderr] ...
[INFO] [stderr] 18 |     pub fn set(&mut self, key: &str, value: &str) -> RedisResult<()> {
[INFO] [stderr]    |            ^^^
[INFO] [stderr] ...
[INFO] [stderr] 40 |     pub fn set_nx(&mut self, key: &str, value: &str) -> RedisResult<bool> {
[INFO] [stderr]    |            ^^^^^^
[INFO] [stderr] 
[INFO] [stderr] warning: `rust-on-k8s` (bin "rust-on-k8s" test) generated 18 warnings (run `cargo fix --bin "rust-on-k8s" -p rust-on-k8s --tests` to apply 11 suggestions)
[INFO] [stderr]     Finished `release` profile [optimized] target(s) in 0.17s
[INFO] [stderr] warning: the following packages contain code that will be rejected by a future version of Rust: redis v0.25.3
[INFO] [stderr] note: to see what the problems were, use the option `--future-incompat-report`, or run `cargo report future-incompatibilities --id 5`
[INFO] [stderr]      Running unittests src/main.rs (/opt/rustwide/target/release/deps/rust_on_k8s-3145efc99ee5bc4f)
[INFO] [stdout] 
[INFO] [stdout] running 3 tests
[INFO] [stdout] test db_connection::tests::test_execute_transaction_query ... FAILED
[INFO] [stdout] test db_connection::tests::test_get_db_connection ... FAILED
[INFO] [stderr] error: test failed, to rerun pass `--bin rust-on-k8s`
[INFO] [stdout] test db_connection::tests::test_execute_query ... FAILED
[INFO] [stdout] 
[INFO] [stdout] failures:
[INFO] [stdout] 
[INFO] [stdout] ---- db_connection::tests::test_execute_transaction_query stdout ----
[INFO] [stdout] 
[INFO] [stdout] thread 'db_connection::tests::test_execute_transaction_query' (2451) panicked at src/db_connection.rs:128:66:
[INFO] [stdout] called `Result::unwrap()` on an `Err` value: Error { kind: Connect, cause: Some(Os { code: 111, kind: ConnectionRefused, message: "Connection refused" }) }
[INFO] [stdout] stack backtrace:
[INFO] [stdout]    0:     0x60bdf49494c1 - <<std[70759c8f55707aa4]::sys::backtrace::BacktraceLock>::print::DisplayBacktrace as core[df12db4294e9bfd3]::fmt::Display>::fmt
[INFO] [stdout]    1:     0x60bdf495ffda - core[df12db4294e9bfd3]::fmt::write
[INFO] [stdout]    2:     0x60bdf494de7c - <alloc[2182bb758b4b3781]::vec::Vec<u8> as core[df12db4294e9bfd3]::io::write::Write>::write_fmt
[INFO] [stdout]    3:     0x60bdf4924b86 - std[70759c8f55707aa4]::panicking::default_hook::{closure#0}
[INFO] [stdout]    4:     0x60bdf4941509 - std[70759c8f55707aa4]::panicking::default_hook
[INFO] [stdout]    5:     0x60bdf4879bf0 - test[9d35eded1c95d3be]::test_main_inner::<test[9d35eded1c95d3be]::test_main_static::{closure#0}>::{closure#0}
[INFO] [stdout]    6:     0x60bdf4941832 - std[70759c8f55707aa4]::panicking::panic_with_hook
[INFO] [stdout]    7:     0x60bdf4924c32 - std[70759c8f55707aa4]::panicking::panic_handler::{closure#0}
[INFO] [stdout]    8:     0x60bdf491d8d9 - std[70759c8f55707aa4]::sys::backtrace::__rust_end_short_backtrace::<std[70759c8f55707aa4]::panicking::panic_handler::{closure#0}, !>
[INFO] [stdout]    9:     0x60bdf4925a1d - __rustc[8fa7c3cbc660c2b3]::rust_begin_unwind
[INFO] [stdout]   10:     0x60bdf496073c - core[df12db4294e9bfd3]::panicking::panic_fmt
[INFO] [stdout]   11:     0x60bdf4960512 - core[df12db4294e9bfd3]::result::unwrap_failed
[INFO] [stdout]   12:     0x60bdf4857a8a - rust_on_k8s[89263422be85417d]::db_connection::tests::test_execute_transaction_query::{closure#0}
[INFO] [stdout]   13:     0x60bdf485b893 - <tokio[10c2a638a9c80bf9]::runtime::scheduler::current_thread::Context>::enter::<core[df12db4294e9bfd3]::task::poll::Poll<()>, <tokio[10c2a638a9c80bf9]::runtime::scheduler::current_thread::CoreGuard>::block_on<core[df12db4294e9bfd3]::pin::Pin<&mut core[df12db4294e9bfd3]::pin::Pin<&mut dyn core[df12db4294e9bfd3]::future::future::Future<Output = ()>>>>::{closure#0}::{closure#0}>
[INFO] [stdout]   14:     0x60bdf4864d72 - <tokio[10c2a638a9c80bf9]::runtime::context::scoped::Scoped<tokio[10c2a638a9c80bf9]::runtime::scheduler::Context>>::set::<<tokio[10c2a638a9c80bf9]::runtime::scheduler::current_thread::CoreGuard>::enter<<tokio[10c2a638a9c80bf9]::runtime::scheduler::current_thread::CoreGuard>::block_on<core[df12db4294e9bfd3]::pin::Pin<&mut core[df12db4294e9bfd3]::pin::Pin<&mut dyn core[df12db4294e9bfd3]::future::future::Future<Output = ()>>>>::{closure#0}, core[df12db4294e9bfd3]::option::Option<()>>::{closure#0}, (alloc[2182bb758b4b3781]::boxed::Box<tokio[10c2a638a9c80bf9]::runtime::scheduler::current_thread::Core>, core[df12db4294e9bfd3]::option::Option<()>)>
[INFO] [stdout]   15:     0x60bdf485bbe7 - <tokio[10c2a638a9c80bf9]::runtime::scheduler::current_thread::CoreGuard>::block_on::<core[df12db4294e9bfd3]::pin::Pin<&mut core[df12db4294e9bfd3]::pin::Pin<&mut dyn core[df12db4294e9bfd3]::future::future::Future<Output = ()>>>>
[INFO] [stdout]   16:     0x60bdf4867475 - tokio[10c2a638a9c80bf9]::runtime::context::runtime::enter_runtime::<<tokio[10c2a638a9c80bf9]::runtime::scheduler::current_thread::CurrentThread>::block_on<core[df12db4294e9bfd3]::pin::Pin<&mut dyn core[df12db4294e9bfd3]::future::future::Future<Output = ()>>>::{closure#0}, ()>
[INFO] [stdout]   17:     0x60bdf4864a1e - <tokio[10c2a638a9c80bf9]::runtime::runtime::Runtime>::block_on::<core[df12db4294e9bfd3]::pin::Pin<&mut dyn core[df12db4294e9bfd3]::future::future::Future<Output = ()>>>
[INFO] [stdout]   18:     0x60bdf485914b - rust_on_k8s[89263422be85417d]::db_connection::tests::test_execute_transaction_query
[INFO] [stdout]   19:     0x60bdf48648f9 - <rust_on_k8s[89263422be85417d]::db_connection::tests::test_execute_transaction_query::{closure#0} as core[df12db4294e9bfd3]::ops::function::FnOnce<()>>::call_once
[INFO] [stdout]   20:     0x60bdf486cedb - test[9d35eded1c95d3be]::__rust_begin_short_backtrace::<core[df12db4294e9bfd3]::result::Result<(), alloc[2182bb758b4b3781]::string::String>, fn() -> core[df12db4294e9bfd3]::result::Result<(), alloc[2182bb758b4b3781]::string::String>>
[INFO] [stdout]   21:     0x60bdf487a545 - test[9d35eded1c95d3be]::run_test::{closure#0}
[INFO] [stdout]   22:     0x60bdf4873e04 - std[70759c8f55707aa4]::sys::backtrace::__rust_begin_short_backtrace::<test[9d35eded1c95d3be]::run_test::{closure#1}, ()>
[INFO] [stdout]   23:     0x60bdf487d6a2 - <std[70759c8f55707aa4]::thread::lifecycle::spawn_unchecked<test[9d35eded1c95d3be]::run_test::{closure#1}, ()>::{closure#1} as core[df12db4294e9bfd3]::ops::function::FnOnce<()>>::call_once::{shim:vtable#0}
[INFO] [stdout]   24:     0x60bdf49489e9 - <std[70759c8f55707aa4]::sys::thread::unix::Thread>::new::thread_start
[INFO] [stdout]   25:     0x7e3c518b9dfa - <unknown>
[INFO] [stdout]   26:     0x7e3c5194d3d4 - clone
[INFO] [stdout]   27:                0x0 - <unknown>
[INFO] [stdout] 
[INFO] [stdout] ---- db_connection::tests::test_get_db_connection stdout ----
[INFO] [stdout] 
[INFO] [stdout] thread 'db_connection::tests::test_get_db_connection' (2452) panicked at src/db_connection.rs:111:66:
[INFO] [stdout] called `Result::unwrap()` on an `Err` value: Error { kind: Connect, cause: Some(Os { code: 111, kind: ConnectionRefused, message: "Connection refused" }) }
[INFO] [stdout] stack backtrace:
[INFO] [stdout]    0:     0x60bdf49494c1 - <<std[70759c8f55707aa4]::sys::backtrace::BacktraceLock>::print::DisplayBacktrace as core[df12db4294e9bfd3]::fmt::Display>::fmt
[INFO] [stdout]    1:     0x60bdf495ffda - core[df12db4294e9bfd3]::fmt::write
[INFO] [stdout]    2:     0x60bdf494de7c - <alloc[2182bb758b4b3781]::vec::Vec<u8> as core[df12db4294e9bfd3]::io::write::Write>::write_fmt
[INFO] [stdout]    3:     0x60bdf4924b86 - std[70759c8f55707aa4]::panicking::default_hook::{closure#0}
[INFO] [stdout]    4:     0x60bdf4941509 - std[70759c8f55707aa4]::panicking::default_hook
[INFO] [stdout]    5:     0x60bdf4879bf0 - test[9d35eded1c95d3be]::test_main_inner::<test[9d35eded1c95d3be]::test_main_static::{closure#0}>::{closure#0}
[INFO] [stdout]    6:     0x60bdf4941832 - std[70759c8f55707aa4]::panicking::panic_with_hook
[INFO] [stdout]    7:     0x60bdf4924c32 - std[70759c8f55707aa4]::panicking::panic_handler::{closure#0}
[INFO] [stdout]    8:     0x60bdf491d8d9 - std[70759c8f55707aa4]::sys::backtrace::__rust_end_short_backtrace::<std[70759c8f55707aa4]::panicking::panic_handler::{closure#0}, !>
[INFO] [stdout]    9:     0x60bdf4925a1d - __rustc[8fa7c3cbc660c2b3]::rust_begin_unwind
[INFO] [stdout]   10:     0x60bdf496073c - core[df12db4294e9bfd3]::panicking::panic_fmt
[INFO] [stdout]   11:     0x60bdf4960512 - core[df12db4294e9bfd3]::result::unwrap_failed
[INFO] [stdout]   12:     0x60bdf4856f21 - rust_on_k8s[89263422be85417d]::db_connection::tests::test_get_db_connection::{closure#0}
[INFO] [stdout]   13:     0x60bdf485b893 - <tokio[10c2a638a9c80bf9]::runtime::scheduler::current_thread::Context>::enter::<core[df12db4294e9bfd3]::task::poll::Poll<()>, <tokio[10c2a638a9c80bf9]::runtime::scheduler::current_thread::CoreGuard>::block_on<core[df12db4294e9bfd3]::pin::Pin<&mut core[df12db4294e9bfd3]::pin::Pin<&mut dyn core[df12db4294e9bfd3]::future::future::Future<Output = ()>>>>::{closure#0}::{closure#0}>
[INFO] [stdout]   14:     0x60bdf4864d72 - <tokio[10c2a638a9c80bf9]::runtime::context::scoped::Scoped<tokio[10c2a638a9c80bf9]::runtime::scheduler::Context>>::set::<<tokio[10c2a638a9c80bf9]::runtime::scheduler::current_thread::CoreGuard>::enter<<tokio[10c2a638a9c80bf9]::runtime::scheduler::current_thread::CoreGuard>::block_on<core[df12db4294e9bfd3]::pin::Pin<&mut core[df12db4294e9bfd3]::pin::Pin<&mut dyn core[df12db4294e9bfd3]::future::future::Future<Output = ()>>>>::{closure#0}, core[df12db4294e9bfd3]::option::Option<()>>::{closure#0}, (alloc[2182bb758b4b3781]::boxed::Box<tokio[10c2a638a9c80bf9]::runtime::scheduler::current_thread::Core>, core[df12db4294e9bfd3]::option::Option<()>)>
[INFO] [stdout]   15:     0x60bdf485bbe7 - <tokio[10c2a638a9c80bf9]::runtime::scheduler::current_thread::CoreGuard>::block_on::<core[df12db4294e9bfd3]::pin::Pin<&mut core[df12db4294e9bfd3]::pin::Pin<&mut dyn core[df12db4294e9bfd3]::future::future::Future<Output = ()>>>>
[INFO] [stdout]   16:     0x60bdf4867475 - tokio[10c2a638a9c80bf9]::runtime::context::runtime::enter_runtime::<<tokio[10c2a638a9c80bf9]::runtime::scheduler::current_thread::CurrentThread>::block_on<core[df12db4294e9bfd3]::pin::Pin<&mut dyn core[df12db4294e9bfd3]::future::future::Future<Output = ()>>>::{closure#0}, ()>
[INFO] [stdout]   17:     0x60bdf4864a1e - <tokio[10c2a638a9c80bf9]::runtime::runtime::Runtime>::block_on::<core[df12db4294e9bfd3]::pin::Pin<&mut dyn core[df12db4294e9bfd3]::future::future::Future<Output = ()>>>
[INFO] [stdout]   18:     0x60bdf4858fab - rust_on_k8s[89263422be85417d]::db_connection::tests::test_get_db_connection
[INFO] [stdout]   19:     0x60bdf48648d9 - <rust_on_k8s[89263422be85417d]::db_connection::tests::test_get_db_connection::{closure#0} as core[df12db4294e9bfd3]::ops::function::FnOnce<()>>::call_once
[INFO] [stdout]   20:     0x60bdf486cedb - test[9d35eded1c95d3be]::__rust_begin_short_backtrace::<core[df12db4294e9bfd3]::result::Result<(), alloc[2182bb758b4b3781]::string::String>, fn() -> core[df12db4294e9bfd3]::result::Result<(), alloc[2182bb758b4b3781]::string::String>>
[INFO] [stdout]   21:     0x60bdf487a545 - test[9d35eded1c95d3be]::run_test::{closure#0}
[INFO] [stdout]   22:     0x60bdf4873e04 - std[70759c8f55707aa4]::sys::backtrace::__rust_begin_short_backtrace::<test[9d35eded1c95d3be]::run_test::{closure#1}, ()>
[INFO] [stdout]   23:     0x60bdf487d6a2 - <std[70759c8f55707aa4]::thread::lifecycle::spawn_unchecked<test[9d35eded1c95d3be]::run_test::{closure#1}, ()>::{closure#1} as core[df12db4294e9bfd3]::ops::function::FnOnce<()>>::call_once::{shim:vtable#0}
[INFO] [stdout]   24:     0x60bdf49489e9 - <std[70759c8f55707aa4]::sys::thread::unix::Thread>::new::thread_start
[INFO] [stdout]   25:     0x7e3c518b9dfa - <unknown>
[INFO] [stdout]   26:     0x7e3c5194d3d4 - clone
[INFO] [stdout]   27:                0x0 - <unknown>
[INFO] [stdout] 
[INFO] [stdout] ---- db_connection::tests::test_execute_query stdout ----
[INFO] [stdout] 
[INFO] [stdout] thread 'db_connection::tests::test_execute_query' (2450) panicked at src/db_connection.rs:118:66:
[INFO] [stdout] called `Result::unwrap()` on an `Err` value: Error { kind: Connect, cause: Some(Os { code: 111, kind: ConnectionRefused, message: "Connection refused" }) }
[INFO] [stdout] stack backtrace:
[INFO] [stdout]    0:     0x60bdf49494c1 - <<std[70759c8f55707aa4]::sys::backtrace::BacktraceLock>::print::DisplayBacktrace as core[df12db4294e9bfd3]::fmt::Display>::fmt
[INFO] [stdout]    1:     0x60bdf495ffda - core[df12db4294e9bfd3]::fmt::write
[INFO] [stdout]    2:     0x60bdf494de7c - <alloc[2182bb758b4b3781]::vec::Vec<u8> as core[df12db4294e9bfd3]::io::write::Write>::write_fmt
[INFO] [stdout]    3:     0x60bdf4924b86 - std[70759c8f55707aa4]::panicking::default_hook::{closure#0}
[INFO] [stdout]    4:     0x60bdf4941509 - std[70759c8f55707aa4]::panicking::default_hook
[INFO] [stdout]    5:     0x60bdf4879bf0 - test[9d35eded1c95d3be]::test_main_inner::<test[9d35eded1c95d3be]::test_main_static::{closure#0}>::{closure#0}
[INFO] [stdout]    6:     0x60bdf4941832 - std[70759c8f55707aa4]::panicking::panic_with_hook
[INFO] [stdout]    7:     0x60bdf4924c32 - std[70759c8f55707aa4]::panicking::panic_handler::{closure#0}
[INFO] [stdout]    8:     0x60bdf491d8d9 - std[70759c8f55707aa4]::sys::backtrace::__rust_end_short_backtrace::<std[70759c8f55707aa4]::panicking::panic_handler::{closure#0}, !>
[INFO] [stdout]    9:     0x60bdf4925a1d - __rustc[8fa7c3cbc660c2b3]::rust_begin_unwind
[INFO] [stdout]   10:     0x60bdf496073c - core[df12db4294e9bfd3]::panicking::panic_fmt
[INFO] [stdout]   11:     0x60bdf4960512 - core[df12db4294e9bfd3]::result::unwrap_failed
[INFO] [stdout]   12:     0x60bdf4856c14 - rust_on_k8s[89263422be85417d]::db_connection::tests::test_execute_query::{closure#0}
[INFO] [stdout]   13:     0x60bdf485b893 - <tokio[10c2a638a9c80bf9]::runtime::scheduler::current_thread::Context>::enter::<core[df12db4294e9bfd3]::task::poll::Poll<()>, <tokio[10c2a638a9c80bf9]::runtime::scheduler::current_thread::CoreGuard>::block_on<core[df12db4294e9bfd3]::pin::Pin<&mut core[df12db4294e9bfd3]::pin::Pin<&mut dyn core[df12db4294e9bfd3]::future::future::Future<Output = ()>>>>::{closure#0}::{closure#0}>
[INFO] [stdout]   14:     0x60bdf4864d72 - <tokio[10c2a638a9c80bf9]::runtime::context::scoped::Scoped<tokio[10c2a638a9c80bf9]::runtime::scheduler::Context>>::set::<<tokio[10c2a638a9c80bf9]::runtime::scheduler::current_thread::CoreGuard>::enter<<tokio[10c2a638a9c80bf9]::runtime::scheduler::current_thread::CoreGuard>::block_on<core[df12db4294e9bfd3]::pin::Pin<&mut core[df12db4294e9bfd3]::pin::Pin<&mut dyn core[df12db4294e9bfd3]::future::future::Future<Output = ()>>>>::{closure#0}, core[df12db4294e9bfd3]::option::Option<()>>::{closure#0}, (alloc[2182bb758b4b3781]::boxed::Box<tokio[10c2a638a9c80bf9]::runtime::scheduler::current_thread::Core>, core[df12db4294e9bfd3]::option::Option<()>)>
[INFO] [stdout]   15:     0x60bdf485bbe7 - <tokio[10c2a638a9c80bf9]::runtime::scheduler::current_thread::CoreGuard>::block_on::<core[df12db4294e9bfd3]::pin::Pin<&mut core[df12db4294e9bfd3]::pin::Pin<&mut dyn core[df12db4294e9bfd3]::future::future::Future<Output = ()>>>>
[INFO] [stdout]   16:     0x60bdf4867475 - tokio[10c2a638a9c80bf9]::runtime::context::runtime::enter_runtime::<<tokio[10c2a638a9c80bf9]::runtime::scheduler::current_thread::CurrentThread>::block_on<core[df12db4294e9bfd3]::pin::Pin<&mut dyn core[df12db4294e9bfd3]::future::future::Future<Output = ()>>>::{closure#0}, ()>
[INFO] [stdout]   17:     0x60bdf4864a1e - <tokio[10c2a638a9c80bf9]::runtime::runtime::Runtime>::block_on::<core[df12db4294e9bfd3]::pin::Pin<&mut dyn core[df12db4294e9bfd3]::future::future::Future<Output = ()>>>
[INFO] [stdout]   18:     0x60bdf4858e5b - rust_on_k8s[89263422be85417d]::db_connection::tests::test_execute_query
[INFO] [stdout]   19:     0x60bdf48648b9 - <rust_on_k8s[89263422be85417d]::db_connection::tests::test_execute_query::{closure#0} as core[df12db4294e9bfd3]::ops::function::FnOnce<()>>::call_once
[INFO] [stdout]   20:     0x60bdf486cedb - test[9d35eded1c95d3be]::__rust_begin_short_backtrace::<core[df12db4294e9bfd3]::result::Result<(), alloc[2182bb758b4b3781]::string::String>, fn() -> core[df12db4294e9bfd3]::result::Result<(), alloc[2182bb758b4b3781]::string::String>>
[INFO] [stdout]   21:     0x60bdf487a545 - test[9d35eded1c95d3be]::run_test::{closure#0}
[INFO] [stdout]   22:     0x60bdf4873e04 - std[70759c8f55707aa4]::sys::backtrace::__rust_begin_short_backtrace::<test[9d35eded1c95d3be]::run_test::{closure#1}, ()>
[INFO] [stdout]   23:     0x60bdf487d6a2 - <std[70759c8f55707aa4]::thread::lifecycle::spawn_unchecked<test[9d35eded1c95d3be]::run_test::{closure#1}, ()>::{closure#1} as core[df12db4294e9bfd3]::ops::function::FnOnce<()>>::call_once::{shim:vtable#0}
[INFO] [stdout]   24:     0x60bdf49489e9 - <std[70759c8f55707aa4]::sys::thread::unix::Thread>::new::thread_start
[INFO] [stdout]   25:     0x7e3c518b9dfa - <unknown>
[INFO] [stdout]   26:     0x7e3c5194d3d4 - clone
[INFO] [stdout]   27:                0x0 - <unknown>
[INFO] [stdout] 
[INFO] [stdout] 
[INFO] [stdout] failures:
[INFO] [stdout]     db_connection::tests::test_execute_query
[INFO] [stdout]     db_connection::tests::test_execute_transaction_query
[INFO] [stdout]     db_connection::tests::test_get_db_connection
[INFO] [stdout] 
[INFO] [stdout] test result: FAILED. 0 passed; 3 failed; 0 ignored; 0 measured; 0 filtered out; finished in 0.01s
[INFO] [stdout] 
[INFO] running `Command { std: "docker" "inspect" "8b16dad8244895cc902b08742ba608dc4db6176329ed88c7064cd9607f8998d4", kill_on_drop: false }`
[INFO] running `Command { std: "docker" "rm" "-f" "8b16dad8244895cc902b08742ba608dc4db6176329ed88c7064cd9607f8998d4", kill_on_drop: false }`
[INFO] [stdout] 8b16dad8244895cc902b08742ba608dc4db6176329ed88c7064cd9607f8998d4
