[INFO] cloning repository https://github.com/apachecn-archive/hex
[INFO] running `Command { std: "git" "-c" "credential.helper=" "-c" "credential.helper=/workspace/cargo-home/bin/git-credential-null" "clone" "--bare" "https://github.com/apachecn-archive/hex" "/workspace/cache/git-repos/https%3A%2F%2Fgithub.com%2Fapachecn-archive%2Fhex", kill_on_drop: false }`
[INFO] [stderr] Cloning into bare repository '/workspace/cache/git-repos/https%3A%2F%2Fgithub.com%2Fapachecn-archive%2Fhex'...
[INFO] running `Command { std: "git" "rev-parse" "HEAD", kill_on_drop: false }`
[INFO] [stdout] 21b2304a1f8ba43e9fbafd4881ac61d39ad49042
[INFO] testing apachecn-archive/hex against 1.100.0-beta.1+cargoflags=--release for beta-release-1.100-3
[INFO] running `Command { std: "git" "clone" "/workspace/cache/git-repos/https%3A%2F%2Fgithub.com%2Fapachecn-archive%2Fhex" "/workspace/builds/worker-5-tc2/source", kill_on_drop: false }`
[INFO] [stderr] Cloning into '/workspace/builds/worker-5-tc2/source'...
[INFO] [stderr] done.
[INFO] started tweaking git repo https://github.com/apachecn-archive/hex
[INFO] finished tweaking git repo https://github.com/apachecn-archive/hex
[INFO] tweaked toml for git repo https://github.com/apachecn-archive/hex written to /workspace/builds/worker-5-tc2/source/Cargo.toml
[INFO] validating manifest of git repo https://github.com/apachecn-archive/hex on toolchain 1.100.0-beta.1
[INFO] running `Command { std: CARGO_HOME="/workspace/cargo-home" RUSTUP_HOME="/workspace/rustup-home" "/workspace/cargo-home/bin/cargo" "+1.100.0-beta.1" "metadata" "--manifest-path" "Cargo.toml" "--no-deps", kill_on_drop: false }`
[INFO] crate git repo https://github.com/apachecn-archive/hex already has a lockfile, it will not be regenerated
[INFO] running `Command { std: CARGO_HOME="/workspace/cargo-home" RUSTUP_HOME="/workspace/rustup-home" "/workspace/cargo-home/bin/cargo" "+1.100.0-beta.1" "fetch" "--manifest-path" "Cargo.toml", kill_on_drop: false }`
[INFO] running `Command { std: "docker" "create" "-v" "/var/lib/crater-agent-workspace/builds/worker-5-tc2/source:/opt/rustwide/workdir:ro,Z" "-v" "/var/lib/crater-agent-workspace/builds/worker-5-tc2/target:/opt/rustwide/target:rw,Z" "-v" "/var/lib/crater-agent-workspace/cargo-home:/opt/rustwide/cargo-home:ro,Z" "-v" "/var/lib/crater-agent-workspace/rustup-home:/opt/rustwide/rustup-home:ro,Z" "-m" "1610612736" "--network" "none" "ghcr.io/rust-lang/crates-build-env/linux@sha256:77db811e55d90add9212f6832c23229e3de5f1c1f9905e8cb07319ea15df73ac" "sleep" "infinity", kill_on_drop: false }`
[INFO] [stdout] bf857c31752f223ad0f78d299aec0c80e5a84b2761fdb9e581426462e5dfaf91
[INFO] running `Command { std: "docker" "start" "bf857c31752f223ad0f78d299aec0c80e5a84b2761fdb9e581426462e5dfaf91", kill_on_drop: false }`
[INFO] running `Command { std: "docker" "inspect" "bf857c31752f223ad0f78d299aec0c80e5a84b2761fdb9e581426462e5dfaf91", kill_on_drop: false }`
[INFO] running `Command { std: "docker" "exec" "-e" "SOURCE_DIR=/opt/rustwide/workdir" "-e" "CARGO_HOME=/opt/rustwide/cargo-home" "-e" "RUSTUP_HOME=/opt/rustwide/rustup-home" "-e" "CARGO_TARGET_DIR=/opt/rustwide/target" "-w" "/opt/rustwide/workdir" "--user" "0:0" "bf857c31752f223ad0f78d299aec0c80e5a84b2761fdb9e581426462e5dfaf91" "/opt/rustwide/cargo-home/bin/cargo" "+1.100.0-beta.1" "metadata" "--no-deps" "--format-version=1", kill_on_drop: false }`
[INFO] running `Command { std: "docker" "inspect" "bf857c31752f223ad0f78d299aec0c80e5a84b2761fdb9e581426462e5dfaf91", kill_on_drop: false }`
[INFO] running `Command { std: "docker" "exec" "-e" "SOURCE_DIR=/opt/rustwide/workdir" "-e" "CARGO_HOME=/opt/rustwide/cargo-home" "-e" "RUSTUP_HOME=/opt/rustwide/rustup-home" "-e" "CARGO_TARGET_DIR=/opt/rustwide/target" "-e" "CARGO_INCREMENTAL=0" "-e" "RUST_BACKTRACE=full" "-e" "RUSTFLAGS=--cap-lints=warn" "-e" "RUSTDOCFLAGS=--cap-lints=warn" "-w" "/opt/rustwide/workdir" "--user" "0:0" "bf857c31752f223ad0f78d299aec0c80e5a84b2761fdb9e581426462e5dfaf91" "/opt/rustwide/cargo-home/bin/cargo" "+1.100.0-beta.1" "build" "--frozen" "--message-format=json" "--release", kill_on_drop: false }`
[INFO] [stderr]    Compiling libc v0.2.47
[INFO] [stderr]    Compiling unicode-width v0.1.5
[INFO] [stderr]    Compiling ansi_term v0.11.0
[INFO] [stderr]    Compiling bitflags v1.0.4
[INFO] [stderr]    Compiling strsim v0.8.0
[INFO] [stderr]    Compiling vec_map v0.8.1
[INFO] [stderr]    Compiling no_color v0.1.0
[INFO] [stderr]    Compiling ansi_term v0.12.1
[INFO] [stderr]    Compiling textwrap v0.11.0
[INFO] [stderr]    Compiling atty v0.2.11
[INFO] [stderr]    Compiling clap v2.33.3
[INFO] [stderr]    Compiling hx v0.4.2 (/opt/rustwide/workdir)
[INFO] [stdout] warning: use of deprecated associated function `core::num::<impl u16>::max_value`: replaced by the `MAX` associated constant on this type
[INFO] [stdout]    --> src/lib.rs:486:38
[INFO] [stdout]     |
[INFO] [stdout] 486 |     let max_array_size: u16 = <u16>::max_value(); // 2^16;
[INFO] [stdout]     |                                      ^^^^^^^^^
[INFO] [stdout]     |
[INFO] [stdout]     = note: `#[warn(deprecated)]` on by default
[INFO] [stdout] 
[INFO] [stdout] 
[INFO] [stdout] warning: found module declaration for lib.rs
[INFO] [stdout]  --> src/main.rs:2:1
[INFO] [stdout]   |
[INFO] [stdout] 2 | mod lib;
[INFO] [stdout]   | ^^^^^^^^
[INFO] [stdout]   |
[INFO] [stdout]   = note: lib.rs is the root of this crate's library target
[INFO] [stdout]   = help: to refer to it from other targets, use the library's name as the path
[INFO] [stdout]   = note: `#[warn(special_module_name)]` on by default
[INFO] [stdout] 
[INFO] [stdout] 
[INFO] [stdout] warning: use of deprecated associated function `core::num::<impl u16>::max_value`: replaced by the `MAX` associated constant on this type
[INFO] [stdout]    --> src/lib.rs:486:38
[INFO] [stdout]     |
[INFO] [stdout] 486 |     let max_array_size: u16 = <u16>::max_value(); // 2^16;
[INFO] [stdout]     |                                      ^^^^^^^^^
[INFO] [stdout]     |
[INFO] [stdout]     = note: `#[warn(deprecated)]` on by default
[INFO] [stdout] 
[INFO] [stdout] 
[INFO] [stdout] warning: field `offset` is never read
[INFO] [stdout]   --> src/lib.rs:85:9
[INFO] [stdout]    |
[INFO] [stdout] 83 | pub struct Line {
[INFO] [stdout]    |            ---- field in this struct
[INFO] [stdout] 84 |     /// offset
[INFO] [stdout] 85 |     pub offset: u64,
[INFO] [stdout]    |         ^^^^^^
[INFO] [stdout]    |
[INFO] [stdout]    = note: `Line` has derived impls for the traits `Debug` and `Clone`, but these are intentionally ignored during dead code analysis
[INFO] [stdout] note: the lint level is defined here
[INFO] [stdout]   --> src/lib.rs:2:5
[INFO] [stdout]    |
[INFO] [stdout]  2 |     dead_code,
[INFO] [stdout]    |     ^^^^^^^^^
[INFO] [stdout] 
[INFO] [stdout] 
[INFO] [stdout] warning: field `offset` is never read
[INFO] [stdout]    --> src/lib.rs:110:9
[INFO] [stdout]     |
[INFO] [stdout] 108 | pub struct Page {
[INFO] [stdout]     |            ---- field in this struct
[INFO] [stdout] 109 |     /// page offset
[INFO] [stdout] 110 |     pub offset: u64,
[INFO] [stdout]     |         ^^^^^^
[INFO] [stdout]     |
[INFO] [stdout]     = note: `Page` has derived impls for the traits `Debug` and `Clone`, but these are intentionally ignored during dead code analysis
[INFO] [stdout] 
[INFO] [stdout] 
[INFO] [stderr]     Finished `release` profile [optimized] target(s) in 14.20s
[INFO] running `Command { std: "docker" "inspect" "bf857c31752f223ad0f78d299aec0c80e5a84b2761fdb9e581426462e5dfaf91", kill_on_drop: false }`
[INFO] running `Command { std: "docker" "exec" "-e" "SOURCE_DIR=/opt/rustwide/workdir" "-e" "CARGO_HOME=/opt/rustwide/cargo-home" "-e" "RUSTUP_HOME=/opt/rustwide/rustup-home" "-e" "CARGO_TARGET_DIR=/opt/rustwide/target" "-e" "CARGO_INCREMENTAL=0" "-e" "RUST_BACKTRACE=full" "-e" "RUSTFLAGS=--cap-lints=warn" "-e" "RUSTDOCFLAGS=--cap-lints=warn" "-w" "/opt/rustwide/workdir" "--user" "0:0" "bf857c31752f223ad0f78d299aec0c80e5a84b2761fdb9e581426462e5dfaf91" "/opt/rustwide/cargo-home/bin/cargo" "+1.100.0-beta.1" "test" "--frozen" "--no-run" "--message-format=json" "--release", kill_on_drop: false }`
[INFO] [stderr]    Compiling wait-timeout v0.2.0
[INFO] [stdout] warning: use of deprecated associated function `core::num::<impl u16>::max_value`: replaced by the `MAX` associated constant on this type
[INFO] [stdout]    --> src/lib.rs:486:38
[INFO] [stdout]     |
[INFO] [stdout] 486 |     let max_array_size: u16 = <u16>::max_value(); // 2^16;
[INFO] [stdout]     |                                      ^^^^^^^^^
[INFO] [stdout]     |
[INFO] [stdout]     = note: `#[warn(deprecated)]` on by default
[INFO] [stdout] 
[INFO] [stdout] 
[INFO] [stderr]    Compiling assert_cmd v1.0.1
[INFO] [stderr]    Compiling hx v0.4.2 (/opt/rustwide/workdir)
[INFO] [stdout] warning: found module declaration for lib.rs
[INFO] [stdout]  --> src/main.rs:2:1
[INFO] [stdout]   |
[INFO] [stdout] 2 | mod lib;
[INFO] [stdout]   | ^^^^^^^^
[INFO] [stdout]   |
[INFO] [stdout]   = note: lib.rs is the root of this crate's library target
[INFO] [stdout]   = help: to refer to it from other targets, use the library's name as the path
[INFO] [stdout]   = note: `#[warn(special_module_name)]` on by default
[INFO] [stdout] 
[INFO] [stdout] 
[INFO] [stdout] warning: use of deprecated associated function `core::num::<impl u16>::max_value`: replaced by the `MAX` associated constant on this type
[INFO] [stdout]    --> src/lib.rs:486:38
[INFO] [stdout]     |
[INFO] [stdout] 486 |     let max_array_size: u16 = <u16>::max_value(); // 2^16;
[INFO] [stdout]     |                                      ^^^^^^^^^
[INFO] [stdout]     |
[INFO] [stdout]     = note: `#[warn(deprecated)]` on by default
[INFO] [stdout] 
[INFO] [stdout] 
[INFO] [stdout] warning: use of deprecated associated function `core::num::<impl u8>::max_value`: replaced by the `MAX` associated constant on this type
[INFO] [stdout]    --> src/lib.rs:532:27
[INFO] [stdout]     |
[INFO] [stdout] 532 |         let b: u8 = <u8>::max_value(); // 255
[INFO] [stdout]     |                           ^^^^^^^^^
[INFO] [stdout] 
[INFO] [stdout] 
[INFO] [stdout] warning: use of deprecated associated function `core::num::<impl u8>::max_value`: replaced by the `MAX` associated constant on this type
[INFO] [stdout]    --> src/lib.rs:540:27
[INFO] [stdout]     |
[INFO] [stdout] 540 |         let b: u8 = <u8>::max_value();
[INFO] [stdout]     |                           ^^^^^^^^^
[INFO] [stdout] 
[INFO] [stdout] 
[INFO] [stdout] warning: use of deprecated associated function `core::num::<impl u8>::max_value`: replaced by the `MAX` associated constant on this type
[INFO] [stdout]    --> src/lib.rs:548:27
[INFO] [stdout]     |
[INFO] [stdout] 548 |         let b: u8 = <u8>::max_value();
[INFO] [stdout]     |                           ^^^^^^^^^
[INFO] [stdout] 
[INFO] [stdout] 
[INFO] [stdout] warning: use of deprecated associated function `core::num::<impl u16>::max_value`: replaced by the `MAX` associated constant on this type
[INFO] [stdout]    --> src/lib.rs:486:38
[INFO] [stdout]     |
[INFO] [stdout] 486 |     let max_array_size: u16 = <u16>::max_value(); // 2^16;
[INFO] [stdout]     |                                      ^^^^^^^^^
[INFO] [stdout]     |
[INFO] [stdout]     = note: `#[warn(deprecated)]` on by default
[INFO] [stdout] 
[INFO] [stdout] 
[INFO] [stdout] warning: use of deprecated associated function `core::num::<impl u8>::max_value`: replaced by the `MAX` associated constant on this type
[INFO] [stdout]    --> src/lib.rs:532:27
[INFO] [stdout]     |
[INFO] [stdout] 532 |         let b: u8 = <u8>::max_value(); // 255
[INFO] [stdout]     |                           ^^^^^^^^^
[INFO] [stdout] 
[INFO] [stdout] 
[INFO] [stdout] warning: use of deprecated associated function `core::num::<impl u8>::max_value`: replaced by the `MAX` associated constant on this type
[INFO] [stdout]    --> src/lib.rs:540:27
[INFO] [stdout]     |
[INFO] [stdout] 540 |         let b: u8 = <u8>::max_value();
[INFO] [stdout]     |                           ^^^^^^^^^
[INFO] [stdout] 
[INFO] [stdout] 
[INFO] [stdout] warning: use of deprecated associated function `core::num::<impl u8>::max_value`: replaced by the `MAX` associated constant on this type
[INFO] [stdout]    --> src/lib.rs:548:27
[INFO] [stdout]     |
[INFO] [stdout] 548 |         let b: u8 = <u8>::max_value();
[INFO] [stdout]     |                           ^^^^^^^^^
[INFO] [stdout] 
[INFO] [stdout] 
[INFO] [stdout] warning: field `offset` is never read
[INFO] [stdout]    --> src/lib.rs:110:9
[INFO] [stdout]     |
[INFO] [stdout] 108 | pub struct Page {
[INFO] [stdout]     |            ---- field in this struct
[INFO] [stdout] 109 |     /// page offset
[INFO] [stdout] 110 |     pub offset: u64,
[INFO] [stdout]     |         ^^^^^^
[INFO] [stdout]     |
[INFO] [stdout]     = note: `Page` has derived impls for the traits `Debug` and `Clone`, but these are intentionally ignored during dead code analysis
[INFO] [stdout] note: the lint level is defined here
[INFO] [stdout]    --> src/lib.rs:2:5
[INFO] [stdout]     |
[INFO] [stdout]   2 |     dead_code,
[INFO] [stdout]     |     ^^^^^^^^^
[INFO] [stdout] 
[INFO] [stdout] 
[INFO] [stderr]     Finished `release` profile [optimized] target(s) in 2.37s
[INFO] running `Command { std: "docker" "inspect" "bf857c31752f223ad0f78d299aec0c80e5a84b2761fdb9e581426462e5dfaf91", kill_on_drop: false }`
[INFO] running `Command { std: "docker" "exec" "-e" "SOURCE_DIR=/opt/rustwide/workdir" "-e" "CARGO_HOME=/opt/rustwide/cargo-home" "-e" "RUSTUP_HOME=/opt/rustwide/rustup-home" "-e" "CARGO_TARGET_DIR=/opt/rustwide/target" "-e" "CARGO_INCREMENTAL=0" "-e" "RUST_BACKTRACE=full" "-e" "RUSTFLAGS=--cap-lints=warn" "-e" "RUSTDOCFLAGS=--cap-lints=warn" "-w" "/opt/rustwide/workdir" "--user" "0:0" "bf857c31752f223ad0f78d299aec0c80e5a84b2761fdb9e581426462e5dfaf91" "/opt/rustwide/cargo-home/bin/cargo" "+1.100.0-beta.1" "test" "--frozen" "--release", kill_on_drop: false }`
[INFO] [stderr] warning: use of deprecated associated function `core::num::<impl u16>::max_value`: replaced by the `MAX` associated constant on this type
[INFO] [stderr]    --> src/lib.rs:486:38
[INFO] [stderr]     |
[INFO] [stderr] 486 |     let max_array_size: u16 = <u16>::max_value(); // 2^16;
[INFO] [stderr]     |                                      ^^^^^^^^^
[INFO] [stderr]     |
[INFO] [stderr]     = note: `#[warn(deprecated)]` on by default
[INFO] [stderr] 
[INFO] [stderr] warning: `hx` (lib) generated 1 warning
[INFO] [stderr] warning: found module declaration for lib.rs
[INFO] [stderr]  --> src/main.rs:2:1
[INFO] [stderr]   |
[INFO] [stderr] 2 | mod lib;
[INFO] [stderr]   | ^^^^^^^^
[INFO] [stderr]   |
[INFO] [stderr]   = note: lib.rs is the root of this crate's library target
[INFO] [stderr]   = help: to refer to it from other targets, use the library's name as the path
[INFO] [stderr]   = note: `#[warn(special_module_name)]` on by default
[INFO] [stderr] 
[INFO] [stderr] warning: use of deprecated associated function `core::num::<impl u8>::max_value`: replaced by the `MAX` associated constant on this type
[INFO] [stderr]    --> src/lib.rs:532:27
[INFO] [stderr]     |
[INFO] [stderr] 532 |         let b: u8 = <u8>::max_value(); // 255
[INFO] [stderr]     |                           ^^^^^^^^^
[INFO] [stderr] 
[INFO] [stderr] warning: use of deprecated associated function `core::num::<impl u8>::max_value`: replaced by the `MAX` associated constant on this type
[INFO] [stderr]    --> src/lib.rs:540:27
[INFO] [stderr]     |
[INFO] [stderr] 540 |         let b: u8 = <u8>::max_value();
[INFO] [stderr]     |                           ^^^^^^^^^
[INFO] [stderr] 
[INFO] [stderr] warning: use of deprecated associated function `core::num::<impl u8>::max_value`: replaced by the `MAX` associated constant on this type
[INFO] [stderr]    --> src/lib.rs:548:27
[INFO] [stderr]     |
[INFO] [stderr] 548 |         let b: u8 = <u8>::max_value();
[INFO] [stderr]     |                           ^^^^^^^^^
[INFO] [stderr] 
[INFO] [stderr] warning: field `offset` is never read
[INFO] [stderr]    --> src/lib.rs:110:9
[INFO] [stderr]     |
[INFO] [stderr] 108 | pub struct Page {
[INFO] [stderr]     |            ---- field in this struct
[INFO] [stderr] 109 |     /// page offset
[INFO] [stderr] 110 |     pub offset: u64,
[INFO] [stderr]     |         ^^^^^^
[INFO] [stderr]     |
[INFO] [stderr]     = note: `Page` has derived impls for the traits `Debug` and `Clone`, but these are intentionally ignored during dead code analysis
[INFO] [stderr] note: the lint level is defined here
[INFO] [stderr]    --> src/lib.rs:2:5
[INFO] [stderr]     |
[INFO] [stderr]   2 |     dead_code,
[INFO] [stderr]     |     ^^^^^^^^^
[INFO] [stderr] 
[INFO] [stderr] warning: `hx` (bin "hx" test) generated 6 warnings (1 duplicate)
[INFO] [stderr] warning: `hx` (lib test) generated 4 warnings (4 duplicates)
[INFO] [stderr]     Finished `release` profile [optimized] target(s) in 0.06s
[INFO] [stderr]      Running unittests src/lib.rs (/opt/rustwide/target/release/build/hx/79dc0fb82ce4f747/out/hx-79dc0fb82ce4f747)
[INFO] [stdout] 
[INFO] [stdout] running 12 tests
[INFO] [stdout] test tests::test_cli_input_directory ... FAILED
[INFO] [stdout] test tests::test_hex_binary ... ok
[INFO] [stdout] test tests::test_cli_input_missing_file ... FAILED
[INFO] [stdout] test tests::test_hex_upper_hex ... ok
[INFO] [stdout] test tests::test_hex_lower_hex ... ok
[INFO] [stdout] test tests::test_cli_missing_param_value ... FAILED
[INFO] [stdout] test tests::test_line_struct ... ok
[INFO] [stdout] test tests::test_hex_octal ... ok
[INFO] [stdout] test tests::test_cli_arg_order_1 ... FAILED
[INFO] [stdout] test tests::test_cli_arg_order_2 ... FAILED
[INFO] [stdout] test tests::test_offset ... ok
[INFO] [stdout] test tests::test_cli_input_stdin ... FAILED
[INFO] [stderr] error: test failed, to rerun pass `--lib`
[INFO] [stdout] 
[INFO] [stdout] failures:
[INFO] [stdout] 
[INFO] [stdout] ---- tests::test_cli_input_directory stdout ----
[INFO] [stdout] 
[INFO] [stdout] thread 'tests::test_cli_input_directory' (397) panicked at src/lib.rs:601:48:
[INFO] [stdout] called `Result::unwrap()` on an `Err` value: CargoError { cause: Some(NotFoundError { path: "/opt/rustwide/target/release/build/hx/79dc0fb82ce4f747/out/hx" }) }
[INFO] [stdout] stack backtrace:
[INFO] [stdout]    0:     0x5a9fdb197d01 - <<std[617be2ca0a6fd877]::sys::backtrace::BacktraceLock>::print::DisplayBacktrace as core[a373ad73a504971]::fmt::Display>::fmt
[INFO] [stdout]    1:     0x5a9fdb1ad37a - core[a373ad73a504971]::fmt::write
[INFO] [stdout]    2:     0x5a9fdb19d32c - <alloc[2e1b2a31b91974c5]::vec::Vec<u8> as core[a373ad73a504971]::io::write::Write>::write_fmt
[INFO] [stdout]    3:     0x5a9fdb173816 - std[617be2ca0a6fd877]::panicking::default_hook::{closure#0}
[INFO] [stdout]    4:     0x5a9fdb190319 - std[617be2ca0a6fd877]::panicking::default_hook
[INFO] [stdout]    5:     0x5a9fdb11f0a0 - test[aada8e7e76ba119b]::test_main_inner::{closure#0}
[INFO] [stdout]    6:     0x5a9fdb1904d2 - std[617be2ca0a6fd877]::panicking::panic_with_hook
[INFO] [stdout]    7:     0x5a9fdb1738c2 - std[617be2ca0a6fd877]::panicking::panic_handler::{closure#0}
[INFO] [stdout]    8:     0x5a9fdb16c5d9 - std[617be2ca0a6fd877]::sys::backtrace::__rust_end_short_backtrace::<std[617be2ca0a6fd877]::panicking::panic_handler::{closure#0}, !>
[INFO] [stdout]    9:     0x5a9fdb1744cd - __rustc[ea4f61d10b84890b]::rust_begin_unwind
[INFO] [stdout]   10:     0x5a9fdb1adaac - core[a373ad73a504971]::panicking::panic_fmt
[INFO] [stdout]   11:     0x5a9fdb1ad882 - core[a373ad73a504971]::result::unwrap_failed
[INFO] [stdout]   12:     0x5a9fdb112063 - <hx[a83b273ad39e153]::tests::test_cli_input_directory::{closure#0} as core[a373ad73a504971]::ops::function::FnOnce<()>>::call_once
[INFO] [stdout]   13:     0x5a9fdb1124eb - test[aada8e7e76ba119b]::__rust_begin_short_backtrace::<core[a373ad73a504971]::result::Result<(), alloc[2e1b2a31b91974c5]::string::String>, fn() -> core[a373ad73a504971]::result::Result<(), alloc[2e1b2a31b91974c5]::string::String>>
[INFO] [stdout]   14:     0x5a9fdb11f6c5 - test[aada8e7e76ba119b]::run_test::{closure#0}
[INFO] [stdout]   15:     0x5a9fdb118fb4 - std[617be2ca0a6fd877]::sys::backtrace::__rust_begin_short_backtrace::<test[aada8e7e76ba119b]::run_test::{closure#1}, ()>
[INFO] [stdout]   16:     0x5a9fdb122752 - <std[617be2ca0a6fd877]::thread::lifecycle::spawn_unchecked<test[aada8e7e76ba119b]::run_test::{closure#1}, ()>::{closure#1} as core[a373ad73a504971]::ops::function::FnOnce<()>>::call_once::{shim:vtable#0}
[INFO] [stdout]   17:     0x5a9fdb1974df - <std[617be2ca0a6fd877]::sys::thread::unix::Thread>::new::thread_start
[INFO] [stdout]   18:     0x709d16100dfa - <unknown>
[INFO] [stdout]   19:     0x709d161943d4 - clone
[INFO] [stdout]   20:                0x0 - <unknown>
[INFO] [stdout] 
[INFO] [stdout] ---- tests::test_cli_input_missing_file stdout ----
[INFO] [stdout] 
[INFO] [stdout] thread 'tests::test_cli_input_missing_file' (398) panicked at src/lib.rs:594:48:
[INFO] [stdout] called `Result::unwrap()` on an `Err` value: CargoError { cause: Some(NotFoundError { path: "/opt/rustwide/target/release/build/hx/79dc0fb82ce4f747/out/hx" }) }
[INFO] [stdout] stack backtrace:
[INFO] [stdout]    0:     0x5a9fdb197d01 - <<std[617be2ca0a6fd877]::sys::backtrace::BacktraceLock>::print::DisplayBacktrace as core[a373ad73a504971]::fmt::Display>::fmt
[INFO] [stdout]    1:     0x5a9fdb1ad37a - core[a373ad73a504971]::fmt::write
[INFO] [stdout]    2:     0x5a9fdb19d32c - <alloc[2e1b2a31b91974c5]::vec::Vec<u8> as core[a373ad73a504971]::io::write::Write>::write_fmt
[INFO] [stdout]    3:     0x5a9fdb173816 - std[617be2ca0a6fd877]::panicking::default_hook::{closure#0}
[INFO] [stdout]    4:     0x5a9fdb190319 - std[617be2ca0a6fd877]::panicking::default_hook
[INFO] [stdout]    5:     0x5a9fdb11f0a0 - test[aada8e7e76ba119b]::test_main_inner::{closure#0}
[INFO] [stdout]    6:     0x5a9fdb1904d2 - std[617be2ca0a6fd877]::panicking::panic_with_hook
[INFO] [stdout]    7:     0x5a9fdb1738c2 - std[617be2ca0a6fd877]::panicking::panic_handler::{closure#0}
[INFO] [stdout]    8:     0x5a9fdb16c5d9 - std[617be2ca0a6fd877]::sys::backtrace::__rust_end_short_backtrace::<std[617be2ca0a6fd877]::panicking::panic_handler::{closure#0}, !>
[INFO] [stdout]    9:     0x5a9fdb1744cd - __rustc[ea4f61d10b84890b]::rust_begin_unwind
[INFO] [stdout]   10:     0x5a9fdb1adaac - core[a373ad73a504971]::panicking::panic_fmt
[INFO] [stdout]   11:     0x5a9fdb1ad882 - core[a373ad73a504971]::result::unwrap_failed
[INFO] [stdout]   12:     0x5a9fdb112233 - <hx[a83b273ad39e153]::tests::test_cli_input_missing_file::{closure#0} as core[a373ad73a504971]::ops::function::FnOnce<()>>::call_once
[INFO] [stdout]   13:     0x5a9fdb1124eb - test[aada8e7e76ba119b]::__rust_begin_short_backtrace::<core[a373ad73a504971]::result::Result<(), alloc[2e1b2a31b91974c5]::string::String>, fn() -> core[a373ad73a504971]::result::Result<(), alloc[2e1b2a31b91974c5]::string::String>>
[INFO] [stdout]   14:     0x5a9fdb11f6c5 - test[aada8e7e76ba119b]::run_test::{closure#0}
[INFO] [stdout]   15:     0x5a9fdb118fb4 - std[617be2ca0a6fd877]::sys::backtrace::__rust_begin_short_backtrace::<test[aada8e7e76ba119b]::run_test::{closure#1}, ()>
[INFO] [stdout]   16:     0x5a9fdb122752 - <std[617be2ca0a6fd877]::thread::lifecycle::spawn_unchecked<test[aada8e7e76ba119b]::run_test::{closure#1}, ()>::{closure#1} as core[a373ad73a504971]::ops::function::FnOnce<()>>::call_once::{shim:vtable#0}
[INFO] [stdout]   17:     0x5a9fdb1974df - <std[617be2ca0a6fd877]::sys::thread::unix::Thread>::new::thread_start
[INFO] [stdout]   18:     0x709d16100dfa - <unknown>
[INFO] [stdout]   19:     0x709d161943d4 - clone
[INFO] [stdout]   20:                0x0 - <unknown>
[INFO] [stdout] 
[INFO] [stdout] ---- tests::test_cli_missing_param_value stdout ----
[INFO] [stdout] 
[INFO] [stdout] thread 'tests::test_cli_missing_param_value' (400) panicked at src/lib.rs:587:48:
[INFO] [stdout] called `Result::unwrap()` on an `Err` value: CargoError { cause: Some(NotFoundError { path: "/opt/rustwide/target/release/build/hx/79dc0fb82ce4f747/out/hx" }) }
[INFO] [stdout] stack backtrace:
[INFO] [stdout]    0:     0x5a9fdb197d01 - <<std[617be2ca0a6fd877]::sys::backtrace::BacktraceLock>::print::DisplayBacktrace as core[a373ad73a504971]::fmt::Display>::fmt
[INFO] [stdout]    1:     0x5a9fdb1ad37a - core[a373ad73a504971]::fmt::write
[INFO] [stdout]    2:     0x5a9fdb19d32c - <alloc[2e1b2a31b91974c5]::vec::Vec<u8> as core[a373ad73a504971]::io::write::Write>::write_fmt
[INFO] [stdout]    3:     0x5a9fdb173816 - std[617be2ca0a6fd877]::panicking::default_hook::{closure#0}
[INFO] [stdout]    4:     0x5a9fdb190319 - std[617be2ca0a6fd877]::panicking::default_hook
[INFO] [stdout]    5:     0x5a9fdb11f0a0 - test[aada8e7e76ba119b]::test_main_inner::{closure#0}
[INFO] [stdout]    6:     0x5a9fdb1904d2 - std[617be2ca0a6fd877]::panicking::panic_with_hook
[INFO] [stdout]    7:     0x5a9fdb1738c2 - std[617be2ca0a6fd877]::panicking::panic_handler::{closure#0}
[INFO] [stdout]    8:     0x5a9fdb16c5d9 - std[617be2ca0a6fd877]::sys::backtrace::__rust_end_short_backtrace::<std[617be2ca0a6fd877]::panicking::panic_handler::{closure#0}, !>
[INFO] [stdout]    9:     0x5a9fdb1744cd - __rustc[ea4f61d10b84890b]::rust_begin_unwind
[INFO] [stdout]   10:     0x5a9fdb1adaac - core[a373ad73a504971]::panicking::panic_fmt
[INFO] [stdout]   11:     0x5a9fdb1ad882 - core[a373ad73a504971]::result::unwrap_failed
[INFO] [stdout]   12:     0x5a9fdb11241d - <hx[a83b273ad39e153]::tests::test_cli_missing_param_value::{closure#0} as core[a373ad73a504971]::ops::function::FnOnce<()>>::call_once
[INFO] [stdout]   13:     0x5a9fdb1124eb - test[aada8e7e76ba119b]::__rust_begin_short_backtrace::<core[a373ad73a504971]::result::Result<(), alloc[2e1b2a31b91974c5]::string::String>, fn() -> core[a373ad73a504971]::result::Result<(), alloc[2e1b2a31b91974c5]::string::String>>
[INFO] [stdout]   14:     0x5a9fdb11f6c5 - test[aada8e7e76ba119b]::run_test::{closure#0}
[INFO] [stdout]   15:     0x5a9fdb118fb4 - std[617be2ca0a6fd877]::sys::backtrace::__rust_begin_short_backtrace::<test[aada8e7e76ba119b]::run_test::{closure#1}, ()>
[INFO] [stdout]   16:     0x5a9fdb122752 - <std[617be2ca0a6fd877]::thread::lifecycle::spawn_unchecked<test[aada8e7e76ba119b]::run_test::{closure#1}, ()>::{closure#1} as core[a373ad73a504971]::ops::function::FnOnce<()>>::call_once::{shim:vtable#0}
[INFO] [stdout]   17:     0x5a9fdb1974df - <std[617be2ca0a6fd877]::sys::thread::unix::Thread>::new::thread_start
[INFO] [stdout]   18:     0x709d16100dfa - <unknown>
[INFO] [stdout]   19:     0x709d161943d4 - clone
[INFO] [stdout]   20:                0x0 - <unknown>
[INFO] [stdout] 
[INFO] [stdout] ---- tests::test_cli_arg_order_1 stdout ----
[INFO] [stdout] 
[INFO] [stdout] thread 'tests::test_cli_arg_order_1' (395) panicked at src/lib.rs:568:48:
[INFO] [stdout] called `Result::unwrap()` on an `Err` value: CargoError { cause: Some(NotFoundError { path: "/opt/rustwide/target/release/build/hx/79dc0fb82ce4f747/out/hx" }) }
[INFO] [stdout] stack backtrace:
[INFO] [stdout]    0:     0x5a9fdb197d01 - <<std[617be2ca0a6fd877]::sys::backtrace::BacktraceLock>::print::DisplayBacktrace as core[a373ad73a504971]::fmt::Display>::fmt
[INFO] [stdout]    1:     0x5a9fdb1ad37a - core[a373ad73a504971]::fmt::write
[INFO] [stdout]    2:     0x5a9fdb19d32c - <alloc[2e1b2a31b91974c5]::vec::Vec<u8> as core[a373ad73a504971]::io::write::Write>::write_fmt
[INFO] [stdout]    3:     0x5a9fdb173816 - std[617be2ca0a6fd877]::panicking::default_hook::{closure#0}
[INFO] [stdout]    4:     0x5a9fdb190319 - std[617be2ca0a6fd877]::panicking::default_hook
[INFO] [stdout]    5:     0x5a9fdb11f0a0 - test[aada8e7e76ba119b]::test_main_inner::{closure#0}
[INFO] [stdout]    6:     0x5a9fdb1904d2 - std[617be2ca0a6fd877]::panicking::panic_with_hook
[INFO] [stdout]    7:     0x5a9fdb1738c2 - std[617be2ca0a6fd877]::panicking::panic_handler::{closure#0}
[INFO] [stdout]    8:     0x5a9fdb16c5d9 - std[617be2ca0a6fd877]::sys::backtrace::__rust_end_short_backtrace::<std[617be2ca0a6fd877]::panicking::panic_handler::{closure#0}, !>
[INFO] [stdout]    9:     0x5a9fdb1744cd - __rustc[ea4f61d10b84890b]::rust_begin_unwind
[INFO] [stdout]   10:     0x5a9fdb1adaac - core[a373ad73a504971]::panicking::panic_fmt
[INFO] [stdout]   11:     0x5a9fdb1ad882 - core[a373ad73a504971]::result::unwrap_failed
[INFO] [stdout]   12:     0x5a9fdb11197d - <hx[a83b273ad39e153]::tests::test_cli_arg_order_1::{closure#0} as core[a373ad73a504971]::ops::function::FnOnce<()>>::call_once
[INFO] [stdout]   13:     0x5a9fdb1124eb - test[aada8e7e76ba119b]::__rust_begin_short_backtrace::<core[a373ad73a504971]::result::Result<(), alloc[2e1b2a31b91974c5]::string::String>, fn() -> core[a373ad73a504971]::result::Result<(), alloc[2e1b2a31b91974c5]::string::String>>
[INFO] [stdout]   14:     0x5a9fdb11f6c5 - test[aada8e7e76ba119b]::run_test::{closure#0}
[INFO] [stdout]   15:     0x5a9fdb118fb4 - std[617be2ca0a6fd877]::sys::backtrace::__rust_begin_short_backtrace::<test[aada8e7e76ba119b]::run_test::{closure#1}, ()>
[INFO] [stdout]   16:     0x5a9fdb122752 - <std[617be2ca0a6fd877]::thread::lifecycle::spawn_unchecked<test[aada8e7e76ba119b]::run_test::{closure#1}, ()>::{closure#1} as core[a373ad73a504971]::ops::function::FnOnce<()>>::call_once::{shim:vtable#0}
[INFO] [stdout]   17:     0x5a9fdb1974df - <std[617be2ca0a6fd877]::sys::thread::unix::Thread>::new::thread_start
[INFO] [stdout]   18:     0x709d16100dfa - <unknown>
[INFO] [stdout]   19:     0x709d161943d4 - clone
[INFO] [stdout]   20:                0x0 - <unknown>
[INFO] [stdout] 
[INFO] [stdout] ---- tests::test_cli_arg_order_2 stdout ----
[INFO] [stdout] 
[INFO] [stdout] thread 'tests::test_cli_arg_order_2' (396) panicked at src/lib.rs:578:48:
[INFO] [stdout] called `Result::unwrap()` on an `Err` value: CargoError { cause: Some(NotFoundError { path: "/opt/rustwide/target/release/build/hx/79dc0fb82ce4f747/out/hx" }) }
[INFO] [stdout] stack backtrace:
[INFO] [stdout]    0:     0x5a9fdb197d01 - <<std[617be2ca0a6fd877]::sys::backtrace::BacktraceLock>::print::DisplayBacktrace as core[a373ad73a504971]::fmt::Display>::fmt
[INFO] [stdout]    1:     0x5a9fdb1ad37a - core[a373ad73a504971]::fmt::write
[INFO] [stdout]    2:     0x5a9fdb19d32c - <alloc[2e1b2a31b91974c5]::vec::Vec<u8> as core[a373ad73a504971]::io::write::Write>::write_fmt
[INFO] [stdout]    3:     0x5a9fdb173816 - std[617be2ca0a6fd877]::panicking::default_hook::{closure#0}
[INFO] [stdout]    4:     0x5a9fdb190319 - std[617be2ca0a6fd877]::panicking::default_hook
[INFO] [stdout]    5:     0x5a9fdb11f0a0 - test[aada8e7e76ba119b]::test_main_inner::{closure#0}
[INFO] [stdout]    6:     0x5a9fdb1904d2 - std[617be2ca0a6fd877]::panicking::panic_with_hook
[INFO] [stdout]    7:     0x5a9fdb1738c2 - std[617be2ca0a6fd877]::panicking::panic_handler::{closure#0}
[INFO] [stdout]    8:     0x5a9fdb16c5d9 - std[617be2ca0a6fd877]::sys::backtrace::__rust_end_short_backtrace::<std[617be2ca0a6fd877]::panicking::panic_handler::{closure#0}, !>
[INFO] [stdout]    9:     0x5a9fdb1744cd - __rustc[ea4f61d10b84890b]::rust_begin_unwind
[INFO] [stdout]   10:     0x5a9fdb1adaac - core[a373ad73a504971]::panicking::panic_fmt
[INFO] [stdout]   11:     0x5a9fdb1ad882 - core[a373ad73a504971]::result::unwrap_failed
[INFO] [stdout]   12:     0x5a9fdb111b6d - <hx[a83b273ad39e153]::tests::test_cli_arg_order_2::{closure#0} as core[a373ad73a504971]::ops::function::FnOnce<()>>::call_once
[INFO] [stdout]   13:     0x5a9fdb1124eb - test[aada8e7e76ba119b]::__rust_begin_short_backtrace::<core[a373ad73a504971]::result::Result<(), alloc[2e1b2a31b91974c5]::string::String>, fn() -> core[a373ad73a504971]::result::Result<(), alloc[2e1b2a31b91974c5]::string::String>>
[INFO] [stdout]   14:     0x5a9fdb11f6c5 - test[aada8e7e76ba119b]::run_test::{closure#0}
[INFO] [stdout]   15:     0x5a9fdb118fb4 - std[617be2ca0a6fd877]::sys::backtrace::__rust_begin_short_backtrace::<test[aada8e7e76ba119b]::run_test::{closure#1}, ()>
[INFO] [stdout]   16:     0x5a9fdb122752 - <std[617be2ca0a6fd877]::thread::lifecycle::spawn_unchecked<test[aada8e7e76ba119b]::run_test::{closure#1}, ()>::{closure#1} as core[a373ad73a504971]::ops::function::FnOnce<()>>::call_once::{shim:vtable#0}
[INFO] [stdout]   17:     0x5a9fdb1974df - <std[617be2ca0a6fd877]::sys::thread::unix::Thread>::new::thread_start
[INFO] [stdout]   18:     0x709d16100dfa - <unknown>
[INFO] [stdout]   19:     0x709d161943d4 - clone
[INFO] [stdout]   20:                0x0 - <unknown>
[INFO] [stdout] 
[INFO] [stdout] ---- tests::test_cli_input_stdin stdout ----
[INFO] [stdout] 
[INFO] [stdout] thread 'tests::test_cli_input_stdin' (399) panicked at src/lib.rs:608:48:
[INFO] [stdout] called `Result::unwrap()` on an `Err` value: CargoError { cause: Some(NotFoundError { path: "/opt/rustwide/target/release/build/hx/79dc0fb82ce4f747/out/hx" }) }
[INFO] [stdout] stack backtrace:
[INFO] [stdout]    0:     0x5a9fdb197d01 - <<std[617be2ca0a6fd877]::sys::backtrace::BacktraceLock>::print::DisplayBacktrace as core[a373ad73a504971]::fmt::Display>::fmt
[INFO] [stdout]    1:     0x5a9fdb1ad37a - core[a373ad73a504971]::fmt::write
[INFO] [stdout]    2:     0x5a9fdb19d32c - <alloc[2e1b2a31b91974c5]::vec::Vec<u8> as core[a373ad73a504971]::io::write::Write>::write_fmt
[INFO] [stdout]    3:     0x5a9fdb173816 - std[617be2ca0a6fd877]::panicking::default_hook::{closure#0}
[INFO] [stdout]    4:     0x5a9fdb190319 - std[617be2ca0a6fd877]::panicking::default_hook
[INFO] [stdout]    5:     0x5a9fdb11f0a0 - test[aada8e7e76ba119b]::test_main_inner::{closure#0}
[INFO] [stdout]    6:     0x5a9fdb1904d2 - std[617be2ca0a6fd877]::panicking::panic_with_hook
[INFO] [stdout]    7:     0x5a9fdb1738c2 - std[617be2ca0a6fd877]::panicking::panic_handler::{closure#0}
[INFO] [stdout]    8:     0x5a9fdb16c5d9 - std[617be2ca0a6fd877]::sys::backtrace::__rust_end_short_backtrace::<std[617be2ca0a6fd877]::panicking::panic_handler::{closure#0}, !>
[INFO] [stdout]    9:     0x5a9fdb1744cd - __rustc[ea4f61d10b84890b]::rust_begin_unwind
[INFO] [stdout]   10:     0x5a9fdb1adaac - core[a373ad73a504971]::panicking::panic_fmt
[INFO] [stdout]   11:     0x5a9fdb1ad882 - core[a373ad73a504971]::result::unwrap_failed
[INFO] [stdout]   12:     0x5a9fdb111e86 - <hx[a83b273ad39e153]::tests::test_cli_input_stdin::{closure#0} as core[a373ad73a504971]::ops::function::FnOnce<()>>::call_once
[INFO] [stdout]   13:     0x5a9fdb1124eb - test[aada8e7e76ba119b]::__rust_begin_short_backtrace::<core[a373ad73a504971]::result::Result<(), alloc[2e1b2a31b91974c5]::string::String>, fn() -> core[a373ad73a504971]::result::Result<(), alloc[2e1b2a31b91974c5]::string::String>>
[INFO] [stdout]   14:     0x5a9fdb11f6c5 - test[aada8e7e76ba119b]::run_test::{closure#0}
[INFO] [stdout]   15:     0x5a9fdb118fb4 - std[617be2ca0a6fd877]::sys::backtrace::__rust_begin_short_backtrace::<test[aada8e7e76ba119b]::run_test::{closure#1}, ()>
[INFO] [stdout]   16:     0x5a9fdb122752 - <std[617be2ca0a6fd877]::thread::lifecycle::spawn_unchecked<test[aada8e7e76ba119b]::run_test::{closure#1}, ()>::{closure#1} as core[a373ad73a504971]::ops::function::FnOnce<()>>::call_once::{shim:vtable#0}
[INFO] [stdout]   17:     0x5a9fdb1974df - <std[617be2ca0a6fd877]::sys::thread::unix::Thread>::new::thread_start
[INFO] [stdout]   18:     0x709d16100dfa - <unknown>
[INFO] [stdout]   19:     0x709d161943d4 - clone
[INFO] [stdout]   20:                0x0 - <unknown>
[INFO] [stdout] 
[INFO] [stdout] 
[INFO] [stdout] failures:
[INFO] [stdout]     tests::test_cli_arg_order_1
[INFO] [stdout]     tests::test_cli_arg_order_2
[INFO] [stdout]     tests::test_cli_input_directory
[INFO] [stdout]     tests::test_cli_input_missing_file
[INFO] [stdout]     tests::test_cli_input_stdin
[INFO] [stdout]     tests::test_cli_missing_param_value
[INFO] [stdout] 
[INFO] [stdout] test result: FAILED. 6 passed; 6 failed; 0 ignored; 0 measured; 0 filtered out; finished in 0.04s
[INFO] [stdout] 
[INFO] running `Command { std: "docker" "inspect" "bf857c31752f223ad0f78d299aec0c80e5a84b2761fdb9e581426462e5dfaf91", kill_on_drop: false }`
[INFO] running `Command { std: "docker" "rm" "-f" "bf857c31752f223ad0f78d299aec0c80e5a84b2761fdb9e581426462e5dfaf91", kill_on_drop: false }`
[INFO] [stdout] bf857c31752f223ad0f78d299aec0c80e5a84b2761fdb9e581426462e5dfaf91
