[INFO] cloning repository https://github.com/amrllkmn/noted
[INFO] running `Command { std: "git" "-c" "credential.helper=" "-c" "credential.helper=/workspace/cargo-home/bin/git-credential-null" "clone" "--bare" "https://github.com/amrllkmn/noted" "/workspace/cache/git-repos/https%3A%2F%2Fgithub.com%2Famrllkmn%2Fnoted", kill_on_drop: false }`
[INFO] [stderr] Cloning into bare repository '/workspace/cache/git-repos/https%3A%2F%2Fgithub.com%2Famrllkmn%2Fnoted'...
[INFO] running `Command { std: "git" "rev-parse" "HEAD", kill_on_drop: false }`
[INFO] [stdout] c2b17a9afdd252cf1114f15aa35a06c12f8ae223
[INFO] testing amrllkmn/noted against 1.99.0-beta.8+cargoflags=--release for beta-release-1.100-3
[INFO] running `Command { std: "git" "clone" "/workspace/cache/git-repos/https%3A%2F%2Fgithub.com%2Famrllkmn%2Fnoted" "/workspace/builds/worker-7-tc1/source", kill_on_drop: false }`
[INFO] [stderr] Cloning into '/workspace/builds/worker-7-tc1/source'...
[INFO] [stderr] done.
[INFO] started tweaking git repo https://github.com/amrllkmn/noted
[INFO] finished tweaking git repo https://github.com/amrllkmn/noted
[INFO] tweaked toml for git repo https://github.com/amrllkmn/noted written to /workspace/builds/worker-7-tc1/source/Cargo.toml
[INFO] validating manifest of git repo https://github.com/amrllkmn/noted on toolchain 1.99.0-beta.8
[INFO] running `Command { std: CARGO_HOME="/workspace/cargo-home" RUSTUP_HOME="/workspace/rustup-home" "/workspace/cargo-home/bin/cargo" "+1.99.0-beta.8" "metadata" "--manifest-path" "Cargo.toml" "--no-deps", kill_on_drop: false }`
[INFO] crate git repo https://github.com/amrllkmn/noted already has a lockfile, it will not be regenerated
[INFO] running `Command { std: CARGO_HOME="/workspace/cargo-home" RUSTUP_HOME="/workspace/rustup-home" "/workspace/cargo-home/bin/cargo" "+1.99.0-beta.8" "fetch" "--manifest-path" "Cargo.toml", kill_on_drop: false }`
[INFO] [stderr]     Updating crates.io index
[INFO] [stderr]  Downloading crates ...
[INFO] [stderr]   Downloaded proc-macro2 v1.0.70
[INFO] [stderr]   Downloaded uuid v1.6.1
[INFO] [stderr]   Downloaded http-body v1.0.0
[INFO] [stderr]   Downloaded num_cpus v1.16.0
[INFO] [stderr]   Downloaded serde v1.0.193
[INFO] [stderr]   Downloaded serde_derive v1.0.193
[INFO] [stderr]   Downloaded spki v0.7.2
[INFO] [stderr]   Downloaded bytes v1.5.0
[INFO] [stderr]   Downloaded itoa v1.0.9
[INFO] [stderr]   Downloaded futures-sink v0.3.29
[INFO] [stderr]   Downloaded futures-core v0.3.29
[INFO] [stderr]   Downloaded crc v3.0.1
[INFO] [stderr]   Downloaded crc-catalog v2.4.0
[INFO] [stderr]   Downloaded http-body-util v0.1.0
[INFO] [stderr]   Downloaded thiserror-impl v1.0.50
[INFO] [stderr]   Downloaded tempfile v3.8.1
[INFO] [stderr]   Downloaded futures-io v0.3.29
[INFO] [stderr]   Downloaded cpufeatures v0.2.11
[INFO] [stderr]   Downloaded atoi v2.0.0
[INFO] [stderr]   Downloaded wasm-bindgen-shared v0.2.88
[INFO] [stderr]   Downloaded errno v0.3.7
[INFO] [stderr]   Downloaded hermit-abi v0.3.3
[INFO] [stderr]   Downloaded urlencoding v2.1.3
[INFO] [stderr]   Downloaded tokio-macros v2.2.0
[INFO] [stderr]   Downloaded wasm-bindgen-macro v0.2.88
[INFO] [stderr]   Downloaded futures-task v0.3.29
[INFO] [stderr]   Downloaded percent-encoding v2.3.1
[INFO] [stderr]   Downloaded form_urlencoded v1.2.1
[INFO] [stderr]   Downloaded dotenvy v0.15.7
[INFO] [stderr]   Downloaded zeroize v1.7.0
[INFO] [stderr]   Downloaded parking_lot_core v0.9.9
[INFO] [stderr]   Downloaded lock_api v0.4.11
[INFO] [stderr]   Downloaded thiserror v1.0.50
[INFO] [stderr]   Downloaded sqlformat v0.2.2
[INFO] [stderr]   Downloaded subtle v2.5.0
[INFO] [stderr]   Downloaded rustls-pemfile v1.0.4
[INFO] [stderr]   Downloaded wasm-bindgen-macro-support v0.2.88
[INFO] [stderr]   Downloaded core-foundation-sys v0.8.4
[INFO] [stderr]   Downloaded etcetera v0.8.0
[INFO] [stderr]   Downloaded redox_syscall v0.4.1
[INFO] [stderr]   Downloaded either v1.9.0
[INFO] [stderr]   Downloaded pkg-config v0.3.27
[INFO] [stderr]   Downloaded whoami v1.4.1
[INFO] [stderr]   Downloaded md-5 v0.10.6
[INFO] [stderr]   Downloaded tracing-attributes v0.1.27
[INFO] [stderr]   Downloaded hashlink v0.8.4
[INFO] [stderr]   Downloaded futures-channel v0.3.29
[INFO] [stderr]   Downloaded iana-time-zone v0.1.58
[INFO] [stderr]   Downloaded futures-executor v0.3.29
[INFO] [stderr]   Downloaded stringprep v0.1.4
[INFO] [stderr]   Downloaded base64ct v1.6.0
[INFO] [stderr]   Downloaded bitflags v2.4.1
[INFO] [stderr]   Downloaded smallvec v1.11.2
[INFO] [stderr]   Downloaded log v0.4.20
[INFO] [stderr]   Downloaded const-oid v0.9.5
[INFO] [stderr]   Downloaded sct v0.7.1
[INFO] [stderr]   Downloaded ahash v0.8.6
[INFO] [stderr]   Downloaded fastrand v2.0.1
[INFO] [stderr]   Downloaded tokio-stream v0.1.14
[INFO] [stderr]   Downloaded wasm-bindgen-backend v0.2.88
[INFO] [stderr]   Downloaded sqlx-mysql v0.7.3
[INFO] [stderr]   Downloaded getrandom v0.2.11
[INFO] [stderr]   Downloaded socket2 v0.5.5
[INFO] [stderr]   Downloaded tracing-core v0.1.32
[INFO] [stderr]   Downloaded sqlx-sqlite v0.7.3
[INFO] [stderr]   Downloaded num-traits v0.2.17
[INFO] [stderr]   Downloaded allocator-api2 v0.2.16
[INFO] [stderr]   Downloaded url v2.5.0
[INFO] [stderr]   Downloaded unicode-bidi v0.3.13
[INFO] [stderr]   Downloaded sqlx-core v0.7.3
[INFO] [stderr]   Downloaded ryu v1.0.15
[INFO] [stderr]   Downloaded base64 v0.21.5
[INFO] [stderr]   Downloaded indexmap v2.1.0
[INFO] [stderr]   Downloaded bumpalo v3.14.0
[INFO] [stderr]   Downloaded flume v0.11.0
[INFO] [stderr]   Downloaded rsa v0.9.4
[INFO] [stderr]   Downloaded der v0.7.8
[INFO] [stderr]   Downloaded http v1.0.0
[INFO] [stderr]   Downloaded memchr v2.6.4
[INFO] [stderr]   Downloaded tracing v0.1.40
[INFO] [stderr]   Downloaded futures-intrusive v0.5.0
[INFO] [stderr]   Downloaded libm v0.2.8
[INFO] [stderr]   Downloaded js-sys v0.3.65
[INFO] [stderr]   Downloaded tower-http v0.5.0
[INFO] [stderr]   Downloaded mio v0.8.9
[INFO] [stderr]   Downloaded sqlx-postgres v0.7.3
[INFO] [stderr]   Downloaded atomic-write-file v0.1.0
[INFO] [stderr]   Downloaded syn v2.0.39
[INFO] [stderr]   Downloaded itertools v0.11.0
[INFO] [stderr]   Downloaded sqlx-macros v0.7.3
[INFO] [stderr]   Downloaded serde_json v1.0.108
[INFO] [stderr]   Downloaded hashbrown v0.14.3
[INFO] [stderr]   Downloaded zerocopy v0.7.26
[INFO] [stderr]   Downloaded pin-project-internal v1.1.3
[INFO] [stderr]   Downloaded axum-core v0.4.1
[INFO] [stderr]   Downloaded futures-util v0.3.29
[INFO] [stderr]   Downloaded sqlx v0.7.3
[INFO] [stderr]   Downloaded rustls-webpki v0.101.7
[INFO] [stderr]   Downloaded wasm-bindgen v0.2.88
[INFO] [stderr]   Downloaded sqlx-macros-core v0.7.3
[INFO] [stderr]   Downloaded rustversion v1.0.14
[INFO] [stderr]   Downloaded async-trait v0.1.74
[INFO] [stderr]   Downloaded chrono v0.4.31
[INFO] [stderr]   Downloaded serde_path_to_error v0.1.14
[INFO] [stderr]   Downloaded webpki-roots v0.25.3
[INFO] [stderr]   Downloaded matchit v0.7.3
[INFO] [stderr]   Downloaded rustls v0.21.9
[INFO] [stderr]   Downloaded gimli v0.28.1
[INFO] [stderr]   Downloaded idna v0.5.0
[INFO] [stderr]   Downloaded axum-macros v0.4.0
[INFO] [stderr]   Downloaded pin-project v1.1.3
[INFO] [stderr]   Downloaded hyper-util v0.1.2
[INFO] [stderr]   Downloaded zerocopy-derive v0.7.26
[INFO] [stderr]   Downloaded tokio-util v0.7.10
[INFO] [stderr]   Downloaded libc v0.2.150
[INFO] [stderr]   Downloaded tokio v1.34.0
[INFO] [stderr]   Downloaded finl_unicode v1.2.0
[INFO] [stderr]   Downloaded hyper v1.1.0
[INFO] [stderr]   Downloaded h2 v0.4.0
[INFO] [stderr]   Downloaded axum v0.7.2
[INFO] [stderr]   Downloaded rustix v0.38.25
[INFO] [stderr]   Downloaded linux-raw-sys v0.4.11
[INFO] [stderr]   Downloaded ring v0.17.5
[INFO] [stderr]   Downloaded libsqlite3-sys v0.27.0
[INFO] running `Command { std: "docker" "create" "-v" "/var/lib/crater-agent-workspace/builds/worker-7-tc1/source:/opt/rustwide/workdir:ro,Z" "-v" "/var/lib/crater-agent-workspace/builds/worker-7-tc1/target:/opt/rustwide/target:rw,Z" "-v" "/var/lib/crater-agent-workspace/cargo-home:/opt/rustwide/cargo-home:ro,Z" "-v" "/var/lib/crater-agent-workspace/rustup-home:/opt/rustwide/rustup-home:ro,Z" "-m" "1610612736" "--network" "none" "ghcr.io/rust-lang/crates-build-env/linux@sha256:77db811e55d90add9212f6832c23229e3de5f1c1f9905e8cb07319ea15df73ac" "sleep" "infinity", kill_on_drop: false }`
[INFO] [stdout] 16b4eda1404c436c077c3a342a442b2621e6e73b4d263e9d401eea9b04d8bb49
[INFO] running `Command { std: "docker" "start" "16b4eda1404c436c077c3a342a442b2621e6e73b4d263e9d401eea9b04d8bb49", kill_on_drop: false }`
[INFO] running `Command { std: "docker" "inspect" "16b4eda1404c436c077c3a342a442b2621e6e73b4d263e9d401eea9b04d8bb49", kill_on_drop: false }`
[INFO] running `Command { std: "docker" "exec" "-e" "SOURCE_DIR=/opt/rustwide/workdir" "-e" "CARGO_HOME=/opt/rustwide/cargo-home" "-e" "RUSTUP_HOME=/opt/rustwide/rustup-home" "-e" "CARGO_TARGET_DIR=/opt/rustwide/target" "-w" "/opt/rustwide/workdir" "--user" "0:0" "16b4eda1404c436c077c3a342a442b2621e6e73b4d263e9d401eea9b04d8bb49" "/opt/rustwide/cargo-home/bin/cargo" "+1.99.0-beta.8" "metadata" "--no-deps" "--format-version=1", kill_on_drop: false }`
[INFO] running `Command { std: "docker" "inspect" "16b4eda1404c436c077c3a342a442b2621e6e73b4d263e9d401eea9b04d8bb49", kill_on_drop: false }`
[INFO] running `Command { std: "docker" "exec" "-e" "SOURCE_DIR=/opt/rustwide/workdir" "-e" "CARGO_HOME=/opt/rustwide/cargo-home" "-e" "RUSTUP_HOME=/opt/rustwide/rustup-home" "-e" "CARGO_TARGET_DIR=/opt/rustwide/target" "-e" "CARGO_INCREMENTAL=0" "-e" "RUST_BACKTRACE=full" "-e" "RUSTFLAGS=--cap-lints=warn" "-e" "RUSTDOCFLAGS=--cap-lints=warn" "-w" "/opt/rustwide/workdir" "--user" "0:0" "16b4eda1404c436c077c3a342a442b2621e6e73b4d263e9d401eea9b04d8bb49" "/opt/rustwide/cargo-home/bin/cargo" "+1.99.0-beta.8" "build" "--frozen" "--message-format=json" "--release", kill_on_drop: false }`
[INFO] [stderr]    Compiling autocfg v1.1.0
[INFO] [stderr]    Compiling proc-macro2 v1.0.70
[INFO] [stderr]    Compiling unicode-ident v1.0.12
[INFO] [stderr]    Compiling version_check v0.9.4
[INFO] [stderr]    Compiling libc v0.2.150
[INFO] [stderr]    Compiling cfg-if v1.0.0
[INFO] [stderr]    Compiling typenum v1.17.0
[INFO] [stderr]    Compiling futures-core v0.3.29
[INFO] [stderr]    Compiling serde v1.0.193
[INFO] [stderr]    Compiling parking_lot_core v0.9.9
[INFO] [stderr]    Compiling futures-task v0.3.29
[INFO] [stderr]    Compiling futures-util v0.3.29
[INFO] [stderr]    Compiling bytes v1.5.0
[INFO] [stderr]    Compiling pin-project-lite v0.2.13
[INFO] [stderr]    Compiling itoa v1.0.9
[INFO] [stderr]    Compiling once_cell v1.18.0
[INFO] [stderr]    Compiling smallvec v1.11.2
[INFO] [stderr]    Compiling memchr v2.6.4
[INFO] [stderr]    Compiling scopeguard v1.2.0
[INFO] [stderr]    Compiling futures-sink v0.3.29
[INFO] [stderr]    Compiling crossbeam-utils v0.8.16
[INFO] [stderr]    Compiling serde_json v1.0.108
[INFO] [stderr]    Compiling futures-io v0.3.29
[INFO] [stderr]    Compiling rustls v0.21.9
[INFO] [stderr]    Compiling subtle v2.5.0
[INFO] [stderr]    Compiling thiserror v1.0.50
[INFO] [stderr]    Compiling zerocopy v0.7.26
[INFO] [stderr]    Compiling generic-array v0.14.7
[INFO] [stderr]    Compiling ahash v0.8.6
[INFO] [stderr]    Compiling crossbeam-queue v0.3.8
[INFO] [stderr]    Compiling tracing-core v0.1.32
[INFO] [stderr]    Compiling log v0.4.20
[INFO] [stderr]    Compiling tinyvec_macros v0.1.1
[INFO] [stderr]    Compiling allocator-api2 v0.2.16
[INFO] [stderr]    Compiling tinyvec v1.6.0
[INFO] [stderr]    Compiling untrusted v0.9.0
[INFO] [stderr]    Compiling quote v1.0.33
[INFO] [stderr]    Compiling fnv v1.0.7
[INFO] [stderr]    Compiling spin v0.9.8
[INFO] [stderr]    Compiling lock_api v0.4.11
[INFO] [stderr]    Compiling slab v0.4.9
[INFO] [stderr]    Compiling num-traits v0.2.17
[INFO] [stderr]    Compiling syn v2.0.39
[INFO] [stderr]    Compiling paste v1.0.14
[INFO] [stderr]    Compiling http v1.0.0
[INFO] [stderr]    Compiling unicode-bidi v0.3.13
[INFO] [stderr]    Compiling unicode-normalization v0.1.22
[INFO] [stderr]    Compiling equivalent v1.0.1
[INFO] [stderr]    Compiling futures-channel v0.3.29
[INFO] [stderr]    Compiling pin-utils v0.1.0
[INFO] [stderr]    Compiling getrandom v0.2.11
[INFO] [stderr]    Compiling mio v0.8.9
[INFO] [stderr]    Compiling num_cpus v1.16.0
[INFO] [stderr]    Compiling socket2 v0.5.5
[INFO] [stderr]    Compiling signal-hook-registry v1.4.1
[INFO] [stderr]    Compiling parking_lot v0.12.1
[INFO] [stderr]    Compiling rustversion v1.0.14
[INFO] [stderr]    Compiling hashbrown v0.14.3
[INFO] [stderr]    Compiling cc v1.0.83
[INFO] [stderr]    Compiling block-buffer v0.10.4
[INFO] [stderr]    Compiling crypto-common v0.1.6
[INFO] [stderr]    Compiling digest v0.10.7
[INFO] [stderr]    Compiling rand_core v0.6.4
[INFO] [stderr]    Compiling memoffset v0.7.1
[INFO] [stderr]    Compiling indexmap v2.1.0
[INFO] [stderr]    Compiling minimal-lexical v0.2.1
[INFO] [stderr]    Compiling percent-encoding v2.3.1
[INFO] [stderr]    Compiling ppv-lite86 v0.2.17
[INFO] [stderr]    Compiling cpufeatures v0.2.11
[INFO] [stderr]    Compiling form_urlencoded v1.2.1
[INFO] [stderr]    Compiling nom v7.1.3
[INFO] [stderr]    Compiling http-body v1.0.0
[INFO] [stderr]    Compiling idna v0.5.0
[INFO] [stderr]    Compiling ring v0.17.5
[INFO] [stderr]    Compiling crc-catalog v2.4.0
[INFO] [stderr]    Compiling iana-time-zone v0.1.58
[INFO] [stderr]    Compiling unicode_categories v0.1.1
[INFO] [stderr]    Compiling rand_chacha v0.3.1
[INFO] [stderr]    Compiling rustix v0.38.25
[INFO] [stderr]    Compiling tokio v1.34.0
[INFO] [stderr]    Compiling ryu v1.0.15
[INFO] [stderr]    Compiling bitflags v2.4.1
[INFO] [stderr]    Compiling unicode-segmentation v1.10.1
[INFO] [stderr]    Compiling base64 v0.21.5
[INFO] [stderr]    Compiling url v2.5.0
[INFO] [stderr]    Compiling hashlink v0.8.4
[INFO] [stderr]    Compiling rand v0.8.5
[INFO] [stderr]    Compiling chrono v0.4.31
[INFO] [stderr]    Compiling rustls-pemfile v1.0.4
[INFO] [stderr]    Compiling heck v0.4.1
[INFO] [stderr]    Compiling crc v3.0.1
[INFO] [stderr]    Compiling futures-intrusive v0.5.0
[INFO] [stderr]    Compiling sha2 v0.10.8
[INFO] [stderr]    Compiling atoi v2.0.0
[INFO] [stderr]    Compiling hmac v0.12.1
[INFO] [stderr]    Compiling finl_unicode v1.2.0
[INFO] [stderr]    Compiling httparse v1.8.0
[INFO] [stderr]    Compiling dotenvy v0.15.7
[INFO] [stderr]    Compiling event-listener v2.5.3
[INFO] [stderr]    Compiling uuid v1.6.1
[INFO] [stderr]    Compiling hex v0.4.3
[INFO] [stderr]    Compiling byteorder v1.5.0
[INFO] [stderr]    Compiling syn v1.0.109
[INFO] [stderr]    Compiling webpki-roots v0.25.3
[INFO] [stderr]    Compiling linux-raw-sys v0.4.11
[INFO] [stderr]    Compiling bitflags v1.3.2
[INFO] [stderr]    Compiling nix v0.26.4
[INFO] [stderr]    Compiling stringprep v0.1.4
[INFO] [stderr]    Compiling hkdf v0.12.3
[INFO] [stderr]    Compiling sha1 v0.10.6
[INFO] [stderr]    Compiling md-5 v0.10.6
[INFO] [stderr]    Compiling whoami v1.4.1
[INFO] [stderr]    Compiling tower-service v0.3.2
[INFO] [stderr]    Compiling home v0.5.5
[INFO] [stderr]    Compiling tower-layer v0.3.2
[INFO] [stderr]    Compiling async-trait v0.1.74
[INFO] [stderr]    Compiling fastrand v2.0.1
[INFO] [stderr]    Compiling http-body-util v0.1.0
[INFO] [stderr]    Compiling serde_derive v1.0.193
[INFO] [stderr]    Compiling tracing-attributes v0.1.27
[INFO] [stderr]    Compiling tokio-macros v2.2.0
[INFO] [stderr]    Compiling thiserror-impl v1.0.50
[INFO] [stderr]    Compiling pin-project-internal v1.1.3
[INFO] [stderr]    Compiling tempfile v3.8.1
[INFO] [stderr]    Compiling rustls-webpki v0.101.7
[INFO] [stderr]    Compiling sct v0.7.1
[INFO] [stderr]    Compiling axum-core v0.4.1
[INFO] [stderr]    Compiling tracing v0.1.40
[INFO] [stderr]    Compiling tokio-stream v0.1.14
[INFO] [stderr]    Compiling httpdate v1.0.3
[INFO] [stderr]    Compiling pin-project v1.1.3
[INFO] [stderr]    Compiling axum v0.7.2
[INFO] [stderr]    Compiling sync_wrapper v0.1.2
[INFO] [stderr]    Compiling mime v0.3.17
[INFO] [stderr]    Compiling axum-macros v0.4.0
[INFO] [stderr]    Compiling matchit v0.7.3
[INFO] [stderr]    Compiling atomic-write-file v0.1.0
[INFO] [stderr]    Compiling tower-http v0.5.0
[INFO] [stderr]    Compiling dotenv v0.15.0
[INFO] [stderr]    Compiling tokio-util v0.7.10
[INFO] [stderr]    Compiling tower v0.4.13
[INFO] [stderr]    Compiling either v1.9.0
[INFO] [stderr]    Compiling itertools v0.11.0
[INFO] [stderr]    Compiling serde_urlencoded v0.7.1
[INFO] [stderr]    Compiling serde_path_to_error v0.1.14
[INFO] [stderr]    Compiling h2 v0.4.0
[INFO] [stderr]    Compiling sqlformat v0.2.2
[INFO] [stderr]    Compiling hyper v1.1.0
[INFO] [stderr]    Compiling sqlx-core v0.7.3
[INFO] [stderr]    Compiling hyper-util v0.1.2
[INFO] [stderr]    Compiling sqlx-postgres v0.7.3
[INFO] [stderr]    Compiling sqlx-macros-core v0.7.3
[INFO] [stderr]    Compiling sqlx-macros v0.7.3
[INFO] [stderr]    Compiling sqlx v0.7.3
[INFO] [stderr]    Compiling noted v0.1.0 (/opt/rustwide/workdir)
[INFO] [stderr]     Finished `release` profile [optimized] target(s) in 1m 43s
[INFO] [stderr] warning: the following packages contain code that will be rejected by a future version of Rust: sqlx-postgres v0.7.3
[INFO] [stderr] note: to see what the problems were, use the option `--future-incompat-report`, or run `cargo report future-incompatibilities --id 2`
[INFO] running `Command { std: "docker" "inspect" "16b4eda1404c436c077c3a342a442b2621e6e73b4d263e9d401eea9b04d8bb49", kill_on_drop: false }`
[INFO] running `Command { std: "docker" "exec" "-e" "SOURCE_DIR=/opt/rustwide/workdir" "-e" "CARGO_HOME=/opt/rustwide/cargo-home" "-e" "RUSTUP_HOME=/opt/rustwide/rustup-home" "-e" "CARGO_TARGET_DIR=/opt/rustwide/target" "-e" "CARGO_INCREMENTAL=0" "-e" "RUST_BACKTRACE=full" "-e" "RUSTFLAGS=--cap-lints=warn" "-e" "RUSTDOCFLAGS=--cap-lints=warn" "-w" "/opt/rustwide/workdir" "--user" "0:0" "16b4eda1404c436c077c3a342a442b2621e6e73b4d263e9d401eea9b04d8bb49" "/opt/rustwide/cargo-home/bin/cargo" "+1.99.0-beta.8" "test" "--frozen" "--no-run" "--message-format=json" "--release", kill_on_drop: false }`
[INFO] [stderr]    Compiling noted v0.1.0 (/opt/rustwide/workdir)
[INFO] [stderr]     Finished `release` profile [optimized] target(s) in 8.43s
[INFO] [stderr] warning: the following packages contain code that will be rejected by a future version of Rust: sqlx-postgres v0.7.3
[INFO] [stderr] note: to see what the problems were, use the option `--future-incompat-report`, or run `cargo report future-incompatibilities --id 2`
[INFO] running `Command { std: "docker" "inspect" "16b4eda1404c436c077c3a342a442b2621e6e73b4d263e9d401eea9b04d8bb49", kill_on_drop: false }`
[INFO] running `Command { std: "docker" "exec" "-e" "SOURCE_DIR=/opt/rustwide/workdir" "-e" "CARGO_HOME=/opt/rustwide/cargo-home" "-e" "RUSTUP_HOME=/opt/rustwide/rustup-home" "-e" "CARGO_TARGET_DIR=/opt/rustwide/target" "-e" "CARGO_INCREMENTAL=0" "-e" "RUST_BACKTRACE=full" "-e" "RUSTFLAGS=--cap-lints=warn" "-e" "RUSTDOCFLAGS=--cap-lints=warn" "-w" "/opt/rustwide/workdir" "--user" "0:0" "16b4eda1404c436c077c3a342a442b2621e6e73b4d263e9d401eea9b04d8bb49" "/opt/rustwide/cargo-home/bin/cargo" "+1.99.0-beta.8" "test" "--frozen" "--release", kill_on_drop: false }`
[INFO] [stderr]     Finished `release` profile [optimized] target(s) in 0.19s
[INFO] [stderr] warning: the following packages contain code that will be rejected by a future version of Rust: sqlx-postgres v0.7.3
[INFO] [stderr] note: to see what the problems were, use the option `--future-incompat-report`, or run `cargo report future-incompatibilities --id 2`
[INFO] [stderr]      Running unittests src/main.rs (/opt/rustwide/target/release/deps/noted-a1d016fc1d658e52)
[INFO] [stdout] 
[INFO] [stdout] running 9 tests
[INFO] [stdout] test model::test::get_one_note_should_fail_if_not_found ... FAILED
[INFO] [stdout] test model::test::delete_non_existing_note_should_pass ... FAILED
[INFO] [stdout] test model::test::get_one_note_should_pass ... FAILED
[INFO] [stdout] test model::test::update_bad_note_id_should_fail ... FAILED
[INFO] [stdout] test model::test::get_all_notes_should_pass ... FAILED
[INFO] [stdout] test model::test::create_note_should_pass ... FAILED
[INFO] [stdout] test model::test::delete_note_should_pass ... FAILED
[INFO] [stdout] test model::test::search_notes_should_pass ... FAILED
[INFO] [stdout] test model::test::update_a_note_should_pass ... FAILED
[INFO] [stdout] 
[INFO] [stdout] failures:
[INFO] [stdout] 
[INFO] [stdout] ---- model::test::get_one_note_should_fail_if_not_found stdout ----
[INFO] [stdout] 
[INFO] [stdout] thread 'model::test::get_one_note_should_fail_if_not_found' (4329) panicked at /opt/rustwide/cargo-home/registry/src/index.crates.io-1949cf8c6b5b557f/sqlx-postgres-0.7.3/src/testing/mod.rs:81:44:
[INFO] [stdout] DATABASE_URL must be set: EnvVar(NotPresent)
[INFO] [stdout] stack backtrace:
[INFO] [stdout]    0:     0x5caffb84c4e1 - <<std[70759c8f55707aa4]::sys::backtrace::BacktraceLock>::print::DisplayBacktrace as core[df12db4294e9bfd3]::fmt::Display>::fmt
[INFO] [stdout]    1:     0x5caffb86395a - core[df12db4294e9bfd3]::fmt::write
[INFO] [stdout]    2:     0x5caffb850ebc - <alloc[2182bb758b4b3781]::vec::Vec<u8> as core[df12db4294e9bfd3]::io::write::Write>::write_fmt
[INFO] [stdout]    3:     0x5caffb8274c6 - std[70759c8f55707aa4]::panicking::default_hook::{closure#0}
[INFO] [stdout]    4:     0x5caffb844079 - std[70759c8f55707aa4]::panicking::default_hook
[INFO] [stdout]    5:     0x5caffb640e60 - test[9d35eded1c95d3be]::test_main_inner::<test[9d35eded1c95d3be]::test_main_static::{closure#0}>::{closure#0}
[INFO] [stdout]    6:     0x5caffb8443a2 - std[70759c8f55707aa4]::panicking::panic_with_hook
[INFO] [stdout]    7:     0x5caffb827572 - std[70759c8f55707aa4]::panicking::panic_handler::{closure#0}
[INFO] [stdout]    8:     0x5caffb81fe49 - std[70759c8f55707aa4]::sys::backtrace::__rust_end_short_backtrace::<std[70759c8f55707aa4]::panicking::panic_handler::{closure#0}, !>
[INFO] [stdout]    9:     0x5caffb8283fd - __rustc[8fa7c3cbc660c2b3]::rust_begin_unwind
[INFO] [stdout]   10:     0x5caffb8640bc - core[df12db4294e9bfd3]::panicking::panic_fmt
[INFO] [stdout]   11:     0x5caffb863e92 - core[df12db4294e9bfd3]::result::unwrap_failed
[INFO] [stdout]   12:     0x5caffb6bc932 - <sqlx_postgres[773877d07257baec]::database::Postgres as sqlx_core[246ad2de5bba9fb8]::testing::TestSupport>::test_context::{closure#0}
[INFO] [stdout]   13:     0x5caffb5c16bb - <core[df12db4294e9bfd3]::pin::Pin<&mut sqlx_core[246ad2de5bba9fb8]::testing::run_test<sqlx_postgres[773877d07257baec]::database::Postgres, sqlx_core[246ad2de5bba9fb8]::testing::run_test_with_pool<sqlx_postgres[773877d07257baec]::database::Postgres, fn(sqlx_core[246ad2de5bba9fb8]::pool::Pool<sqlx_postgres[773877d07257baec]::database::Postgres>) -> noted[7eefcd87a7f3f5b2]::model::test::get_one_note_should_fail_if_not_found::inner::{closure#0}, noted[7eefcd87a7f3f5b2]::model::test::get_one_note_should_fail_if_not_found::inner::{closure#0}>::{closure#0}, sqlx_core[246ad2de5bba9fb8]::testing::run_test_with_pool<sqlx_postgres[773877d07257baec]::database::Postgres, fn(sqlx_core[246ad2de5bba9fb8]::pool::Pool<sqlx_postgres[773877d07257baec]::database::Postgres>) -> noted[7eefcd87a7f3f5b2]::model::test::get_one_note_should_fail_if_not_found::inner::{closure#0}, noted[7eefcd87a7f3f5b2]::model::test::get_one_note_should_fail_if_not_found::inner::{closure#0}>::{closure#0}::{closure#0}>::{closure#0}> as core[df12db4294e9bfd3]::future::future::Future>::poll
[INFO] [stdout]   14:     0x5caffb5ed028 - <tokio[316f3c8caf3bdfd9]::runtime::scheduler::current_thread::Context>::enter::<core[df12db4294e9bfd3]::task::poll::Poll<core[df12db4294e9bfd3]::result::Result<(), sqlx_core[246ad2de5bba9fb8]::error::Error>>, <tokio[316f3c8caf3bdfd9]::runtime::scheduler::current_thread::CoreGuard>::block_on<core[df12db4294e9bfd3]::pin::Pin<&mut sqlx_core[246ad2de5bba9fb8]::testing::run_test<sqlx_postgres[773877d07257baec]::database::Postgres, sqlx_core[246ad2de5bba9fb8]::testing::run_test_with_pool<sqlx_postgres[773877d07257baec]::database::Postgres, fn(sqlx_core[246ad2de5bba9fb8]::pool::Pool<sqlx_postgres[773877d07257baec]::database::Postgres>) -> noted[7eefcd87a7f3f5b2]::model::test::get_one_note_should_fail_if_not_found::inner::{closure#0}, noted[7eefcd87a7f3f5b2]::model::test::get_one_note_should_fail_if_not_found::inner::{closure#0}>::{closure#0}, sqlx_core[246ad2de5bba9fb8]::testing::run_test_with_pool<sqlx_postgres[773877d07257baec]::database::Postgres, fn(sqlx_core[246ad2de5bba9fb8]::pool::Pool<sqlx_postgres[773877d07257baec]::database::Postgres>) -> noted[7eefcd87a7f3f5b2]::model::test::get_one_note_should_fail_if_not_found::inner::{closure#0}, noted[7eefcd87a7f3f5b2]::model::test::get_one_note_should_fail_if_not_found::inner::{closure#0}>::{closure#0}::{closure#0}>::{closure#0}>>::{closure#0}::{closure#0}>
[INFO] [stdout]   15:     0x5caffb621174 - <tokio[316f3c8caf3bdfd9]::runtime::context::scoped::Scoped<tokio[316f3c8caf3bdfd9]::runtime::scheduler::Context>>::set::<<tokio[316f3c8caf3bdfd9]::runtime::scheduler::current_thread::CoreGuard>::enter<<tokio[316f3c8caf3bdfd9]::runtime::scheduler::current_thread::CoreGuard>::block_on<core[df12db4294e9bfd3]::pin::Pin<&mut sqlx_core[246ad2de5bba9fb8]::testing::run_test<sqlx_postgres[773877d07257baec]::database::Postgres, sqlx_core[246ad2de5bba9fb8]::testing::run_test_with_pool<sqlx_postgres[773877d07257baec]::database::Postgres, fn(sqlx_core[246ad2de5bba9fb8]::pool::Pool<sqlx_postgres[773877d07257baec]::database::Postgres>) -> noted[7eefcd87a7f3f5b2]::model::test::get_one_note_should_fail_if_not_found::inner::{closure#0}, noted[7eefcd87a7f3f5b2]::model::test::get_one_note_should_fail_if_not_found::inner::{closure#0}>::{closure#0}, sqlx_core[246ad2de5bba9fb8]::testing::run_test_with_pool<sqlx_postgres[773877d07257baec]::database::Postgres, fn(sqlx_core[246ad2de5bba9fb8]::pool::Pool<sqlx_postgres[773877d07257baec]::database::Postgres>) -> noted[7eefcd87a7f3f5b2]::model::test::get_one_note_should_fail_if_not_found::inner::{closure#0}, noted[7eefcd87a7f3f5b2]::model::test::get_one_note_should_fail_if_not_found::inner::{closure#0}>::{closure#0}::{closure#0}>::{closure#0}>>::{closure#0}, core[df12db4294e9bfd3]::option::Option<core[df12db4294e9bfd3]::result::Result<(), sqlx_core[246ad2de5bba9fb8]::error::Error>>>::{closure#0}, (alloc[2182bb758b4b3781]::boxed::Box<tokio[316f3c8caf3bdfd9]::runtime::scheduler::current_thread::Core>, core[df12db4294e9bfd3]::option::Option<core[df12db4294e9bfd3]::result::Result<(), sqlx_core[246ad2de5bba9fb8]::error::Error>>)>
[INFO] [stdout]   16:     0x5caffb5ee855 - <tokio[316f3c8caf3bdfd9]::runtime::scheduler::current_thread::CoreGuard>::block_on::<core[df12db4294e9bfd3]::pin::Pin<&mut sqlx_core[246ad2de5bba9fb8]::testing::run_test<sqlx_postgres[773877d07257baec]::database::Postgres, sqlx_core[246ad2de5bba9fb8]::testing::run_test_with_pool<sqlx_postgres[773877d07257baec]::database::Postgres, fn(sqlx_core[246ad2de5bba9fb8]::pool::Pool<sqlx_postgres[773877d07257baec]::database::Postgres>) -> noted[7eefcd87a7f3f5b2]::model::test::get_one_note_should_fail_if_not_found::inner::{closure#0}, noted[7eefcd87a7f3f5b2]::model::test::get_one_note_should_fail_if_not_found::inner::{closure#0}>::{closure#0}, sqlx_core[246ad2de5bba9fb8]::testing::run_test_with_pool<sqlx_postgres[773877d07257baec]::database::Postgres, fn(sqlx_core[246ad2de5bba9fb8]::pool::Pool<sqlx_postgres[773877d07257baec]::database::Postgres>) -> noted[7eefcd87a7f3f5b2]::model::test::get_one_note_should_fail_if_not_found::inner::{closure#0}, noted[7eefcd87a7f3f5b2]::model::test::get_one_note_should_fail_if_not_found::inner::{closure#0}>::{closure#0}::{closure#0}>::{closure#0}>>
[INFO] [stdout]   17:     0x5caffb5fbef2 - tokio[316f3c8caf3bdfd9]::runtime::context::runtime::enter_runtime::<<tokio[316f3c8caf3bdfd9]::runtime::scheduler::current_thread::CurrentThread>::block_on<sqlx_core[246ad2de5bba9fb8]::testing::run_test<sqlx_postgres[773877d07257baec]::database::Postgres, sqlx_core[246ad2de5bba9fb8]::testing::run_test_with_pool<sqlx_postgres[773877d07257baec]::database::Postgres, fn(sqlx_core[246ad2de5bba9fb8]::pool::Pool<sqlx_postgres[773877d07257baec]::database::Postgres>) -> noted[7eefcd87a7f3f5b2]::model::test::get_one_note_should_fail_if_not_found::inner::{closure#0}, noted[7eefcd87a7f3f5b2]::model::test::get_one_note_should_fail_if_not_found::inner::{closure#0}>::{closure#0}, sqlx_core[246ad2de5bba9fb8]::testing::run_test_with_pool<sqlx_postgres[773877d07257baec]::database::Postgres, fn(sqlx_core[246ad2de5bba9fb8]::pool::Pool<sqlx_postgres[773877d07257baec]::database::Postgres>) -> noted[7eefcd87a7f3f5b2]::model::test::get_one_note_should_fail_if_not_found::inner::{closure#0}, noted[7eefcd87a7f3f5b2]::model::test::get_one_note_should_fail_if_not_found::inner::{closure#0}>::{closure#0}::{closure#0}>::{closure#0}>::{closure#0}, core[df12db4294e9bfd3]::result::Result<(), sqlx_core[246ad2de5bba9fb8]::error::Error>>
[INFO] [stdout]   18:     0x5caffb60ff65 - <tokio[316f3c8caf3bdfd9]::runtime::runtime::Runtime>::block_on::<sqlx_core[246ad2de5bba9fb8]::testing::run_test<sqlx_postgres[773877d07257baec]::database::Postgres, sqlx_core[246ad2de5bba9fb8]::testing::run_test_with_pool<sqlx_postgres[773877d07257baec]::database::Postgres, fn(sqlx_core[246ad2de5bba9fb8]::pool::Pool<sqlx_postgres[773877d07257baec]::database::Postgres>) -> noted[7eefcd87a7f3f5b2]::model::test::get_one_note_should_fail_if_not_found::inner::{closure#0}, noted[7eefcd87a7f3f5b2]::model::test::get_one_note_should_fail_if_not_found::inner::{closure#0}>::{closure#0}, sqlx_core[246ad2de5bba9fb8]::testing::run_test_with_pool<sqlx_postgres[773877d07257baec]::database::Postgres, fn(sqlx_core[246ad2de5bba9fb8]::pool::Pool<sqlx_postgres[773877d07257baec]::database::Postgres>) -> noted[7eefcd87a7f3f5b2]::model::test::get_one_note_should_fail_if_not_found::inner::{closure#0}, noted[7eefcd87a7f3f5b2]::model::test::get_one_note_should_fail_if_not_found::inner::{closure#0}>::{closure#0}::{closure#0}>::{closure#0}>
[INFO] [stdout]   19:     0x5caffb62214a - sqlx_core[246ad2de5bba9fb8]::rt::test_block_on::<sqlx_core[246ad2de5bba9fb8]::testing::run_test<sqlx_postgres[773877d07257baec]::database::Postgres, sqlx_core[246ad2de5bba9fb8]::testing::run_test_with_pool<sqlx_postgres[773877d07257baec]::database::Postgres, fn(sqlx_core[246ad2de5bba9fb8]::pool::Pool<sqlx_postgres[773877d07257baec]::database::Postgres>) -> noted[7eefcd87a7f3f5b2]::model::test::get_one_note_should_fail_if_not_found::inner::{closure#0}, noted[7eefcd87a7f3f5b2]::model::test::get_one_note_should_fail_if_not_found::inner::{closure#0}>::{closure#0}, sqlx_core[246ad2de5bba9fb8]::testing::run_test_with_pool<sqlx_postgres[773877d07257baec]::database::Postgres, fn(sqlx_core[246ad2de5bba9fb8]::pool::Pool<sqlx_postgres[773877d07257baec]::database::Postgres>) -> noted[7eefcd87a7f3f5b2]::model::test::get_one_note_should_fail_if_not_found::inner::{closure#0}, noted[7eefcd87a7f3f5b2]::model::test::get_one_note_should_fail_if_not_found::inner::{closure#0}>::{closure#0}::{closure#0}>::{closure#0}>
[INFO] [stdout]   20:     0x5caffb61a1f9 - <noted[7eefcd87a7f3f5b2]::model::test::get_one_note_should_fail_if_not_found::{closure#0} as core[df12db4294e9bfd3]::ops::function::FnOnce<()>>::call_once
[INFO] [stdout]   21:     0x5caffb63414b - test[9d35eded1c95d3be]::__rust_begin_short_backtrace::<core[df12db4294e9bfd3]::result::Result<(), alloc[2182bb758b4b3781]::string::String>, fn() -> core[df12db4294e9bfd3]::result::Result<(), alloc[2182bb758b4b3781]::string::String>>
[INFO] [stdout]   22:     0x5caffb6417b5 - test[9d35eded1c95d3be]::run_test::{closure#0}
[INFO] [stdout]   23:     0x5caffb63b074 - std[70759c8f55707aa4]::sys::backtrace::__rust_begin_short_backtrace::<test[9d35eded1c95d3be]::run_test::{closure#1}, ()>
[INFO] [stdout]   24:     0x5caffb644912 - <std[70759c8f55707aa4]::thread::lifecycle::spawn_unchecked<test[9d35eded1c95d3be]::run_test::{closure#1}, ()>::{closure#1} as core[df12db4294e9bfd3]::ops::function::FnOnce<()>>::call_once::{shim:vtable#0}
[INFO] [stdout]   25:     0x5caffb84b6e9 - <std[70759c8f55707aa4]::sys::thread::unix::Thread>::new::thread_start
[INFO] [stdout]   26:     0x721449015dfa - <unknown>
[INFO] [stdout]   27:     0x7214490a93d4 - clone
[INFO] [stdout]   28:                0x0 - <unknown>
[INFO] [stdout] 
[INFO] [stdout] ---- model::test::delete_non_existing_note_should_pass stdout ----
[INFO] [stdout] 
[INFO] [stdout] thread 'model::test::delete_non_existing_note_should_pass' (4326) panicked at /opt/rustwide/cargo-home/registry/src/index.crates.io-1949cf8c6b5b557f/sqlx-postgres-0.7.3/src/testing/mod.rs:81:44:
[INFO] [stdout] DATABASE_URL must be set: EnvVar(NotPresent)
[INFO] [stdout] stack backtrace:
[INFO] [stdout]    0:     0x5caffb84c4e1 - <<std[70759c8f55707aa4]::sys::backtrace::BacktraceLock>::print::DisplayBacktrace as core[df12db4294e9bfd3]::fmt::Display>::fmt
[INFO] [stdout]    1:     0x5caffb86395a - core[df12db4294e9bfd3]::fmt::write
[INFO] [stdout]    2:     0x5caffb850ebc - <alloc[2182bb758b4b3781]::vec::Vec<u8> as core[df12db4294e9bfd3]::io::write::Write>::write_fmt
[INFO] [stdout]    3:     0x5caffb8274c6 - std[70759c8f55707aa4]::panicking::default_hook::{closure#0}
[INFO] [stdout]    4:     0x5caffb844079 - std[70759c8f55707aa4]::panicking::default_hook
[INFO] [stdout]    5:     0x5caffb640e60 - test[9d35eded1c95d3be]::test_main_inner::<test[9d35eded1c95d3be]::test_main_static::{closure#0}>::{closure#0}
[INFO] [stdout]    6:     0x5caffb8443a2 - std[70759c8f55707aa4]::panicking::panic_with_hook
[INFO] [stdout]    7:     0x5caffb827572 - std[70759c8f55707aa4]::panicking::panic_handler::{closure#0}
[INFO] [stdout]    8:     0x5caffb81fe49 - std[70759c8f55707aa4]::sys::backtrace::__rust_end_short_backtrace::<std[70759c8f55707aa4]::panicking::panic_handler::{closure#0}, !>
[INFO] [stdout]    9:     0x5caffb8283fd - __rustc[8fa7c3cbc660c2b3]::rust_begin_unwind
[INFO] [stdout]   10:     0x5caffb8640bc - core[df12db4294e9bfd3]::panicking::panic_fmt
[INFO] [stdout]   11:     0x5caffb863e92 - core[df12db4294e9bfd3]::result::unwrap_failed
[INFO] [stdout]   12:     0x5caffb6bc932 - <sqlx_postgres[773877d07257baec]::database::Postgres as sqlx_core[246ad2de5bba9fb8]::testing::TestSupport>::test_context::{closure#0}
[INFO] [stdout]   13:     0x5caffb5c05ab - <core[df12db4294e9bfd3]::pin::Pin<&mut sqlx_core[246ad2de5bba9fb8]::testing::run_test<sqlx_postgres[773877d07257baec]::database::Postgres, sqlx_core[246ad2de5bba9fb8]::testing::run_test_with_pool<sqlx_postgres[773877d07257baec]::database::Postgres, fn(sqlx_core[246ad2de5bba9fb8]::pool::Pool<sqlx_postgres[773877d07257baec]::database::Postgres>) -> noted[7eefcd87a7f3f5b2]::model::test::delete_non_existing_note_should_pass::inner::{closure#0}, noted[7eefcd87a7f3f5b2]::model::test::delete_non_existing_note_should_pass::inner::{closure#0}>::{closure#0}, sqlx_core[246ad2de5bba9fb8]::testing::run_test_with_pool<sqlx_postgres[773877d07257baec]::database::Postgres, fn(sqlx_core[246ad2de5bba9fb8]::pool::Pool<sqlx_postgres[773877d07257baec]::database::Postgres>) -> noted[7eefcd87a7f3f5b2]::model::test::delete_non_existing_note_should_pass::inner::{closure#0}, noted[7eefcd87a7f3f5b2]::model::test::delete_non_existing_note_should_pass::inner::{closure#0}>::{closure#0}::{closure#0}>::{closure#0}> as core[df12db4294e9bfd3]::future::future::Future>::poll
[INFO] [stdout]   14:     0x5caffb5ece48 - <tokio[316f3c8caf3bdfd9]::runtime::scheduler::current_thread::Context>::enter::<core[df12db4294e9bfd3]::task::poll::Poll<core[df12db4294e9bfd3]::result::Result<(), sqlx_core[246ad2de5bba9fb8]::error::Error>>, <tokio[316f3c8caf3bdfd9]::runtime::scheduler::current_thread::CoreGuard>::block_on<core[df12db4294e9bfd3]::pin::Pin<&mut sqlx_core[246ad2de5bba9fb8]::testing::run_test<sqlx_postgres[773877d07257baec]::database::Postgres, sqlx_core[246ad2de5bba9fb8]::testing::run_test_with_pool<sqlx_postgres[773877d07257baec]::database::Postgres, fn(sqlx_core[246ad2de5bba9fb8]::pool::Pool<sqlx_postgres[773877d07257baec]::database::Postgres>) -> noted[7eefcd87a7f3f5b2]::model::test::delete_non_existing_note_should_pass::inner::{closure#0}, noted[7eefcd87a7f3f5b2]::model::test::delete_non_existing_note_should_pass::inner::{closure#0}>::{closure#0}, sqlx_core[246ad2de5bba9fb8]::testing::run_test_with_pool<sqlx_postgres[773877d07257baec]::database::Postgres, fn(sqlx_core[246ad2de5bba9fb8]::pool::Pool<sqlx_postgres[773877d07257baec]::database::Postgres>) -> noted[7eefcd87a7f3f5b2]::model::test::delete_non_existing_note_should_pass::inner::{closure#0}, noted[7eefcd87a7f3f5b2]::model::test::delete_non_existing_note_should_pass::inner::{closure#0}>::{closure#0}::{closure#0}>::{closure#0}>>::{closure#0}::{closure#0}>
[INFO] [stdout]   15:     0x5caffb620fb4 - <tokio[316f3c8caf3bdfd9]::runtime::context::scoped::Scoped<tokio[316f3c8caf3bdfd9]::runtime::scheduler::Context>>::set::<<tokio[316f3c8caf3bdfd9]::runtime::scheduler::current_thread::CoreGuard>::enter<<tokio[316f3c8caf3bdfd9]::runtime::scheduler::current_thread::CoreGuard>::block_on<core[df12db4294e9bfd3]::pin::Pin<&mut sqlx_core[246ad2de5bba9fb8]::testing::run_test<sqlx_postgres[773877d07257baec]::database::Postgres, sqlx_core[246ad2de5bba9fb8]::testing::run_test_with_pool<sqlx_postgres[773877d07257baec]::database::Postgres, fn(sqlx_core[246ad2de5bba9fb8]::pool::Pool<sqlx_postgres[773877d07257baec]::database::Postgres>) -> noted[7eefcd87a7f3f5b2]::model::test::delete_non_existing_note_should_pass::inner::{closure#0}, noted[7eefcd87a7f3f5b2]::model::test::delete_non_existing_note_should_pass::inner::{closure#0}>::{closure#0}, sqlx_core[246ad2de5bba9fb8]::testing::run_test_with_pool<sqlx_postgres[773877d07257baec]::database::Postgres, fn(sqlx_core[246ad2de5bba9fb8]::pool::Pool<sqlx_postgres[773877d07257baec]::database::Postgres>) -> noted[7eefcd87a7f3f5b2]::model::test::delete_non_existing_note_should_pass::inner::{closure#0}, noted[7eefcd87a7f3f5b2]::model::test::delete_non_existing_note_should_pass::inner::{closure#0}>::{closure#0}::{closure#0}>::{closure#0}>>::{closure#0}, core[df12db4294e9bfd3]::option::Option<core[df12db4294e9bfd3]::result::Result<(), sqlx_core[246ad2de5bba9fb8]::error::Error>>>::{closure#0}, (alloc[2182bb758b4b3781]::boxed::Box<tokio[316f3c8caf3bdfd9]::runtime::scheduler::current_thread::Core>, core[df12db4294e9bfd3]::option::Option<core[df12db4294e9bfd3]::result::Result<(), sqlx_core[246ad2de5bba9fb8]::error::Error>>)>
[INFO] [stdout]   16:     0x5caffb5ee5c5 - <tokio[316f3c8caf3bdfd9]::runtime::scheduler::current_thread::CoreGuard>::block_on::<core[df12db4294e9bfd3]::pin::Pin<&mut sqlx_core[246ad2de5bba9fb8]::testing::run_test<sqlx_postgres[773877d07257baec]::database::Postgres, sqlx_core[246ad2de5bba9fb8]::testing::run_test_with_pool<sqlx_postgres[773877d07257baec]::database::Postgres, fn(sqlx_core[246ad2de5bba9fb8]::pool::Pool<sqlx_postgres[773877d07257baec]::database::Postgres>) -> noted[7eefcd87a7f3f5b2]::model::test::delete_non_existing_note_should_pass::inner::{closure#0}, noted[7eefcd87a7f3f5b2]::model::test::delete_non_existing_note_should_pass::inner::{closure#0}>::{closure#0}, sqlx_core[246ad2de5bba9fb8]::testing::run_test_with_pool<sqlx_postgres[773877d07257baec]::database::Postgres, fn(sqlx_core[246ad2de5bba9fb8]::pool::Pool<sqlx_postgres[773877d07257baec]::database::Postgres>) -> noted[7eefcd87a7f3f5b2]::model::test::delete_non_existing_note_should_pass::inner::{closure#0}, noted[7eefcd87a7f3f5b2]::model::test::delete_non_existing_note_should_pass::inner::{closure#0}>::{closure#0}::{closure#0}>::{closure#0}>>
[INFO] [stdout]   17:     0x5caffb5fbae2 - tokio[316f3c8caf3bdfd9]::runtime::context::runtime::enter_runtime::<<tokio[316f3c8caf3bdfd9]::runtime::scheduler::current_thread::CurrentThread>::block_on<sqlx_core[246ad2de5bba9fb8]::testing::run_test<sqlx_postgres[773877d07257baec]::database::Postgres, sqlx_core[246ad2de5bba9fb8]::testing::run_test_with_pool<sqlx_postgres[773877d07257baec]::database::Postgres, fn(sqlx_core[246ad2de5bba9fb8]::pool::Pool<sqlx_postgres[773877d07257baec]::database::Postgres>) -> noted[7eefcd87a7f3f5b2]::model::test::delete_non_existing_note_should_pass::inner::{closure#0}, noted[7eefcd87a7f3f5b2]::model::test::delete_non_existing_note_should_pass::inner::{closure#0}>::{closure#0}, sqlx_core[246ad2de5bba9fb8]::testing::run_test_with_pool<sqlx_postgres[773877d07257baec]::database::Postgres, fn(sqlx_core[246ad2de5bba9fb8]::pool::Pool<sqlx_postgres[773877d07257baec]::database::Postgres>) -> noted[7eefcd87a7f3f5b2]::model::test::delete_non_existing_note_should_pass::inner::{closure#0}, noted[7eefcd87a7f3f5b2]::model::test::delete_non_existing_note_should_pass::inner::{closure#0}>::{closure#0}::{closure#0}>::{closure#0}>::{closure#0}, core[df12db4294e9bfd3]::result::Result<(), sqlx_core[246ad2de5bba9fb8]::error::Error>>
[INFO] [stdout]   18:     0x5caffb60fdf5 - <tokio[316f3c8caf3bdfd9]::runtime::runtime::Runtime>::block_on::<sqlx_core[246ad2de5bba9fb8]::testing::run_test<sqlx_postgres[773877d07257baec]::database::Postgres, sqlx_core[246ad2de5bba9fb8]::testing::run_test_with_pool<sqlx_postgres[773877d07257baec]::database::Postgres, fn(sqlx_core[246ad2de5bba9fb8]::pool::Pool<sqlx_postgres[773877d07257baec]::database::Postgres>) -> noted[7eefcd87a7f3f5b2]::model::test::delete_non_existing_note_should_pass::inner::{closure#0}, noted[7eefcd87a7f3f5b2]::model::test::delete_non_existing_note_should_pass::inner::{closure#0}>::{closure#0}, sqlx_core[246ad2de5bba9fb8]::testing::run_test_with_pool<sqlx_postgres[773877d07257baec]::database::Postgres, fn(sqlx_core[246ad2de5bba9fb8]::pool::Pool<sqlx_postgres[773877d07257baec]::database::Postgres>) -> noted[7eefcd87a7f3f5b2]::model::test::delete_non_existing_note_should_pass::inner::{closure#0}, noted[7eefcd87a7f3f5b2]::model::test::delete_non_existing_note_should_pass::inner::{closure#0}>::{closure#0}::{closure#0}>::{closure#0}>
[INFO] [stdout]   19:     0x5caffb621fda - sqlx_core[246ad2de5bba9fb8]::rt::test_block_on::<sqlx_core[246ad2de5bba9fb8]::testing::run_test<sqlx_postgres[773877d07257baec]::database::Postgres, sqlx_core[246ad2de5bba9fb8]::testing::run_test_with_pool<sqlx_postgres[773877d07257baec]::database::Postgres, fn(sqlx_core[246ad2de5bba9fb8]::pool::Pool<sqlx_postgres[773877d07257baec]::database::Postgres>) -> noted[7eefcd87a7f3f5b2]::model::test::delete_non_existing_note_should_pass::inner::{closure#0}, noted[7eefcd87a7f3f5b2]::model::test::delete_non_existing_note_should_pass::inner::{closure#0}>::{closure#0}, sqlx_core[246ad2de5bba9fb8]::testing::run_test_with_pool<sqlx_postgres[773877d07257baec]::database::Postgres, fn(sqlx_core[246ad2de5bba9fb8]::pool::Pool<sqlx_postgres[773877d07257baec]::database::Postgres>) -> noted[7eefcd87a7f3f5b2]::model::test::delete_non_existing_note_should_pass::inner::{closure#0}, noted[7eefcd87a7f3f5b2]::model::test::delete_non_existing_note_should_pass::inner::{closure#0}>::{closure#0}::{closure#0}>::{closure#0}>
[INFO] [stdout]   20:     0x5caffb61a099 - <noted[7eefcd87a7f3f5b2]::model::test::delete_non_existing_note_should_pass::{closure#0} as core[df12db4294e9bfd3]::ops::function::FnOnce<()>>::call_once
[INFO] [stdout]   21:     0x5caffb63414b - test[9d35eded1c95d3be]::__rust_begin_short_backtrace::<core[df12db4294e9bfd3]::result::Result<(), alloc[2182bb758b4b3781]::string::String>, fn() -> core[df12db4294e9bfd3]::result::Result<(), alloc[2182bb758b4b3781]::string::String>>
[INFO] [stdout]   22:     0x5caffb6417b5 - test[9d35eded1c95d3be]::run_test::{closure#0}
[INFO] [stdout]   23:     0x5caffb63b074 - std[70759c8f55707aa4]::sys::backtrace::__rust_begin_short_backtrace::<test[9d35eded1c95d3be]::run_test::{closure#1}, ()>
[INFO] [stdout]   24:     0x5caffb644912 - <std[70759c8f55707aa4]::thread::lifecycle::spawn_unchecked<test[9d35eded1c95d3be]::run_test::{closure#1}, ()>::{closure#1} as core[df12db4294e9bfd3]::ops::function::FnOnce<()>>::call_once::{shim:vtable#0}
[INFO] [stdout]   25:     0x5caffb84b6e9 - <std[70759c8f55707aa4]::sys::thread::unix::Thread>::new::thread_start
[INFO] [stdout]   26:     0x721449015dfa - <unknown>
[INFO] [stdout]   27:     0x7214490a93d4 - clone
[INFO] [stdout]   28:                0x0 - <unknown>
[INFO] [stdout] 
[INFO] [stdout] ---- model::test::get_one_note_should_pass stdout ----
[INFO] [stdout] 
[INFO] [stdout] thread 'model::test::get_one_note_should_pass' (4330) panicked at /opt/rustwide/cargo-home/registry/src/index.crates.io-1949cf8c6b5b557f/sqlx-postgres-0.7.3/src/testing/mod.rs:81:44:
[INFO] [stdout] DATABASE_URL must be set: EnvVar(NotPresent)
[INFO] [stdout] stack backtrace:
[INFO] [stdout]    0:     0x5caffb84c4e1 - <<std[70759c8f55707aa4]::sys::backtrace::BacktraceLock>::print::DisplayBacktrace as core[df12db4294e9bfd3]::fmt::Display>::fmt
[INFO] [stdout]    1:     0x5caffb86395a - core[df12db4294e9bfd3]::fmt::write
[INFO] [stdout]    2:     0x5caffb850ebc - <alloc[2182bb758b4b3781]::vec::Vec<u8> as core[df12db4294e9bfd3]::io::write::Write>::write_fmt
[INFO] [stdout]    3:     0x5caffb8274c6 - std[70759c8f55707aa4]::panicking::default_hook::{closure#0}
[INFO] [stdout]    4:     0x5caffb844079 - std[70759c8f55707aa4]::panicking::default_hook
[INFO] [stdout]    5:     0x5caffb640e60 - test[9d35eded1c95d3be]::test_main_inner::<test[9d35eded1c95d3be]::test_main_static::{closure#0}>::{closure#0}
[INFO] [stdout]    6:     0x5caffb8443a2 - std[70759c8f55707aa4]::panicking::panic_with_hook
[INFO] [stdout]    7:     0x5caffb827572 - std[70759c8f55707aa4]::panicking::panic_handler::{closure#0}
[INFO] [stdout]    8:     0x5caffb81fe49 - std[70759c8f55707aa4]::sys::backtrace::__rust_end_short_backtrace::<std[70759c8f55707aa4]::panicking::panic_handler::{closure#0}, !>
[INFO] [stdout]    9:     0x5caffb8283fd - __rustc[8fa7c3cbc660c2b3]::rust_begin_unwind
[INFO] [stdout]   10:     0x5caffb8640bc - core[df12db4294e9bfd3]::panicking::panic_fmt
[INFO] [stdout]   11:     0x5caffb863e92 - core[df12db4294e9bfd3]::result::unwrap_failed
[INFO] [stdout]   12:     0x5caffb6bc932 - <sqlx_postgres[773877d07257baec]::database::Postgres as sqlx_core[246ad2de5bba9fb8]::testing::TestSupport>::test_context::{closure#0}
[INFO] [stdout]   13:     0x5caffb5ba911 - <core[df12db4294e9bfd3]::pin::Pin<&mut sqlx_core[246ad2de5bba9fb8]::testing::run_test<sqlx_postgres[773877d07257baec]::database::Postgres, sqlx_core[246ad2de5bba9fb8]::testing::run_test_with_pool<sqlx_postgres[773877d07257baec]::database::Postgres, fn(sqlx_core[246ad2de5bba9fb8]::pool::Pool<sqlx_postgres[773877d07257baec]::database::Postgres>) -> noted[7eefcd87a7f3f5b2]::model::test::get_one_note_should_pass::inner::{closure#0}, noted[7eefcd87a7f3f5b2]::model::test::get_one_note_should_pass::inner::{closure#0}>::{closure#0}, sqlx_core[246ad2de5bba9fb8]::testing::run_test_with_pool<sqlx_postgres[773877d07257baec]::database::Postgres, fn(sqlx_core[246ad2de5bba9fb8]::pool::Pool<sqlx_postgres[773877d07257baec]::database::Postgres>) -> noted[7eefcd87a7f3f5b2]::model::test::get_one_note_should_pass::inner::{closure#0}, noted[7eefcd87a7f3f5b2]::model::test::get_one_note_should_pass::inner::{closure#0}>::{closure#0}::{closure#0}>::{closure#0}> as core[df12db4294e9bfd3]::future::future::Future>::poll
[INFO] [stdout]   14:     0x5caffb5ec4e8 - <tokio[316f3c8caf3bdfd9]::runtime::scheduler::current_thread::Context>::enter::<core[df12db4294e9bfd3]::task::poll::Poll<core[df12db4294e9bfd3]::result::Result<(), sqlx_core[246ad2de5bba9fb8]::error::Error>>, <tokio[316f3c8caf3bdfd9]::runtime::scheduler::current_thread::CoreGuard>::block_on<core[df12db4294e9bfd3]::pin::Pin<&mut sqlx_core[246ad2de5bba9fb8]::testing::run_test<sqlx_postgres[773877d07257baec]::database::Postgres, sqlx_core[246ad2de5bba9fb8]::testing::run_test_with_pool<sqlx_postgres[773877d07257baec]::database::Postgres, fn(sqlx_core[246ad2de5bba9fb8]::pool::Pool<sqlx_postgres[773877d07257baec]::database::Postgres>) -> noted[7eefcd87a7f3f5b2]::model::test::get_one_note_should_pass::inner::{closure#0}, noted[7eefcd87a7f3f5b2]::model::test::get_one_note_should_pass::inner::{closure#0}>::{closure#0}, sqlx_core[246ad2de5bba9fb8]::testing::run_test_with_pool<sqlx_postgres[773877d07257baec]::database::Postgres, fn(sqlx_core[246ad2de5bba9fb8]::pool::Pool<sqlx_postgres[773877d07257baec]::database::Postgres>) -> noted[7eefcd87a7f3f5b2]::model::test::get_one_note_should_pass::inner::{closure#0}, noted[7eefcd87a7f3f5b2]::model::test::get_one_note_should_pass::inner::{closure#0}>::{closure#0}::{closure#0}>::{closure#0}>>::{closure#0}::{closure#0}>
[INFO] [stdout]   15:     0x5caffb6206f4 - <tokio[316f3c8caf3bdfd9]::runtime::context::scoped::Scoped<tokio[316f3c8caf3bdfd9]::runtime::scheduler::Context>>::set::<<tokio[316f3c8caf3bdfd9]::runtime::scheduler::current_thread::CoreGuard>::enter<<tokio[316f3c8caf3bdfd9]::runtime::scheduler::current_thread::CoreGuard>::block_on<core[df12db4294e9bfd3]::pin::Pin<&mut sqlx_core[246ad2de5bba9fb8]::testing::run_test<sqlx_postgres[773877d07257baec]::database::Postgres, sqlx_core[246ad2de5bba9fb8]::testing::run_test_with_pool<sqlx_postgres[773877d07257baec]::database::Postgres, fn(sqlx_core[246ad2de5bba9fb8]::pool::Pool<sqlx_postgres[773877d07257baec]::database::Postgres>) -> noted[7eefcd87a7f3f5b2]::model::test::get_one_note_should_pass::inner::{closure#0}, noted[7eefcd87a7f3f5b2]::model::test::get_one_note_should_pass::inner::{closure#0}>::{closure#0}, sqlx_core[246ad2de5bba9fb8]::testing::run_test_with_pool<sqlx_postgres[773877d07257baec]::database::Postgres, fn(sqlx_core[246ad2de5bba9fb8]::pool::Pool<sqlx_postgres[773877d07257baec]::database::Postgres>) -> noted[7eefcd87a7f3f5b2]::model::test::get_one_note_should_pass::inner::{closure#0}, noted[7eefcd87a7f3f5b2]::model::test::get_one_note_should_pass::inner::{closure#0}>::{closure#0}::{closure#0}>::{closure#0}>>::{closure#0}, core[df12db4294e9bfd3]::option::Option<core[df12db4294e9bfd3]::result::Result<(), sqlx_core[246ad2de5bba9fb8]::error::Error>>>::{closure#0}, (alloc[2182bb758b4b3781]::boxed::Box<tokio[316f3c8caf3bdfd9]::runtime::scheduler::current_thread::Core>, core[df12db4294e9bfd3]::option::Option<core[df12db4294e9bfd3]::result::Result<(), sqlx_core[246ad2de5bba9fb8]::error::Error>>)>
[INFO] [stdout]   16:     0x5caffb5ed8f5 - <tokio[316f3c8caf3bdfd9]::runtime::scheduler::current_thread::CoreGuard>::block_on::<core[df12db4294e9bfd3]::pin::Pin<&mut sqlx_core[246ad2de5bba9fb8]::testing::run_test<sqlx_postgres[773877d07257baec]::database::Postgres, sqlx_core[246ad2de5bba9fb8]::testing::run_test_with_pool<sqlx_postgres[773877d07257baec]::database::Postgres, fn(sqlx_core[246ad2de5bba9fb8]::pool::Pool<sqlx_postgres[773877d07257baec]::database::Postgres>) -> noted[7eefcd87a7f3f5b2]::model::test::get_one_note_should_pass::inner::{closure#0}, noted[7eefcd87a7f3f5b2]::model::test::get_one_note_should_pass::inner::{closure#0}>::{closure#0}, sqlx_core[246ad2de5bba9fb8]::testing::run_test_with_pool<sqlx_postgres[773877d07257baec]::database::Postgres, fn(sqlx_core[246ad2de5bba9fb8]::pool::Pool<sqlx_postgres[773877d07257baec]::database::Postgres>) -> noted[7eefcd87a7f3f5b2]::model::test::get_one_note_should_pass::inner::{closure#0}, noted[7eefcd87a7f3f5b2]::model::test::get_one_note_should_pass::inner::{closure#0}>::{closure#0}::{closure#0}>::{closure#0}>>
[INFO] [stdout]   17:     0x5caffb5fa692 - tokio[316f3c8caf3bdfd9]::runtime::context::runtime::enter_runtime::<<tokio[316f3c8caf3bdfd9]::runtime::scheduler::current_thread::CurrentThread>::block_on<sqlx_core[246ad2de5bba9fb8]::testing::run_test<sqlx_postgres[773877d07257baec]::database::Postgres, sqlx_core[246ad2de5bba9fb8]::testing::run_test_with_pool<sqlx_postgres[773877d07257baec]::database::Postgres, fn(sqlx_core[246ad2de5bba9fb8]::pool::Pool<sqlx_postgres[773877d07257baec]::database::Postgres>) -> noted[7eefcd87a7f3f5b2]::model::test::get_one_note_should_pass::inner::{closure#0}, noted[7eefcd87a7f3f5b2]::model::test::get_one_note_should_pass::inner::{closure#0}>::{closure#0}, sqlx_core[246ad2de5bba9fb8]::testing::run_test_with_pool<sqlx_postgres[773877d07257baec]::database::Postgres, fn(sqlx_core[246ad2de5bba9fb8]::pool::Pool<sqlx_postgres[773877d07257baec]::database::Postgres>) -> noted[7eefcd87a7f3f5b2]::model::test::get_one_note_should_pass::inner::{closure#0}, noted[7eefcd87a7f3f5b2]::model::test::get_one_note_should_pass::inner::{closure#0}>::{closure#0}::{closure#0}>::{closure#0}>::{closure#0}, core[df12db4294e9bfd3]::result::Result<(), sqlx_core[246ad2de5bba9fb8]::error::Error>>
[INFO] [stdout]   18:     0x5caffb60f6c5 - <tokio[316f3c8caf3bdfd9]::runtime::runtime::Runtime>::block_on::<sqlx_core[246ad2de5bba9fb8]::testing::run_test<sqlx_postgres[773877d07257baec]::database::Postgres, sqlx_core[246ad2de5bba9fb8]::testing::run_test_with_pool<sqlx_postgres[773877d07257baec]::database::Postgres, fn(sqlx_core[246ad2de5bba9fb8]::pool::Pool<sqlx_postgres[773877d07257baec]::database::Postgres>) -> noted[7eefcd87a7f3f5b2]::model::test::get_one_note_should_pass::inner::{closure#0}, noted[7eefcd87a7f3f5b2]::model::test::get_one_note_should_pass::inner::{closure#0}>::{closure#0}, sqlx_core[246ad2de5bba9fb8]::testing::run_test_with_pool<sqlx_postgres[773877d07257baec]::database::Postgres, fn(sqlx_core[246ad2de5bba9fb8]::pool::Pool<sqlx_postgres[773877d07257baec]::database::Postgres>) -> noted[7eefcd87a7f3f5b2]::model::test::get_one_note_should_pass::inner::{closure#0}, noted[7eefcd87a7f3f5b2]::model::test::get_one_note_should_pass::inner::{closure#0}>::{closure#0}::{closure#0}>::{closure#0}>
[INFO] [stdout]   19:     0x5caffb6218aa - sqlx_core[246ad2de5bba9fb8]::rt::test_block_on::<sqlx_core[246ad2de5bba9fb8]::testing::run_test<sqlx_postgres[773877d07257baec]::database::Postgres, sqlx_core[246ad2de5bba9fb8]::testing::run_test_with_pool<sqlx_postgres[773877d07257baec]::database::Postgres, fn(sqlx_core[246ad2de5bba9fb8]::pool::Pool<sqlx_postgres[773877d07257baec]::database::Postgres>) -> noted[7eefcd87a7f3f5b2]::model::test::get_one_note_should_pass::inner::{closure#0}, noted[7eefcd87a7f3f5b2]::model::test::get_one_note_should_pass::inner::{closure#0}>::{closure#0}, sqlx_core[246ad2de5bba9fb8]::testing::run_test_with_pool<sqlx_postgres[773877d07257baec]::database::Postgres, fn(sqlx_core[246ad2de5bba9fb8]::pool::Pool<sqlx_postgres[773877d07257baec]::database::Postgres>) -> noted[7eefcd87a7f3f5b2]::model::test::get_one_note_should_pass::inner::{closure#0}, noted[7eefcd87a7f3f5b2]::model::test::get_one_note_should_pass::inner::{closure#0}>::{closure#0}::{closure#0}>::{closure#0}>
[INFO] [stdout]   20:     0x5caffb6199b9 - <noted[7eefcd87a7f3f5b2]::model::test::get_one_note_should_pass::{closure#0} as core[df12db4294e9bfd3]::ops::function::FnOnce<()>>::call_once
[INFO] [stdout]   21:     0x5caffb63414b - test[9d35eded1c95d3be]::__rust_begin_short_backtrace::<core[df12db4294e9bfd3]::result::Result<(), alloc[2182bb758b4b3781]::string::String>, fn() -> core[df12db4294e9bfd3]::result::Result<(), alloc[2182bb758b4b3781]::string::String>>
[INFO] [stdout]   22:     0x5caffb6417b5 - test[9d35eded1c95d3be]::run_test::{closure#0}
[INFO] [stdout]   23:     0x5caffb63b074 - std[70759c8f55707aa4]::sys::backtrace::__rust_begin_short_backtrace::<test[9d35eded1c95d3be]::run_test::{closure#1}, ()>
[INFO] [stdout]   24:     0x5caffb644912 - <std[70759c8f55707aa4]::thread::lifecycle::spawn_unchecked<test[9d35eded1c95d3be]::run_test::{closure#1}, ()>::{closure#1} as core[df12db4294e9bfd3]::ops::function::FnOnce<()>>::call_once::{shim:vtable#0}
[INFO] [stdout]   25:     0x5caffb84b6e9 - <std[70759c8f55707aa4]::sys::thread::unix::Thread>::new::thread_start
[INFO] [stdout]   26:     0x721449015dfa - <unknown>
[INFO] [stdout]   27:     0x7214490a93d4 - clone
[INFO] [stdout]   28:                0x0 - <unknown>
[INFO] [stdout] 
[INFO] [stdout] ---- model::test::update_bad_note_id_should_fail stdout ----
[INFO] [stdout] 
[INFO] [stdout] thread 'model::test::update_bad_note_id_should_fail' (4333) panicked at /opt/rustwide/cargo-home/registry/src/index.crates.io-1949cf8c6b5b557f/sqlx-postgres-0.7.3/src/testing/mod.rs:81:44:
[INFO] [stdout] DATABASE_URL must be set: EnvVar(NotPresent)
[INFO] [stdout] stack backtrace:
[INFO] [stdout]    0:     0x5caffb84c4e1 - <<std[70759c8f55707aa4]::sys::backtrace::BacktraceLock>::print::DisplayBacktrace as core[df12db4294e9bfd3]::fmt::Display>::fmt
[INFO] [stdout]    1:     0x5caffb86395a - core[df12db4294e9bfd3]::fmt::write
[INFO] [stdout]    2:     0x5caffb850ebc - <alloc[2182bb758b4b3781]::vec::Vec<u8> as core[df12db4294e9bfd3]::io::write::Write>::write_fmt
[INFO] [stdout]    3:     0x5caffb8274c6 - std[70759c8f55707aa4]::panicking::default_hook::{closure#0}
[INFO] [stdout]    4:     0x5caffb844079 - std[70759c8f55707aa4]::panicking::default_hook
[INFO] [stdout]    5:     0x5caffb640e60 - test[9d35eded1c95d3be]::test_main_inner::<test[9d35eded1c95d3be]::test_main_static::{closure#0}>::{closure#0}
[INFO] [stdout]    6:     0x5caffb8443a2 - std[70759c8f55707aa4]::panicking::panic_with_hook
[INFO] [stdout]    7:     0x5caffb827572 - std[70759c8f55707aa4]::panicking::panic_handler::{closure#0}
[INFO] [stdout]    8:     0x5caffb81fe49 - std[70759c8f55707aa4]::sys::backtrace::__rust_end_short_backtrace::<std[70759c8f55707aa4]::panicking::panic_handler::{closure#0}, !>
[INFO] [stdout]    9:     0x5caffb8283fd - __rustc[8fa7c3cbc660c2b3]::rust_begin_unwind
[INFO] [stdout]   10:     0x5caffb8640bc - core[df12db4294e9bfd3]::panicking::panic_fmt
[INFO] [stdout]   11:     0x5caffb863e92 - core[df12db4294e9bfd3]::result::unwrap_failed
[INFO] [stdout]   12:     0x5caffb6bc932 - <sqlx_postgres[773877d07257baec]::database::Postgres as sqlx_core[246ad2de5bba9fb8]::testing::TestSupport>::test_context::{closure#0}
[INFO] [stdout]   13:     0x5caffb5bf32b - <core[df12db4294e9bfd3]::pin::Pin<&mut sqlx_core[246ad2de5bba9fb8]::testing::run_test<sqlx_postgres[773877d07257baec]::database::Postgres, sqlx_core[246ad2de5bba9fb8]::testing::run_test_with_pool<sqlx_postgres[773877d07257baec]::database::Postgres, fn(sqlx_core[246ad2de5bba9fb8]::pool::Pool<sqlx_postgres[773877d07257baec]::database::Postgres>) -> noted[7eefcd87a7f3f5b2]::model::test::update_bad_note_id_should_fail::inner::{closure#0}, noted[7eefcd87a7f3f5b2]::model::test::update_bad_note_id_should_fail::inner::{closure#0}>::{closure#0}, sqlx_core[246ad2de5bba9fb8]::testing::run_test_with_pool<sqlx_postgres[773877d07257baec]::database::Postgres, fn(sqlx_core[246ad2de5bba9fb8]::pool::Pool<sqlx_postgres[773877d07257baec]::database::Postgres>) -> noted[7eefcd87a7f3f5b2]::model::test::update_bad_note_id_should_fail::inner::{closure#0}, noted[7eefcd87a7f3f5b2]::model::test::update_bad_note_id_should_fail::inner::{closure#0}>::{closure#0}::{closure#0}>::{closure#0}> as core[df12db4294e9bfd3]::future::future::Future>::poll
[INFO] [stdout]   14:     0x5caffb5ecc68 - <tokio[316f3c8caf3bdfd9]::runtime::scheduler::current_thread::Context>::enter::<core[df12db4294e9bfd3]::task::poll::Poll<core[df12db4294e9bfd3]::result::Result<(), sqlx_core[246ad2de5bba9fb8]::error::Error>>, <tokio[316f3c8caf3bdfd9]::runtime::scheduler::current_thread::CoreGuard>::block_on<core[df12db4294e9bfd3]::pin::Pin<&mut sqlx_core[246ad2de5bba9fb8]::testing::run_test<sqlx_postgres[773877d07257baec]::database::Postgres, sqlx_core[246ad2de5bba9fb8]::testing::run_test_with_pool<sqlx_postgres[773877d07257baec]::database::Postgres, fn(sqlx_core[246ad2de5bba9fb8]::pool::Pool<sqlx_postgres[773877d07257baec]::database::Postgres>) -> noted[7eefcd87a7f3f5b2]::model::test::update_bad_note_id_should_fail::inner::{closure#0}, noted[7eefcd87a7f3f5b2]::model::test::update_bad_note_id_should_fail::inner::{closure#0}>::{closure#0}, sqlx_core[246ad2de5bba9fb8]::testing::run_test_with_pool<sqlx_postgres[773877d07257baec]::database::Postgres, fn(sqlx_core[246ad2de5bba9fb8]::pool::Pool<sqlx_postgres[773877d07257baec]::database::Postgres>) -> noted[7eefcd87a7f3f5b2]::model::test::update_bad_note_id_should_fail::inner::{closure#0}, noted[7eefcd87a7f3f5b2]::model::test::update_bad_note_id_should_fail::inner::{closure#0}>::{closure#0}::{closure#0}>::{closure#0}>>::{closure#0}::{closure#0}>
[INFO] [stdout]   15:     0x5caffb620df4 - <tokio[316f3c8caf3bdfd9]::runtime::context::scoped::Scoped<tokio[316f3c8caf3bdfd9]::runtime::scheduler::Context>>::set::<<tokio[316f3c8caf3bdfd9]::runtime::scheduler::current_thread::CoreGuard>::enter<<tokio[316f3c8caf3bdfd9]::runtime::scheduler::current_thread::CoreGuard>::block_on<core[df12db4294e9bfd3]::pin::Pin<&mut sqlx_core[246ad2de5bba9fb8]::testing::run_test<sqlx_postgres[773877d07257baec]::database::Postgres, sqlx_core[246ad2de5bba9fb8]::testing::run_test_with_pool<sqlx_postgres[773877d07257baec]::database::Postgres, fn(sqlx_core[246ad2de5bba9fb8]::pool::Pool<sqlx_postgres[773877d07257baec]::database::Postgres>) -> noted[7eefcd87a7f3f5b2]::model::test::update_bad_note_id_should_fail::inner::{closure#0}, noted[7eefcd87a7f3f5b2]::model::test::update_bad_note_id_should_fail::inner::{closure#0}>::{closure#0}, sqlx_core[246ad2de5bba9fb8]::testing::run_test_with_pool<sqlx_postgres[773877d07257baec]::database::Postgres, fn(sqlx_core[246ad2de5bba9fb8]::pool::Pool<sqlx_postgres[773877d07257baec]::database::Postgres>) -> noted[7eefcd87a7f3f5b2]::model::test::update_bad_note_id_should_fail::inner::{closure#0}, noted[7eefcd87a7f3f5b2]::model::test::update_bad_note_id_should_fail::inner::{closure#0}>::{closure#0}::{closure#0}>::{closure#0}>>::{closure#0}, core[df12db4294e9bfd3]::option::Option<core[df12db4294e9bfd3]::result::Result<(), sqlx_core[246ad2de5bba9fb8]::error::Error>>>::{closure#0}, (alloc[2182bb758b4b3781]::boxed::Box<tokio[316f3c8caf3bdfd9]::runtime::scheduler::current_thread::Core>, core[df12db4294e9bfd3]::option::Option<core[df12db4294e9bfd3]::result::Result<(), sqlx_core[246ad2de5bba9fb8]::error::Error>>)>
[INFO] [stdout]   16:     0x5caffb5ee335 - <tokio[316f3c8caf3bdfd9]::runtime::scheduler::current_thread::CoreGuard>::block_on::<core[df12db4294e9bfd3]::pin::Pin<&mut sqlx_core[246ad2de5bba9fb8]::testing::run_test<sqlx_postgres[773877d07257baec]::database::Postgres, sqlx_core[246ad2de5bba9fb8]::testing::run_test_with_pool<sqlx_postgres[773877d07257baec]::database::Postgres, fn(sqlx_core[246ad2de5bba9fb8]::pool::Pool<sqlx_postgres[773877d07257baec]::database::Postgres>) -> noted[7eefcd87a7f3f5b2]::model::test::update_bad_note_id_should_fail::inner::{closure#0}, noted[7eefcd87a7f3f5b2]::model::test::update_bad_note_id_should_fail::inner::{closure#0}>::{closure#0}, sqlx_core[246ad2de5bba9fb8]::testing::run_test_with_pool<sqlx_postgres[773877d07257baec]::database::Postgres, fn(sqlx_core[246ad2de5bba9fb8]::pool::Pool<sqlx_postgres[773877d07257baec]::database::Postgres>) -> noted[7eefcd87a7f3f5b2]::model::test::update_bad_note_id_should_fail::inner::{closure#0}, noted[7eefcd87a7f3f5b2]::model::test::update_bad_note_id_should_fail::inner::{closure#0}>::{closure#0}::{closure#0}>::{closure#0}>>
[INFO] [stdout]   17:     0x5caffb5fb6d2 - tokio[316f3c8caf3bdfd9]::runtime::context::runtime::enter_runtime::<<tokio[316f3c8caf3bdfd9]::runtime::scheduler::current_thread::CurrentThread>::block_on<sqlx_core[246ad2de5bba9fb8]::testing::run_test<sqlx_postgres[773877d07257baec]::database::Postgres, sqlx_core[246ad2de5bba9fb8]::testing::run_test_with_pool<sqlx_postgres[773877d07257baec]::database::Postgres, fn(sqlx_core[246ad2de5bba9fb8]::pool::Pool<sqlx_postgres[773877d07257baec]::database::Postgres>) -> noted[7eefcd87a7f3f5b2]::model::test::update_bad_note_id_should_fail::inner::{closure#0}, noted[7eefcd87a7f3f5b2]::model::test::update_bad_note_id_should_fail::inner::{closure#0}>::{closure#0}, sqlx_core[246ad2de5bba9fb8]::testing::run_test_with_pool<sqlx_postgres[773877d07257baec]::database::Postgres, fn(sqlx_core[246ad2de5bba9fb8]::pool::Pool<sqlx_postgres[773877d07257baec]::database::Postgres>) -> noted[7eefcd87a7f3f5b2]::model::test::update_bad_note_id_should_fail::inner::{closure#0}, noted[7eefcd87a7f3f5b2]::model::test::update_bad_note_id_should_fail::inner::{closure#0}>::{closure#0}::{closure#0}>::{closure#0}>::{closure#0}, core[df12db4294e9bfd3]::result::Result<(), sqlx_core[246ad2de5bba9fb8]::error::Error>>
[INFO] [stdout]   18:     0x5caffb60fc85 - <tokio[316f3c8caf3bdfd9]::runtime::runtime::Runtime>::block_on::<sqlx_core[246ad2de5bba9fb8]::testing::run_test<sqlx_postgres[773877d07257baec]::database::Postgres, sqlx_core[246ad2de5bba9fb8]::testing::run_test_with_pool<sqlx_postgres[773877d07257baec]::database::Postgres, fn(sqlx_core[246ad2de5bba9fb8]::pool::Pool<sqlx_postgres[773877d07257baec]::database::Postgres>) -> noted[7eefcd87a7f3f5b2]::model::test::update_bad_note_id_should_fail::inner::{closure#0}, noted[7eefcd87a7f3f5b2]::model::test::update_bad_note_id_should_fail::inner::{closure#0}>::{closure#0}, sqlx_core[246ad2de5bba9fb8]::testing::run_test_with_pool<sqlx_postgres[773877d07257baec]::database::Postgres, fn(sqlx_core[246ad2de5bba9fb8]::pool::Pool<sqlx_postgres[773877d07257baec]::database::Postgres>) -> noted[7eefcd87a7f3f5b2]::model::test::update_bad_note_id_should_fail::inner::{closure#0}, noted[7eefcd87a7f3f5b2]::model::test::update_bad_note_id_should_fail::inner::{closure#0}>::{closure#0}::{closure#0}>::{closure#0}>
[INFO] [stdout]   19:     0x5caffb621e6a - sqlx_core[246ad2de5bba9fb8]::rt::test_block_on::<sqlx_core[246ad2de5bba9fb8]::testing::run_test<sqlx_postgres[773877d07257baec]::database::Postgres, sqlx_core[246ad2de5bba9fb8]::testing::run_test_with_pool<sqlx_postgres[773877d07257baec]::database::Postgres, fn(sqlx_core[246ad2de5bba9fb8]::pool::Pool<sqlx_postgres[773877d07257baec]::database::Postgres>) -> noted[7eefcd87a7f3f5b2]::model::test::update_bad_note_id_should_fail::inner::{closure#0}, noted[7eefcd87a7f3f5b2]::model::test::update_bad_note_id_should_fail::inner::{closure#0}>::{closure#0}, sqlx_core[246ad2de5bba9fb8]::testing::run_test_with_pool<sqlx_postgres[773877d07257baec]::database::Postgres, fn(sqlx_core[246ad2de5bba9fb8]::pool::Pool<sqlx_postgres[773877d07257baec]::database::Postgres>) -> noted[7eefcd87a7f3f5b2]::model::test::update_bad_note_id_should_fail::inner::{closure#0}, noted[7eefcd87a7f3f5b2]::model::test::update_bad_note_id_should_fail::inner::{closure#0}>::{closure#0}::{closure#0}>::{closure#0}>
[INFO] [stdout]   20:     0x5caffb619f39 - <noted[7eefcd87a7f3f5b2]::model::test::update_bad_note_id_should_fail::{closure#0} as core[df12db4294e9bfd3]::ops::function::FnOnce<()>>::call_once
[INFO] [stdout]   21:     0x5caffb63414b - test[9d35eded1c95d3be]::__rust_begin_short_backtrace::<core[df12db4294e9bfd3]::result::Result<(), alloc[2182bb758b4b3781]::string::String>, fn() -> core[df12db4294e9bfd3]::result::Result<(), alloc[2182bb758b4b3781]::string::String>>
[INFO] [stdout]   22:     0x5caffb6417b5 - test[9d35eded1c95d3be]::run_test::{closure#0}
[INFO] [stdout]   23:     0x5caffb63b074 - std[70759c8f55707aa4]::sys::backtrace::__rust_begin_short_backtrace::<test[9d35eded1c95d3be]::run_test::{closure#1}, ()>
[INFO] [stdout]   24:     0x5caffb644912 - <std[70759c8f55707aa4]::thread::lifecycle::spawn_unchecked<test[9d35eded1c95d3be]::run_test::{closure#1}, ()>::{closure#1} as core[df12db4294e9bfd3]::ops::function::FnOnce<()>>::call_once::{shim:vtable#0}
[INFO] [stdout]   25:     0x5caffb84b6e9 - <std[70759c8f55707aa4]::sys::thread::unix::Thread>::new::thread_start
[INFO] [stdout]   26:     0x721449015dfa - <unknown>
[INFO] [stdout]   27:     0x7214490a93d4 - clone
[INFO] [stdout]   28:                0x0 - <unknown>
[INFO] [stdout] 
[INFO] [stdout] ---- model::test::get_all_notes_should_pass stdout ----
[INFO] [stdout] 
[INFO] [stdout] thread 'model::test::get_all_notes_should_pass' (4328) panicked at /opt/rustwide/cargo-home/registry/src/index.crates.io-1949cf8c6b5b557f/sqlx-postgres-0.7.3/src/testing/mod.rs:81:44:
[INFO] [stdout] DATABASE_URL must be set: EnvVar(NotPresent)
[INFO] [stdout] stack backtrace:
[INFO] [stdout]    0:     0x5caffb84c4e1 - <<std[70759c8f55707aa4]::sys::backtrace::BacktraceLock>::print::DisplayBacktrace as core[df12db4294e9bfd3]::fmt::Display>::fmt
[INFO] [stdout]    1:     0x5caffb86395a - core[df12db4294e9bfd3]::fmt::write
[INFO] [stdout]    2:     0x5caffb850ebc - <alloc[2182bb758b4b3781]::vec::Vec<u8> as core[df12db4294e9bfd3]::io::write::Write>::write_fmt
[INFO] [stdout]    3:     0x5caffb8274c6 - std[70759c8f55707aa4]::panicking::default_hook::{closure#0}
[INFO] [stdout]    4:     0x5caffb844079 - std[70759c8f55707aa4]::panicking::default_hook
[INFO] [stdout]    5:     0x5caffb640e60 - test[9d35eded1c95d3be]::test_main_inner::<test[9d35eded1c95d3be]::test_main_static::{closure#0}>::{closure#0}
[INFO] [stdout]    6:     0x5caffb8443a2 - std[70759c8f55707aa4]::panicking::panic_with_hook
[INFO] [stdout]    7:     0x5caffb827572 - std[70759c8f55707aa4]::panicking::panic_handler::{closure#0}
[INFO] [stdout]    8:     0x5caffb81fe49 - std[70759c8f55707aa4]::sys::backtrace::__rust_end_short_backtrace::<std[70759c8f55707aa4]::panicking::panic_handler::{closure#0}, !>
[INFO] [stdout]    9:     0x5caffb8283fd - __rustc[8fa7c3cbc660c2b3]::rust_begin_unwind
[INFO] [stdout]   10:     0x5caffb8640bc - core[df12db4294e9bfd3]::panicking::panic_fmt
[INFO] [stdout]   11:     0x5caffb863e92 - core[df12db4294e9bfd3]::result::unwrap_failed
[INFO] [stdout]   12:     0x5caffb6bc932 - <sqlx_postgres[773877d07257baec]::database::Postgres as sqlx_core[246ad2de5bba9fb8]::testing::TestSupport>::test_context::{closure#0}
[INFO] [stdout]   13:     0x5caffb5bcf04 - <core[df12db4294e9bfd3]::pin::Pin<&mut sqlx_core[246ad2de5bba9fb8]::testing::run_test<sqlx_postgres[773877d07257baec]::database::Postgres, sqlx_core[246ad2de5bba9fb8]::testing::run_test_with_pool<sqlx_postgres[773877d07257baec]::database::Postgres, fn(sqlx_core[246ad2de5bba9fb8]::pool::Pool<sqlx_postgres[773877d07257baec]::database::Postgres>) -> noted[7eefcd87a7f3f5b2]::model::test::get_all_notes_should_pass::inner::{closure#0}, noted[7eefcd87a7f3f5b2]::model::test::get_all_notes_should_pass::inner::{closure#0}>::{closure#0}, sqlx_core[246ad2de5bba9fb8]::testing::run_test_with_pool<sqlx_postgres[773877d07257baec]::database::Postgres, fn(sqlx_core[246ad2de5bba9fb8]::pool::Pool<sqlx_postgres[773877d07257baec]::database::Postgres>) -> noted[7eefcd87a7f3f5b2]::model::test::get_all_notes_should_pass::inner::{closure#0}, noted[7eefcd87a7f3f5b2]::model::test::get_all_notes_should_pass::inner::{closure#0}>::{closure#0}::{closure#0}>::{closure#0}> as core[df12db4294e9bfd3]::future::future::Future>::poll
[INFO] [stdout]   14:     0x5caffb5ec8a8 - <tokio[316f3c8caf3bdfd9]::runtime::scheduler::current_thread::Context>::enter::<core[df12db4294e9bfd3]::task::poll::Poll<core[df12db4294e9bfd3]::result::Result<(), sqlx_core[246ad2de5bba9fb8]::error::Error>>, <tokio[316f3c8caf3bdfd9]::runtime::scheduler::current_thread::CoreGuard>::block_on<core[df12db4294e9bfd3]::pin::Pin<&mut sqlx_core[246ad2de5bba9fb8]::testing::run_test<sqlx_postgres[773877d07257baec]::database::Postgres, sqlx_core[246ad2de5bba9fb8]::testing::run_test_with_pool<sqlx_postgres[773877d07257baec]::database::Postgres, fn(sqlx_core[246ad2de5bba9fb8]::pool::Pool<sqlx_postgres[773877d07257baec]::database::Postgres>) -> noted[7eefcd87a7f3f5b2]::model::test::get_all_notes_should_pass::inner::{closure#0}, noted[7eefcd87a7f3f5b2]::model::test::get_all_notes_should_pass::inner::{closure#0}>::{closure#0}, sqlx_core[246ad2de5bba9fb8]::testing::run_test_with_pool<sqlx_postgres[773877d07257baec]::database::Postgres, fn(sqlx_core[246ad2de5bba9fb8]::pool::Pool<sqlx_postgres[773877d07257baec]::database::Postgres>) -> noted[7eefcd87a7f3f5b2]::model::test::get_all_notes_should_pass::inner::{closure#0}, noted[7eefcd87a7f3f5b2]::model::test::get_all_notes_should_pass::inner::{closure#0}>::{closure#0}::{closure#0}>::{closure#0}>>::{closure#0}::{closure#0}>
[INFO] [stdout]   15:     0x5caffb620a74 - <tokio[316f3c8caf3bdfd9]::runtime::context::scoped::Scoped<tokio[316f3c8caf3bdfd9]::runtime::scheduler::Context>>::set::<<tokio[316f3c8caf3bdfd9]::runtime::scheduler::current_thread::CoreGuard>::enter<<tokio[316f3c8caf3bdfd9]::runtime::scheduler::current_thread::CoreGuard>::block_on<core[df12db4294e9bfd3]::pin::Pin<&mut sqlx_core[246ad2de5bba9fb8]::testing::run_test<sqlx_postgres[773877d07257baec]::database::Postgres, sqlx_core[246ad2de5bba9fb8]::testing::run_test_with_pool<sqlx_postgres[773877d07257baec]::database::Postgres, fn(sqlx_core[246ad2de5bba9fb8]::pool::Pool<sqlx_postgres[773877d07257baec]::database::Postgres>) -> noted[7eefcd87a7f3f5b2]::model::test::get_all_notes_should_pass::inner::{closure#0}, noted[7eefcd87a7f3f5b2]::model::test::get_all_notes_should_pass::inner::{closure#0}>::{closure#0}, sqlx_core[246ad2de5bba9fb8]::testing::run_test_with_pool<sqlx_postgres[773877d07257baec]::database::Postgres, fn(sqlx_core[246ad2de5bba9fb8]::pool::Pool<sqlx_postgres[773877d07257baec]::database::Postgres>) -> noted[7eefcd87a7f3f5b2]::model::test::get_all_notes_should_pass::inner::{closure#0}, noted[7eefcd87a7f3f5b2]::model::test::get_all_notes_should_pass::inner::{closure#0}>::{closure#0}::{closure#0}>::{closure#0}>>::{closure#0}, core[df12db4294e9bfd3]::option::Option<core[df12db4294e9bfd3]::result::Result<(), sqlx_core[246ad2de5bba9fb8]::error::Error>>>::{closure#0}, (alloc[2182bb758b4b3781]::boxed::Box<tokio[316f3c8caf3bdfd9]::runtime::scheduler::current_thread::Core>, core[df12db4294e9bfd3]::option::Option<core[df12db4294e9bfd3]::result::Result<(), sqlx_core[246ad2de5bba9fb8]::error::Error>>)>
[INFO] [stdout]   16:     0x5caffb5ede15 - <tokio[316f3c8caf3bdfd9]::runtime::scheduler::current_thread::CoreGuard>::block_on::<core[df12db4294e9bfd3]::pin::Pin<&mut sqlx_core[246ad2de5bba9fb8]::testing::run_test<sqlx_postgres[773877d07257baec]::database::Postgres, sqlx_core[246ad2de5bba9fb8]::testing::run_test_with_pool<sqlx_postgres[773877d07257baec]::database::Postgres, fn(sqlx_core[246ad2de5bba9fb8]::pool::Pool<sqlx_postgres[773877d07257baec]::database::Postgres>) -> noted[7eefcd87a7f3f5b2]::model::test::get_all_notes_should_pass::inner::{closure#0}, noted[7eefcd87a7f3f5b2]::model::test::get_all_notes_should_pass::inner::{closure#0}>::{closure#0}, sqlx_core[246ad2de5bba9fb8]::testing::run_test_with_pool<sqlx_postgres[773877d07257baec]::database::Postgres, fn(sqlx_core[246ad2de5bba9fb8]::pool::Pool<sqlx_postgres[773877d07257baec]::database::Postgres>) -> noted[7eefcd87a7f3f5b2]::model::test::get_all_notes_should_pass::inner::{closure#0}, noted[7eefcd87a7f3f5b2]::model::test::get_all_notes_should_pass::inner::{closure#0}>::{closure#0}::{closure#0}>::{closure#0}>>
[INFO] [stdout]   17:     0x5caffb5faeb2 - tokio[316f3c8caf3bdfd9]::runtime::context::runtime::enter_runtime::<<tokio[316f3c8caf3bdfd9]::runtime::scheduler::current_thread::CurrentThread>::block_on<sqlx_core[246ad2de5bba9fb8]::testing::run_test<sqlx_postgres[773877d07257baec]::database::Postgres, sqlx_core[246ad2de5bba9fb8]::testing::run_test_with_pool<sqlx_postgres[773877d07257baec]::database::Postgres, fn(sqlx_core[246ad2de5bba9fb8]::pool::Pool<sqlx_postgres[773877d07257baec]::database::Postgres>) -> noted[7eefcd87a7f3f5b2]::model::test::get_all_notes_should_pass::inner::{closure#0}, noted[7eefcd87a7f3f5b2]::model::test::get_all_notes_should_pass::inner::{closure#0}>::{closure#0}, sqlx_core[246ad2de5bba9fb8]::testing::run_test_with_pool<sqlx_postgres[773877d07257baec]::database::Postgres, fn(sqlx_core[246ad2de5bba9fb8]::pool::Pool<sqlx_postgres[773877d07257baec]::database::Postgres>) -> noted[7eefcd87a7f3f5b2]::model::test::get_all_notes_should_pass::inner::{closure#0}, noted[7eefcd87a7f3f5b2]::model::test::get_all_notes_should_pass::inner::{closure#0}>::{closure#0}::{closure#0}>::{closure#0}>::{closure#0}, core[df12db4294e9bfd3]::result::Result<(), sqlx_core[246ad2de5bba9fb8]::error::Error>>
[INFO] [stdout]   18:     0x5caffb60f9a5 - <tokio[316f3c8caf3bdfd9]::runtime::runtime::Runtime>::block_on::<sqlx_core[246ad2de5bba9fb8]::testing::run_test<sqlx_postgres[773877d07257baec]::database::Postgres, sqlx_core[246ad2de5bba9fb8]::testing::run_test_with_pool<sqlx_postgres[773877d07257baec]::database::Postgres, fn(sqlx_core[246ad2de5bba9fb8]::pool::Pool<sqlx_postgres[773877d07257baec]::database::Postgres>) -> noted[7eefcd87a7f3f5b2]::model::test::get_all_notes_should_pass::inner::{closure#0}, noted[7eefcd87a7f3f5b2]::model::test::get_all_notes_should_pass::inner::{closure#0}>::{closure#0}, sqlx_core[246ad2de5bba9fb8]::testing::run_test_with_pool<sqlx_postgres[773877d07257baec]::database::Postgres, fn(sqlx_core[246ad2de5bba9fb8]::pool::Pool<sqlx_postgres[773877d07257baec]::database::Postgres>) -> noted[7eefcd87a7f3f5b2]::model::test::get_all_notes_should_pass::inner::{closure#0}, noted[7eefcd87a7f3f5b2]::model::test::get_all_notes_should_pass::inner::{closure#0}>::{closure#0}::{closure#0}>::{closure#0}>
[INFO] [stdout]   19:     0x5caffb621b8a - sqlx_core[246ad2de5bba9fb8]::rt::test_block_on::<sqlx_core[246ad2de5bba9fb8]::testing::run_test<sqlx_postgres[773877d07257baec]::database::Postgres, sqlx_core[246ad2de5bba9fb8]::testing::run_test_with_pool<sqlx_postgres[773877d07257baec]::database::Postgres, fn(sqlx_core[246ad2de5bba9fb8]::pool::Pool<sqlx_postgres[773877d07257baec]::database::Postgres>) -> noted[7eefcd87a7f3f5b2]::model::test::get_all_notes_should_pass::inner::{closure#0}, noted[7eefcd87a7f3f5b2]::model::test::get_all_notes_should_pass::inner::{closure#0}>::{closure#0}, sqlx_core[246ad2de5bba9fb8]::testing::run_test_with_pool<sqlx_postgres[773877d07257baec]::database::Postgres, fn(sqlx_core[246ad2de5bba9fb8]::pool::Pool<sqlx_postgres[773877d07257baec]::database::Postgres>) -> noted[7eefcd87a7f3f5b2]::model::test::get_all_notes_should_pass::inner::{closure#0}, noted[7eefcd87a7f3f5b2]::model::test::get_all_notes_should_pass::inner::{closure#0}>::{closure#0}::{closure#0}>::{closure#0}>
[INFO] [stdout]   20:     0x5caffb619c79 - <noted[7eefcd87a7f3f5b2]::model::test::get_all_notes_should_pass::{closure#0} as core[df12db4294e9bfd3]::ops::function::FnOnce<()>>::call_once
[INFO] [stdout]   21:     0x5caffb63414b - test[9d35eded1c95d3be]::__rust_begin_short_backtrace::<core[df12db4294e9bfd3]::result::Result<(), alloc[2182bb758b4b3781]::string::String>, fn() -> core[df12db4294e9bfd3]::result::Result<(), alloc[2182bb758b4b3781]::string::String>>
[INFO] [stdout]   22:     0x5caffb6417b5 - test[9d35eded1c95d3be]::run_test::{closure#0}
[INFO] [stdout]   23:     0x5caffb63b074 - std[70759c8f55707aa4]::sys::backtrace::__rust_begin_short_backtrace::<test[9d35eded1c95d3be]::run_test::{closure#1}, ()>
[INFO] [stdout]   24:     0x5caffb644912 - <std[70759c8f55707aa4]::thread::lifecycle::spawn_unchecked<test[9d35eded1c95d3be]::run_test::{closure#1}, ()>::{closure#1} as core[df12db4294e9bfd3]::ops::function::FnOnce<()>>::call_once::{shim:vtable#0}
[INFO] [stdout]   25:     0x5caffb84b6e9 - <std[70759c8f55707aa4]::sys::thread::unix::Thread>::new::thread_start
[INFO] [stdout]   26:     0x721449015dfa - <unknown>
[INFO] [stdout]   27:     0x7214490a93d4 - clone
[INFO] [stdout]   28:                0x0 - <unknown>
[INFO] [stdout] 
[INFO] [stdout] ---- model::test::create_note_should_pass stdout ----
[INFO] [stdout] 
[INFO] [stdout] thread 'model::test::create_note_should_pass' (4325) panicked at /opt/rustwide/cargo-home/registry/src/index.crates.io-1949cf8c6b5b557f/sqlx-postgres-0.7.3/src/testing/mod.rs:81:44:
[INFO] [stdout] DATABASE_URL must be set: EnvVar(NotPresent)
[INFO] [stdout] stack backtrace:
[INFO] [stdout]    0:     0x5caffb84c4e1 - <<std[70759c8f55707aa4]::sys::backtrace::BacktraceLock>::print::DisplayBacktrace as core[df12db4294e9bfd3]::fmt::Display>::fmt
[INFO] [stdout]    1:     0x5caffb86395a - core[df12db4294e9bfd3]::fmt::write
[INFO] [stdout]    2:     0x5caffb850ebc - <alloc[2182bb758b4b3781]::vec::Vec<u8> as core[df12db4294e9bfd3]::io::write::Write>::write_fmt
[INFO] [stdout]    3:     0x5caffb8274c6 - std[70759c8f55707aa4]::panicking::default_hook::{closure#0}
[INFO] [stdout]    4:     0x5caffb844079 - std[70759c8f55707aa4]::panicking::default_hook
[INFO] [stdout]    5:     0x5caffb640e60 - test[9d35eded1c95d3be]::test_main_inner::<test[9d35eded1c95d3be]::test_main_static::{closure#0}>::{closure#0}
[INFO] [stdout]    6:     0x5caffb8443a2 - std[70759c8f55707aa4]::panicking::panic_with_hook
[INFO] [stdout]    7:     0x5caffb827572 - std[70759c8f55707aa4]::panicking::panic_handler::{closure#0}
[INFO] [stdout]    8:     0x5caffb81fe49 - std[70759c8f55707aa4]::sys::backtrace::__rust_end_short_backtrace::<std[70759c8f55707aa4]::panicking::panic_handler::{closure#0}, !>
[INFO] [stdout]    9:     0x5caffb8283fd - __rustc[8fa7c3cbc660c2b3]::rust_begin_unwind
[INFO] [stdout]   10:     0x5caffb8640bc - core[df12db4294e9bfd3]::panicking::panic_fmt
[INFO] [stdout]   11:     0x5caffb863e92 - core[df12db4294e9bfd3]::result::unwrap_failed
[INFO] [stdout]   12:     0x5caffb6bc932 - <sqlx_postgres[773877d07257baec]::database::Postgres as sqlx_core[246ad2de5bba9fb8]::testing::TestSupport>::test_context::{closure#0}
[INFO] [stdout]   13:     0x5caffb5b877c - <core[df12db4294e9bfd3]::pin::Pin<&mut sqlx_core[246ad2de5bba9fb8]::testing::run_test<sqlx_postgres[773877d07257baec]::database::Postgres, sqlx_core[246ad2de5bba9fb8]::testing::run_test_with_pool<sqlx_postgres[773877d07257baec]::database::Postgres, fn(sqlx_core[246ad2de5bba9fb8]::pool::Pool<sqlx_postgres[773877d07257baec]::database::Postgres>) -> noted[7eefcd87a7f3f5b2]::model::test::create_note_should_pass::inner::{closure#0}, noted[7eefcd87a7f3f5b2]::model::test::create_note_should_pass::inner::{closure#0}>::{closure#0}, sqlx_core[246ad2de5bba9fb8]::testing::run_test_with_pool<sqlx_postgres[773877d07257baec]::database::Postgres, fn(sqlx_core[246ad2de5bba9fb8]::pool::Pool<sqlx_postgres[773877d07257baec]::database::Postgres>) -> noted[7eefcd87a7f3f5b2]::model::test::create_note_should_pass::inner::{closure#0}, noted[7eefcd87a7f3f5b2]::model::test::create_note_should_pass::inner::{closure#0}>::{closure#0}::{closure#0}>::{closure#0}> as core[df12db4294e9bfd3]::future::future::Future>::poll
[INFO] [stdout]   14:     0x5caffb5ec128 - <tokio[316f3c8caf3bdfd9]::runtime::scheduler::current_thread::Context>::enter::<core[df12db4294e9bfd3]::task::poll::Poll<core[df12db4294e9bfd3]::result::Result<(), sqlx_core[246ad2de5bba9fb8]::error::Error>>, <tokio[316f3c8caf3bdfd9]::runtime::scheduler::current_thread::CoreGuard>::block_on<core[df12db4294e9bfd3]::pin::Pin<&mut sqlx_core[246ad2de5bba9fb8]::testing::run_test<sqlx_postgres[773877d07257baec]::database::Postgres, sqlx_core[246ad2de5bba9fb8]::testing::run_test_with_pool<sqlx_postgres[773877d07257baec]::database::Postgres, fn(sqlx_core[246ad2de5bba9fb8]::pool::Pool<sqlx_postgres[773877d07257baec]::database::Postgres>) -> noted[7eefcd87a7f3f5b2]::model::test::create_note_should_pass::inner::{closure#0}, noted[7eefcd87a7f3f5b2]::model::test::create_note_should_pass::inner::{closure#0}>::{closure#0}, sqlx_core[246ad2de5bba9fb8]::testing::run_test_with_pool<sqlx_postgres[773877d07257baec]::database::Postgres, fn(sqlx_core[246ad2de5bba9fb8]::pool::Pool<sqlx_postgres[773877d07257baec]::database::Postgres>) -> noted[7eefcd87a7f3f5b2]::model::test::create_note_should_pass::inner::{closure#0}, noted[7eefcd87a7f3f5b2]::model::test::create_note_should_pass::inner::{closure#0}>::{closure#0}::{closure#0}>::{closure#0}>>::{closure#0}::{closure#0}>
[INFO] [stdout]   15:     0x5caffb620374 - <tokio[316f3c8caf3bdfd9]::runtime::context::scoped::Scoped<tokio[316f3c8caf3bdfd9]::runtime::scheduler::Context>>::set::<<tokio[316f3c8caf3bdfd9]::runtime::scheduler::current_thread::CoreGuard>::enter<<tokio[316f3c8caf3bdfd9]::runtime::scheduler::current_thread::CoreGuard>::block_on<core[df12db4294e9bfd3]::pin::Pin<&mut sqlx_core[246ad2de5bba9fb8]::testing::run_test<sqlx_postgres[773877d07257baec]::database::Postgres, sqlx_core[246ad2de5bba9fb8]::testing::run_test_with_pool<sqlx_postgres[773877d07257baec]::database::Postgres, fn(sqlx_core[246ad2de5bba9fb8]::pool::Pool<sqlx_postgres[773877d07257baec]::database::Postgres>) -> noted[7eefcd87a7f3f5b2]::model::test::create_note_should_pass::inner::{closure#0}, noted[7eefcd87a7f3f5b2]::model::test::create_note_should_pass::inner::{closure#0}>::{closure#0}, sqlx_core[246ad2de5bba9fb8]::testing::run_test_with_pool<sqlx_postgres[773877d07257baec]::database::Postgres, fn(sqlx_core[246ad2de5bba9fb8]::pool::Pool<sqlx_postgres[773877d07257baec]::database::Postgres>) -> noted[7eefcd87a7f3f5b2]::model::test::create_note_should_pass::inner::{closure#0}, noted[7eefcd87a7f3f5b2]::model::test::create_note_should_pass::inner::{closure#0}>::{closure#0}::{closure#0}>::{closure#0}>>::{closure#0}, core[df12db4294e9bfd3]::option::Option<core[df12db4294e9bfd3]::result::Result<(), sqlx_core[246ad2de5bba9fb8]::error::Error>>>::{closure#0}, (alloc[2182bb758b4b3781]::boxed::Box<tokio[316f3c8caf3bdfd9]::runtime::scheduler::current_thread::Core>, core[df12db4294e9bfd3]::option::Option<core[df12db4294e9bfd3]::result::Result<(), sqlx_core[246ad2de5bba9fb8]::error::Error>>)>
[INFO] [stdout]   16:     0x5caffb5ed3d5 - <tokio[316f3c8caf3bdfd9]::runtime::scheduler::current_thread::CoreGuard>::block_on::<core[df12db4294e9bfd3]::pin::Pin<&mut sqlx_core[246ad2de5bba9fb8]::testing::run_test<sqlx_postgres[773877d07257baec]::database::Postgres, sqlx_core[246ad2de5bba9fb8]::testing::run_test_with_pool<sqlx_postgres[773877d07257baec]::database::Postgres, fn(sqlx_core[246ad2de5bba9fb8]::pool::Pool<sqlx_postgres[773877d07257baec]::database::Postgres>) -> noted[7eefcd87a7f3f5b2]::model::test::create_note_should_pass::inner::{closure#0}, noted[7eefcd87a7f3f5b2]::model::test::create_note_should_pass::inner::{closure#0}>::{closure#0}, sqlx_core[246ad2de5bba9fb8]::testing::run_test_with_pool<sqlx_postgres[773877d07257baec]::database::Postgres, fn(sqlx_core[246ad2de5bba9fb8]::pool::Pool<sqlx_postgres[773877d07257baec]::database::Postgres>) -> noted[7eefcd87a7f3f5b2]::model::test::create_note_should_pass::inner::{closure#0}, noted[7eefcd87a7f3f5b2]::model::test::create_note_should_pass::inner::{closure#0}>::{closure#0}::{closure#0}>::{closure#0}>>
[INFO] [stdout]   17:     0x5caffb5f9e72 - tokio[316f3c8caf3bdfd9]::runtime::context::runtime::enter_runtime::<<tokio[316f3c8caf3bdfd9]::runtime::scheduler::current_thread::CurrentThread>::block_on<sqlx_core[246ad2de5bba9fb8]::testing::run_test<sqlx_postgres[773877d07257baec]::database::Postgres, sqlx_core[246ad2de5bba9fb8]::testing::run_test_with_pool<sqlx_postgres[773877d07257baec]::database::Postgres, fn(sqlx_core[246ad2de5bba9fb8]::pool::Pool<sqlx_postgres[773877d07257baec]::database::Postgres>) -> noted[7eefcd87a7f3f5b2]::model::test::create_note_should_pass::inner::{closure#0}, noted[7eefcd87a7f3f5b2]::model::test::create_note_should_pass::inner::{closure#0}>::{closure#0}, sqlx_core[246ad2de5bba9fb8]::testing::run_test_with_pool<sqlx_postgres[773877d07257baec]::database::Postgres, fn(sqlx_core[246ad2de5bba9fb8]::pool::Pool<sqlx_postgres[773877d07257baec]::database::Postgres>) -> noted[7eefcd87a7f3f5b2]::model::test::create_note_should_pass::inner::{closure#0}, noted[7eefcd87a7f3f5b2]::model::test::create_note_should_pass::inner::{closure#0}>::{closure#0}::{closure#0}>::{closure#0}>::{closure#0}, core[df12db4294e9bfd3]::result::Result<(), sqlx_core[246ad2de5bba9fb8]::error::Error>>
[INFO] [stdout]   18:     0x5caffb60f3e5 - <tokio[316f3c8caf3bdfd9]::runtime::runtime::Runtime>::block_on::<sqlx_core[246ad2de5bba9fb8]::testing::run_test<sqlx_postgres[773877d07257baec]::database::Postgres, sqlx_core[246ad2de5bba9fb8]::testing::run_test_with_pool<sqlx_postgres[773877d07257baec]::database::Postgres, fn(sqlx_core[246ad2de5bba9fb8]::pool::Pool<sqlx_postgres[773877d07257baec]::database::Postgres>) -> noted[7eefcd87a7f3f5b2]::model::test::create_note_should_pass::inner::{closure#0}, noted[7eefcd87a7f3f5b2]::model::test::create_note_should_pass::inner::{closure#0}>::{closure#0}, sqlx_core[246ad2de5bba9fb8]::testing::run_test_with_pool<sqlx_postgres[773877d07257baec]::database::Postgres, fn(sqlx_core[246ad2de5bba9fb8]::pool::Pool<sqlx_postgres[773877d07257baec]::database::Postgres>) -> noted[7eefcd87a7f3f5b2]::model::test::create_note_should_pass::inner::{closure#0}, noted[7eefcd87a7f3f5b2]::model::test::create_note_should_pass::inner::{closure#0}>::{closure#0}::{closure#0}>::{closure#0}>
[INFO] [stdout]   19:     0x5caffb6215ca - sqlx_core[246ad2de5bba9fb8]::rt::test_block_on::<sqlx_core[246ad2de5bba9fb8]::testing::run_test<sqlx_postgres[773877d07257baec]::database::Postgres, sqlx_core[246ad2de5bba9fb8]::testing::run_test_with_pool<sqlx_postgres[773877d07257baec]::database::Postgres, fn(sqlx_core[246ad2de5bba9fb8]::pool::Pool<sqlx_postgres[773877d07257baec]::database::Postgres>) -> noted[7eefcd87a7f3f5b2]::model::test::create_note_should_pass::inner::{closure#0}, noted[7eefcd87a7f3f5b2]::model::test::create_note_should_pass::inner::{closure#0}>::{closure#0}, sqlx_core[246ad2de5bba9fb8]::testing::run_test_with_pool<sqlx_postgres[773877d07257baec]::database::Postgres, fn(sqlx_core[246ad2de5bba9fb8]::pool::Pool<sqlx_postgres[773877d07257baec]::database::Postgres>) -> noted[7eefcd87a7f3f5b2]::model::test::create_note_should_pass::inner::{closure#0}, noted[7eefcd87a7f3f5b2]::model::test::create_note_should_pass::inner::{closure#0}>::{closure#0}::{closure#0}>::{closure#0}>
[INFO] [stdout]   20:     0x5caffb6196f9 - <noted[7eefcd87a7f3f5b2]::model::test::create_note_should_pass::{closure#0} as core[df12db4294e9bfd3]::ops::function::FnOnce<()>>::call_once
[INFO] [stdout]   21:     0x5caffb63414b - test[9d35eded1c95d3be]::__rust_begin_short_backtrace::<core[df12db4294e9bfd3]::result::Result<(), alloc[2182bb758b4b3781]::string::String>, fn() -> core[df12db4294e9bfd3]::result::Result<(), alloc[2182bb758b4b3781]::string::String>>
[INFO] [stdout]   22:     0x5caffb6417b5 - test[9d35eded1c95d3be]::run_test::{closure#0}
[INFO] [stdout]   23:     0x5caffb63b074 - std[70759c8f55707aa4]::sys::backtrace::__rust_begin_short_backtrace::<test[9d35eded1c95d3be]::run_test::{closure#1}, ()>
[INFO] [stdout]   24:     0x5caffb644912 - <std[70759c8f55707aa4]::thread::lifecycle::spawn_unchecked<test[9d35eded1c95d3be]::run_test::{closure#1}, ()>::{closure#1} as core[df12db4294e9bfd3]::ops::function::FnOnce<()>>::call_once::{shim:vtable#0}
[INFO] [stdout]   25:     0x5caffb84b6e9 - <std[70759c8f55707aa4]::sys::thread::unix::Thread>::new::thread_start
[INFO] [stdout]   26:     0x721449015dfa - <unknown>
[INFO] [stdout]   27:     0x7214490a93d4 - clone
[INFO] [stdout]   28:                0x0 - <unknown>
[INFO] [stdout] 
[INFO] [stdout] ---- model::test::delete_note_should_pass stdout ----
[INFO] [stdout] 
[INFO] [stdout] thread 'model::test::delete_note_should_pass' (4327) panicked at /opt/rustwide/cargo-home/registry/src/index.crates.io-1949cf8c6b5b557f/sqlx-postgres-0.7.3/src/testing/mod.rs:81:44:
[INFO] [stdout] DATABASE_URL must be set: EnvVar(NotPresent)
[INFO] [stdout] stack backtrace:
[INFO] [stdout]    0:     0x5caffb84c4e1 - <<std[70759c8f55707aa4]::sys::backtrace::BacktraceLock>::print::DisplayBacktrace as core[df12db4294e9bfd3]::fmt::Display>::fmt
[INFO] [stdout]    1:     0x5caffb86395a - core[df12db4294e9bfd3]::fmt::write
[INFO] [stdout]    2:     0x5caffb850ebc - <alloc[2182bb758b4b3781]::vec::Vec<u8> as core[df12db4294e9bfd3]::io::write::Write>::write_fmt
[INFO] [stdout]    3:     0x5caffb8274c6 - std[70759c8f55707aa4]::panicking::default_hook::{closure#0}
[INFO] [stdout]    4:     0x5caffb844079 - std[70759c8f55707aa4]::panicking::default_hook
[INFO] [stdout]    5:     0x5caffb640e60 - test[9d35eded1c95d3be]::test_main_inner::<test[9d35eded1c95d3be]::test_main_static::{closure#0}>::{closure#0}
[INFO] [stdout]    6:     0x5caffb8443a2 - std[70759c8f55707aa4]::panicking::panic_with_hook
[INFO] [stdout]    7:     0x5caffb827572 - std[70759c8f55707aa4]::panicking::panic_handler::{closure#0}
[INFO] [stdout]    8:     0x5caffb81fe49 - std[70759c8f55707aa4]::sys::backtrace::__rust_end_short_backtrace::<std[70759c8f55707aa4]::panicking::panic_handler::{closure#0}, !>
[INFO] [stdout]    9:     0x5caffb8283fd - __rustc[8fa7c3cbc660c2b3]::rust_begin_unwind
[INFO] [stdout]   10:     0x5caffb8640bc - core[df12db4294e9bfd3]::panicking::panic_fmt
[INFO] [stdout]   11:     0x5caffb863e92 - core[df12db4294e9bfd3]::result::unwrap_failed
[INFO] [stdout]   12:     0x5caffb6bc932 - <sqlx_postgres[773877d07257baec]::database::Postgres as sqlx_core[246ad2de5bba9fb8]::testing::TestSupport>::test_context::{closure#0}
[INFO] [stdout]   13:     0x5caffb5b983a - <core[df12db4294e9bfd3]::pin::Pin<&mut sqlx_core[246ad2de5bba9fb8]::testing::run_test<sqlx_postgres[773877d07257baec]::database::Postgres, sqlx_core[246ad2de5bba9fb8]::testing::run_test_with_pool<sqlx_postgres[773877d07257baec]::database::Postgres, fn(sqlx_core[246ad2de5bba9fb8]::pool::Pool<sqlx_postgres[773877d07257baec]::database::Postgres>) -> noted[7eefcd87a7f3f5b2]::model::test::delete_note_should_pass::inner::{closure#0}, noted[7eefcd87a7f3f5b2]::model::test::delete_note_should_pass::inner::{closure#0}>::{closure#0}, sqlx_core[246ad2de5bba9fb8]::testing::run_test_with_pool<sqlx_postgres[773877d07257baec]::database::Postgres, fn(sqlx_core[246ad2de5bba9fb8]::pool::Pool<sqlx_postgres[773877d07257baec]::database::Postgres>) -> noted[7eefcd87a7f3f5b2]::model::test::delete_note_should_pass::inner::{closure#0}, noted[7eefcd87a7f3f5b2]::model::test::delete_note_should_pass::inner::{closure#0}>::{closure#0}::{closure#0}>::{closure#0}> as core[df12db4294e9bfd3]::future::future::Future>::poll
[INFO] [stdout]   14:     0x5caffb5ec308 - <tokio[316f3c8caf3bdfd9]::runtime::scheduler::current_thread::Context>::enter::<core[df12db4294e9bfd3]::task::poll::Poll<core[df12db4294e9bfd3]::result::Result<(), sqlx_core[246ad2de5bba9fb8]::error::Error>>, <tokio[316f3c8caf3bdfd9]::runtime::scheduler::current_thread::CoreGuard>::block_on<core[df12db4294e9bfd3]::pin::Pin<&mut sqlx_core[246ad2de5bba9fb8]::testing::run_test<sqlx_postgres[773877d07257baec]::database::Postgres, sqlx_core[246ad2de5bba9fb8]::testing::run_test_with_pool<sqlx_postgres[773877d07257baec]::database::Postgres, fn(sqlx_core[246ad2de5bba9fb8]::pool::Pool<sqlx_postgres[773877d07257baec]::database::Postgres>) -> noted[7eefcd87a7f3f5b2]::model::test::delete_note_should_pass::inner::{closure#0}, noted[7eefcd87a7f3f5b2]::model::test::delete_note_should_pass::inner::{closure#0}>::{closure#0}, sqlx_core[246ad2de5bba9fb8]::testing::run_test_with_pool<sqlx_postgres[773877d07257baec]::database::Postgres, fn(sqlx_core[246ad2de5bba9fb8]::pool::Pool<sqlx_postgres[773877d07257baec]::database::Postgres>) -> noted[7eefcd87a7f3f5b2]::model::test::delete_note_should_pass::inner::{closure#0}, noted[7eefcd87a7f3f5b2]::model::test::delete_note_should_pass::inner::{closure#0}>::{closure#0}::{closure#0}>::{closure#0}>>::{closure#0}::{closure#0}>
[INFO] [stdout]   15:     0x5caffb620534 - <tokio[316f3c8caf3bdfd9]::runtime::context::scoped::Scoped<tokio[316f3c8caf3bdfd9]::runtime::scheduler::Context>>::set::<<tokio[316f3c8caf3bdfd9]::runtime::scheduler::current_thread::CoreGuard>::enter<<tokio[316f3c8caf3bdfd9]::runtime::scheduler::current_thread::CoreGuard>::block_on<core[df12db4294e9bfd3]::pin::Pin<&mut sqlx_core[246ad2de5bba9fb8]::testing::run_test<sqlx_postgres[773877d07257baec]::database::Postgres, sqlx_core[246ad2de5bba9fb8]::testing::run_test_with_pool<sqlx_postgres[773877d07257baec]::database::Postgres, fn(sqlx_core[246ad2de5bba9fb8]::pool::Pool<sqlx_postgres[773877d07257baec]::database::Postgres>) -> noted[7eefcd87a7f3f5b2]::model::test::delete_note_should_pass::inner::{closure#0}, noted[7eefcd87a7f3f5b2]::model::test::delete_note_should_pass::inner::{closure#0}>::{closure#0}, sqlx_core[246ad2de5bba9fb8]::testing::run_test_with_pool<sqlx_postgres[773877d07257baec]::database::Postgres, fn(sqlx_core[246ad2de5bba9fb8]::pool::Pool<sqlx_postgres[773877d07257baec]::database::Postgres>) -> noted[7eefcd87a7f3f5b2]::model::test::delete_note_should_pass::inner::{closure#0}, noted[7eefcd87a7f3f5b2]::model::test::delete_note_should_pass::inner::{closure#0}>::{closure#0}::{closure#0}>::{closure#0}>>::{closure#0}, core[df12db4294e9bfd3]::option::Option<core[df12db4294e9bfd3]::result::Result<(), sqlx_core[246ad2de5bba9fb8]::error::Error>>>::{closure#0}, (alloc[2182bb758b4b3781]::boxed::Box<tokio[316f3c8caf3bdfd9]::runtime::scheduler::current_thread::Core>, core[df12db4294e9bfd3]::option::Option<core[df12db4294e9bfd3]::result::Result<(), sqlx_core[246ad2de5bba9fb8]::error::Error>>)>
[INFO] [stdout]   16:     0x5caffb5ed665 - <tokio[316f3c8caf3bdfd9]::runtime::scheduler::current_thread::CoreGuard>::block_on::<core[df12db4294e9bfd3]::pin::Pin<&mut sqlx_core[246ad2de5bba9fb8]::testing::run_test<sqlx_postgres[773877d07257baec]::database::Postgres, sqlx_core[246ad2de5bba9fb8]::testing::run_test_with_pool<sqlx_postgres[773877d07257baec]::database::Postgres, fn(sqlx_core[246ad2de5bba9fb8]::pool::Pool<sqlx_postgres[773877d07257baec]::database::Postgres>) -> noted[7eefcd87a7f3f5b2]::model::test::delete_note_should_pass::inner::{closure#0}, noted[7eefcd87a7f3f5b2]::model::test::delete_note_should_pass::inner::{closure#0}>::{closure#0}, sqlx_core[246ad2de5bba9fb8]::testing::run_test_with_pool<sqlx_postgres[773877d07257baec]::database::Postgres, fn(sqlx_core[246ad2de5bba9fb8]::pool::Pool<sqlx_postgres[773877d07257baec]::database::Postgres>) -> noted[7eefcd87a7f3f5b2]::model::test::delete_note_should_pass::inner::{closure#0}, noted[7eefcd87a7f3f5b2]::model::test::delete_note_should_pass::inner::{closure#0}>::{closure#0}::{closure#0}>::{closure#0}>>
[INFO] [stdout]   17:     0x5caffb5fa282 - tokio[316f3c8caf3bdfd9]::runtime::context::runtime::enter_runtime::<<tokio[316f3c8caf3bdfd9]::runtime::scheduler::current_thread::CurrentThread>::block_on<sqlx_core[246ad2de5bba9fb8]::testing::run_test<sqlx_postgres[773877d07257baec]::database::Postgres, sqlx_core[246ad2de5bba9fb8]::testing::run_test_with_pool<sqlx_postgres[773877d07257baec]::database::Postgres, fn(sqlx_core[246ad2de5bba9fb8]::pool::Pool<sqlx_postgres[773877d07257baec]::database::Postgres>) -> noted[7eefcd87a7f3f5b2]::model::test::delete_note_should_pass::inner::{closure#0}, noted[7eefcd87a7f3f5b2]::model::test::delete_note_should_pass::inner::{closure#0}>::{closure#0}, sqlx_core[246ad2de5bba9fb8]::testing::run_test_with_pool<sqlx_postgres[773877d07257baec]::database::Postgres, fn(sqlx_core[246ad2de5bba9fb8]::pool::Pool<sqlx_postgres[773877d07257baec]::database::Postgres>) -> noted[7eefcd87a7f3f5b2]::model::test::delete_note_should_pass::inner::{closure#0}, noted[7eefcd87a7f3f5b2]::model::test::delete_note_should_pass::inner::{closure#0}>::{closure#0}::{closure#0}>::{closure#0}>::{closure#0}, core[df12db4294e9bfd3]::result::Result<(), sqlx_core[246ad2de5bba9fb8]::error::Error>>
[INFO] [stdout]   18:     0x5caffb60f555 - <tokio[316f3c8caf3bdfd9]::runtime::runtime::Runtime>::block_on::<sqlx_core[246ad2de5bba9fb8]::testing::run_test<sqlx_postgres[773877d07257baec]::database::Postgres, sqlx_core[246ad2de5bba9fb8]::testing::run_test_with_pool<sqlx_postgres[773877d07257baec]::database::Postgres, fn(sqlx_core[246ad2de5bba9fb8]::pool::Pool<sqlx_postgres[773877d07257baec]::database::Postgres>) -> noted[7eefcd87a7f3f5b2]::model::test::delete_note_should_pass::inner::{closure#0}, noted[7eefcd87a7f3f5b2]::model::test::delete_note_should_pass::inner::{closure#0}>::{closure#0}, sqlx_core[246ad2de5bba9fb8]::testing::run_test_with_pool<sqlx_postgres[773877d07257baec]::database::Postgres, fn(sqlx_core[246ad2de5bba9fb8]::pool::Pool<sqlx_postgres[773877d07257baec]::database::Postgres>) -> noted[7eefcd87a7f3f5b2]::model::test::delete_note_should_pass::inner::{closure#0}, noted[7eefcd87a7f3f5b2]::model::test::delete_note_should_pass::inner::{closure#0}>::{closure#0}::{closure#0}>::{closure#0}>
[INFO] [stdout]   19:     0x5caffb62173a - sqlx_core[246ad2de5bba9fb8]::rt::test_block_on::<sqlx_core[246ad2de5bba9fb8]::testing::run_test<sqlx_postgres[773877d07257baec]::database::Postgres, sqlx_core[246ad2de5bba9fb8]::testing::run_test_with_pool<sqlx_postgres[773877d07257baec]::database::Postgres, fn(sqlx_core[246ad2de5bba9fb8]::pool::Pool<sqlx_postgres[773877d07257baec]::database::Postgres>) -> noted[7eefcd87a7f3f5b2]::model::test::delete_note_should_pass::inner::{closure#0}, noted[7eefcd87a7f3f5b2]::model::test::delete_note_should_pass::inner::{closure#0}>::{closure#0}, sqlx_core[246ad2de5bba9fb8]::testing::run_test_with_pool<sqlx_postgres[773877d07257baec]::database::Postgres, fn(sqlx_core[246ad2de5bba9fb8]::pool::Pool<sqlx_postgres[773877d07257baec]::database::Postgres>) -> noted[7eefcd87a7f3f5b2]::model::test::delete_note_should_pass::inner::{closure#0}, noted[7eefcd87a7f3f5b2]::model::test::delete_note_should_pass::inner::{closure#0}>::{closure#0}::{closure#0}>::{closure#0}>
[INFO] [stdout]   20:     0x5caffb619859 - <noted[7eefcd87a7f3f5b2]::model::test::delete_note_should_pass::{closure#0} as core[df12db4294e9bfd3]::ops::function::FnOnce<()>>::call_once
[INFO] [stdout]   21:     0x5caffb63414b - test[9d35eded1c95d3be]::__rust_begin_short_backtrace::<core[df12db4294e9bfd3]::result::Result<(), alloc[2182bb758b4b3781]::string::String>, fn() -> core[df12db4294e9bfd3]::result::Result<(), alloc[2182bb758b4b3781]::string::String>>
[INFO] [stdout]   22:     0x5caffb6417b5 - test[9d35eded1c95d3be]::run_test::{closure#0}
[INFO] [stdout]   23:     0x5caffb63b074 - std[70759c8f55707aa4]::sys::backtrace::__rust_begin_short_backtrace::<test[9d35eded1c95d3be]::run_test::{closure#1}, ()>
[INFO] [stdout]   24:     0x5caffb644912 - <std[70759c8f55707aa4]::thread::lifecycle::spawn_unchecked<test[9d35eded1c95d3be]::run_test::{closure#1}, ()>::{closure#1} as core[df12db4294e9bfd3]::ops::function::FnOnce<()>>::call_once::{shim:vtable#0}
[INFO] [stdout]   25:     0x5caffb84b6e9 - <std[70759c8f55707aa4]::sys::thread::unix::Thread>::new::thread_start
[INFO] [stdout]   26:     0x721449015dfa - <unknown>
[INFO] [stdout]   27:     0x7214490a93d4 - clone
[INFO] [stdout]   28:                0x0 - <unknown>
[INFO] [stdout] 
[INFO] [stdout] ---- model::test::search_notes_should_pass stdout ----
[INFO] [stdout] 
[INFO] [stdout] thread 'model::test::search_notes_should_pass' (4331) panicked at /opt/rustwide/cargo-home/registry/src/index.crates.io-1949cf8c6b5b557f/sqlx-postgres-0.7.3/src/testing/mod.rs:81:44:
[INFO] [stdout] DATABASE_URL must be set: EnvVar(NotPresent)
[INFO] [stdout] stack backtrace:
[INFO] [stdout]    0:     0x5caffb84c4e1 - <<std[70759c8f55707aa4]::sys::backtrace::BacktraceLock>::print::DisplayBacktrace as core[df12db4294e9bfd3]::fmt::Display>::fmt
[INFO] [stdout]    1:     0x5caffb86395a - core[df12db4294e9bfd3]::fmt::write
[INFO] [stdout]    2:     0x5caffb850ebc - <alloc[2182bb758b4b3781]::vec::Vec<u8> as core[df12db4294e9bfd3]::io::write::Write>::write_fmt
[INFO] [stdout]    3:     0x5caffb8274c6 - std[70759c8f55707aa4]::panicking::default_hook::{closure#0}
[INFO] [stdout]    4:     0x5caffb844079 - std[70759c8f55707aa4]::panicking::default_hook
[INFO] [stdout]    5:     0x5caffb640e60 - test[9d35eded1c95d3be]::test_main_inner::<test[9d35eded1c95d3be]::test_main_static::{closure#0}>::{closure#0}
[INFO] [stdout]    6:     0x5caffb8443a2 - std[70759c8f55707aa4]::panicking::panic_with_hook
[INFO] [stdout]    7:     0x5caffb827572 - std[70759c8f55707aa4]::panicking::panic_handler::{closure#0}
[INFO] [stdout]    8:     0x5caffb81fe49 - std[70759c8f55707aa4]::sys::backtrace::__rust_end_short_backtrace::<std[70759c8f55707aa4]::panicking::panic_handler::{closure#0}, !>
[INFO] [stdout]    9:     0x5caffb8283fd - __rustc[8fa7c3cbc660c2b3]::rust_begin_unwind
[INFO] [stdout]   10:     0x5caffb8640bc - core[df12db4294e9bfd3]::panicking::panic_fmt
[INFO] [stdout]   11:     0x5caffb863e92 - core[df12db4294e9bfd3]::result::unwrap_failed
[INFO] [stdout]   12:     0x5caffb6bc932 - <sqlx_postgres[773877d07257baec]::database::Postgres as sqlx_core[246ad2de5bba9fb8]::testing::TestSupport>::test_context::{closure#0}
[INFO] [stdout]   13:     0x5caffb5bbbdb - <core[df12db4294e9bfd3]::pin::Pin<&mut sqlx_core[246ad2de5bba9fb8]::testing::run_test<sqlx_postgres[773877d07257baec]::database::Postgres, sqlx_core[246ad2de5bba9fb8]::testing::run_test_with_pool<sqlx_postgres[773877d07257baec]::database::Postgres, fn(sqlx_core[246ad2de5bba9fb8]::pool::Pool<sqlx_postgres[773877d07257baec]::database::Postgres>) -> noted[7eefcd87a7f3f5b2]::model::test::search_notes_should_pass::inner::{closure#0}, noted[7eefcd87a7f3f5b2]::model::test::search_notes_should_pass::inner::{closure#0}>::{closure#0}, sqlx_core[246ad2de5bba9fb8]::testing::run_test_with_pool<sqlx_postgres[773877d07257baec]::database::Postgres, fn(sqlx_core[246ad2de5bba9fb8]::pool::Pool<sqlx_postgres[773877d07257baec]::database::Postgres>) -> noted[7eefcd87a7f3f5b2]::model::test::search_notes_should_pass::inner::{closure#0}, noted[7eefcd87a7f3f5b2]::model::test::search_notes_should_pass::inner::{closure#0}>::{closure#0}::{closure#0}>::{closure#0}> as core[df12db4294e9bfd3]::future::future::Future>::poll
[INFO] [stdout]   14:     0x5caffb5ec6c8 - <tokio[316f3c8caf3bdfd9]::runtime::scheduler::current_thread::Context>::enter::<core[df12db4294e9bfd3]::task::poll::Poll<core[df12db4294e9bfd3]::result::Result<(), sqlx_core[246ad2de5bba9fb8]::error::Error>>, <tokio[316f3c8caf3bdfd9]::runtime::scheduler::current_thread::CoreGuard>::block_on<core[df12db4294e9bfd3]::pin::Pin<&mut sqlx_core[246ad2de5bba9fb8]::testing::run_test<sqlx_postgres[773877d07257baec]::database::Postgres, sqlx_core[246ad2de5bba9fb8]::testing::run_test_with_pool<sqlx_postgres[773877d07257baec]::database::Postgres, fn(sqlx_core[246ad2de5bba9fb8]::pool::Pool<sqlx_postgres[773877d07257baec]::database::Postgres>) -> noted[7eefcd87a7f3f5b2]::model::test::search_notes_should_pass::inner::{closure#0}, noted[7eefcd87a7f3f5b2]::model::test::search_notes_should_pass::inner::{closure#0}>::{closure#0}, sqlx_core[246ad2de5bba9fb8]::testing::run_test_with_pool<sqlx_postgres[773877d07257baec]::database::Postgres, fn(sqlx_core[246ad2de5bba9fb8]::pool::Pool<sqlx_postgres[773877d07257baec]::database::Postgres>) -> noted[7eefcd87a7f3f5b2]::model::test::search_notes_should_pass::inner::{closure#0}, noted[7eefcd87a7f3f5b2]::model::test::search_notes_should_pass::inner::{closure#0}>::{closure#0}::{closure#0}>::{closure#0}>>::{closure#0}::{closure#0}>
[INFO] [stdout]   15:     0x5caffb6208b4 - <tokio[316f3c8caf3bdfd9]::runtime::context::scoped::Scoped<tokio[316f3c8caf3bdfd9]::runtime::scheduler::Context>>::set::<<tokio[316f3c8caf3bdfd9]::runtime::scheduler::current_thread::CoreGuard>::enter<<tokio[316f3c8caf3bdfd9]::runtime::scheduler::current_thread::CoreGuard>::block_on<core[df12db4294e9bfd3]::pin::Pin<&mut sqlx_core[246ad2de5bba9fb8]::testing::run_test<sqlx_postgres[773877d07257baec]::database::Postgres, sqlx_core[246ad2de5bba9fb8]::testing::run_test_with_pool<sqlx_postgres[773877d07257baec]::database::Postgres, fn(sqlx_core[246ad2de5bba9fb8]::pool::Pool<sqlx_postgres[773877d07257baec]::database::Postgres>) -> noted[7eefcd87a7f3f5b2]::model::test::search_notes_should_pass::inner::{closure#0}, noted[7eefcd87a7f3f5b2]::model::test::search_notes_should_pass::inner::{closure#0}>::{closure#0}, sqlx_core[246ad2de5bba9fb8]::testing::run_test_with_pool<sqlx_postgres[773877d07257baec]::database::Postgres, fn(sqlx_core[246ad2de5bba9fb8]::pool::Pool<sqlx_postgres[773877d07257baec]::database::Postgres>) -> noted[7eefcd87a7f3f5b2]::model::test::search_notes_should_pass::inner::{closure#0}, noted[7eefcd87a7f3f5b2]::model::test::search_notes_should_pass::inner::{closure#0}>::{closure#0}::{closure#0}>::{closure#0}>>::{closure#0}, core[df12db4294e9bfd3]::option::Option<core[df12db4294e9bfd3]::result::Result<(), sqlx_core[246ad2de5bba9fb8]::error::Error>>>::{closure#0}, (alloc[2182bb758b4b3781]::boxed::Box<tokio[316f3c8caf3bdfd9]::runtime::scheduler::current_thread::Core>, core[df12db4294e9bfd3]::option::Option<core[df12db4294e9bfd3]::result::Result<(), sqlx_core[246ad2de5bba9fb8]::error::Error>>)>
[INFO] [stdout]   16:     0x5caffb5edb85 - <tokio[316f3c8caf3bdfd9]::runtime::scheduler::current_thread::CoreGuard>::block_on::<core[df12db4294e9bfd3]::pin::Pin<&mut sqlx_core[246ad2de5bba9fb8]::testing::run_test<sqlx_postgres[773877d07257baec]::database::Postgres, sqlx_core[246ad2de5bba9fb8]::testing::run_test_with_pool<sqlx_postgres[773877d07257baec]::database::Postgres, fn(sqlx_core[246ad2de5bba9fb8]::pool::Pool<sqlx_postgres[773877d07257baec]::database::Postgres>) -> noted[7eefcd87a7f3f5b2]::model::test::search_notes_should_pass::inner::{closure#0}, noted[7eefcd87a7f3f5b2]::model::test::search_notes_should_pass::inner::{closure#0}>::{closure#0}, sqlx_core[246ad2de5bba9fb8]::testing::run_test_with_pool<sqlx_postgres[773877d07257baec]::database::Postgres, fn(sqlx_core[246ad2de5bba9fb8]::pool::Pool<sqlx_postgres[773877d07257baec]::database::Postgres>) -> noted[7eefcd87a7f3f5b2]::model::test::search_notes_should_pass::inner::{closure#0}, noted[7eefcd87a7f3f5b2]::model::test::search_notes_should_pass::inner::{closure#0}>::{closure#0}::{closure#0}>::{closure#0}>>
[INFO] [stdout]   17:     0x5caffb5faaa2 - tokio[316f3c8caf3bdfd9]::runtime::context::runtime::enter_runtime::<<tokio[316f3c8caf3bdfd9]::runtime::scheduler::current_thread::CurrentThread>::block_on<sqlx_core[246ad2de5bba9fb8]::testing::run_test<sqlx_postgres[773877d07257baec]::database::Postgres, sqlx_core[246ad2de5bba9fb8]::testing::run_test_with_pool<sqlx_postgres[773877d07257baec]::database::Postgres, fn(sqlx_core[246ad2de5bba9fb8]::pool::Pool<sqlx_postgres[773877d07257baec]::database::Postgres>) -> noted[7eefcd87a7f3f5b2]::model::test::search_notes_should_pass::inner::{closure#0}, noted[7eefcd87a7f3f5b2]::model::test::search_notes_should_pass::inner::{closure#0}>::{closure#0}, sqlx_core[246ad2de5bba9fb8]::testing::run_test_with_pool<sqlx_postgres[773877d07257baec]::database::Postgres, fn(sqlx_core[246ad2de5bba9fb8]::pool::Pool<sqlx_postgres[773877d07257baec]::database::Postgres>) -> noted[7eefcd87a7f3f5b2]::model::test::search_notes_should_pass::inner::{closure#0}, noted[7eefcd87a7f3f5b2]::model::test::search_notes_should_pass::inner::{closure#0}>::{closure#0}::{closure#0}>::{closure#0}>::{closure#0}, core[df12db4294e9bfd3]::result::Result<(), sqlx_core[246ad2de5bba9fb8]::error::Error>>
[INFO] [stdout]   18:     0x5caffb60f835 - <tokio[316f3c8caf3bdfd9]::runtime::runtime::Runtime>::block_on::<sqlx_core[246ad2de5bba9fb8]::testing::run_test<sqlx_postgres[773877d07257baec]::database::Postgres, sqlx_core[246ad2de5bba9fb8]::testing::run_test_with_pool<sqlx_postgres[773877d07257baec]::database::Postgres, fn(sqlx_core[246ad2de5bba9fb8]::pool::Pool<sqlx_postgres[773877d07257baec]::database::Postgres>) -> noted[7eefcd87a7f3f5b2]::model::test::search_notes_should_pass::inner::{closure#0}, noted[7eefcd87a7f3f5b2]::model::test::search_notes_should_pass::inner::{closure#0}>::{closure#0}, sqlx_core[246ad2de5bba9fb8]::testing::run_test_with_pool<sqlx_postgres[773877d07257baec]::database::Postgres, fn(sqlx_core[246ad2de5bba9fb8]::pool::Pool<sqlx_postgres[773877d07257baec]::database::Postgres>) -> noted[7eefcd87a7f3f5b2]::model::test::search_notes_should_pass::inner::{closure#0}, noted[7eefcd87a7f3f5b2]::model::test::search_notes_should_pass::inner::{closure#0}>::{closure#0}::{closure#0}>::{closure#0}>
[INFO] [stdout]   19:     0x5caffb621a1a - sqlx_core[246ad2de5bba9fb8]::rt::test_block_on::<sqlx_core[246ad2de5bba9fb8]::testing::run_test<sqlx_postgres[773877d07257baec]::database::Postgres, sqlx_core[246ad2de5bba9fb8]::testing::run_test_with_pool<sqlx_postgres[773877d07257baec]::database::Postgres, fn(sqlx_core[246ad2de5bba9fb8]::pool::Pool<sqlx_postgres[773877d07257baec]::database::Postgres>) -> noted[7eefcd87a7f3f5b2]::model::test::search_notes_should_pass::inner::{closure#0}, noted[7eefcd87a7f3f5b2]::model::test::search_notes_should_pass::inner::{closure#0}>::{closure#0}, sqlx_core[246ad2de5bba9fb8]::testing::run_test_with_pool<sqlx_postgres[773877d07257baec]::database::Postgres, fn(sqlx_core[246ad2de5bba9fb8]::pool::Pool<sqlx_postgres[773877d07257baec]::database::Postgres>) -> noted[7eefcd87a7f3f5b2]::model::test::search_notes_should_pass::inner::{closure#0}, noted[7eefcd87a7f3f5b2]::model::test::search_notes_should_pass::inner::{closure#0}>::{closure#0}::{closure#0}>::{closure#0}>
[INFO] [stdout]   20:     0x5caffb619b19 - <noted[7eefcd87a7f3f5b2]::model::test::search_notes_should_pass::{closure#0} as core[df12db4294e9bfd3]::ops::function::FnOnce<()>>::call_once
[INFO] [stdout]   21:     0x5caffb63414b - test[9d35eded1c95d3be]::__rust_begin_short_backtrace::<core[df12db4294e9bfd3]::result::Result<(), alloc[2182bb758b4b3781]::string::String>, fn() -> core[df12db4294e9bfd3]::result::Result<(), alloc[2182bb758b4b3781]::string::String>>
[INFO] [stdout]   22:     0x5caffb6417b5 - test[9d35eded1c95d3be]::run_test::{closure#0}
[INFO] [stdout]   23:     0x5caffb63b074 - std[70759c8f55707aa4]::sys::backtrace::__rust_begin_short_backtrace::<test[9d35eded1c95d3be]::run_test::{closure#1}, ()>
[INFO] [stdout]   24:     0x5caffb644912 - <std[70759c8f55707aa4]::thread::lifecycle::spawn_unchecked<test[9d35eded1c95d3be]::run_test::{closure#1}, ()>::{closure#1} as core[df12db4294e9bfd3]::ops::function::FnOnce<()>>::call_once::{shim:vtable#0}
[INFO] [stdout]   25:     0x5caffb84b6e9 - <std[70759c8f55707aa4]::sys::thread::unix::Thread>::new::thread_start
[INFO] [stdout]   26:     0x721449015dfa - <unknown>
[INFO] [stdout]   27:     0x7214490a93d4 - clone
[INFO] [stdout]   28:                0x0 - <unknown>
[INFO] [stdout] 
[INFO] [stdout] ---- model::test::update_a_note_should_pass stdout ----
[INFO] [stdout] 
[INFO] [stdout] thread 'model::test::update_a_note_should_pass' (4332) panicked at /opt/rustwide/cargo-home/registry/src/index.crates.io-1949cf8c6b5b557f/sqlx-postgres-0.7.3/src/testing/mod.rs:81:44:
[INFO] [stdout] DATABASE_URL must be set: EnvVar(NotPresent)
[INFO] [stdout] stack backtrace:
[INFO] [stdout]    0:     0x5caffb84c4e1 - <<std[70759c8f55707aa4]::sys::backtrace::BacktraceLock>::print::DisplayBacktrace as core[df12db4294e9bfd3]::fmt::Display>::fmt
[INFO] [stdout]    1:     0x5caffb86395a - core[df12db4294e9bfd3]::fmt::write
[INFO] [stdout]    2:     0x5caffb850ebc - <alloc[2182bb758b4b3781]::vec::Vec<u8> as core[df12db4294e9bfd3]::io::write::Write>::write_fmt
[INFO] [stdout]    3:     0x5caffb8274c6 - std[70759c8f55707aa4]::panicking::default_hook::{closure#0}
[INFO] [stdout]    4:     0x5caffb844079 - std[70759c8f55707aa4]::panicking::default_hook
[INFO] [stdout]    5:     0x5caffb640e60 - test[9d35eded1c95d3be]::test_main_inner::<test[9d35eded1c95d3be]::test_main_static::{closure#0}>::{closure#0}
[INFO] [stdout]    6:     0x5caffb8443a2 - std[70759c8f55707aa4]::panicking::panic_with_hook
[INFO] [stdout]    7:     0x5caffb827572 - std[70759c8f55707aa4]::panicking::panic_handler::{closure#0}
[INFO] [stdout]    8:     0x5caffb81fe49 - std[70759c8f55707aa4]::sys::backtrace::__rust_end_short_backtrace::<std[70759c8f55707aa4]::panicking::panic_handler::{closure#0}, !>
[INFO] [stdout]    9:     0x5caffb8283fd - __rustc[8fa7c3cbc660c2b3]::rust_begin_unwind
[INFO] [stdout]   10:     0x5caffb8640bc - core[df12db4294e9bfd3]::panicking::panic_fmt
[INFO] [stdout]   11:     0x5caffb863e92 - core[df12db4294e9bfd3]::result::unwrap_failed
[INFO] [stdout]   12:     0x5caffb6bc932 - <sqlx_postgres[773877d07257baec]::database::Postgres as sqlx_core[246ad2de5bba9fb8]::testing::TestSupport>::test_context::{closure#0}
[INFO] [stdout]   13:     0x5caffb5bdf74 - <core[df12db4294e9bfd3]::pin::Pin<&mut sqlx_core[246ad2de5bba9fb8]::testing::run_test<sqlx_postgres[773877d07257baec]::database::Postgres, sqlx_core[246ad2de5bba9fb8]::testing::run_test_with_pool<sqlx_postgres[773877d07257baec]::database::Postgres, fn(sqlx_core[246ad2de5bba9fb8]::pool::Pool<sqlx_postgres[773877d07257baec]::database::Postgres>) -> noted[7eefcd87a7f3f5b2]::model::test::update_a_note_should_pass::inner::{closure#0}, noted[7eefcd87a7f3f5b2]::model::test::update_a_note_should_pass::inner::{closure#0}>::{closure#0}, sqlx_core[246ad2de5bba9fb8]::testing::run_test_with_pool<sqlx_postgres[773877d07257baec]::database::Postgres, fn(sqlx_core[246ad2de5bba9fb8]::pool::Pool<sqlx_postgres[773877d07257baec]::database::Postgres>) -> noted[7eefcd87a7f3f5b2]::model::test::update_a_note_should_pass::inner::{closure#0}, noted[7eefcd87a7f3f5b2]::model::test::update_a_note_should_pass::inner::{closure#0}>::{closure#0}::{closure#0}>::{closure#0}> as core[df12db4294e9bfd3]::future::future::Future>::poll
[INFO] [stdout]   14:     0x5caffb5eca88 - <tokio[316f3c8caf3bdfd9]::runtime::scheduler::current_thread::Context>::enter::<core[df12db4294e9bfd3]::task::poll::Poll<core[df12db4294e9bfd3]::result::Result<(), sqlx_core[246ad2de5bba9fb8]::error::Error>>, <tokio[316f3c8caf3bdfd9]::runtime::scheduler::current_thread::CoreGuard>::block_on<core[df12db4294e9bfd3]::pin::Pin<&mut sqlx_core[246ad2de5bba9fb8]::testing::run_test<sqlx_postgres[773877d07257baec]::database::Postgres, sqlx_core[246ad2de5bba9fb8]::testing::run_test_with_pool<sqlx_postgres[773877d07257baec]::database::Postgres, fn(sqlx_core[246ad2de5bba9fb8]::pool::Pool<sqlx_postgres[773877d07257baec]::database::Postgres>) -> noted[7eefcd87a7f3f5b2]::model::test::update_a_note_should_pass::inner::{closure#0}, noted[7eefcd87a7f3f5b2]::model::test::update_a_note_should_pass::inner::{closure#0}>::{closure#0}, sqlx_core[246ad2de5bba9fb8]::testing::run_test_with_pool<sqlx_postgres[773877d07257baec]::database::Postgres, fn(sqlx_core[246ad2de5bba9fb8]::pool::Pool<sqlx_postgres[773877d07257baec]::database::Postgres>) -> noted[7eefcd87a7f3f5b2]::model::test::update_a_note_should_pass::inner::{closure#0}, noted[7eefcd87a7f3f5b2]::model::test::update_a_note_should_pass::inner::{closure#0}>::{closure#0}::{closure#0}>::{closure#0}>>::{closure#0}::{closure#0}>
[INFO] [stdout]   15:     0x5caffb620c34 - <tokio[316f3c8caf3bdfd9]::runtime::context::scoped::Scoped<tokio[316f3c8caf3bdfd9]::runtime::scheduler::Context>>::set::<<tokio[316f3c8caf3bdfd9]::runtime::scheduler::current_thread::CoreGuard>::enter<<tokio[316f3c8caf3bdfd9]::runtime::scheduler::current_thread::CoreGuard>::block_on<core[df12db4294e9bfd3]::pin::Pin<&mut sqlx_core[246ad2de5bba9fb8]::testing::run_test<sqlx_postgres[773877d07257baec]::database::Postgres, sqlx_core[246ad2de5bba9fb8]::testing::run_test_with_pool<sqlx_postgres[773877d07257baec]::database::Postgres, fn(sqlx_core[246ad2de5bba9fb8]::pool::Pool<sqlx_postgres[773877d07257baec]::database::Postgres>) -> noted[7eefcd87a7f3f5b2]::model::test::update_a_note_should_pass::inner::{closure#0}, noted[7eefcd87a7f3f5b2]::model::test::update_a_note_should_pass::inner::{closure#0}>::{closure#0}, sqlx_core[246ad2de5bba9fb8]::testing::run_test_with_pool<sqlx_postgres[773877d07257baec]::database::Postgres, fn(sqlx_core[246ad2de5bba9fb8]::pool::Pool<sqlx_postgres[773877d07257baec]::database::Postgres>) -> noted[7eefcd87a7f3f5b2]::model::test::update_a_note_should_pass::inner::{closure#0}, noted[7eefcd87a7f3f5b2]::model::test::update_a_note_should_pass::inner::{closure#0}>::{closure#0}::{closure#0}>::{closure#0}>>::{closure#0}, core[df12db4294e9bfd3]::option::Option<core[df12db4294e9bfd3]::result::Result<(), sqlx_core[246ad2de5bba9fb8]::error::Error>>>::{closure#0}, (alloc[2182bb758b4b3781]::boxed::Box<tokio[316f3c8caf3bdfd9]::runtime::scheduler::current_thread::Core>, core[df12db4294e9bfd3]::option::Option<core[df12db4294e9bfd3]::result::Result<(), sqlx_core[246ad2de5bba9fb8]::error::Error>>)>
[INFO] [stdout]   16:     0x5caffb5ee0a5 - <tokio[316f3c8caf3bdfd9]::runtime::scheduler::current_thread::CoreGuard>::block_on::<core[df12db4294e9bfd3]::pin::Pin<&mut sqlx_core[246ad2de5bba9fb8]::testing::run_test<sqlx_postgres[773877d07257baec]::database::Postgres, sqlx_core[246ad2de5bba9fb8]::testing::run_test_with_pool<sqlx_postgres[773877d07257baec]::database::Postgres, fn(sqlx_core[246ad2de5bba9fb8]::pool::Pool<sqlx_postgres[773877d07257baec]::database::Postgres>) -> noted[7eefcd87a7f3f5b2]::model::test::update_a_note_should_pass::inner::{closure#0}, noted[7eefcd87a7f3f5b2]::model::test::update_a_note_should_pass::inner::{closure#0}>::{closure#0}, sqlx_core[246ad2de5bba9fb8]::testing::run_test_with_pool<sqlx_postgres[773877d07257baec]::database::Postgres, fn(sqlx_core[246ad2de5bba9fb8]::pool::Pool<sqlx_postgres[773877d07257baec]::database::Postgres>) -> noted[7eefcd87a7f3f5b2]::model::test::update_a_note_should_pass::inner::{closure#0}, noted[7eefcd87a7f3f5b2]::model::test::update_a_note_should_pass::inner::{closure#0}>::{closure#0}::{closure#0}>::{closure#0}>>
[INFO] [stdout]   17:     0x5caffb5fb2c2 - tokio[316f3c8caf3bdfd9]::runtime::context::runtime::enter_runtime::<<tokio[316f3c8caf3bdfd9]::runtime::scheduler::current_thread::CurrentThread>::block_on<sqlx_core[246ad2de5bba9fb8]::testing::run_test<sqlx_postgres[773877d07257baec]::database::Postgres, sqlx_core[246ad2de5bba9fb8]::testing::run_test_with_pool<sqlx_postgres[773877d07257baec]::database::Postgres, fn(sqlx_core[246ad2de5bba9fb8]::pool::Pool<sqlx_postgres[773877d07257baec]::database::Postgres>) -> noted[7eefcd87a7f3f5b2]::model::test::update_a_note_should_pass::inner::{closure#0}, noted[7eefcd87a7f3f5b2]::model::test::update_a_note_should_pass::inner::{closure#0}>::{closure#0}, sqlx_core[246ad2de5bba9fb8]::testing::run_test_with_pool<sqlx_postgres[773877d07257baec]::database::Postgres, fn(sqlx_core[246ad2de5bba9fb8]::pool::Pool<sqlx_postgres[773877d07257baec]::database::Postgres>) -> noted[7eefcd87a7f3f5b2]::model::test::update_a_note_should_pass::inner::{closure#0}, noted[7eefcd87a7f3f5b2]::model::test::update_a_note_should_pass::inner::{closure#0}>::{closure#0}::{closure#0}>::{closure#0}>::{closure#0}, core[df12db4294e9bfd3]::result::Result<(), sqlx_core[246ad2de5bba9fb8]::error::Error>>
[INFO] [stderr] error: test failed, to rerun pass `--bin noted`
[INFO] [stdout]   18:     0x5caffb60fb15 - <tokio[316f3c8caf3bdfd9]::runtime::runtime::Runtime>::block_on::<sqlx_core[246ad2de5bba9fb8]::testing::run_test<sqlx_postgres[773877d07257baec]::database::Postgres, sqlx_core[246ad2de5bba9fb8]::testing::run_test_with_pool<sqlx_postgres[773877d07257baec]::database::Postgres, fn(sqlx_core[246ad2de5bba9fb8]::pool::Pool<sqlx_postgres[773877d07257baec]::database::Postgres>) -> noted[7eefcd87a7f3f5b2]::model::test::update_a_note_should_pass::inner::{closure#0}, noted[7eefcd87a7f3f5b2]::model::test::update_a_note_should_pass::inner::{closure#0}>::{closure#0}, sqlx_core[246ad2de5bba9fb8]::testing::run_test_with_pool<sqlx_postgres[773877d07257baec]::database::Postgres, fn(sqlx_core[246ad2de5bba9fb8]::pool::Pool<sqlx_postgres[773877d07257baec]::database::Postgres>) -> noted[7eefcd87a7f3f5b2]::model::test::update_a_note_should_pass::inner::{closure#0}, noted[7eefcd87a7f3f5b2]::model::test::update_a_note_should_pass::inner::{closure#0}>::{closure#0}::{closure#0}>::{closure#0}>
[INFO] [stdout]   19:     0x5caffb621cfa - sqlx_core[246ad2de5bba9fb8]::rt::test_block_on::<sqlx_core[246ad2de5bba9fb8]::testing::run_test<sqlx_postgres[773877d07257baec]::database::Postgres, sqlx_core[246ad2de5bba9fb8]::testing::run_test_with_pool<sqlx_postgres[773877d07257baec]::database::Postgres, fn(sqlx_core[246ad2de5bba9fb8]::pool::Pool<sqlx_postgres[773877d07257baec]::database::Postgres>) -> noted[7eefcd87a7f3f5b2]::model::test::update_a_note_should_pass::inner::{closure#0}, noted[7eefcd87a7f3f5b2]::model::test::update_a_note_should_pass::inner::{closure#0}>::{closure#0}, sqlx_core[246ad2de5bba9fb8]::testing::run_test_with_pool<sqlx_postgres[773877d07257baec]::database::Postgres, fn(sqlx_core[246ad2de5bba9fb8]::pool::Pool<sqlx_postgres[773877d07257baec]::database::Postgres>) -> noted[7eefcd87a7f3f5b2]::model::test::update_a_note_should_pass::inner::{closure#0}, noted[7eefcd87a7f3f5b2]::model::test::update_a_note_should_pass::inner::{closure#0}>::{closure#0}::{closure#0}>::{closure#0}>
[INFO] [stdout]   20:     0x5caffb619dd9 - <noted[7eefcd87a7f3f5b2]::model::test::update_a_note_should_pass::{closure#0} as core[df12db4294e9bfd3]::ops::function::FnOnce<()>>::call_once
[INFO] [stdout]   21:     0x5caffb63414b - test[9d35eded1c95d3be]::__rust_begin_short_backtrace::<core[df12db4294e9bfd3]::result::Result<(), alloc[2182bb758b4b3781]::string::String>, fn() -> core[df12db4294e9bfd3]::result::Result<(), alloc[2182bb758b4b3781]::string::String>>
[INFO] [stdout]   22:     0x5caffb6417b5 - test[9d35eded1c95d3be]::run_test::{closure#0}
[INFO] [stdout]   23:     0x5caffb63b074 - std[70759c8f55707aa4]::sys::backtrace::__rust_begin_short_backtrace::<test[9d35eded1c95d3be]::run_test::{closure#1}, ()>
[INFO] [stdout]   24:     0x5caffb644912 - <std[70759c8f55707aa4]::thread::lifecycle::spawn_unchecked<test[9d35eded1c95d3be]::run_test::{closure#1}, ()>::{closure#1} as core[df12db4294e9bfd3]::ops::function::FnOnce<()>>::call_once::{shim:vtable#0}
[INFO] [stdout]   25:     0x5caffb84b6e9 - <std[70759c8f55707aa4]::sys::thread::unix::Thread>::new::thread_start
[INFO] [stdout]   26:     0x721449015dfa - <unknown>
[INFO] [stdout]   27:     0x7214490a93d4 - clone
[INFO] [stdout]   28:                0x0 - <unknown>
[INFO] [stdout] 
[INFO] [stdout] 
[INFO] [stdout] failures:
[INFO] [stdout]     model::test::create_note_should_pass
[INFO] [stdout]     model::test::delete_non_existing_note_should_pass
[INFO] [stdout]     model::test::delete_note_should_pass
[INFO] [stdout]     model::test::get_all_notes_should_pass
[INFO] [stdout]     model::test::get_one_note_should_fail_if_not_found
[INFO] [stdout]     model::test::get_one_note_should_pass
[INFO] [stdout]     model::test::search_notes_should_pass
[INFO] [stdout]     model::test::update_a_note_should_pass
[INFO] [stdout]     model::test::update_bad_note_id_should_fail
[INFO] [stdout] 
[INFO] [stdout] test result: FAILED. 0 passed; 9 failed; 0 ignored; 0 measured; 0 filtered out; finished in 0.05s
[INFO] [stdout] 
[INFO] running `Command { std: "docker" "inspect" "16b4eda1404c436c077c3a342a442b2621e6e73b4d263e9d401eea9b04d8bb49", kill_on_drop: false }`
[INFO] running `Command { std: "docker" "rm" "-f" "16b4eda1404c436c077c3a342a442b2621e6e73b4d263e9d401eea9b04d8bb49", kill_on_drop: false }`
[INFO] [stdout] 16b4eda1404c436c077c3a342a442b2621e6e73b4d263e9d401eea9b04d8bb49
