[INFO] cloning repository https://github.com/alfredo-milani/ddce
[INFO] running `Command { std: "git" "-c" "credential.helper=" "-c" "credential.helper=/workspace/cargo-home/bin/git-credential-null" "clone" "--bare" "https://github.com/alfredo-milani/ddce" "/workspace/cache/git-repos/https%3A%2F%2Fgithub.com%2Falfredo-milani%2Fddce", kill_on_drop: false }`
[INFO] [stderr] Cloning into bare repository '/workspace/cache/git-repos/https%3A%2F%2Fgithub.com%2Falfredo-milani%2Fddce'...
[INFO] running `Command { std: "git" "rev-parse" "HEAD", kill_on_drop: false }`
[INFO] [stdout] 83fdf8fecc5418039042c221ad256fa47bbf7e3a
[INFO] testing alfredo-milani/ddce against 1.100.0-beta.1+cargoflags=--release for beta-release-1.100-3
[INFO] running `Command { std: "git" "clone" "/workspace/cache/git-repos/https%3A%2F%2Fgithub.com%2Falfredo-milani%2Fddce" "/workspace/builds/worker-6-tc2/source", kill_on_drop: false }`
[INFO] [stderr] Cloning into '/workspace/builds/worker-6-tc2/source'...
[INFO] [stderr] done.
[INFO] started tweaking git repo https://github.com/alfredo-milani/ddce
[INFO] finished tweaking git repo https://github.com/alfredo-milani/ddce
[INFO] tweaked toml for git repo https://github.com/alfredo-milani/ddce written to /workspace/builds/worker-6-tc2/source/Cargo.toml
[INFO] validating manifest of git repo https://github.com/alfredo-milani/ddce on toolchain 1.100.0-beta.1
[INFO] running `Command { std: CARGO_HOME="/workspace/cargo-home" RUSTUP_HOME="/workspace/rustup-home" "/workspace/cargo-home/bin/cargo" "+1.100.0-beta.1" "metadata" "--manifest-path" "Cargo.toml" "--no-deps", kill_on_drop: false }`
[INFO] crate git repo https://github.com/alfredo-milani/ddce already has a lockfile, it will not be regenerated
[INFO] running `Command { std: CARGO_HOME="/workspace/cargo-home" RUSTUP_HOME="/workspace/rustup-home" "/workspace/cargo-home/bin/cargo" "+1.100.0-beta.1" "fetch" "--manifest-path" "Cargo.toml", kill_on_drop: false }`
[INFO] running `Command { std: "docker" "create" "-v" "/var/lib/crater-agent-workspace/builds/worker-6-tc2/source:/opt/rustwide/workdir:ro,Z" "-v" "/var/lib/crater-agent-workspace/builds/worker-6-tc2/target:/opt/rustwide/target:rw,Z" "-v" "/var/lib/crater-agent-workspace/cargo-home:/opt/rustwide/cargo-home:ro,Z" "-v" "/var/lib/crater-agent-workspace/rustup-home:/opt/rustwide/rustup-home:ro,Z" "-m" "1610612736" "--network" "none" "ghcr.io/rust-lang/crates-build-env/linux@sha256:77db811e55d90add9212f6832c23229e3de5f1c1f9905e8cb07319ea15df73ac" "sleep" "infinity", kill_on_drop: false }`
[INFO] [stdout] ae99073aa3cad90a4f2e9661f102917c40d58b82c5d17b9273b4eac18e896603
[INFO] running `Command { std: "docker" "start" "ae99073aa3cad90a4f2e9661f102917c40d58b82c5d17b9273b4eac18e896603", kill_on_drop: false }`
[INFO] running `Command { std: "docker" "inspect" "ae99073aa3cad90a4f2e9661f102917c40d58b82c5d17b9273b4eac18e896603", kill_on_drop: false }`
[INFO] running `Command { std: "docker" "exec" "-e" "SOURCE_DIR=/opt/rustwide/workdir" "-e" "CARGO_HOME=/opt/rustwide/cargo-home" "-e" "RUSTUP_HOME=/opt/rustwide/rustup-home" "-e" "CARGO_TARGET_DIR=/opt/rustwide/target" "-w" "/opt/rustwide/workdir" "--user" "0:0" "ae99073aa3cad90a4f2e9661f102917c40d58b82c5d17b9273b4eac18e896603" "/opt/rustwide/cargo-home/bin/cargo" "+1.100.0-beta.1" "metadata" "--no-deps" "--format-version=1", kill_on_drop: false }`
[INFO] running `Command { std: "docker" "inspect" "ae99073aa3cad90a4f2e9661f102917c40d58b82c5d17b9273b4eac18e896603", kill_on_drop: false }`
[INFO] running `Command { std: "docker" "exec" "-e" "SOURCE_DIR=/opt/rustwide/workdir" "-e" "CARGO_HOME=/opt/rustwide/cargo-home" "-e" "RUSTUP_HOME=/opt/rustwide/rustup-home" "-e" "CARGO_TARGET_DIR=/opt/rustwide/target" "-e" "CARGO_INCREMENTAL=0" "-e" "RUST_BACKTRACE=full" "-e" "RUSTFLAGS=--cap-lints=warn" "-e" "RUSTDOCFLAGS=--cap-lints=warn" "-w" "/opt/rustwide/workdir" "--user" "0:0" "ae99073aa3cad90a4f2e9661f102917c40d58b82c5d17b9273b4eac18e896603" "/opt/rustwide/cargo-home/bin/cargo" "+1.100.0-beta.1" "build" "--frozen" "--message-format=json" "--release", kill_on_drop: false }`
[INFO] [stderr]    Compiling proc-macro2 v1.0.107
[INFO] [stderr]    Compiling quote v1.0.47
[INFO] [stderr]    Compiling unicode-ident v1.0.24
[INFO] [stderr]    Compiling libc v0.2.189
[INFO] [stderr]    Compiling utf8parse v0.2.2
[INFO] [stderr]    Compiling is_terminal_polyfill v1.70.2
[INFO] [stderr]    Compiling anstyle v1.0.14
[INFO] [stderr]    Compiling anstyle-query v1.1.5
[INFO] [stderr]    Compiling anstyle-parse v1.0.0
[INFO] [stderr]    Compiling colorchoice v1.0.5
[INFO] [stderr]    Compiling clap_lex v1.1.0
[INFO] [stderr]    Compiling strsim v0.11.1
[INFO] [stderr]    Compiling heck v0.5.0
[INFO] [stderr]    Compiling anyhow v1.0.104
[INFO] [stderr]    Compiling anstream v1.0.0
[INFO] [stderr]    Compiling clap_builder v4.6.5
[INFO] [stderr]    Compiling syn v3.0.3
[INFO] [stderr]    Compiling rtoolbox v0.0.5
[INFO] [stderr]    Compiling rpassword v7.5.4
[INFO] [stderr]    Compiling clap_derive v4.6.4
[INFO] [stderr]    Compiling clap v4.6.5
[INFO] [stderr]    Compiling ddce v0.5.0 (/opt/rustwide/workdir)
[INFO] [stderr]     Finished `release` profile [optimized] target(s) in 30.80s
[INFO] running `Command { std: "docker" "inspect" "ae99073aa3cad90a4f2e9661f102917c40d58b82c5d17b9273b4eac18e896603", kill_on_drop: false }`
[INFO] running `Command { std: "docker" "exec" "-e" "SOURCE_DIR=/opt/rustwide/workdir" "-e" "CARGO_HOME=/opt/rustwide/cargo-home" "-e" "RUSTUP_HOME=/opt/rustwide/rustup-home" "-e" "CARGO_TARGET_DIR=/opt/rustwide/target" "-e" "CARGO_INCREMENTAL=0" "-e" "RUST_BACKTRACE=full" "-e" "RUSTFLAGS=--cap-lints=warn" "-e" "RUSTDOCFLAGS=--cap-lints=warn" "-w" "/opt/rustwide/workdir" "--user" "0:0" "ae99073aa3cad90a4f2e9661f102917c40d58b82c5d17b9273b4eac18e896603" "/opt/rustwide/cargo-home/bin/cargo" "+1.100.0-beta.1" "test" "--frozen" "--no-run" "--message-format=json" "--release", kill_on_drop: false }`
[INFO] [stderr]    Compiling ddce v0.5.0 (/opt/rustwide/workdir)
[INFO] [stderr]     Finished `release` profile [optimized] target(s) in 18.92s
[INFO] running `Command { std: "docker" "inspect" "ae99073aa3cad90a4f2e9661f102917c40d58b82c5d17b9273b4eac18e896603", kill_on_drop: false }`
[INFO] running `Command { std: "docker" "exec" "-e" "SOURCE_DIR=/opt/rustwide/workdir" "-e" "CARGO_HOME=/opt/rustwide/cargo-home" "-e" "RUSTUP_HOME=/opt/rustwide/rustup-home" "-e" "CARGO_TARGET_DIR=/opt/rustwide/target" "-e" "CARGO_INCREMENTAL=0" "-e" "RUST_BACKTRACE=full" "-e" "RUSTFLAGS=--cap-lints=warn" "-e" "RUSTDOCFLAGS=--cap-lints=warn" "-w" "/opt/rustwide/workdir" "--user" "0:0" "ae99073aa3cad90a4f2e9661f102917c40d58b82c5d17b9273b4eac18e896603" "/opt/rustwide/cargo-home/bin/cargo" "+1.100.0-beta.1" "test" "--frozen" "--release", kill_on_drop: false }`
[INFO] [stderr]     Finished `release` profile [optimized] target(s) in 0.06s
[INFO] [stdout] 
[INFO] [stderr]      Running unittests src/main.rs (/opt/rustwide/target/release/build/ddce/34cfdeaca57cc462/out/ddce-34cfdeaca57cc462)
[INFO] [stdout] running 27 tests
[INFO] [stdout] test format::tar_filter::tests::thread_arg_builders_match_backend_syntax ... ok
[INFO] [stdout] test pipeline::tests::strip_ext_is_case_insensitive_but_preserves_case ... ok
[INFO] [stdout] test pipeline::tests::strip_ext_removes_matching_suffix ... ok
[INFO] [stdout] test pipeline::tests::strip_ext_returns_input_when_no_match ... ok
[INFO] [stdout] test pipeline::tests::strip_ext_uses_first_matching_alias ... ok
[INFO] [stdout] test format::tar_filter::tests::constructors_carry_expected_metadata ... ok
[INFO] [stdout] test pty::tests::find_sub_locates_first_occurrence ... ok
[INFO] [stdout] test registry::tests::ext_match_is_case_insensitive ... ok
[INFO] [stdout] test registry::tests::ext_match_none_for_unknown ... ok
[INFO] [stdout] test registry::tests::ext_match_picks_longest_suffix ... ok
[INFO] [stdout] test registry::tests::ext_match_requires_a_dot_boundary ... ok
[INFO] [stdout] test registry::tests::name_lookup_resolves_registered_items ... ok
[INFO] [stdout] test pty::tests::zeroize_clears_all_bytes ... ok
[INFO] [stdout] test tests::append_ext_adds_single_suffix ... ok
[INFO] [stdout] test tests::default_extract_dir_falls_back_to_cwd ... ok
[INFO] [stdout] test tests::default_extract_dir_is_parent ... ok
[INFO] [stdout] test format::tar_filter::tests::split_entry_separates_parent_and_final_component ... ok
[INFO] [stdout] test tests::place_is_identity_when_output_dir_absent ... ok
[INFO] [stdout] test tests::place_rehomes_into_output_dir_when_set ... ok
[INFO] [stdout] test tests::strip_all_exts_is_case_insensitive ... ok
[INFO] [stdout] test format::tar_filter::tests::split_entry_errors_on_missing_input ... ok
[INFO] [stdout] test pty::tests::find_sub_returns_none_when_absent_or_too_short ... ok
[INFO] [stdout] test tests::derive_out_uses_final_component_of_trailing_slash ... ok
[INFO] [stdout] test tests::strip_all_exts_leaves_unmatched_name_untouched ... ok
[INFO] [stdout] test tests::strip_all_exts_removes_longest_matching_suffix ... ok
[INFO] [stdout] test registry::tests::ext_match_resolves_gpg_variants ... ok
[INFO] [stderr]      Running tests/roundtrip.rs (/opt/rustwide/target/release/build/ddce/1ff80bb4f4282cd4/out/roundtrip-1ff80bb4f4282cd4)
[INFO] [stdout] test tests::derive_out_appends_extension ... ok
[INFO] [stdout] 
[INFO] [stdout] test result: ok. 27 passed; 0 failed; 0 ignored; 0 measured; 0 filtered out; finished in 0.09s
[INFO] [stdout] 
[INFO] [stdout] 
[INFO] [stdout] running 28 tests
[INFO] [stdout] test help_lists_supported_formats_and_methods ... FAILED
[INFO] [stdout] test compress_7z ... ok
[INFO] [stdout] test doctor_runs ... FAILED
[INFO] [stdout] test compress_xz ... FAILED
[INFO] [stdout] test missing_tool_checked_before_prompt ... FAILED
[INFO] [stdout] test compress_bz2 ... FAILED
[INFO] [stdout] test compress_gz ... FAILED
[INFO] [stdout] test decompress_format_override ... FAILED
[INFO] [stdout] test pack_7z_age ... ok
[INFO] [stdout] test pack_xz_age ... ok
[INFO] [stdout] test non_utf8_filename_roundtrip ... FAILED
[INFO] [stdout] test pack_gz_gpg ... FAILED
[INFO] [stdout] test pack_xz_gpg ... FAILED
[INFO] [stdout] test refuses_overwrite_without_force ... FAILED
[INFO] [stdout] test output_dir_is_used_for_encode_and_decode ... FAILED
[INFO] [stdout] test threaded_compress_gz ... FAILED
[INFO] [stdout] test single_file_pack_roundtrip ... FAILED
[INFO] [stdout] test tmp_dir_must_exist ... FAILED
[INFO] [stdout] test pack_xz_gpg_armor ... FAILED
[INFO] [stdout] test threaded_compress_xz ... FAILED
[INFO] [stdout] test tmp_dir_is_used_and_cleaned ... FAILED
[INFO] [stdout] test pack_zip_gpg ... FAILED
[INFO] [stdout] test unknown_format_is_rejected ... FAILED
[INFO] [stdout] test unknown_method_is_rejected ... FAILED
[INFO] [stdout] test wrong_passphrase_fails ... FAILED
[INFO] [stdout] test missing_input_is_rejected ... FAILED
[INFO] [stdout] test compress_zip ... FAILED
[INFO] [stdout] test undetectable_extension_is_rejected ... FAILED
[INFO] [stdout] 
[INFO] [stdout] failures:
[INFO] [stdout] 
[INFO] [stdout] ---- help_lists_supported_formats_and_methods stdout ----
[INFO] [stdout] 
[INFO] [stdout] thread 'help_lists_supported_formats_and_methods' (536) panicked at tests/roundtrip.rs:75:10:
[INFO] [stdout] failed to run ddce: Os { code: 2, kind: NotFound, message: "No such file or directory" }
[INFO] [stdout] stack backtrace:
[INFO] [stdout]    0:     0x59345da59717 - <unknown>
[INFO] [stdout]    1:     0x59345da3e12a - <unknown>
[INFO] [stdout]    2:     0x59345da58ccb - <unknown>
[INFO] [stdout]    3:     0x59345da587af - <unknown>
[INFO] [stdout]    4:     0x59345da583da - <unknown>
[INFO] [stdout]    5:     0x59345da57f15 - <unknown>
[INFO] [stdout]    6:     0x59345da7ecc1 - <unknown>
[INFO] [stdout]    7:     0x59345da7ec79 - <unknown>
[INFO] [stdout]    8:     0x59345da7f17c - <unknown>
[INFO] [stdout]    9:     0x59345da3dfbb - <unknown>
[INFO] [stdout]   10:     0x59345da41221 - <unknown>
[INFO] [stdout]   11:     0x59345da359c9 - <unknown>
[INFO] [stdout]   12:     0x59345da3bfce - <unknown>
[INFO] [stdout]   13:     0x59345da999cb - <unknown>
[INFO] [stdout]   14:     0x59345da95991 - <unknown>
[INFO] [stdout]   15:     0x59345da9517c - <unknown>
[INFO] [stdout]   16:     0x59345dab4e1c - <unknown>
[INFO] [stdout]   17:     0x59345da809f4 - <unknown>
[INFO] [stdout]   18:     0x7ce81e460dfa - <unknown>
[INFO] [stdout]   19:     0x7ce81e4f43d4 - clone
[INFO] [stdout]   20:                0x0 - <unknown>
[INFO] [stdout] 
[INFO] [stdout] ---- doctor_runs stdout ----
[INFO] [stdout] 
[INFO] [stdout] thread 'doctor_runs' (535) panicked at tests/roundtrip.rs:75:10:
[INFO] [stdout] failed to run ddce: Os { code: 2, kind: NotFound, message: "No such file or directory" }
[INFO] [stdout] stack backtrace:
[INFO] [stdout]    0:     0x59345da59717 - <unknown>
[INFO] [stdout]    1:     0x59345da3e12a - <unknown>
[INFO] [stdout]    2:     0x59345da58ccb - <unknown>
[INFO] [stdout]    3:     0x59345da587af - <unknown>
[INFO] [stdout]    4:     0x59345da583da - <unknown>
[INFO] [stdout]    5:     0x59345da57f15 - <unknown>
[INFO] [stdout]    6:     0x59345da7ecc1 - <unknown>
[INFO] [stdout]    7:     0x59345da7ec79 - <unknown>
[INFO] [stdout]    8:     0x59345da7f17c - <unknown>
[INFO] [stdout]    9:     0x59345da3dfbb - <unknown>
[INFO] [stdout]   10:     0x59345da41221 - <unknown>
[INFO] [stdout]   11:     0x59345da359c9 - <unknown>
[INFO] [stdout]   12:     0x59345da384fd - <unknown>
[INFO] [stdout]   13:     0x59345da999cb - <unknown>
[INFO] [stdout]   14:     0x59345da95991 - <unknown>
[INFO] [stdout]   15:     0x59345da9517c - <unknown>
[INFO] [stdout]   16:     0x59345dab4e1c - <unknown>
[INFO] [stdout]   17:     0x59345da809f4 - <unknown>
[INFO] [stdout]   18:     0x7ce81e460dfa - <unknown>
[INFO] [stdout]   19:     0x7ce81e4f43d4 - clone
[INFO] [stdout]   20:                0x0 - <unknown>
[INFO] [stdout] 
[INFO] [stdout] ---- compress_xz stdout ----
[INFO] [stdout] 
[INFO] [stdout] thread 'compress_xz' (532) panicked at tests/roundtrip.rs:75:10:
[INFO] [stdout] failed to run ddce: Os { code: 2, kind: NotFound, message: "No such file or directory" }
[INFO] [stdout] stack backtrace:
[INFO] [stdout]    0:     0x59345da59717 - <unknown>
[INFO] [stdout]    1:     0x59345da3e12a - <unknown>
[INFO] [stdout]    2:     0x59345da58ccb - <unknown>
[INFO] [stdout]    3:     0x59345da587af - <unknown>
[INFO] [stdout]    4:     0x59345da583da - <unknown>
[INFO] [stdout]    5:     0x59345da57f15 - <unknown>
[INFO] [stdout]    6:     0x59345da7ecc1 - <unknown>
[INFO] [stdout]    7:     0x59345da7ec79 - <unknown>
[INFO] [stdout]    8:     0x59345da7f17c - <unknown>
[INFO] [stdout]    9:     0x59345da3dfbb - <unknown>
[INFO] [stdout]   10:     0x59345da41221 - <unknown>
[INFO] [stdout]   11:     0x59345da359c9 - <unknown>
[INFO] [stdout]   12:     0x59345da33ea5 - <unknown>
[INFO] [stdout]   13:     0x59345da384a1 - <unknown>
[INFO] [stdout]   14:     0x59345da999cb - <unknown>
[INFO] [stdout]   15:     0x59345da95991 - <unknown>
[INFO] [stdout]   16:     0x59345da9517c - <unknown>
[INFO] [stdout]   17:     0x59345dab4e1c - <unknown>
[INFO] [stdout]   18:     0x59345da809f4 - <unknown>
[INFO] [stdout]   19:     0x7ce81e460dfa - <unknown>
[INFO] [stdout]   20:     0x7ce81e4f43d4 - clone
[INFO] [stdout]   21:                0x0 - <unknown>
[INFO] [stdout] 
[INFO] [stdout] ---- missing_tool_checked_before_prompt stdout ----
[INFO] [stdout] 
[INFO] [stdout] thread 'missing_tool_checked_before_prompt' (545) panicked at tests/roundtrip.rs:310:14:
[INFO] [stdout] failed to run ddce: Os { code: 2, kind: NotFound, message: "No such file or directory" }
[INFO] [stdout] stack backtrace:
[INFO] [stdout]    0:     0x59345da59717 - <unknown>
[INFO] [stdout]    1:     0x59345da3e12a - <unknown>
[INFO] [stdout]    2:     0x59345da58ccb - <unknown>
[INFO] [stdout]    3:     0x59345da587af - <unknown>
[INFO] [stdout]    4:     0x59345da583da - <unknown>
[INFO] [stdout]    5:     0x59345da57f15 - <unknown>
[INFO] [stdout]    6:     0x59345da7ecc1 - <unknown>
[INFO] [stdout]    7:     0x59345da7ec79 - <unknown>
[INFO] [stdout]    8:     0x59345da7f17c - <unknown>
[INFO] [stdout]    9:     0x59345da3dfbb - <unknown>
[INFO] [stdout]   10:     0x59345da41221 - <unknown>
[INFO] [stdout]   11:     0x59345da3bbc8 - <unknown>
[INFO] [stdout]   12:     0x59345da999cb - <unknown>
[INFO] [stdout]   13:     0x59345da95991 - <unknown>
[INFO] [stdout]   14:     0x59345da9517c - <unknown>
[INFO] [stdout]   15:     0x59345dab4e1c - <unknown>
[INFO] [stdout]   16:     0x59345da809f4 - <unknown>
[INFO] [stdout]   17:     0x7ce81e460dfa - <unknown>
[INFO] [stdout]   18:     0x7ce81e4f43d4 - clone
[INFO] [stdout]   19:                0x0 - <unknown>
[INFO] [stdout] 
[INFO] [stdout] ---- compress_bz2 stdout ----
[INFO] [stdout] 
[INFO] [stdout] thread 'compress_bz2' (530) panicked at tests/roundtrip.rs:75:10:
[INFO] [stdout] failed to run ddce: Os { code: 2, kind: NotFound, message: "No such file or directory" }
[INFO] [stdout] stack backtrace:
[INFO] [stdout]    0:     0x59345da59717 - <unknown>
[INFO] [stdout]    1:     0x59345da3e12a - <unknown>
[INFO] [stdout]    2:     0x59345da58ccb - <unknown>
[INFO] [stdout]    3:     0x59345da587af - <unknown>
[INFO] [stdout]    4:     0x59345da583da - <unknown>
[INFO] [stdout]    5:     0x59345da57f15 - <unknown>
[INFO] [stdout]    6:     0x59345da7ecc1 - <unknown>
[INFO] [stdout]    7:     0x59345da7ec79 - <unknown>
[INFO] [stdout]    8:     0x59345da7f17c - <unknown>
[INFO] [stdout]    9:     0x59345da3dfbb - <unknown>
[INFO] [stdout]   10:     0x59345da41221 - <unknown>
[INFO] [stdout]   11:     0x59345da359c9 - <unknown>
[INFO] [stdout]   12:     0x59345da33ea5 - <unknown>
[INFO] [stdout]   13:     0x59345da38791 - <unknown>
[INFO] [stdout]   14:     0x59345da999cb - <unknown>
[INFO] [stdout]   15:     0x59345da95991 - <unknown>
[INFO] [stdout]   16:     0x59345da9517c - <unknown>
[INFO] [stdout]   17:     0x59345dab4e1c - <unknown>
[INFO] [stdout]   18:     0x59345da809f4 - <unknown>
[INFO] [stdout]   19:     0x7ce81e460dfa - <unknown>
[INFO] [stdout]   20:     0x7ce81e4f43d4 - clone
[INFO] [stdout]   21:                0x0 - <unknown>
[INFO] [stdout] 
[INFO] [stdout] ---- compress_gz stdout ----
[INFO] [stdout] 
[INFO] [stdout] thread 'compress_gz' (531) panicked at tests/roundtrip.rs:75:10:
[INFO] [stdout] failed to run ddce: Os { code: 2, kind: NotFound, message: "No such file or directory" }
[INFO] [stdout] stack backtrace:
[INFO] [stdout]    0:     0x59345da59717 - <unknown>
[INFO] [stdout]    1:     0x59345da3e12a - <unknown>
[INFO] [stdout]    2:     0x59345da58ccb - <unknown>
[INFO] [stdout]    3:     0x59345da587af - <unknown>
[INFO] [stdout]    4:     0x59345da583da - <unknown>
[INFO] [stdout]    5:     0x59345da57f15 - <unknown>
[INFO] [stdout]    6:     0x59345da7ecc1 - <unknown>
[INFO] [stdout]    7:     0x59345da7ec79 - <unknown>
[INFO] [stdout]    8:     0x59345da7f17c - <unknown>
[INFO] [stdout]    9:     0x59345da3dfbb - <unknown>
[INFO] [stdout]   10:     0x59345da41221 - <unknown>
[INFO] [stdout]   11:     0x59345da359c9 - <unknown>
[INFO] [stdout]   12:     0x59345da33ea5 - <unknown>
[INFO] [stdout]   13:     0x59345da38471 - <unknown>
[INFO] [stdout]   14:     0x59345da999cb - <unknown>
[INFO] [stdout]   15:     0x59345da95991 - <unknown>
[INFO] [stdout]   16:     0x59345da9517c - <unknown>
[INFO] [stdout]   17:     0x59345dab4e1c - <unknown>
[INFO] [stdout]   18:     0x59345da809f4 - <unknown>
[INFO] [stdout]   19:     0x7ce81e460dfa - <unknown>
[INFO] [stdout]   20:     0x7ce81e4f43d4 - clone
[INFO] [stdout]   21:                0x0 - <unknown>
[INFO] [stdout] 
[INFO] [stdout] ---- decompress_format_override stdout ----
[INFO] [stdout] 
[INFO] [stdout] thread 'decompress_format_override' (534) panicked at tests/roundtrip.rs:75:10:
[INFO] [stdout] failed to run ddce: Os { code: 2, kind: NotFound, message: "No such file or directory" }
[INFO] [stdout] stack backtrace:
[INFO] [stdout]    0:     0x59345da59717 - <unknown>
[INFO] [stdout]    1:     0x59345da3e12a - <unknown>
[INFO] [stdout]    2:     0x59345da58ccb - <unknown>
[INFO] [stdout]    3:     0x59345da587af - <unknown>
[INFO] [stdout]    4:     0x59345da583da - <unknown>
[INFO] [stdout]    5:     0x59345da57f15 - <unknown>
[INFO] [stdout]    6:     0x59345da7ecc1 - <unknown>
[INFO] [stdout]    7:     0x59345da7ec79 - <unknown>
[INFO] [stdout]    8:     0x59345da7f17c - <unknown>
[INFO] [stdout]    9:     0x59345da3dfbb - <unknown>
[INFO] [stdout]   10:     0x59345da41221 - <unknown>
[INFO] [stdout]   11:     0x59345da359c9 - <unknown>
[INFO] [stdout]   12:     0x59345da38fb5 - <unknown>
[INFO] [stdout]   13:     0x59345da999cb - <unknown>
[INFO] [stdout]   14:     0x59345da95991 - <unknown>
[INFO] [stdout]   15:     0x59345da9517c - <unknown>
[INFO] [stdout]   16:     0x59345dab4e1c - <unknown>
[INFO] [stdout]   17:     0x59345da809f4 - <unknown>
[INFO] [stdout]   18:     0x7ce81e460dfa - <unknown>
[INFO] [stdout]   19:     0x7ce81e4f43d4 - clone
[INFO] [stdout]   20:                0x0 - <unknown>
[INFO] [stdout] 
[INFO] [stdout] ---- non_utf8_filename_roundtrip stdout ----
[INFO] [stdout] 
[INFO] [stdout] thread 'non_utf8_filename_roundtrip' (548) panicked at tests/roundtrip.rs:75:10:
[INFO] [stdout] failed to run ddce: Os { code: 2, kind: NotFound, message: "No such file or directory" }
[INFO] [stdout] stack backtrace:
[INFO] [stdout]    0:     0x59345da59717 - <unknown>
[INFO] [stdout]    1:     0x59345da3e12a - <unknown>
[INFO] [stdout]    2:     0x59345da58ccb - <unknown>
[INFO] [stdout]    3:     0x59345da587af - <unknown>
[INFO] [stdout]    4:     0x59345da583da - <unknown>
[INFO] [stdout]    5:     0x59345da57f15 - <unknown>
[INFO] [stdout]    6:     0x59345da7ecc1 - <unknown>
[INFO] [stdout]    7:     0x59345da7ec79 - <unknown>
[INFO] [stdout]    8:     0x59345da7f17c - <unknown>
[INFO] [stdout]    9:     0x59345da3dfbb - <unknown>
[INFO] [stdout]   10:     0x59345da41221 - <unknown>
[INFO] [stdout]   11:     0x59345da359c9 - <unknown>
[INFO] [stdout]   12:     0x59345da3a6bd - <unknown>
[INFO] [stdout]   13:     0x59345da999cb - <unknown>
[INFO] [stdout]   14:     0x59345da95991 - <unknown>
[INFO] [stdout]   15:     0x59345da9517c - <unknown>
[INFO] [stdout]   16:     0x59345dab4e1c - <unknown>
[INFO] [stdout]   17:     0x59345da809f4 - <unknown>
[INFO] [stdout]   18:     0x7ce81e460dfa - <unknown>
[INFO] [stdout]   19:     0x7ce81e4f43d4 - clone
[INFO] [stdout]   20:                0x0 - <unknown>
[INFO] [stdout] 
[INFO] [stdout] ---- pack_gz_gpg stdout ----
[INFO] [stdout] 
[INFO] [stdout] thread 'pack_gz_gpg' (557) panicked at tests/roundtrip.rs:75:10:
[INFO] [stdout] failed to run ddce: Os { code: 2, kind: NotFound, message: "No such file or directory" }
[INFO] [stdout] stack backtrace:
[INFO] [stdout]    0:     0x59345da59717 - <unknown>
[INFO] [stdout]    1:     0x59345da3e12a - <unknown>
[INFO] [stdout]    2:     0x59345da58ccb - <unknown>
[INFO] [stdout]    3:     0x59345da587af - <unknown>
[INFO] [stdout]    4:     0x59345da583da - <unknown>
[INFO] [stdout]    5:     0x59345da57f15 - <unknown>
[INFO] [stdout]    6:     0x59345da7ecc1 - <unknown>
[INFO] [stdout]    7:     0x59345da7ec79 - <unknown>
[INFO] [stdout]    8:     0x59345da7f17c - <unknown>
[INFO] [stdout]    9:     0x59345da3dfbb - <unknown>
[INFO] [stdout]   10:     0x59345da41221 - <unknown>
[INFO] [stdout]   11:     0x59345da359c9 - <unknown>
[INFO] [stdout]   12:     0x59345da33202 - <unknown>
[INFO] [stdout]   13:     0x59345da386de - <unknown>
[INFO] [stdout]   14:     0x59345da999cb - <unknown>
[INFO] [stdout]   15:     0x59345da95991 - <unknown>
[INFO] [stdout]   16:     0x59345da9517c - <unknown>
[INFO] [stdout]   17:     0x59345dab4e1c - <unknown>
[INFO] [stdout]   18:     0x59345da809f4 - <unknown>
[INFO] [stdout]   19:     0x7ce81e460dfa - <unknown>
[INFO] [stdout]   20:     0x7ce81e4f43d4 - clone
[INFO] [stdout]   21:                0x0 - <unknown>
[INFO] [stdout] 
[INFO] [stdout] ---- pack_xz_gpg stdout ----
[INFO] [stdout] 
[INFO] [stdout] thread 'pack_xz_gpg' (559) panicked at tests/roundtrip.rs:75:10:
[INFO] [stdout] failed to run ddce: Os { code: 2, kind: NotFound, message: "No such file or directory" }
[INFO] [stdout] stack backtrace:
[INFO] [stdout]    0:     0x59345da59717 - <unknown>
[INFO] [stdout]    1:     0x59345da3e12a - <unknown>
[INFO] [stdout]    2:     0x59345da58ccb - <unknown>
[INFO] [stdout]    3:     0x59345da587af - <unknown>
[INFO] [stdout]    4:     0x59345da583da - <unknown>
[INFO] [stdout]    5:     0x59345da57f15 - <unknown>
[INFO] [stdout]    6:     0x59345da7ecc1 - <unknown>
[INFO] [stdout]    7:     0x59345da7ec79 - <unknown>
[INFO] [stdout]    8:     0x59345da7f17c - <unknown>
[INFO] [stdout]    9:     0x59345da3dfbb - <unknown>
[INFO] [stdout]   10:     0x59345da41221 - <unknown>
[INFO] [stdout]   11:     0x59345da359c9 - <unknown>
[INFO] [stdout]   12:     0x59345da33202 - <unknown>
[INFO] [stdout]   13:     0x59345da3875e - <unknown>
[INFO] [stdout]   14:     0x59345da999cb - <unknown>
[INFO] [stdout]   15:     0x59345da95991 - <unknown>
[INFO] [stdout]   16:     0x59345da9517c - <unknown>
[INFO] [stdout]   17:     0x59345dab4e1c - <unknown>
[INFO] [stdout]   18:     0x59345da809f4 - <unknown>
[INFO] [stdout]   19:     0x7ce81e460dfa - <unknown>
[INFO] [stdout]   20:     0x7ce81e4f43d4 - clone
[INFO] [stdout]   21:                0x0 - <unknown>
[INFO] [stdout] 
[INFO] [stdout] ---- refuses_overwrite_without_force stdout ----
[INFO] [stdout] 
[INFO] [stdout] thread 'refuses_overwrite_without_force' (571) panicked at tests/roundtrip.rs:75:10:
[INFO] [stdout] failed to run ddce: Os { code: 2, kind: NotFound, message: "No such file or directory" }
[INFO] [stdout] stack backtrace:
[INFO] [stdout]    0:     0x59345da59717 - <unknown>
[INFO] [stdout]    1:     0x59345da3e12a - <unknown>
[INFO] [stdout]    2:     0x59345da58ccb - <unknown>
[INFO] [stdout]    3:     0x59345da587af - <unknown>
[INFO] [stdout]    4:     0x59345da583da - <unknown>
[INFO] [stdout]    5:     0x59345da57f15 - <unknown>
[INFO] [stdout]    6:     0x59345da7ecc1 - <unknown>
[INFO] [stdout]    7:     0x59345da7ec79 - <unknown>
[INFO] [stdout]    8:     0x59345da7f17c - <unknown>
[INFO] [stdout]    9:     0x59345da3dfbb - <unknown>
[INFO] [stdout]   10:     0x59345da41221 - <unknown>
[INFO] [stdout]   11:     0x59345da359c9 - <unknown>
[INFO] [stdout]   12:     0x59345da3b286 - <unknown>
[INFO] [stdout]   13:     0x59345da999cb - <unknown>
[INFO] [stdout]   14:     0x59345da95991 - <unknown>
[INFO] [stdout]   15:     0x59345da9517c - <unknown>
[INFO] [stdout]   16:     0x59345dab4e1c - <unknown>
[INFO] [stdout]   17:     0x59345da809f4 - <unknown>
[INFO] [stdout]   18:     0x7ce81e460dfa - <unknown>
[INFO] [stdout]   19:     0x7ce81e4f43d4 - clone
[INFO] [stdout]   20:                0x0 - <unknown>
[INFO] [stdout] 
[INFO] [stdout] ---- output_dir_is_used_for_encode_and_decode stdout ----
[INFO] [stdout] 
[INFO] [stdout] thread 'output_dir_is_used_for_encode_and_decode' (552) panicked at tests/roundtrip.rs:75:10:
[INFO] [stdout] failed to run ddce: Os { code: 2, kind: NotFound, message: "No such file or directory" }
[INFO] [stdout] stack backtrace:
[INFO] [stdout]    0:     0x59345da59717 - <unknown>
[INFO] [stdout]    1:     0x59345da3e12a - <unknown>
[INFO] [stdout]    2:     0x59345da58ccb - <unknown>
[INFO] [stdout]    3:     0x59345da587af - <unknown>
[INFO] [stdout]    4:     0x59345da583da - <unknown>
[INFO] [stdout]    5:     0x59345da57f15 - <unknown>
[INFO] [stdout]    6:     0x59345da7ecc1 - <unknown>
[INFO] [stdout]    7:     0x59345da7ec79 - <unknown>
[INFO] [stdout]    8:     0x59345da7f17c - <unknown>
[INFO] [stdout]    9:     0x59345da3dfbb - <unknown>
[INFO] [stdout]   10:     0x59345da41221 - <unknown>
[INFO] [stdout]   11:     0x59345da359c9 - <unknown>
[INFO] [stdout]   12:     0x59345da3c42b - <unknown>
[INFO] [stdout]   13:     0x59345da999cb - <unknown>
[INFO] [stdout]   14:     0x59345da95991 - <unknown>
[INFO] [stdout]   15:     0x59345da9517c - <unknown>
[INFO] [stdout]   16:     0x59345dab4e1c - <unknown>
[INFO] [stdout]   17:     0x59345da809f4 - <unknown>
[INFO] [stdout]   18:     0x7ce81e460dfa - <unknown>
[INFO] [stdout]   19:     0x7ce81e4f43d4 - clone
[INFO] [stdout]   20:                0x0 - <unknown>
[INFO] [stdout] 
[INFO] [stdout] ---- threaded_compress_gz stdout ----
[INFO] [stdout] 
[INFO] [stdout] thread 'threaded_compress_gz' (578) panicked at tests/roundtrip.rs:75:10:
[INFO] [stdout] failed to run ddce: Os { code: 2, kind: NotFound, message: "No such file or directory" }
[INFO] [stdout] stack backtrace:
[INFO] [stdout]    0:     0x59345da59717 - <unknown>
[INFO] [stdout]    1:     0x59345da3e12a - <unknown>
[INFO] [stdout]    2:     0x59345da58ccb - <unknown>
[INFO] [stdout]    3:     0x59345da587af - <unknown>
[INFO] [stdout]    4:     0x59345da583da - <unknown>
[INFO] [stdout]    5:     0x59345da57f15 - <unknown>
[INFO] [stdout]    6:     0x59345da7ecc1 - <unknown>
[INFO] [stdout]    7:     0x59345da7ec79 - <unknown>
[INFO] [stdout]    8:     0x59345da7f17c - <unknown>
[INFO] [stdout]    9:     0x59345da3dfbb - <unknown>
[INFO] [stdout]   10:     0x59345da41221 - <unknown>
[INFO] [stdout]   11:     0x59345da359c9 - <unknown>
[INFO] [stdout]   12:     0x59345da34aa8 - <unknown>
[INFO] [stdout]   13:     0x59345da38a30 - <unknown>
[INFO] [stdout]   14:     0x59345da999cb - <unknown>
[INFO] [stdout]   15:     0x59345da95991 - <unknown>
[INFO] [stdout]   16:     0x59345da9517c - <unknown>
[INFO] [stdout]   17:     0x59345dab4e1c - <unknown>
[INFO] [stdout]   18:     0x59345da809f4 - <unknown>
[INFO] [stdout]   19:     0x7ce81e460dfa - <unknown>
[INFO] [stdout]   20:     0x7ce81e4f43d4 - clone
[INFO] [stdout]   21:                0x0 - <unknown>
[INFO] [stdout] 
[INFO] [stdout] ---- single_file_pack_roundtrip stdout ----
[INFO] [stdout] 
[INFO] [stdout] thread 'single_file_pack_roundtrip' (577) panicked at tests/roundtrip.rs:75:10:
[INFO] [stdout] failed to run ddce: Os { code: 2, kind: NotFound, message: "No such file or directory" }
[INFO] [stdout] stack backtrace:
[INFO] [stdout]    0:     0x59345da59717 - <unknown>
[INFO] [stdout]    1:     0x59345da3e12a - <unknown>
[INFO] [stdout]    2:     0x59345da58ccb - <unknown>
[INFO] [stdout]    3:     0x59345da587af - <unknown>
[INFO] [stdout]    4:     0x59345da583da - <unknown>
[INFO] [stdout]    5:     0x59345da57f15 - <unknown>
[INFO] [stdout]    6:     0x59345da7ecc1 - <unknown>
[INFO] [stdout]    7:     0x59345da7ec79 - <unknown>
[INFO] [stdout]    8:     0x59345da7f17c - <unknown>
[INFO] [stdout]    9:     0x59345da3dfbb - <unknown>
[INFO] [stdout]   10:     0x59345da41221 - <unknown>
[INFO] [stdout]   11:     0x59345da359c9 - <unknown>
[INFO] [stdout]   12:     0x59345da39ad0 - <unknown>
[INFO] [stdout]   13:     0x59345da999cb - <unknown>
[INFO] [stdout]   14:     0x59345da95991 - <unknown>
[INFO] [stdout]   15:     0x59345da9517c - <unknown>
[INFO] [stdout]   16:     0x59345dab4e1c - <unknown>
[INFO] [stdout]   17:     0x59345da809f4 - <unknown>
[INFO] [stdout]   18:     0x7ce81e460dfa - <unknown>
[INFO] [stdout]   19:     0x7ce81e4f43d4 - clone
[INFO] [stdout]   20:                0x0 - <unknown>
[INFO] [stdout] 
[INFO] [stdout] ---- tmp_dir_must_exist stdout ----
[INFO] [stdout] 
[INFO] [stdout] thread 'tmp_dir_must_exist' (592) panicked at tests/roundtrip.rs:75:10:
[INFO] [stdout] failed to run ddce: Os { code: 2, kind: NotFound, message: "No such file or directory" }
[INFO] [stdout] stack backtrace:
[INFO] [stdout]    0:     0x59345da59717 - <unknown>
[INFO] [stdout]    1:     0x59345da3e12a - <unknown>
[INFO] [stdout]    2:     0x59345da58ccb - <unknown>
[INFO] [stdout]    3:     0x59345da587af - <unknown>
[INFO] [stdout]    4:     0x59345da583da - <unknown>
[INFO] [stdout]    5:     0x59345da57f15 - <unknown>
[INFO] [stdout]    6:     0x59345da7ecc1 - <unknown>
[INFO] [stdout]    7:     0x59345da7ec79 - <unknown>
[INFO] [stdout]    8:     0x59345da7f17c - <unknown>
[INFO] [stdout]    9:     0x59345da3dfbb - <unknown>
[INFO] [stdout]   10:     0x59345da41221 - <unknown>
[INFO] [stdout]   11:     0x59345da359c9 - <unknown>
[INFO] [stdout]   12:     0x59345da388f0 - <unknown>
[INFO] [stdout]   13:     0x59345da999cb - <unknown>
[INFO] [stdout]   14:     0x59345da95991 - <unknown>
[INFO] [stdout]   15:     0x59345da9517c - <unknown>
[INFO] [stdout]   16:     0x59345dab4e1c - <unknown>
[INFO] [stdout]   17:     0x59345da809f4 - <unknown>
[INFO] [stdout]   18:     0x7ce81e460dfa - <unknown>
[INFO] [stdout]   19:     0x7ce81e4f43d4 - clone
[INFO] [stdout]   20:                0x0 - <unknown>
[INFO] [stdout] 
[INFO] [stdout] ---- pack_xz_gpg_armor stdout ----
[INFO] [stdout] 
[INFO] [stdout] thread 'pack_xz_gpg_armor' (564) panicked at tests/roundtrip.rs:75:10:
[INFO] [stdout] failed to run ddce: Os { code: 2, kind: NotFound, message: "No such file or directory" }
[INFO] [stdout] stack backtrace:
[INFO] [stdout]    0:     0x59345da59717 - <unknown>
[INFO] [stdout]    1:     0x59345da3e12a - <unknown>
[INFO] [stdout]    2:     0x59345da58ccb - <unknown>
[INFO] [stdout]    3:     0x59345da587af - <unknown>
[INFO] [stdout]    4:     0x59345da583da - <unknown>
[INFO] [stdout]    5:     0x59345da57f15 - <unknown>
[INFO] [stdout]    6:     0x59345da7ecc1 - <unknown>
[INFO] [stdout]    7:     0x59345da7ec79 - <unknown>
[INFO] [stdout]    8:     0x59345da7f17c - <unknown>
[INFO] [stdout]    9:     0x59345da3dfbb - <unknown>
[INFO] [stdout]   10:     0x59345da41221 - <unknown>
[INFO] [stdout]   11:     0x59345da359c9 - <unknown>
[INFO] [stdout]   12:     0x59345da33202 - <unknown>
[INFO] [stdout]   13:     0x59345da3883e - <unknown>
[INFO] [stdout]   14:     0x59345da999cb - <unknown>
[INFO] [stdout]   15:     0x59345da95991 - <unknown>
[INFO] [stdout]   16:     0x59345da9517c - <unknown>
[INFO] [stdout]   17:     0x59345dab4e1c - <unknown>
[INFO] [stdout]   18:     0x59345da809f4 - <unknown>
[INFO] [stdout]   19:     0x7ce81e460dfa - <unknown>
[INFO] [stdout]   20:     0x7ce81e4f43d4 - clone
[INFO] [stdout]   21:                0x0 - <unknown>
[INFO] [stdout] 
[INFO] [stdout] ---- threaded_compress_xz stdout ----
[INFO] [stdout] 
[INFO] [stdout] thread 'threaded_compress_xz' (585) panicked at tests/roundtrip.rs:75:10:
[INFO] [stdout] failed to run ddce: Os { code: 2, kind: NotFound, message: "No such file or directory" }
[INFO] [stdout] stack backtrace:
[INFO] [stdout]    0:     0x59345da59717 - <unknown>
[INFO] [stdout]    1:     0x59345da3e12a - <unknown>
[INFO] [stdout]    2:     0x59345da58ccb - <unknown>
[INFO] [stdout]    3:     0x59345da587af - <unknown>
[INFO] [stdout]    4:     0x59345da583da - <unknown>
[INFO] [stdout]    5:     0x59345da57f15 - <unknown>
[INFO] [stdout]    6:     0x59345da7ecc1 - <unknown>
[INFO] [stdout]    7:     0x59345da7ec79 - <unknown>
[INFO] [stdout]    8:     0x59345da7f17c - <unknown>
[INFO] [stdout]    9:     0x59345da3dfbb - <unknown>
[INFO] [stdout]   10:     0x59345da41221 - <unknown>
[INFO] [stdout]   11:     0x59345da359c9 - <unknown>
[INFO] [stdout]   12:     0x59345da34aa8 - <unknown>
[INFO] [stdout]   13:     0x59345da38a50 - <unknown>
[INFO] [stdout]   14:     0x59345da999cb - <unknown>
[INFO] [stdout]   15:     0x59345da95991 - <unknown>
[INFO] [stdout]   16:     0x59345da9517c - <unknown>
[INFO] [stdout]   17:     0x59345dab4e1c - <unknown>
[INFO] [stdout]   18:     0x59345da809f4 - <unknown>
[INFO] [stdout]   19:     0x7ce81e460dfa - <unknown>
[INFO] [stdout]   20:     0x7ce81e4f43d4 - clone
[INFO] [stdout]   21:                0x0 - <unknown>
[INFO] [stdout] 
[INFO] [stdout] ---- tmp_dir_is_used_and_cleaned stdout ----
[INFO] [stdout] 
[INFO] [stdout] thread 'tmp_dir_is_used_and_cleaned' (589) panicked at tests/roundtrip.rs:75:10:
[INFO] [stdout] failed to run ddce: Os { code: 2, kind: NotFound, message: "No such file or directory" }
[INFO] [stdout] stack backtrace:
[INFO] [stdout]    0:     0x59345da59717 - <unknown>
[INFO] [stdout]    1:     0x59345da3e12a - <unknown>
[INFO] [stdout]    2:     0x59345da58ccb - <unknown>
[INFO] [stdout]    3:     0x59345da587af - <unknown>
[INFO] [stdout]    4:     0x59345da583da - <unknown>
[INFO] [stdout]    5:     0x59345da57f15 - <unknown>
[INFO] [stdout]    6:     0x59345da7ecc1 - <unknown>
[INFO] [stdout]    7:     0x59345da7ec79 - <unknown>
[INFO] [stdout]    8:     0x59345da7f17c - <unknown>
[INFO] [stdout]    9:     0x59345da3dfbb - <unknown>
[INFO] [stdout]   10:     0x59345da41221 - <unknown>
[INFO] [stdout]   11:     0x59345da359c9 - <unknown>
[INFO] [stdout]   12:     0x59345da3ad89 - <unknown>
[INFO] [stdout]   13:     0x59345da999cb - <unknown>
[INFO] [stdout]   14:     0x59345da95991 - <unknown>
[INFO] [stdout]   15:     0x59345da9517c - <unknown>
[INFO] [stdout]   16:     0x59345dab4e1c - <unknown>
[INFO] [stdout]   17:     0x59345da809f4 - <unknown>
[INFO] [stdout]   18:     0x7ce81e460dfa - <unknown>
[INFO] [stdout]   19:     0x7ce81e4f43d4 - clone
[INFO] [stdout]   20:                0x0 - <unknown>
[INFO] [stdout] 
[INFO] [stdout] ---- pack_zip_gpg stdout ----
[INFO] [stdout] 
[INFO] [stdout] thread 'pack_zip_gpg' (570) panicked at tests/roundtrip.rs:75:10:
[INFO] [stdout] failed to run ddce: Os { code: 2, kind: NotFound, message: "No such file or directory" }
[INFO] [stdout] stack backtrace:
[INFO] [stdout]    0:     0x59345da59717 - <unknown>
[INFO] [stdout]    1:     0x59345da3e12a - <unknown>
[INFO] [stdout]    2:     0x59345da58ccb - <unknown>
[INFO] [stdout]    3:     0x59345da587af - <unknown>
[INFO] [stdout]    4:     0x59345da583da - <unknown>
[INFO] [stdout]    5:     0x59345da57f15 - <unknown>
[INFO] [stdout]    6:     0x59345da7ecc1 - <unknown>
[INFO] [stdout]    7:     0x59345da7ec79 - <unknown>
[INFO] [stdout]    8:     0x59345da7f17c - <unknown>
[INFO] [stdout]    9:     0x59345da3dfbb - <unknown>
[INFO] [stdout]   10:     0x59345da41221 - <unknown>
[INFO] [stdout]   11:     0x59345da359c9 - <unknown>
[INFO] [stdout]   12:     0x59345da33202 - <unknown>
[INFO] [stdout]   13:     0x59345da387fe - <unknown>
[INFO] [stdout]   14:     0x59345da999cb - <unknown>
[INFO] [stdout]   15:     0x59345da95991 - <unknown>
[INFO] [stdout]   16:     0x59345da9517c - <unknown>
[INFO] [stdout]   17:     0x59345dab4e1c - <unknown>
[INFO] [stdout]   18:     0x59345da809f4 - <unknown>
[INFO] [stdout]   19:     0x7ce81e460dfa - <unknown>
[INFO] [stdout]   20:     0x7ce81e4f43d4 - clone
[INFO] [stdout]   21:                0x0 - <unknown>
[INFO] [stdout] 
[INFO] [stdout] ---- unknown_format_is_rejected stdout ----
[INFO] [stdout] 
[INFO] [stdout] thread 'unknown_format_is_rejected' (599) panicked at tests/roundtrip.rs:75:10:
[INFO] [stdout] failed to run ddce: Os { code: 2, kind: NotFound, message: "No such file or directory" }
[INFO] [stdout] stack backtrace:
[INFO] [stdout]    0:     0x59345da59717 - <unknown>
[INFO] [stdout]    1:     0x59345da3e12a - <unknown>
[INFO] [stdout]    2:     0x59345da58ccb - <unknown>
[INFO] [stdout]    3:     0x59345da587af - <unknown>
[INFO] [stdout]    4:     0x59345da583da - <unknown>
[INFO] [stdout]    5:     0x59345da57f15 - <unknown>
[INFO] [stdout]    6:     0x59345da7ecc1 - <unknown>
[INFO] [stdout]    7:     0x59345da7ec79 - <unknown>
[INFO] [stdout]    8:     0x59345da7f17c - <unknown>
[INFO] [stdout]    9:     0x59345da3dfbb - <unknown>
[INFO] [stdout]   10:     0x59345da41221 - <unknown>
[INFO] [stdout]   11:     0x59345da359c9 - <unknown>
[INFO] [stdout]   12:     0x59345da3a0f0 - <unknown>
[INFO] [stdout]   13:     0x59345da999cb - <unknown>
[INFO] [stdout]   14:     0x59345da95991 - <unknown>
[INFO] [stdout]   15:     0x59345da9517c - <unknown>
[INFO] [stdout]   16:     0x59345dab4e1c - <unknown>
[INFO] [stdout]   17:     0x59345da809f4 - <unknown>
[INFO] [stdout]   18:     0x7ce81e460dfa - <unknown>
[INFO] [stdout]   19:     0x7ce81e4f43d4 - clone
[INFO] [stdout]   20:                0x0 - <unknown>
[INFO] [stdout] 
[INFO] [stdout] ---- unknown_method_is_rejected stdout ----
[INFO] [stdout] 
[INFO] [stdout] thread 'unknown_method_is_rejected' (600) panicked at tests/roundtrip.rs:75:10:
[INFO] [stdout] failed to run ddce: Os { code: 2, kind: NotFound, message: "No such file or directory" }
[INFO] [stdout] stack backtrace:
[INFO] [stdout]    0:     0x59345da59717 - <unknown>
[INFO] [stdout]    1:     0x59345da3e12a - <unknown>
[INFO] [stdout]    2:     0x59345da58ccb - <unknown>
[INFO] [stdout]    3:     0x59345da587af - <unknown>
[INFO] [stdout]    4:     0x59345da583da - <unknown>
[INFO] [stdout]    5:     0x59345da57f15 - <unknown>
[INFO] [stdout]    6:     0x59345da7ecc1 - <unknown>
[INFO] [stdout]    7:     0x59345da7ec79 - <unknown>
[INFO] [stdout]    8:     0x59345da7f17c - <unknown>
[INFO] [stdout]    9:     0x59345da3dfbb - <unknown>
[INFO] [stdout]   10:     0x59345da41221 - <unknown>
[INFO] [stdout]   11:     0x59345da359c9 - <unknown>
[INFO] [stdout]   12:     0x59345da3a2c0 - <unknown>
[INFO] [stdout]   13:     0x59345da999cb - <unknown>
[INFO] [stdout]   14:     0x59345da95991 - <unknown>
[INFO] [stdout]   15:     0x59345da9517c - <unknown>
[INFO] [stdout]   16:     0x59345dab4e1c - <unknown>
[INFO] [stdout]   17:     0x59345da809f4 - <unknown>
[INFO] [stdout]   18:     0x7ce81e460dfa - <unknown>
[INFO] [stdout]   19:     0x7ce81e4f43d4 - clone
[INFO] [stdout]   20:                0x0 - <unknown>
[INFO] [stdout] 
[INFO] [stdout] ---- wrong_passphrase_fails stdout ----
[INFO] [stdout] 
[INFO] [stdout] thread 'wrong_passphrase_fails' (601) panicked at tests/roundtrip.rs:109:10:
[INFO] [stdout] failed to run ddce: Os { code: 2, kind: NotFound, message: "No such file or directory" }
[INFO] [stdout] stack backtrace:
[INFO] [stdout]    0:     0x59345da59717 - <unknown>
[INFO] [stdout]    1:     0x59345da3e12a - <unknown>
[INFO] [stdout]    2:     0x59345da58ccb - <unknown>
[INFO] [stdout]    3:     0x59345da587af - <unknown>
[INFO] [stdout]    4:     0x59345da583da - <unknown>
[INFO] [stdout]    5:     0x59345da57f15 - <unknown>
[INFO] [stdout]    6:     0x59345da7ecc1 - <unknown>
[INFO] [stdout]    7:     0x59345da7ec79 - <unknown>
[INFO] [stdout]    8:     0x59345da7f17c - <unknown>
[INFO] [stdout]    9:     0x59345da3dfbb - <unknown>
[INFO] [stdout]   10:     0x59345da41221 - <unknown>
[INFO] [stdout]   11:     0x59345da373bb - <unknown>
[INFO] [stdout]   12:     0x59345da38b22 - <unknown>
[INFO] [stdout]   13:     0x59345da999cb - <unknown>
[INFO] [stdout]   14:     0x59345da95991 - <unknown>
[INFO] [stdout]   15:     0x59345da9517c - <unknown>
[INFO] [stdout]   16:     0x59345dab4e1c - <unknown>
[INFO] [stdout]   17:     0x59345da809f4 - <unknown>
[INFO] [stdout]   18:     0x7ce81e460dfa - <unknown>
[INFO] [stdout]   19:     0x7ce81e4f43d4 - clone
[INFO] [stdout]   20:                0x0 - <unknown>
[INFO] [stdout] 
[INFO] [stdout] ---- missing_input_is_rejected stdout ----
[INFO] [stdout] 
[INFO] [stdout] thread 'missing_input_is_rejected' (544) panicked at tests/roundtrip.rs:75:10:
[INFO] [stdout] failed to run ddce: Os { code: 2, kind: NotFound, message: "No such file or directory" }
[INFO] [stdout] stack backtrace:
[INFO] [stdout]    0:     0x59345da59717 - <unknown>
[INFO] [stdout]    1:     0x59345da3e12a - <unknown>
[INFO] [stdout]    2:     0x59345da58ccb - <unknown>
[INFO] [stdout]    3:     0x59345da587af - <unknown>
[INFO] [stdout]    4:     0x59345da583da - <unknown>
[INFO] [stdout]    5:     0x59345da57f15 - <unknown>
[INFO] [stdout]    6:     0x59345da7ecc1 - <unknown>
[INFO] [stdout]    7:     0x59345da7ec79 - <unknown>
[INFO] [stdout]    8:     0x59345da7f17c - <unknown>
[INFO] [stdout]    9:     0x59345da3dfbb - <unknown>
[INFO] [stdout]   10:     0x59345da41221 - <unknown>
[INFO] [stdout]   11:     0x59345da359c9 - <unknown>
[INFO] [stdout]   12:     0x59345da38dc7 - <unknown>
[INFO] [stdout]   13:     0x59345da999cb - <unknown>
[INFO] [stdout]   14:     0x59345da95991 - <unknown>
[INFO] [stdout]   15:     0x59345da9517c - <unknown>
[INFO] [stdout]   16:     0x59345dab4e1c - <unknown>
[INFO] [stdout]   17:     0x59345da809f4 - <unknown>
[INFO] [stdout]   18:     0x7ce81e460dfa - <unknown>
[INFO] [stdout]   19:     0x7ce81e4f43d4 - clone
[INFO] [stdout]   20:                0x0 - <unknown>
[INFO] [stdout] 
[INFO] [stdout] ---- compress_zip stdout ----
[INFO] [stdout] 
[INFO] [stdout] thread 'compress_zip' (533) panicked at tests/roundtrip.rs:75:10:
[INFO] [stdout] failed to run ddce: Os { code: 2, kind: NotFound, message: "No such file or directory" }
[INFO] [stdout] stack backtrace:
[INFO] [stdout]    0:     0x59345da59717 - <unknown>
[INFO] [stdout]    1:     0x59345da3e12a - <unknown>
[INFO] [stdout]    2:     0x59345da58ccb - <unknown>
[INFO] [stdout]    3:     0x59345da587af - <unknown>
[INFO] [stdout]    4:     0x59345da583da - <unknown>
[INFO] [stdout]    5:     0x59345da57f15 - <unknown>
[INFO] [stdout]    6:     0x59345da7ecc1 - <unknown>
[INFO] [stdout]    7:     0x59345da7ec79 - <unknown>
[INFO] [stdout]    8:     0x59345da7f17c - <unknown>
[INFO] [stdout]    9:     0x59345da3dfbb - <unknown>
[INFO] [stdout]   10:     0x59345da41221 - <unknown>
[INFO] [stdout]   11:     0x59345da359c9 - <unknown>
[INFO] [stdout]   12:     0x59345da33ea5 - <unknown>
[INFO] [stdout]   13:     0x59345da387c1 - <unknown>
[INFO] [stdout]   14:     0x59345da999cb - <unknown>
[INFO] [stdout]   15:     0x59345da95991 - <unknown>
[INFO] [stdout]   16:     0x59345da9517c - <unknown>
[INFO] [stdout]   17:     0x59345dab4e1c - <unknown>
[INFO] [stdout]   18:     0x59345da809f4 - <unknown>
[INFO] [stdout]   19:     0x7ce81e460dfa - <unknown>
[INFO] [stdout]   20:     0x7ce81e4f43d4 - clone
[INFO] [stdout]   21:                0x0 - <unknown>
[INFO] [stdout] 
[INFO] [stdout] ---- undetectable_extension_is_rejected stdout ----
[INFO] [stdout] 
[INFO] [stdout] thread 'undetectable_extension_is_rejected' (594) panicked at tests/roundtrip.rs:75:10:
[INFO] [stdout] failed to run ddce: Os { code: 2, kind: NotFound, message: "No such file or directory" }
[INFO] [stdout] stack backtrace:
[INFO] [stdout]    0:     0x59345da59717 - <unknown>
[INFO] [stdout]    1:     0x59345da3e12a - <unknown>
[INFO] [stdout]    2:     0x59345da58ccb - <unknown>
[INFO] [stdout]    3:     0x59345da587af - <unknown>
[INFO] [stdout]    4:     0x59345da583da - <unknown>
[INFO] [stdout]    5:     0x59345da57f15 - <unknown>
[INFO] [stdout]    6:     0x59345da7ecc1 - <unknown>
[INFO] [stdout]    7:     0x59345da7ec79 - <unknown>
[INFO] [stdout]    8:     0x59345da7f17c - <unknown>
[INFO] [stdout]    9:     0x59345da3dfbb - <unknown>
[INFO] [stdout]   10:     0x59345da41221 - <unknown>
[INFO] [stdout]   11:     0x59345da359c9 - <unknown>
[INFO] [stdout]   12:     0x59345da3be50 - <unknown>
[INFO] [stdout]   13:     0x59345da999cb - <unknown>
[INFO] [stdout]   14:     0x59345da95991 - <unknown>
[INFO] [stdout]   15:     0x59345da9517c - <unknown>
[INFO] [stdout]   16:     0x59345dab4e1c - <unknown>
[INFO] [stdout]   17:     0x59345da809f4 - <unknown>
[INFO] [stdout]   18:     0x7ce81e460dfa - <unknown>
[INFO] [stdout]   19:     0x7ce81e4f43d4 - clone
[INFO] [stdout]   20:                0x0 - <unknown>
[INFO] [stdout] 
[INFO] [stdout] 
[INFO] [stdout] failures:
[INFO] [stdout]     compress_bz2
[INFO] [stdout]     compress_gz
[INFO] [stdout]     compress_xz
[INFO] [stdout]     compress_zip
[INFO] [stdout]     decompress_format_override
[INFO] [stdout]     doctor_runs
[INFO] [stdout]     help_lists_supported_formats_and_methods
[INFO] [stdout]     missing_input_is_rejected
[INFO] [stdout]     missing_tool_checked_before_prompt
[INFO] [stdout]     non_utf8_filename_roundtrip
[INFO] [stdout]     output_dir_is_used_for_encode_and_decode
[INFO] [stdout]     pack_gz_gpg
[INFO] [stdout]     pack_xz_gpg
[INFO] [stdout]     pack_xz_gpg_armor
[INFO] [stdout]     pack_zip_gpg
[INFO] [stdout]     refuses_overwrite_without_force
[INFO] [stdout]     single_file_pack_roundtrip
[INFO] [stdout]     threaded_compress_gz
[INFO] [stdout]     threaded_compress_xz
[INFO] [stdout]     tmp_dir_is_used_and_cleaned
[INFO] [stdout]     tmp_dir_must_exist
[INFO] [stdout]     undetectable_extension_is_rejected
[INFO] [stdout]     unknown_format_is_rejected
[INFO] [stdout]     unknown_method_is_rejected
[INFO] [stdout]     wrong_passphrase_fails
[INFO] [stdout] 
[INFO] [stdout] test result: FAILED. 3 passed; 25 failed; 0 ignored; 0 measured; 0 filtered out; finished in 0.13s
[INFO] [stdout] 
[INFO] [stderr] error: test failed, to rerun pass `--test roundtrip`
[INFO] running `Command { std: "docker" "inspect" "ae99073aa3cad90a4f2e9661f102917c40d58b82c5d17b9273b4eac18e896603", kill_on_drop: false }`
[INFO] running `Command { std: "docker" "rm" "-f" "ae99073aa3cad90a4f2e9661f102917c40d58b82c5d17b9273b4eac18e896603", kill_on_drop: false }`
[INFO] [stdout] ae99073aa3cad90a4f2e9661f102917c40d58b82c5d17b9273b4eac18e896603
