[INFO] cloning repository https://github.com/alexfertel/smol-evm-rs
[INFO] running `Command { std: "git" "-c" "credential.helper=" "-c" "credential.helper=/workspace/cargo-home/bin/git-credential-null" "clone" "--bare" "https://github.com/alexfertel/smol-evm-rs" "/workspace/cache/git-repos/https%3A%2F%2Fgithub.com%2Falexfertel%2Fsmol-evm-rs", kill_on_drop: false }`
[INFO] [stderr] Cloning into bare repository '/workspace/cache/git-repos/https%3A%2F%2Fgithub.com%2Falexfertel%2Fsmol-evm-rs'...
[INFO] running `Command { std: "git" "rev-parse" "HEAD", kill_on_drop: false }`
[INFO] [stdout] 5929c94ec0ef85ca348affe877e5a042e71c5c22
[INFO] testing alexfertel/smol-evm-rs against 1.100.0-beta.1+cargoflags=--release for beta-release-1.100-3
[INFO] running `Command { std: "git" "clone" "/workspace/cache/git-repos/https%3A%2F%2Fgithub.com%2Falexfertel%2Fsmol-evm-rs" "/workspace/builds/worker-7-tc2/source", kill_on_drop: false }`
[INFO] [stderr] Cloning into '/workspace/builds/worker-7-tc2/source'...
[INFO] [stderr] done.
[INFO] started tweaking git repo https://github.com/alexfertel/smol-evm-rs
[INFO] finished tweaking git repo https://github.com/alexfertel/smol-evm-rs
[INFO] tweaked toml for git repo https://github.com/alexfertel/smol-evm-rs written to /workspace/builds/worker-7-tc2/source/Cargo.toml
[INFO] validating manifest of git repo https://github.com/alexfertel/smol-evm-rs on toolchain 1.100.0-beta.1
[INFO] running `Command { std: CARGO_HOME="/workspace/cargo-home" RUSTUP_HOME="/workspace/rustup-home" "/workspace/cargo-home/bin/cargo" "+1.100.0-beta.1" "metadata" "--manifest-path" "Cargo.toml" "--no-deps", kill_on_drop: false }`
[INFO] crate git repo https://github.com/alexfertel/smol-evm-rs already has a lockfile, it will not be regenerated
[INFO] running `Command { std: CARGO_HOME="/workspace/cargo-home" RUSTUP_HOME="/workspace/rustup-home" "/workspace/cargo-home/bin/cargo" "+1.100.0-beta.1" "fetch" "--manifest-path" "Cargo.toml", kill_on_drop: false }`
[INFO] running `Command { std: "docker" "create" "-v" "/var/lib/crater-agent-workspace/builds/worker-7-tc2/source:/opt/rustwide/workdir:ro,Z" "-v" "/var/lib/crater-agent-workspace/builds/worker-7-tc2/target:/opt/rustwide/target:rw,Z" "-v" "/var/lib/crater-agent-workspace/cargo-home:/opt/rustwide/cargo-home:ro,Z" "-v" "/var/lib/crater-agent-workspace/rustup-home:/opt/rustwide/rustup-home:ro,Z" "-m" "1610612736" "--network" "none" "ghcr.io/rust-lang/crates-build-env/linux@sha256:77db811e55d90add9212f6832c23229e3de5f1c1f9905e8cb07319ea15df73ac" "sleep" "infinity", kill_on_drop: false }`
[INFO] [stdout] 4e199522c8ec9670b6f7590fda3cb3d2b45ee117f3a6d8cf0bf4e500bb0fd278
[INFO] running `Command { std: "docker" "start" "4e199522c8ec9670b6f7590fda3cb3d2b45ee117f3a6d8cf0bf4e500bb0fd278", kill_on_drop: false }`
[INFO] running `Command { std: "docker" "inspect" "4e199522c8ec9670b6f7590fda3cb3d2b45ee117f3a6d8cf0bf4e500bb0fd278", kill_on_drop: false }`
[INFO] running `Command { std: "docker" "exec" "-e" "SOURCE_DIR=/opt/rustwide/workdir" "-e" "CARGO_HOME=/opt/rustwide/cargo-home" "-e" "RUSTUP_HOME=/opt/rustwide/rustup-home" "-e" "CARGO_TARGET_DIR=/opt/rustwide/target" "-w" "/opt/rustwide/workdir" "--user" "0:0" "4e199522c8ec9670b6f7590fda3cb3d2b45ee117f3a6d8cf0bf4e500bb0fd278" "/opt/rustwide/cargo-home/bin/cargo" "+1.100.0-beta.1" "metadata" "--no-deps" "--format-version=1", kill_on_drop: false }`
[INFO] running `Command { std: "docker" "inspect" "4e199522c8ec9670b6f7590fda3cb3d2b45ee117f3a6d8cf0bf4e500bb0fd278", kill_on_drop: false }`
[INFO] running `Command { std: "docker" "exec" "-e" "SOURCE_DIR=/opt/rustwide/workdir" "-e" "CARGO_HOME=/opt/rustwide/cargo-home" "-e" "RUSTUP_HOME=/opt/rustwide/rustup-home" "-e" "CARGO_TARGET_DIR=/opt/rustwide/target" "-e" "CARGO_INCREMENTAL=0" "-e" "RUST_BACKTRACE=full" "-e" "RUSTFLAGS=--cap-lints=warn" "-e" "RUSTDOCFLAGS=--cap-lints=warn" "-w" "/opt/rustwide/workdir" "--user" "0:0" "4e199522c8ec9670b6f7590fda3cb3d2b45ee117f3a6d8cf0bf4e500bb0fd278" "/opt/rustwide/cargo-home/bin/cargo" "+1.100.0-beta.1" "build" "--frozen" "--message-format=json" "--release", kill_on_drop: false }`
[INFO] [stderr]    Compiling proc-macro2 v1.0.70
[INFO] [stderr]    Compiling unicode-ident v1.0.12
[INFO] [stderr]    Compiling libc v0.2.151
[INFO] [stderr]    Compiling once_cell v1.19.0
[INFO] [stderr]    Compiling lazy_static v1.4.0
[INFO] [stderr]    Compiling crunchy v0.2.2
[INFO] [stderr]    Compiling utf8parse v0.2.1
[INFO] [stderr]    Compiling syn v1.0.109
[INFO] [stderr]    Compiling pin-project-lite v0.2.13
[INFO] [stderr]    Compiling bytes v1.5.0
[INFO] [stderr]    Compiling radium v0.7.0
[INFO] [stderr]    Compiling anstyle v1.0.4
[INFO] [stderr]    Compiling memchr v2.6.4
[INFO] [stderr]    Compiling colorchoice v1.0.0
[INFO] [stderr]    Compiling thiserror v1.0.51
[INFO] [stderr]    Compiling gimli v0.28.1
[INFO] [stderr]    Compiling sharded-slab v0.1.7
[INFO] [stderr]    Compiling anstyle-parse v0.2.3
[INFO] [stderr]    Compiling tiny-keccak v2.0.2
[INFO] [stderr]    Compiling adler v1.0.2
[INFO] [stderr]    Compiling eyre v0.6.9
[INFO] [stderr]    Compiling anstyle-query v1.0.2
[INFO] [stderr]    Compiling miniz_oxide v0.7.1
[INFO] [stderr]    Compiling tracing-core v0.1.32
[INFO] [stderr]    Compiling thread_local v1.1.7
[INFO] [stderr]    Compiling tap v1.0.1
[INFO] [stderr]    Compiling cpufeatures v0.2.11
[INFO] [stderr]    Compiling anstream v0.6.5
[INFO] [stderr]    Compiling heck v0.4.1
[INFO] [stderr]    Compiling strsim v0.10.0
[INFO] [stderr]    Compiling ruint-macro v1.1.0
[INFO] [stderr]    Compiling indenter v0.3.3
[INFO] [stderr]    Compiling rustc-demangle v0.1.23
[INFO] [stderr]    Compiling owo-colors v3.5.0
[INFO] [stderr]    Compiling clap_lex v0.6.0
[INFO] [stderr]    Compiling convert_case v0.4.0
[INFO] [stderr]    Compiling wyz v0.5.1
[INFO] [stderr]    Compiling quote v1.0.33
[INFO] [stderr]    Compiling object v0.32.1
[INFO] [stderr]    Compiling tracing v0.1.40
[INFO] [stderr]    Compiling syn v2.0.41
[INFO] [stderr]    Compiling alloy-rlp v0.3.3
[INFO] [stderr]    Compiling ruint v1.11.1
[INFO] [stderr]    Compiling clap_builder v4.4.11
[INFO] [stderr]    Compiling const-hex v1.10.0
[INFO] [stderr]    Compiling cc v1.0.83
[INFO] [stderr]    Compiling tracing-subscriber v0.3.18
[INFO] [stderr]    Compiling funty v2.0.0
[INFO] [stderr]    Compiling itoa v1.0.10
[INFO] [stderr]    Compiling hex-literal v0.4.1
[INFO] [stderr]    Compiling bitvec v1.0.1
[INFO] [stderr]    Compiling backtrace v0.3.69
[INFO] [stderr]    Compiling tracing-error v0.2.0
[INFO] [stderr]    Compiling color-spantrace v0.2.1
[INFO] [stderr]    Compiling derive_more v0.99.17
[INFO] [stderr]    Compiling addr2line v0.21.0
[INFO] [stderr]    Compiling thiserror-impl v1.0.51
[INFO] [stderr]    Compiling clap_derive v4.4.7
[INFO] [stderr]    Compiling clap-stdin v0.3.0
[INFO] [stderr]    Compiling alloy-primitives v0.5.2
[INFO] [stderr]    Compiling color-eyre v0.6.2
[INFO] [stderr]    Compiling clap v4.4.11
[INFO] [stderr]    Compiling evm v0.1.0 (/opt/rustwide/workdir)
[INFO] [stderr] warning: unused dependency `color-eyre`
[INFO] [stderr]  --> Cargo.toml:4:1
[INFO] [stderr]   |
[INFO] [stderr] 4 | color-eyre = "0.6.2"
[INFO] [stderr]   | ^^^^^^^^^^^^^^^^^^^^
[INFO] [stderr]   |
[INFO] [stderr]   = note: `cargo::unused_dependencies` is set to `warn` by default
[INFO] [stderr] help: consider removing the dependency on `color-eyre`
[INFO] [stderr] warning: `evm` (manifest) generated 1 warning
[INFO] [stderr]     Finished `release` profile [optimized] target(s) in 35.26s
[INFO] running `Command { std: "docker" "inspect" "4e199522c8ec9670b6f7590fda3cb3d2b45ee117f3a6d8cf0bf4e500bb0fd278", kill_on_drop: false }`
[INFO] running `Command { std: "docker" "exec" "-e" "SOURCE_DIR=/opt/rustwide/workdir" "-e" "CARGO_HOME=/opt/rustwide/cargo-home" "-e" "RUSTUP_HOME=/opt/rustwide/rustup-home" "-e" "CARGO_TARGET_DIR=/opt/rustwide/target" "-e" "CARGO_INCREMENTAL=0" "-e" "RUST_BACKTRACE=full" "-e" "RUSTFLAGS=--cap-lints=warn" "-e" "RUSTDOCFLAGS=--cap-lints=warn" "-w" "/opt/rustwide/workdir" "--user" "0:0" "4e199522c8ec9670b6f7590fda3cb3d2b45ee117f3a6d8cf0bf4e500bb0fd278" "/opt/rustwide/cargo-home/bin/cargo" "+1.100.0-beta.1" "test" "--frozen" "--no-run" "--message-format=json" "--release", kill_on_drop: false }`
[INFO] [stderr]    Compiling yansi v0.5.1
[INFO] [stderr]    Compiling diff v0.1.13
[INFO] [stderr]    Compiling pretty_assertions v1.4.0
[INFO] [stderr]    Compiling evm v0.1.0 (/opt/rustwide/workdir)
[INFO] [stderr] warning: unused dependency `color-eyre`
[INFO] [stderr]  --> Cargo.toml:4:1
[INFO] [stderr]   |
[INFO] [stderr] 4 | color-eyre = "0.6.2"
[INFO] [stderr]   | ^^^^^^^^^^^^^^^^^^^^
[INFO] [stderr]   |
[INFO] [stderr]   = note: `cargo::unused_dependencies` is set to `warn` by default
[INFO] [stderr] help: consider removing the dependency on `color-eyre`
[INFO] [stderr] warning: `evm` (manifest) generated 1 warning
[INFO] [stderr]     Finished `release` profile [optimized] target(s) in 2.53s
[INFO] running `Command { std: "docker" "inspect" "4e199522c8ec9670b6f7590fda3cb3d2b45ee117f3a6d8cf0bf4e500bb0fd278", kill_on_drop: false }`
[INFO] running `Command { std: "docker" "exec" "-e" "SOURCE_DIR=/opt/rustwide/workdir" "-e" "CARGO_HOME=/opt/rustwide/cargo-home" "-e" "RUSTUP_HOME=/opt/rustwide/rustup-home" "-e" "CARGO_TARGET_DIR=/opt/rustwide/target" "-e" "CARGO_INCREMENTAL=0" "-e" "RUST_BACKTRACE=full" "-e" "RUSTFLAGS=--cap-lints=warn" "-e" "RUSTDOCFLAGS=--cap-lints=warn" "-w" "/opt/rustwide/workdir" "--user" "0:0" "4e199522c8ec9670b6f7590fda3cb3d2b45ee117f3a6d8cf0bf4e500bb0fd278" "/opt/rustwide/cargo-home/bin/cargo" "+1.100.0-beta.1" "test" "--frozen" "--release", kill_on_drop: false }`
[INFO] [stderr] warning: unused dependency `color-eyre`
[INFO] [stderr]  --> Cargo.toml:4:1
[INFO] [stderr]   |
[INFO] [stderr] 4 | color-eyre = "0.6.2"
[INFO] [stderr]   | ^^^^^^^^^^^^^^^^^^^^
[INFO] [stderr]   |
[INFO] [stderr]   = note: `cargo::unused_dependencies` is set to `warn` by default
[INFO] [stderr] help: consider removing the dependency on `color-eyre`
[INFO] [stderr] warning: `evm` (manifest) generated 1 warning
[INFO] [stderr]     Finished `release` profile [optimized] target(s) in 0.12s
[INFO] [stdout] 
[INFO] [stderr]      Running unittests src/lib.rs (/opt/rustwide/target/release/build/evm/ed99b0d56bb727f9/out/evm-ed99b0d56bb727f9)
[INFO] [stdout] running 27 tests
[INFO] [stdout] test bytecode::tests::creates_jumpset ... ok
[INFO] [stdout] test interpreter::tests::returns_mul_result ... ok
[INFO] [stdout] test instructions::i256::tests::cmps_i256 ... ok
[INFO] [stdout] test interpreter::tests::returns_four_squared ... ok
[INFO] [stdout] test interpreter::tests::stops ... ok
[INFO] [stdout] test stack::tests::default_impl ... ok
[INFO] [stdout] test stack::tests::pushes_onto_stack ... ok
[INFO] [stdout] test stack::tests::peeks ... ok
[INFO] [stdout] test stack::tests::pops_from_stack ... ok
[INFO] [stdout] test memory::tests::sets_word ... ok
[INFO] [stdout] test memory::tests::panics_get_u256_oob - should panic ... ok
[INFO] [stdout] test memory::tests::panics_sets_word_oob - should panic ... ok
[INFO] [stdout] test stack::tests::pushes_slice_onto_stack ... ok
[INFO] [stdout] test stack::tests::swaps_last ... ok
[INFO] [stdout] test memory::tests::panics_get_word_oob - should panic ... ok
[INFO] [stdout] test stack::tests::dups_last ... ok
[INFO] [stdout] test memory::tests::resizes ... ok
[INFO] [stdout] test memory::tests::panics_get_byte_oob - should panic ... ok
[INFO] [stdout] test memory::tests::sets_u256 ... ok
[INFO] [stdout] test memory::tests::panics_sets_byte_oob - should panic ... ok
[INFO] [stdout] test stack::tests::swaps_zero_errors ... ok
[INFO] [stdout] test stack::tests::dups_second_to_last ... ok
[INFO] [stdout] test memory::tests::sets_byte ... ok
[INFO] [stdout] test stack::tests::overflows ... ok
[INFO] [stdout] test memory::tests::panics_sets_u256_oob - should panic ... ok
[INFO] [stdout] test stack::tests::swaps_second_to_last ... ok
[INFO] [stdout] test stack::tests::underflows ... ok
[INFO] [stdout] 
[INFO] [stdout] test result: ok. 27 passed; 0 failed; 0 ignored; 0 measured; 0 filtered out; finished in 0.01s
[INFO] [stdout] 
[INFO] [stderr]      Running unittests src/main.rs (/opt/rustwide/target/release/build/evm/44f4ff06f6c93425/out/evm-44f4ff06f6c93425)
[INFO] [stderr]      Running tests/evm.rs (/opt/rustwide/target/release/build/evm/1c9f326c9a9ca2a2/out/evm-1c9f326c9a9ca2a2)
[INFO] [stdout] 
[INFO] [stdout] running 0 tests
[INFO] [stdout] 
[INFO] [stdout] test result: ok. 0 passed; 0 failed; 0 ignored; 0 measured; 0 filtered out; finished in 0.00s
[INFO] [stdout] 
[INFO] [stdout] 
[INFO] [stdout] running 2 tests
[INFO] [stdout] test disassembler_reversability ... FAILED
[INFO] [stderr] error: test failed, to rerun pass `--test evm`
[INFO] [stdout] test assembler_reversability ... FAILED
[INFO] [stdout] 
[INFO] [stdout] failures:
[INFO] [stdout] 
[INFO] [stdout] ---- disassembler_reversability stdout ----
[INFO] [stdout] 
[INFO] [stdout] thread 'disassembler_reversability' (1401) panicked at tests/common/mod.rs:26:10:
[INFO] [stdout] Failed to spawn command: Os { code: 2, kind: NotFound, message: "No such file or directory" }
[INFO] [stdout] stack backtrace:
[INFO] [stdout]    0:     0x602f6f8cf581 - <<std[617be2ca0a6fd877]::sys::backtrace::BacktraceLock>::print::DisplayBacktrace as core[a373ad73a504971]::fmt::Display>::fmt
[INFO] [stdout]    1:     0x602f6f8e3bfa - core[a373ad73a504971]::fmt::write
[INFO] [stdout]    2:     0x602f6f8d3c3c - <alloc[2e1b2a31b91974c5]::vec::Vec<u8> as core[a373ad73a504971]::io::write::Write>::write_fmt
[INFO] [stdout]    3:     0x602f6f8ab2c6 - std[617be2ca0a6fd877]::panicking::default_hook::{closure#0}
[INFO] [stdout]    4:     0x602f6f8c7c19 - std[617be2ca0a6fd877]::panicking::default_hook
[INFO] [stdout]    5:     0x602f6f863b50 - test[aada8e7e76ba119b]::test_main_inner::{closure#0}
[INFO] [stdout]    6:     0x602f6f8c7dd2 - std[617be2ca0a6fd877]::panicking::panic_with_hook
[INFO] [stdout]    7:     0x602f6f8ab372 - std[617be2ca0a6fd877]::panicking::panic_handler::{closure#0}
[INFO] [stdout]    8:     0x602f6f8a4089 - std[617be2ca0a6fd877]::sys::backtrace::__rust_end_short_backtrace::<std[617be2ca0a6fd877]::panicking::panic_handler::{closure#0}, !>
[INFO] [stdout]    9:     0x602f6f8abf7d - __rustc[ea4f61d10b84890b]::rust_begin_unwind
[INFO] [stdout]   10:     0x602f6f8e432c - core[a373ad73a504971]::panicking::panic_fmt
[INFO] [stdout]   11:     0x602f6f8e4102 - core[a373ad73a504971]::result::unwrap_failed
[INFO] [stdout]   12:     0x602f6f856325 - evm[62b18d07c9d18f42]::common::cmd
[INFO] [stdout]   13:     0x602f6f856bbd - <evm[62b18d07c9d18f42]::disassembler_reversability::{closure#0} as core[a373ad73a504971]::ops::function::FnOnce<()>>::call_once
[INFO] [stdout]   14:     0x602f6f856f9b - test[aada8e7e76ba119b]::__rust_begin_short_backtrace::<core[a373ad73a504971]::result::Result<(), alloc[2e1b2a31b91974c5]::string::String>, fn() -> core[a373ad73a504971]::result::Result<(), alloc[2e1b2a31b91974c5]::string::String>>
[INFO] [stdout]   15:     0x602f6f864175 - test[aada8e7e76ba119b]::run_test::{closure#0}
[INFO] [stdout]   16:     0x602f6f85da64 - std[617be2ca0a6fd877]::sys::backtrace::__rust_begin_short_backtrace::<test[aada8e7e76ba119b]::run_test::{closure#1}, ()>
[INFO] [stdout]   17:     0x602f6f867202 - <std[617be2ca0a6fd877]::thread::lifecycle::spawn_unchecked<test[aada8e7e76ba119b]::run_test::{closure#1}, ()>::{closure#1} as core[a373ad73a504971]::ops::function::FnOnce<()>>::call_once::{shim:vtable#0}
[INFO] [stdout]   18:     0x602f6f8ceddf - <std[617be2ca0a6fd877]::sys::thread::unix::Thread>::new::thread_start
[INFO] [stdout]   19:     0x7c4786071dfa - <unknown>
[INFO] [stdout]   20:     0x7c47861053d4 - clone
[INFO] [stdout]   21:                0x0 - <unknown>
[INFO] [stdout] 
[INFO] [stdout] ---- assembler_reversability stdout ----
[INFO] [stdout] 
[INFO] [stdout] thread 'assembler_reversability' (1400) panicked at tests/common/mod.rs:26:10:
[INFO] [stdout] Failed to spawn command: Os { code: 2, kind: NotFound, message: "No such file or directory" }
[INFO] [stdout] stack backtrace:
[INFO] [stdout]    0:     0x602f6f8cf581 - <<std[617be2ca0a6fd877]::sys::backtrace::BacktraceLock>::print::DisplayBacktrace as core[a373ad73a504971]::fmt::Display>::fmt
[INFO] [stdout]    1:     0x602f6f8e3bfa - core[a373ad73a504971]::fmt::write
[INFO] [stdout]    2:     0x602f6f8d3c3c - <alloc[2e1b2a31b91974c5]::vec::Vec<u8> as core[a373ad73a504971]::io::write::Write>::write_fmt
[INFO] [stdout]    3:     0x602f6f8ab2c6 - std[617be2ca0a6fd877]::panicking::default_hook::{closure#0}
[INFO] [stdout]    4:     0x602f6f8c7c19 - std[617be2ca0a6fd877]::panicking::default_hook
[INFO] [stdout]    5:     0x602f6f863b50 - test[aada8e7e76ba119b]::test_main_inner::{closure#0}
[INFO] [stdout]    6:     0x602f6f8c7dd2 - std[617be2ca0a6fd877]::panicking::panic_with_hook
[INFO] [stdout]    7:     0x602f6f8ab372 - std[617be2ca0a6fd877]::panicking::panic_handler::{closure#0}
[INFO] [stdout]    8:     0x602f6f8a4089 - std[617be2ca0a6fd877]::sys::backtrace::__rust_end_short_backtrace::<std[617be2ca0a6fd877]::panicking::panic_handler::{closure#0}, !>
[INFO] [stdout]    9:     0x602f6f8abf7d - __rustc[ea4f61d10b84890b]::rust_begin_unwind
[INFO] [stdout]   10:     0x602f6f8e432c - core[a373ad73a504971]::panicking::panic_fmt
[INFO] [stdout]   11:     0x602f6f8e4102 - core[a373ad73a504971]::result::unwrap_failed
[INFO] [stdout]   12:     0x602f6f856325 - evm[62b18d07c9d18f42]::common::cmd
[INFO] [stdout]   13:     0x602f6f85677b - <evm[62b18d07c9d18f42]::assembler_reversability::{closure#0} as core[a373ad73a504971]::ops::function::FnOnce<()>>::call_once
[INFO] [stdout]   14:     0x602f6f856f9b - test[aada8e7e76ba119b]::__rust_begin_short_backtrace::<core[a373ad73a504971]::result::Result<(), alloc[2e1b2a31b91974c5]::string::String>, fn() -> core[a373ad73a504971]::result::Result<(), alloc[2e1b2a31b91974c5]::string::String>>
[INFO] [stdout]   15:     0x602f6f864175 - test[aada8e7e76ba119b]::run_test::{closure#0}
[INFO] [stdout]   16:     0x602f6f85da64 - std[617be2ca0a6fd877]::sys::backtrace::__rust_begin_short_backtrace::<test[aada8e7e76ba119b]::run_test::{closure#1}, ()>
[INFO] [stdout]   17:     0x602f6f867202 - <std[617be2ca0a6fd877]::thread::lifecycle::spawn_unchecked<test[aada8e7e76ba119b]::run_test::{closure#1}, ()>::{closure#1} as core[a373ad73a504971]::ops::function::FnOnce<()>>::call_once::{shim:vtable#0}
[INFO] [stdout]   18:     0x602f6f8ceddf - <std[617be2ca0a6fd877]::sys::thread::unix::Thread>::new::thread_start
[INFO] [stdout]   19:     0x7c4786071dfa - <unknown>
[INFO] [stdout]   20:     0x7c47861053d4 - clone
[INFO] [stdout]   21:                0x0 - <unknown>
[INFO] [stdout] 
[INFO] [stdout] 
[INFO] [stdout] failures:
[INFO] [stdout]     assembler_reversability
[INFO] [stdout]     disassembler_reversability
[INFO] [stdout] 
[INFO] [stdout] test result: FAILED. 0 passed; 2 failed; 0 ignored; 0 measured; 0 filtered out; finished in 0.00s
[INFO] [stdout] 
[INFO] running `Command { std: "docker" "inspect" "4e199522c8ec9670b6f7590fda3cb3d2b45ee117f3a6d8cf0bf4e500bb0fd278", kill_on_drop: false }`
[INFO] running `Command { std: "docker" "rm" "-f" "4e199522c8ec9670b6f7590fda3cb3d2b45ee117f3a6d8cf0bf4e500bb0fd278", kill_on_drop: false }`
[INFO] [stdout] 4e199522c8ec9670b6f7590fda3cb3d2b45ee117f3a6d8cf0bf4e500bb0fd278
