[INFO] cloning repository https://github.com/alexander-pecheny/rmosh
[INFO] running `Command { std: "git" "-c" "credential.helper=" "-c" "credential.helper=/workspace/cargo-home/bin/git-credential-null" "clone" "--bare" "https://github.com/alexander-pecheny/rmosh" "/workspace/cache/git-repos/https%3A%2F%2Fgithub.com%2Falexander-pecheny%2Frmosh", kill_on_drop: false }`
[INFO] [stderr] Cloning into bare repository '/workspace/cache/git-repos/https%3A%2F%2Fgithub.com%2Falexander-pecheny%2Frmosh'...
[INFO] running `Command { std: "git" "rev-parse" "HEAD", kill_on_drop: false }`
[INFO] [stdout] b7d197c7dc3a063d76255c2b978ef96082dfa292
[INFO] testing alexander-pecheny/rmosh against 1.100.0-beta.1+cargoflags=--release for beta-release-1.100-3
[INFO] running `Command { std: "git" "clone" "/workspace/cache/git-repos/https%3A%2F%2Fgithub.com%2Falexander-pecheny%2Frmosh" "/workspace/builds/worker-2-tc2/source", kill_on_drop: false }`
[INFO] [stderr] Cloning into '/workspace/builds/worker-2-tc2/source'...
[INFO] [stderr] done.
[INFO] started tweaking git repo https://github.com/alexander-pecheny/rmosh
[INFO] finished tweaking git repo https://github.com/alexander-pecheny/rmosh
[INFO] tweaked toml for git repo https://github.com/alexander-pecheny/rmosh written to /workspace/builds/worker-2-tc2/source/Cargo.toml
[INFO] validating manifest of git repo https://github.com/alexander-pecheny/rmosh on toolchain 1.100.0-beta.1
[INFO] running `Command { std: CARGO_HOME="/workspace/cargo-home" RUSTUP_HOME="/workspace/rustup-home" "/workspace/cargo-home/bin/cargo" "+1.100.0-beta.1" "metadata" "--manifest-path" "Cargo.toml" "--no-deps", kill_on_drop: false }`
[INFO] crate git repo https://github.com/alexander-pecheny/rmosh already has a lockfile, it will not be regenerated
[INFO] running `Command { std: CARGO_HOME="/workspace/cargo-home" RUSTUP_HOME="/workspace/rustup-home" "/workspace/cargo-home/bin/cargo" "+1.100.0-beta.1" "fetch" "--manifest-path" "Cargo.toml", kill_on_drop: false }`
[INFO] [stderr] warning: unused field `repository` in `workspace.package`
[INFO] [stderr]   --> Cargo.toml:11:1
[INFO] [stderr]    |
[INFO] [stderr] 11 | repository = "https://github.com/mobile-shell/mosh"
[INFO] [stderr]    | ^^^^^^^^^^
[INFO] [stderr]    |
[INFO] [stderr]    = note: `cargo::unused_workspace_package_fields` is set to `warn` by default
[INFO] [stderr] help: consider removing the field `workspace.package.repository`
[INFO] [stderr] warning: workspace (manifest) generated 1 warning
[INFO] running `Command { std: "docker" "create" "-v" "/var/lib/crater-agent-workspace/builds/worker-2-tc2/source:/opt/rustwide/workdir:ro,Z" "-v" "/var/lib/crater-agent-workspace/builds/worker-2-tc2/target:/opt/rustwide/target:rw,Z" "-v" "/var/lib/crater-agent-workspace/cargo-home:/opt/rustwide/cargo-home:ro,Z" "-v" "/var/lib/crater-agent-workspace/rustup-home:/opt/rustwide/rustup-home:ro,Z" "-m" "1610612736" "--network" "none" "ghcr.io/rust-lang/crates-build-env/linux@sha256:77db811e55d90add9212f6832c23229e3de5f1c1f9905e8cb07319ea15df73ac" "sleep" "infinity", kill_on_drop: false }`
[INFO] [stdout] 556cea4337c85c6a79e2463555dfd3552244603cb674726152ece4ccac19f3cc
[INFO] running `Command { std: "docker" "start" "556cea4337c85c6a79e2463555dfd3552244603cb674726152ece4ccac19f3cc", kill_on_drop: false }`
[INFO] running `Command { std: "docker" "inspect" "556cea4337c85c6a79e2463555dfd3552244603cb674726152ece4ccac19f3cc", kill_on_drop: false }`
[INFO] running `Command { std: "docker" "exec" "-e" "SOURCE_DIR=/opt/rustwide/workdir" "-e" "CARGO_HOME=/opt/rustwide/cargo-home" "-e" "RUSTUP_HOME=/opt/rustwide/rustup-home" "-e" "CARGO_TARGET_DIR=/opt/rustwide/target" "-w" "/opt/rustwide/workdir" "--user" "0:0" "556cea4337c85c6a79e2463555dfd3552244603cb674726152ece4ccac19f3cc" "/opt/rustwide/cargo-home/bin/cargo" "+1.100.0-beta.1" "metadata" "--no-deps" "--format-version=1", kill_on_drop: false }`
[INFO] running `Command { std: "docker" "inspect" "556cea4337c85c6a79e2463555dfd3552244603cb674726152ece4ccac19f3cc", kill_on_drop: false }`
[INFO] running `Command { std: "docker" "exec" "-e" "SOURCE_DIR=/opt/rustwide/workdir" "-e" "CARGO_HOME=/opt/rustwide/cargo-home" "-e" "RUSTUP_HOME=/opt/rustwide/rustup-home" "-e" "CARGO_TARGET_DIR=/opt/rustwide/target" "-e" "CARGO_INCREMENTAL=0" "-e" "RUST_BACKTRACE=full" "-e" "RUSTFLAGS=--cap-lints=warn" "-e" "RUSTDOCFLAGS=--cap-lints=warn" "-w" "/opt/rustwide/workdir" "--user" "0:0" "556cea4337c85c6a79e2463555dfd3552244603cb674726152ece4ccac19f3cc" "/opt/rustwide/cargo-home/bin/cargo" "+1.100.0-beta.1" "build" "--frozen" "--message-format=json" "--release", kill_on_drop: false }`
[INFO] [stderr] warning: unused field `repository` in `workspace.package`
[INFO] [stderr]   --> Cargo.toml:11:1
[INFO] [stderr]    |
[INFO] [stderr] 11 | repository = "https://github.com/mobile-shell/mosh"
[INFO] [stderr]    | ^^^^^^^^^^
[INFO] [stderr]    |
[INFO] [stderr]    = note: `cargo::unused_workspace_package_fields` is set to `warn` by default
[INFO] [stderr] help: consider removing the field `workspace.package.repository`
[INFO] [stderr] warning: workspace (manifest) generated 1 warning
[INFO] [stderr]    Compiling libc v0.2.189
[INFO] [stderr]    Compiling proc-macro2 v1.0.107
[INFO] [stderr]    Compiling cfg-if v1.0.4
[INFO] [stderr]    Compiling unicode-ident v1.0.24
[INFO] [stderr]    Compiling quote v1.0.47
[INFO] [stderr]    Compiling version_check v0.9.5
[INFO] [stderr]    Compiling anyhow v1.0.104
[INFO] [stderr]    Compiling typenum v1.20.1
[INFO] [stderr]    Compiling either v1.17.0
[INFO] [stderr]    Compiling rustix v1.1.4
[INFO] [stderr]    Compiling prettyplease v0.2.37
[INFO] [stderr]    Compiling foldhash v0.1.5
[INFO] [stderr]    Compiling hashbrown v0.17.1
[INFO] [stderr]    Compiling bytes v1.12.1
[INFO] [stderr]    Compiling equivalent v1.0.2
[INFO] [stderr]    Compiling bitflags v2.13.1
[INFO] [stderr]    Compiling regex-syntax v0.8.11
[INFO] [stderr]    Compiling linux-raw-sys v0.12.1
[INFO] [stderr]    Compiling hashbrown v0.15.5
[INFO] [stderr]    Compiling fixedbitset v0.5.7
[INFO] [stderr]    Compiling once_cell v1.21.4
[INFO] [stderr]    Compiling fastrand v2.5.0
[INFO] [stderr]    Compiling generic-array v0.14.7
[INFO] [stderr]    Compiling log v0.4.33
[INFO] [stderr]    Compiling heck v0.5.0
[INFO] [stderr]    Compiling itertools v0.14.0
[INFO] [stderr]    Compiling multimap v0.10.1
[INFO] [stderr]    Compiling crc32fast v1.5.0
[INFO] [stderr]    Compiling getrandom v0.3.4
[INFO] [stderr]    Compiling pkg-config v0.3.33
[INFO] [stderr]    Compiling subtle v2.6.1
[INFO] [stderr]    Compiling adler2 v2.0.1
[INFO] [stderr]    Compiling cpufeatures v0.2.17
[INFO] [stderr]    Compiling simd-adler32 v0.3.10
[INFO] [stderr]    Compiling unicode-width v0.2.2
[INFO] [stderr]    Compiling syn v2.0.119
[INFO] [stderr]    Compiling miniz_oxide v0.8.9
[INFO] [stderr]    Compiling indexmap v2.14.0
[INFO] [stderr]    Compiling mosh-sys v1.4.0 (/opt/rustwide/workdir/crates/mosh-sys)
[INFO] [stderr]    Compiling flate2 v1.1.9
[INFO] [stderr]    Compiling regex-automata v0.4.16
[INFO] [stderr]    Compiling inout v0.1.4
[INFO] [stderr]    Compiling petgraph v0.8.3
[INFO] [stderr]    Compiling getrandom v0.2.17
[INFO] [stderr]    Compiling rand_core v0.6.4
[INFO] [stderr]    Compiling mosh-terminal v1.4.0 (/opt/rustwide/workdir/crates/mosh-terminal)
[INFO] [stderr]    Compiling crypto-common v0.1.7
[INFO] [stderr]    Compiling cipher v0.4.4
[INFO] [stderr]    Compiling aead v0.5.2
[INFO] [stderr]    Compiling ctr v0.9.2
[INFO] [stderr]    Compiling aes v0.8.4
[INFO] [stderr]    Compiling ocb3 v0.1.0
[INFO] [stderr]    Compiling tempfile v3.27.0
[INFO] [stderr]    Compiling mosh-crypto v1.4.0 (/opt/rustwide/workdir/crates/mosh-crypto)
[INFO] [stderr]    Compiling regex v1.13.1
[INFO] [stderr]    Compiling prost-derive v0.14.4
[INFO] [stderr]    Compiling prost v0.14.4
[INFO] [stderr]    Compiling prost-types v0.14.4
[INFO] [stderr]    Compiling prost-build v0.14.4
[INFO] [stderr]    Compiling mosh-protobufs v1.4.0 (/opt/rustwide/workdir/crates/mosh-protobufs)
[INFO] [stderr]    Compiling mosh-network v1.4.0 (/opt/rustwide/workdir/crates/mosh-network)
[INFO] [stderr]    Compiling mosh-pipe v1.4.0 (/opt/rustwide/workdir/crates/mosh-pipe)
[INFO] [stderr]    Compiling mosh-state v1.4.0 (/opt/rustwide/workdir/crates/mosh-state)
[INFO] [stderr]    Compiling mosh v1.4.0 (/opt/rustwide/workdir/crates/mosh)
[INFO] [stderr]    Compiling mosh-client v1.4.0 (/opt/rustwide/workdir/crates/mosh-client)
[INFO] [stderr]    Compiling mosh-server v1.4.0 (/opt/rustwide/workdir/crates/mosh-server)
[INFO] [stderr]     Finished `release` profile [optimized] target(s) in 31.77s
[INFO] running `Command { std: "docker" "inspect" "556cea4337c85c6a79e2463555dfd3552244603cb674726152ece4ccac19f3cc", kill_on_drop: false }`
[INFO] running `Command { std: "docker" "exec" "-e" "SOURCE_DIR=/opt/rustwide/workdir" "-e" "CARGO_HOME=/opt/rustwide/cargo-home" "-e" "RUSTUP_HOME=/opt/rustwide/rustup-home" "-e" "CARGO_TARGET_DIR=/opt/rustwide/target" "-e" "CARGO_INCREMENTAL=0" "-e" "RUST_BACKTRACE=full" "-e" "RUSTFLAGS=--cap-lints=warn" "-e" "RUSTDOCFLAGS=--cap-lints=warn" "-w" "/opt/rustwide/workdir" "--user" "0:0" "556cea4337c85c6a79e2463555dfd3552244603cb674726152ece4ccac19f3cc" "/opt/rustwide/cargo-home/bin/cargo" "+1.100.0-beta.1" "test" "--frozen" "--no-run" "--message-format=json" "--release", kill_on_drop: false }`
[INFO] [stderr] warning: unused field `repository` in `workspace.package`
[INFO] [stderr]   --> Cargo.toml:11:1
[INFO] [stderr]    |
[INFO] [stderr] 11 | repository = "https://github.com/mobile-shell/mosh"
[INFO] [stderr]    | ^^^^^^^^^^
[INFO] [stderr]    |
[INFO] [stderr]    = note: `cargo::unused_workspace_package_fields` is set to `warn` by default
[INFO] [stderr] help: consider removing the field `workspace.package.repository`
[INFO] [stderr] warning: workspace (manifest) generated 1 warning
[INFO] [stderr]    Compiling mosh-sys v1.4.0 (/opt/rustwide/workdir/crates/mosh-sys)
[INFO] [stderr]    Compiling mosh-crypto v1.4.0 (/opt/rustwide/workdir/crates/mosh-crypto)
[INFO] [stderr]    Compiling mosh-protobufs v1.4.0 (/opt/rustwide/workdir/crates/mosh-protobufs)
[INFO] [stderr]    Compiling mosh-network v1.4.0 (/opt/rustwide/workdir/crates/mosh-network)
[INFO] [stderr]    Compiling mosh-terminal v1.4.0 (/opt/rustwide/workdir/crates/mosh-terminal)
[INFO] [stderr]    Compiling mosh-pipe v1.4.0 (/opt/rustwide/workdir/crates/mosh-pipe)
[INFO] [stderr]    Compiling mosh v1.4.0 (/opt/rustwide/workdir/crates/mosh)
[INFO] [stderr]    Compiling mosh-state v1.4.0 (/opt/rustwide/workdir/crates/mosh-state)
[INFO] [stderr]    Compiling mosh-client v1.4.0 (/opt/rustwide/workdir/crates/mosh-client)
[INFO] [stderr]    Compiling mosh-server v1.4.0 (/opt/rustwide/workdir/crates/mosh-server)
[INFO] [stdout] warning: function `strip_attributes_upstream_lacks` is never used
[INFO] [stdout]   --> crates/mosh-terminal/tests/common/mod.rs:25:8
[INFO] [stdout]    |
[INFO] [stdout] 25 | pub fn strip_attributes_upstream_lacks(dump: &str) -> String {
[INFO] [stdout]    |        ^^^^^^^^^^^^^^^^^^^^^^^^^^^^^^^
[INFO] [stdout]    |
[INFO] [stdout]    = note: `#[warn(dead_code)]` (part of `#[warn(unused)]`) on by default
[INFO] [stdout] 
[INFO] [stdout] 
[INFO] [stdout] warning: function `strip_attributes_upstream_lacks` is never used
[INFO] [stdout]   --> crates/mosh-terminal/tests/common/mod.rs:25:8
[INFO] [stdout]    |
[INFO] [stdout] 25 | pub fn strip_attributes_upstream_lacks(dump: &str) -> String {
[INFO] [stdout]    |        ^^^^^^^^^^^^^^^^^^^^^^^^^^^^^^^
[INFO] [stdout]    |
[INFO] [stdout]    = note: `#[warn(dead_code)]` (part of `#[warn(unused)]`) on by default
[INFO] [stdout] 
[INFO] [stdout] 
[INFO] [stderr]     Finished `release` profile [optimized] target(s) in 13.29s
[INFO] running `Command { std: "docker" "inspect" "556cea4337c85c6a79e2463555dfd3552244603cb674726152ece4ccac19f3cc", kill_on_drop: false }`
[INFO] running `Command { std: "docker" "exec" "-e" "SOURCE_DIR=/opt/rustwide/workdir" "-e" "CARGO_HOME=/opt/rustwide/cargo-home" "-e" "RUSTUP_HOME=/opt/rustwide/rustup-home" "-e" "CARGO_TARGET_DIR=/opt/rustwide/target" "-e" "CARGO_INCREMENTAL=0" "-e" "RUST_BACKTRACE=full" "-e" "RUSTFLAGS=--cap-lints=warn" "-e" "RUSTDOCFLAGS=--cap-lints=warn" "-w" "/opt/rustwide/workdir" "--user" "0:0" "556cea4337c85c6a79e2463555dfd3552244603cb674726152ece4ccac19f3cc" "/opt/rustwide/cargo-home/bin/cargo" "+1.100.0-beta.1" "test" "--frozen" "--release", kill_on_drop: false }`
[INFO] [stderr] warning: unused field `repository` in `workspace.package`
[INFO] [stderr]   --> Cargo.toml:11:1
[INFO] [stderr]    |
[INFO] [stderr] 11 | repository = "https://github.com/mobile-shell/mosh"
[INFO] [stderr]    | ^^^^^^^^^^
[INFO] [stderr]    |
[INFO] [stderr]    = note: `cargo::unused_workspace_package_fields` is set to `warn` by default
[INFO] [stderr] help: consider removing the field `workspace.package.repository`
[INFO] [stderr] warning: workspace (manifest) generated 1 warning
[INFO] [stderr]    Compiling mosh-sys v1.4.0 (/opt/rustwide/workdir/crates/mosh-sys)
[INFO] [stderr]    Compiling mosh-terminal v1.4.0 (/opt/rustwide/workdir/crates/mosh-terminal)
[INFO] [stderr]    Compiling mosh-pipe v1.4.0 (/opt/rustwide/workdir/crates/mosh-pipe)
[INFO] [stderr]    Compiling mosh v1.4.0 (/opt/rustwide/workdir/crates/mosh)
[INFO] [stderr]    Compiling mosh-state v1.4.0 (/opt/rustwide/workdir/crates/mosh-state)
[INFO] [stderr]    Compiling mosh-client v1.4.0 (/opt/rustwide/workdir/crates/mosh-client)
[INFO] [stderr] warning: function `strip_attributes_upstream_lacks` is never used
[INFO] [stderr]   --> crates/mosh-terminal/tests/common/mod.rs:25:8
[INFO] [stderr]    |
[INFO] [stderr] 25 | pub fn strip_attributes_upstream_lacks(dump: &str) -> String {
[INFO] [stderr]    |        ^^^^^^^^^^^^^^^^^^^^^^^^^^^^^^^
[INFO] [stderr]    |
[INFO] [stderr]    = note: `#[warn(dead_code)]` (part of `#[warn(unused)]`) on by default
[INFO] [stderr] 
[INFO] [stderr]    Compiling mosh-server v1.4.0 (/opt/rustwide/workdir/crates/mosh-server)
[INFO] [stderr] warning: `mosh-terminal` (test "frame_vs_cpp") generated 1 warning (1 duplicate)
[INFO] [stderr] warning: `mosh-terminal` (test "parser_vs_cpp") generated 1 warning
[INFO] [stderr]     Finished `release` profile [optimized] target(s) in 13.39s
[INFO] [stderr]      Running unittests src/lib.rs (/opt/rustwide/target/release/build/mosh/9bd26284324c57f3/out/mosh-9bd26284324c57f3)
[INFO] [stdout] 
[INFO] [stdout] running 29 tests
[INFO] [stdout] test handshake::tests::a_proxied_address_wins_over_the_announced_one ... ok
[INFO] [stdout] test handshake::tests::the_shell_is_heard_before_the_handshake ... ok
[INFO] [stdout] test launch::tests::a_user_prefix_is_dropped_before_connecting ... ok
[INFO] [stdout] test launch::tests::an_explicit_bind_address_wins ... ok
[INFO] [stdout] test opts::tests::an_empty_ssh_command_line_is_refused ... ok
[INFO] [stdout] test handshake::tests::malformed_lines_are_refused ... ok
[INFO] [stdout] test launch::tests::a_local_run_binds_the_host_it_was_given ... ok
[INFO] [stdout] test handshake::tests::the_server_address_comes_from_ssh_connection ... ok
[INFO] [stdout] test opts::tests::a_command_may_follow_the_host_with_or_without_a_dash_dash ... ok
[INFO] [stdout] test launch::tests::the_locale_is_carried_across ... ok
[INFO] [stdout] test opts::tests::prediction_modes_and_their_aliases ... ok
[INFO] [stdout] test launch::tests::the_port_request_is_forwarded ... ok
[INFO] [stdout] test opts::tests::the_fake_proxy_takes_its_host_and_port_after_the_separator ... ok
[INFO] [stdout] test opts::tests::shell_quote_protects_what_needs_it ... ok
[INFO] [stdout] test launch::tests::the_command_quotes_what_a_shell_would_otherwise_read ... ok
[INFO] [stdout] test launch::tests::binding_to_any_passes_no_address_at_all ... ok
[INFO] [stdout] test opts::tests::negatable_options_work_both_ways ... ok
[INFO] [stdout] test launch::tests::a_command_is_passed_after_a_double_dash ... ok
[INFO] [stdout] test launch::tests::the_server_is_told_to_bind_where_ssh_arrived ... ok
[INFO] [stdout] test opts::tests::values_attach_with_equals_or_stand_alone ... ok
[INFO] [stdout] test opts::tests::the_remote_ip_method_defaults_to_proxy_and_takes_the_three_spellings ... ok
[INFO] [stdout] test handshake::tests::the_address_cannot_be_redefined ... ok
[INFO] [stdout] test opts::tests::the_test_harness_invocation_parses ... ok
[INFO] [stdout] test opts::tests::the_ssh_option_is_a_command_line_not_a_word ... ok
[INFO] [stdout] test opts::tests::help_and_version_are_recognised ... ok
[INFO] [stdout] test opts::tests::unrecognised_options_are_handed_to_ssh ... ok
[INFO] [stdout] test handshake::tests::the_connect_line_carries_the_port_and_key ... ok
[INFO] [stdout] test opts::tests::shellwords_honours_quotes_and_escapes ... ok
[INFO] [stdout] test opts::tests::the_address_family_flags_agree_with_the_long_form ... ok
[INFO] [stdout] 
[INFO] [stdout] test result: ok. 29 passed; 0 failed; 0 ignored; 0 measured; 0 filtered out; finished in 0.01s
[INFO] [stdout] 
[INFO] [stderr]      Running unittests src/main.rs (/opt/rustwide/target/release/build/mosh/4f0017bf15f2fc24/out/mosh-4f0017bf15f2fc24)
[INFO] [stdout] 
[INFO] [stdout] running 1 test
[INFO] [stdout] test tests::prediction_mode_names_survive_the_round_trip ... ok
[INFO] [stdout] 
[INFO] [stdout] test result: ok. 1 passed; 0 failed; 0 ignored; 0 measured; 0 filtered out; finished in 0.00s
[INFO] [stdout] 
[INFO] [stdout] 
[INFO] [stdout] running 44 tests
[INFO] [stderr]      Running unittests src/lib.rs (/opt/rustwide/target/release/build/mosh-client/88e85f6a6078bb37/out/mosh_client-88e85f6a6078bb37)
[INFO] [stdout] test overlay::tests::a_matching_prediction_is_correct ... ok
[INFO] [stdout] test overlay::tests::a_row_applies_every_cell_it_holds ... ok
[INFO] [stdout] test overlay::tests::a_blank_predicted_over_a_blank_is_not_underlined ... ok
[INFO] [stdout] test overlay::tests::a_cursor_prediction_is_judged_on_position ... ok
[INFO] [stdout] test overlay::tests::a_predicted_erasure_the_server_has_not_made_is_still_pending ... ok
[INFO] [stdout] test overlay::tests::restoring_what_was_already_there_earns_no_credit ... ok
[INFO] [stdout] test overlay::tests::a_tentative_prediction_is_not_shown ... ok
[INFO] [stdout] test overlay::tests::the_last_column_is_never_underlined_for_an_unknown ... ok
[INFO] [stdout] test overlay::tests::an_unknown_prediction_earns_no_credit ... ok
[INFO] [stdout] test prediction::tests::a_correct_prediction_is_retired ... ok
[INFO] [stdout] test prediction::tests::a_letter_typed_after_option_backspace_is_still_guessed ... ok
[INFO] [stdout] test overlay::tests::applying_a_prediction_changes_the_cell ... ok
[INFO] [stdout] test overlay::tests::an_unknown_prediction_underlines_but_does_not_overwrite ... ok
[INFO] [stdout] test overlay::tests::flagging_underlines_a_prediction ... ok
[INFO] [stdout] test overlay::tests::a_mismatching_prediction_is_incorrect ... ok
[INFO] [stdout] test overlay::tests::predicting_a_blank_earns_no_credit ... ok
[INFO] [stdout] test overlay::tests::a_cursor_prediction_outside_the_screen_is_dropped ... ok
[INFO] [stdout] test overlay::tests::a_prediction_the_server_has_not_reached_is_pending ... ok
[INFO] [stdout] test prediction::tests::an_erasure_the_server_refuses_to_make_is_withdrawn ... ok
[INFO] [stdout] test prediction::tests::a_long_outstanding_prediction_forces_display ... ok
[INFO] [stdout] test prediction::tests::a_slow_link_turns_display_on_and_a_fast_one_turns_it_off ... ok
[INFO] [stdout] test prediction::tests::a_typed_character_is_predicted_onto_the_screen ... ok
[INFO] [stdout] test prediction::tests::a_very_slow_link_underlines_predictions ... ok
[INFO] [stdout] test prediction::tests::a_wrong_prediction_abandons_the_epoch ... ok
[INFO] [stdout] test prediction::tests::an_application_mode_arrow_is_understood_too ... ok
[INFO] [stdout] test prediction::tests::a_resize_discards_every_prediction ... ok
[INFO] [stdout] test prediction::tests::carriage_return_is_withheld_until_confirmed ... ok
[INFO] [stdout] test prediction::tests::control_characters_are_not_predicted ... ok
[INFO] [stdout] test overlay::tests::reset_with_orig_remembers_what_was_predicted ... ok
[INFO] [stdout] test prediction::tests::nothing_is_predicted_when_display_is_never ... ok
[INFO] [stdout] test prediction::tests::wait_time_is_short_only_while_triggers_can_still_fire ... ok
[INFO] [stdout] test overlay::tests::a_cursor_prediction_moves_the_cursor ... ok
[INFO] [stdout] test overlay::tests::a_predicted_erasure_the_server_makes_earns_credit ... ok
[INFO] [stdout] test prediction::tests::wrapping_at_the_right_margin_moves_to_the_next_row ... ok
[INFO] [stdout] test prediction::tests::backspace_at_the_start_of_a_line_does_nothing ... ok
[INFO] [stdout] test prediction::tests::keystrokes_still_in_flight_are_guessed_again_from_the_servers_cursor ... ok
[INFO] [stdout] test overlay::tests::an_inactive_prediction_is_not_judged ... ok
[INFO] [stdout] test prediction::tests::backspace_shifts_the_rest_of_the_row_left ... ok
[INFO] [stdout] test prediction::tests::option_backspace_erases_the_spaces_before_a_word_too ... ok
[INFO] [stdout] test overlay::tests::a_prediction_stranded_by_a_resize_is_incorrect ... ok
[INFO] [stdout] test prediction::tests::arrow_keys_move_the_predicted_cursor ... ok
[INFO] [stdout] test prediction::tests::guesses_are_withheld_again_when_the_server_shows_no_echo ... ok
[INFO] [stdout] test prediction::tests::option_backspace_erases_the_word_to_the_left ... ok
[INFO] [stdout] test prediction::tests::typing_advances_the_predicted_cursor ... ok
[INFO] [stdout] 
[INFO] [stdout] test result: ok. 44 passed; 0 failed; 0 ignored; 0 measured; 0 filtered out; finished in 0.01s
[INFO] [stdout] 
[INFO] [stderr]      Running unittests src/main.rs (/opt/rustwide/target/release/build/mosh-client/a44e6f0b2d3d84d5/out/mosh_client-a44e6f0b2d3d84d5)
[INFO] [stdout] 
[INFO] [stdout] running 0 tests
[INFO] [stdout] 
[INFO] [stdout] test result: ok. 0 passed; 0 failed; 0 ignored; 0 measured; 0 filtered out; finished in 0.00s
[INFO] [stdout] 
[INFO] [stderr]      Running tests/typing_over_a_link.rs (/opt/rustwide/target/release/build/mosh-client/903525cdbcbe859e/out/typing_over_a_link-903525cdbcbe859e)
[INFO] [stdout] 
[INFO] [stdout] running 5 tests
[INFO] [stdout] test a_paste_is_not_predicted ... FAILED
[INFO] [stdout] test the_screen_keeps_up_with_the_keyboard ... FAILED
[INFO] [stderr] warning: unused field `repository` in `workspace.package`
[INFO] [stderr]   --> Cargo.toml:11:1
[INFO] [stderr]    |
[INFO] [stderr] 11 | repository = "https://github.com/mobile-shell/mosh"
[INFO] [stderr]    | ^^^^^^^^^^
[INFO] [stderr]    |
[INFO] [stderr]    = note: `cargo::unused_workspace_package_fields` is set to `warn` by default
[INFO] [stderr] help: consider removing the field `workspace.package.repository`
[INFO] [stderr] warning: workspace (manifest) generated 1 warning
[INFO] [stderr] warning: unused field `repository` in `workspace.package`
[INFO] [stderr]   --> Cargo.toml:11:1
[INFO] [stderr]    |
[INFO] [stderr] 11 | repository = "https://github.com/mobile-shell/mosh"
[INFO] [stderr]    | ^^^^^^^^^^
[INFO] [stderr]    |
[INFO] [stderr]    = note: `cargo::unused_workspace_package_fields` is set to `warn` by default
[INFO] [stderr] help: consider removing the field `workspace.package.repository`
[INFO] [stderr] warning: workspace (manifest) generated 1 warning
[INFO] [stderr] warning: unused field `repository` in `workspace.package`
[INFO] [stderr]   --> Cargo.toml:11:1
[INFO] [stderr]    |
[INFO] [stderr] 11 | repository = "https://github.com/mobile-shell/mosh"
[INFO] [stderr]    | ^^^^^^^^^^
[INFO] [stderr]    |
[INFO] [stderr]    = note: `cargo::unused_workspace_package_fields` is set to `warn` by default
[INFO] [stderr] help: consider removing the field `workspace.package.repository`
[INFO] [stderr] warning: workspace (manifest) generated 1 warning
[INFO] [stderr]     Blocking waiting for file lock on build directory
[INFO] [stderr]     Blocking waiting for file lock on build directory
[INFO] [stderr]    Compiling libc v0.2.189
[INFO] [stderr]    Compiling proc-macro2 v1.0.107
[INFO] [stderr]    Compiling unicode-ident v1.0.24
[INFO] [stderr]    Compiling quote v1.0.47
[INFO] [stderr]    Compiling cfg-if v1.0.4
[INFO] [stderr]    Compiling version_check v0.9.5
[INFO] [stderr]    Compiling anyhow v1.0.104
[INFO] [stderr]    Compiling typenum v1.20.1
[INFO] [stderr]    Compiling either v1.17.0
[INFO] [stderr]    Compiling bytes v1.12.1
[INFO] [stderr]    Compiling rustix v1.1.4
[INFO] [stderr]    Compiling prettyplease v0.2.37
[INFO] [stderr]    Compiling regex-syntax v0.8.11
[INFO] [stderr]    Compiling foldhash v0.1.5
[INFO] [stderr]    Compiling hashbrown v0.17.1
[INFO] [stderr]    Compiling equivalent v1.0.2
[INFO] [stderr]    Compiling bitflags v2.13.1
[INFO] [stderr]    Compiling linux-raw-sys v0.12.1
[INFO] [stderr]    Compiling hashbrown v0.15.5
[INFO] [stderr]    Compiling once_cell v1.21.4
[INFO] [stderr]    Compiling fastrand v2.5.0
[INFO] [stderr]    Compiling fixedbitset v0.5.7
[INFO] [stderr]    Compiling multimap v0.10.1
[INFO] [stderr]    Compiling log v0.4.33
[INFO] [stderr]    Compiling generic-array v0.14.7
[INFO] [stderr]    Compiling itertools v0.14.0
[INFO] [stderr]    Compiling heck v0.5.0
[INFO] [stderr]    Compiling getrandom v0.3.4
[INFO] [stderr]    Compiling pkg-config v0.3.33
[INFO] [stderr]    Compiling crc32fast v1.5.0
[INFO] [stderr]    Compiling subtle v2.6.1
[INFO] [stderr]    Compiling cpufeatures v0.2.17
[INFO] [stderr]    Compiling adler2 v2.0.1
[INFO] [stderr]    Compiling simd-adler32 v0.3.10
[INFO] [stderr]    Compiling unicode-width v0.2.2
[INFO] [stderr]    Compiling miniz_oxide v0.8.9
[INFO] [stderr]    Compiling mosh-sys v1.4.0 (/opt/rustwide/workdir/crates/mosh-sys)
[INFO] [stderr]    Compiling inout v0.1.4
[INFO] [stderr]    Compiling indexmap v2.14.0
[INFO] [stderr]    Compiling getrandom v0.2.17
[INFO] [stderr]    Compiling rand_core v0.6.4
[INFO] [stderr]    Compiling crypto-common v0.1.7
[INFO] [stderr]    Compiling syn v2.0.119
[INFO] [stderr]    Compiling mosh-terminal v1.4.0 (/opt/rustwide/workdir/crates/mosh-terminal)
[INFO] [stderr]    Compiling cipher v0.4.4
[INFO] [stderr]    Compiling aead v0.5.2
[INFO] [stderr]    Compiling flate2 v1.1.9
[INFO] [stderr]    Compiling petgraph v0.8.3
[INFO] [stderr]    Compiling ctr v0.9.2
[INFO] [stderr]    Compiling aes v0.8.4
[INFO] [stderr]    Compiling ocb3 v0.1.0
[INFO] [stderr]    Compiling regex-automata v0.4.16
[INFO] [stderr]    Compiling mosh-crypto v1.4.0 (/opt/rustwide/workdir/crates/mosh-crypto)
[INFO] [stderr]    Compiling tempfile v3.27.0
[INFO] [stderr]    Compiling regex v1.13.1
[INFO] [stderr]    Compiling prost-derive v0.14.4
[INFO] [stderr]    Compiling prost v0.14.4
[INFO] [stderr]    Compiling prost-types v0.14.4
[INFO] [stderr]    Compiling prost-build v0.14.4
[INFO] [stderr]    Compiling mosh-protobufs v1.4.0 (/opt/rustwide/workdir/crates/mosh-protobufs)
[INFO] [stderr]    Compiling mosh-network v1.4.0 (/opt/rustwide/workdir/crates/mosh-network)
[INFO] [stderr]    Compiling mosh-state v1.4.0 (/opt/rustwide/workdir/crates/mosh-state)
[INFO] [stderr]    Compiling mosh-client v1.4.0 (/opt/rustwide/workdir/crates/mosh-client)
[INFO] [stderr]     Finished `dev` profile [unoptimized + debuginfo] target(s) in 21.23s
[INFO] [stdout] test the_screen_keeps_up_with_erasing_a_word ... FAILED
[INFO] [stderr]    Compiling mosh-sys v1.4.0 (/opt/rustwide/workdir/crates/mosh-sys)
[INFO] [stderr]    Compiling mosh-terminal v1.4.0 (/opt/rustwide/workdir/crates/mosh-terminal)
[INFO] [stderr]    Compiling mosh-state v1.4.0 (/opt/rustwide/workdir/crates/mosh-state)
[INFO] [stderr]    Compiling mosh-client v1.4.0 (/opt/rustwide/workdir/crates/mosh-client)
[INFO] [stderr]     Finished `dev` profile [unoptimized + debuginfo] target(s) in 23.22s
[INFO] [stdout] test the_screen_keeps_up_with_backspace ... FAILED
[INFO] [stderr]    Compiling mosh-sys v1.4.0 (/opt/rustwide/workdir/crates/mosh-sys)
[INFO] [stderr]    Compiling mosh-terminal v1.4.0 (/opt/rustwide/workdir/crates/mosh-terminal)
[INFO] [stderr]    Compiling mosh-state v1.4.0 (/opt/rustwide/workdir/crates/mosh-state)
[INFO] [stderr]    Compiling mosh-client v1.4.0 (/opt/rustwide/workdir/crates/mosh-client)
[INFO] [stderr]     Finished `dev` profile [unoptimized + debuginfo] target(s) in 24.95s
[INFO] [stdout] test the_screen_keeps_up_across_a_word_wrap ... FAILED
[INFO] [stderr] error: test failed, to rerun pass `-p mosh-client --test typing_over_a_link`
[INFO] [stdout] 
[INFO] [stdout] failures:
[INFO] [stdout] 
[INFO] [stdout] ---- a_paste_is_not_predicted stdout ----
[INFO] [stdout] 
[INFO] [stdout] thread 'a_paste_is_not_predicted' (3351) panicked at crates/mosh-client/tests/typing_over_a_link.rs:64:10:
[INFO] [stdout] mosh-server: Os { code: 2, kind: NotFound, message: "No such file or directory" }
[INFO] [stdout] stack backtrace:
[INFO] [stdout]    0:     0x5c52034fae71 - <<std[617be2ca0a6fd877]::sys::backtrace::BacktraceLock>::print::DisplayBacktrace as core[a373ad73a504971]::fmt::Display>::fmt
[INFO] [stdout]    1:     0x5c520350fb9a - core[a373ad73a504971]::fmt::write
[INFO] [stdout]    2:     0x5c52034ff48c - <alloc[2e1b2a31b91974c5]::vec::Vec<u8> as core[a373ad73a504971]::io::write::Write>::write_fmt
[INFO] [stdout]    3:     0x5c52034d5d56 - std[617be2ca0a6fd877]::panicking::default_hook::{closure#0}
[INFO] [stdout]    4:     0x5c52034f2f69 - std[617be2ca0a6fd877]::panicking::default_hook
[INFO] [stdout]    5:     0x5c5203452b80 - test[aada8e7e76ba119b]::test_main_inner::{closure#0}
[INFO] [stdout]    6:     0x5c52034f3122 - std[617be2ca0a6fd877]::panicking::panic_with_hook
[INFO] [stdout]    7:     0x5c52034d5e02 - std[617be2ca0a6fd877]::panicking::panic_handler::{closure#0}
[INFO] [stdout]    8:     0x5c52034cea69 - std[617be2ca0a6fd877]::sys::backtrace::__rust_end_short_backtrace::<std[617be2ca0a6fd877]::panicking::panic_handler::{closure#0}, !>
[INFO] [stdout]    9:     0x5c52034d6bfd - __rustc[ea4f61d10b84890b]::rust_begin_unwind
[INFO] [stdout]   10:     0x5c52035102cc - core[a373ad73a504971]::panicking::panic_fmt
[INFO] [stdout]   11:     0x5c52035100a2 - core[a373ad73a504971]::result::unwrap_failed
[INFO] [stdout]   12:     0x5c520343ab1f - typing_over_a_link[4faa5e86a8d81ac2]::connect
[INFO] [stdout]   13:     0x5c520343b68b - <typing_over_a_link[4faa5e86a8d81ac2]::a_paste_is_not_predicted::{closure#0} as core[a373ad73a504971]::ops::function::FnOnce<()>>::call_once
[INFO] [stdout]   14:     0x5c5203445fcb - test[aada8e7e76ba119b]::__rust_begin_short_backtrace::<core[a373ad73a504971]::result::Result<(), alloc[2e1b2a31b91974c5]::string::String>, fn() -> core[a373ad73a504971]::result::Result<(), alloc[2e1b2a31b91974c5]::string::String>>
[INFO] [stdout]   15:     0x5c52034531a5 - test[aada8e7e76ba119b]::run_test::{closure#0}
[INFO] [stdout]   16:     0x5c520344ca94 - std[617be2ca0a6fd877]::sys::backtrace::__rust_begin_short_backtrace::<test[aada8e7e76ba119b]::run_test::{closure#1}, ()>
[INFO] [stdout]   17:     0x5c5203456232 - <std[617be2ca0a6fd877]::thread::lifecycle::spawn_unchecked<test[aada8e7e76ba119b]::run_test::{closure#1}, ()>::{closure#1} as core[a373ad73a504971]::ops::function::FnOnce<()>>::call_once::{shim:vtable#0}
[INFO] [stdout]   18:     0x5c52034fa1ef - <std[617be2ca0a6fd877]::sys::thread::unix::Thread>::new::thread_start
[INFO] [stdout]   19:     0x7bb9380a6dfa - <unknown>
[INFO] [stdout]   20:     0x7bb93813a3d4 - clone
[INFO] [stdout]   21:                0x0 - <unknown>
[INFO] [stdout] 
[INFO] [stdout] ---- the_screen_keeps_up_with_the_keyboard stdout ----
[INFO] [stdout] 
[INFO] [stdout] thread 'the_screen_keeps_up_with_the_keyboard' (3355) panicked at crates/mosh-client/tests/typing_over_a_link.rs:64:10:
[INFO] [stdout] mosh-server: Os { code: 2, kind: NotFound, message: "No such file or directory" }
[INFO] [stdout] stack backtrace:
[INFO] [stdout]    0:     0x5c52034fae71 - <<std[617be2ca0a6fd877]::sys::backtrace::BacktraceLock>::print::DisplayBacktrace as core[a373ad73a504971]::fmt::Display>::fmt
[INFO] [stdout]    1:     0x5c520350fb9a - core[a373ad73a504971]::fmt::write
[INFO] [stdout]    2:     0x5c52034ff48c - <alloc[2e1b2a31b91974c5]::vec::Vec<u8> as core[a373ad73a504971]::io::write::Write>::write_fmt
[INFO] [stdout]    3:     0x5c52034d5d56 - std[617be2ca0a6fd877]::panicking::default_hook::{closure#0}
[INFO] [stdout]    4:     0x5c52034f2f69 - std[617be2ca0a6fd877]::panicking::default_hook
[INFO] [stdout]    5:     0x5c5203452b80 - test[aada8e7e76ba119b]::test_main_inner::{closure#0}
[INFO] [stdout]    6:     0x5c52034f3122 - std[617be2ca0a6fd877]::panicking::panic_with_hook
[INFO] [stdout]    7:     0x5c52034d5e02 - std[617be2ca0a6fd877]::panicking::panic_handler::{closure#0}
[INFO] [stdout]    8:     0x5c52034cea69 - std[617be2ca0a6fd877]::sys::backtrace::__rust_end_short_backtrace::<std[617be2ca0a6fd877]::panicking::panic_handler::{closure#0}, !>
[INFO] [stdout]    9:     0x5c52034d6bfd - __rustc[ea4f61d10b84890b]::rust_begin_unwind
[INFO] [stdout]   10:     0x5c52035102cc - core[a373ad73a504971]::panicking::panic_fmt
[INFO] [stdout]   11:     0x5c52035100a2 - core[a373ad73a504971]::result::unwrap_failed
[INFO] [stdout]   12:     0x5c520343ab1f - typing_over_a_link[4faa5e86a8d81ac2]::connect
[INFO] [stdout]   13:     0x5c52034391b9 - typing_over_a_link[4faa5e86a8d81ac2]::assert_keeps_up
[INFO] [stdout]   14:     0x5c520343bc1a - <typing_over_a_link[4faa5e86a8d81ac2]::the_screen_keeps_up_with_the_keyboard::{closure#0} as core[a373ad73a504971]::ops::function::FnOnce<()>>::call_once
[INFO] [stdout]   15:     0x5c5203445fcb - test[aada8e7e76ba119b]::__rust_begin_short_backtrace::<core[a373ad73a504971]::result::Result<(), alloc[2e1b2a31b91974c5]::string::String>, fn() -> core[a373ad73a504971]::result::Result<(), alloc[2e1b2a31b91974c5]::string::String>>
[INFO] [stdout]   16:     0x5c52034531a5 - test[aada8e7e76ba119b]::run_test::{closure#0}
[INFO] [stdout]   17:     0x5c520344ca94 - std[617be2ca0a6fd877]::sys::backtrace::__rust_begin_short_backtrace::<test[aada8e7e76ba119b]::run_test::{closure#1}, ()>
[INFO] [stdout]   18:     0x5c5203456232 - <std[617be2ca0a6fd877]::thread::lifecycle::spawn_unchecked<test[aada8e7e76ba119b]::run_test::{closure#1}, ()>::{closure#1} as core[a373ad73a504971]::ops::function::FnOnce<()>>::call_once::{shim:vtable#0}
[INFO] [stdout]   19:     0x5c52034fa1ef - <std[617be2ca0a6fd877]::sys::thread::unix::Thread>::new::thread_start
[INFO] [stdout]   20:     0x7bb9380a6dfa - <unknown>
[INFO] [stdout]   21:     0x7bb93813a3d4 - clone
[INFO] [stdout]   22:                0x0 - <unknown>
[INFO] [stdout] 
[INFO] [stdout] ---- the_screen_keeps_up_with_erasing_a_word stdout ----
[INFO] [stdout] 
[INFO] [stdout] thread 'the_screen_keeps_up_with_erasing_a_word' (3354) panicked at crates/mosh-client/tests/typing_over_a_link.rs:64:10:
[INFO] [stdout] mosh-server: Os { code: 2, kind: NotFound, message: "No such file or directory" }
[INFO] [stdout] stack backtrace:
[INFO] [stdout]    0:     0x5c52034fae71 - <<std[617be2ca0a6fd877]::sys::backtrace::BacktraceLock>::print::DisplayBacktrace as core[a373ad73a504971]::fmt::Display>::fmt
[INFO] [stdout]    1:     0x5c520350fb9a - core[a373ad73a504971]::fmt::write
[INFO] [stdout]    2:     0x5c52034ff48c - <alloc[2e1b2a31b91974c5]::vec::Vec<u8> as core[a373ad73a504971]::io::write::Write>::write_fmt
[INFO] [stdout]    3:     0x5c52034d5d56 - std[617be2ca0a6fd877]::panicking::default_hook::{closure#0}
[INFO] [stdout]    4:     0x5c52034f2f69 - std[617be2ca0a6fd877]::panicking::default_hook
[INFO] [stdout]    5:     0x5c5203452b80 - test[aada8e7e76ba119b]::test_main_inner::{closure#0}
[INFO] [stdout]    6:     0x5c52034f3122 - std[617be2ca0a6fd877]::panicking::panic_with_hook
[INFO] [stdout]    7:     0x5c52034d5e02 - std[617be2ca0a6fd877]::panicking::panic_handler::{closure#0}
[INFO] [stdout]    8:     0x5c52034cea69 - std[617be2ca0a6fd877]::sys::backtrace::__rust_end_short_backtrace::<std[617be2ca0a6fd877]::panicking::panic_handler::{closure#0}, !>
[INFO] [stdout]    9:     0x5c52034d6bfd - __rustc[ea4f61d10b84890b]::rust_begin_unwind
[INFO] [stdout]   10:     0x5c52035102cc - core[a373ad73a504971]::panicking::panic_fmt
[INFO] [stdout]   11:     0x5c52035100a2 - core[a373ad73a504971]::result::unwrap_failed
[INFO] [stdout]   12:     0x5c520343ab1f - typing_over_a_link[4faa5e86a8d81ac2]::connect
[INFO] [stdout]   13:     0x5c52034396c4 - typing_over_a_link[4faa5e86a8d81ac2]::assert_erasing_keeps_up
[INFO] [stdout]   14:     0x5c520343bccc - <typing_over_a_link[4faa5e86a8d81ac2]::the_screen_keeps_up_with_erasing_a_word::{closure#0} as core[a373ad73a504971]::ops::function::FnOnce<()>>::call_once
[INFO] [stdout]   15:     0x5c5203445fcb - test[aada8e7e76ba119b]::__rust_begin_short_backtrace::<core[a373ad73a504971]::result::Result<(), alloc[2e1b2a31b91974c5]::string::String>, fn() -> core[a373ad73a504971]::result::Result<(), alloc[2e1b2a31b91974c5]::string::String>>
[INFO] [stdout]   16:     0x5c52034531a5 - test[aada8e7e76ba119b]::run_test::{closure#0}
[INFO] [stdout]   17:     0x5c520344ca94 - std[617be2ca0a6fd877]::sys::backtrace::__rust_begin_short_backtrace::<test[aada8e7e76ba119b]::run_test::{closure#1}, ()>
[INFO] [stdout]   18:     0x5c5203456232 - <std[617be2ca0a6fd877]::thread::lifecycle::spawn_unchecked<test[aada8e7e76ba119b]::run_test::{closure#1}, ()>::{closure#1} as core[a373ad73a504971]::ops::function::FnOnce<()>>::call_once::{shim:vtable#0}
[INFO] [stdout]   19:     0x5c52034fa1ef - <std[617be2ca0a6fd877]::sys::thread::unix::Thread>::new::thread_start
[INFO] [stdout]   20:     0x7bb9380a6dfa - <unknown>
[INFO] [stdout]   21:     0x7bb93813a3d4 - clone
[INFO] [stdout]   22:                0x0 - <unknown>
[INFO] [stdout] 
[INFO] [stdout] ---- the_screen_keeps_up_with_backspace stdout ----
[INFO] [stdout] 
[INFO] [stdout] thread 'the_screen_keeps_up_with_backspace' (3353) panicked at crates/mosh-client/tests/typing_over_a_link.rs:64:10:
[INFO] [stdout] mosh-server: Os { code: 2, kind: NotFound, message: "No such file or directory" }
[INFO] [stdout] stack backtrace:
[INFO] [stdout]    0:     0x5c52034fae71 - <<std[617be2ca0a6fd877]::sys::backtrace::BacktraceLock>::print::DisplayBacktrace as core[a373ad73a504971]::fmt::Display>::fmt
[INFO] [stdout]    1:     0x5c520350fb9a - core[a373ad73a504971]::fmt::write
[INFO] [stdout]    2:     0x5c52034ff48c - <alloc[2e1b2a31b91974c5]::vec::Vec<u8> as core[a373ad73a504971]::io::write::Write>::write_fmt
[INFO] [stdout]    3:     0x5c52034d5d56 - std[617be2ca0a6fd877]::panicking::default_hook::{closure#0}
[INFO] [stdout]    4:     0x5c52034f2f69 - std[617be2ca0a6fd877]::panicking::default_hook
[INFO] [stdout]    5:     0x5c5203452b80 - test[aada8e7e76ba119b]::test_main_inner::{closure#0}
[INFO] [stdout]    6:     0x5c52034f3122 - std[617be2ca0a6fd877]::panicking::panic_with_hook
[INFO] [stdout]    7:     0x5c52034d5e02 - std[617be2ca0a6fd877]::panicking::panic_handler::{closure#0}
[INFO] [stdout]    8:     0x5c52034cea69 - std[617be2ca0a6fd877]::sys::backtrace::__rust_end_short_backtrace::<std[617be2ca0a6fd877]::panicking::panic_handler::{closure#0}, !>
[INFO] [stdout]    9:     0x5c52034d6bfd - __rustc[ea4f61d10b84890b]::rust_begin_unwind
[INFO] [stdout]   10:     0x5c52035102cc - core[a373ad73a504971]::panicking::panic_fmt
[INFO] [stdout]   11:     0x5c52035100a2 - core[a373ad73a504971]::result::unwrap_failed
[INFO] [stdout]   12:     0x5c520343ab1f - typing_over_a_link[4faa5e86a8d81ac2]::connect
[INFO] [stdout]   13:     0x5c52034396c4 - typing_over_a_link[4faa5e86a8d81ac2]::assert_erasing_keeps_up
[INFO] [stdout]   14:     0x5c520343bbec - <typing_over_a_link[4faa5e86a8d81ac2]::the_screen_keeps_up_with_backspace::{closure#0} as core[a373ad73a504971]::ops::function::FnOnce<()>>::call_once
[INFO] [stdout]   15:     0x5c5203445fcb - test[aada8e7e76ba119b]::__rust_begin_short_backtrace::<core[a373ad73a504971]::result::Result<(), alloc[2e1b2a31b91974c5]::string::String>, fn() -> core[a373ad73a504971]::result::Result<(), alloc[2e1b2a31b91974c5]::string::String>>
[INFO] [stdout]   16:     0x5c52034531a5 - test[aada8e7e76ba119b]::run_test::{closure#0}
[INFO] [stdout]   17:     0x5c520344ca94 - std[617be2ca0a6fd877]::sys::backtrace::__rust_begin_short_backtrace::<test[aada8e7e76ba119b]::run_test::{closure#1}, ()>
[INFO] [stdout]   18:     0x5c5203456232 - <std[617be2ca0a6fd877]::thread::lifecycle::spawn_unchecked<test[aada8e7e76ba119b]::run_test::{closure#1}, ()>::{closure#1} as core[a373ad73a504971]::ops::function::FnOnce<()>>::call_once::{shim:vtable#0}
[INFO] [stdout]   19:     0x5c52034fa1ef - <std[617be2ca0a6fd877]::sys::thread::unix::Thread>::new::thread_start
[INFO] [stdout]   20:     0x7bb9380a6dfa - <unknown>
[INFO] [stdout]   21:     0x7bb93813a3d4 - clone
[INFO] [stdout]   22:                0x0 - <unknown>
[INFO] [stdout] 
[INFO] [stdout] ---- the_screen_keeps_up_across_a_word_wrap stdout ----
[INFO] [stdout] 
[INFO] [stdout] thread 'the_screen_keeps_up_across_a_word_wrap' (3352) panicked at crates/mosh-client/tests/typing_over_a_link.rs:64:10:
[INFO] [stdout] mosh-server: Os { code: 2, kind: NotFound, message: "No such file or directory" }
[INFO] [stdout] stack backtrace:
[INFO] [stdout]    0:     0x5c52034fae71 - <<std[617be2ca0a6fd877]::sys::backtrace::BacktraceLock>::print::DisplayBacktrace as core[a373ad73a504971]::fmt::Display>::fmt
[INFO] [stdout]    1:     0x5c520350fb9a - core[a373ad73a504971]::fmt::write
[INFO] [stdout]    2:     0x5c52034ff48c - <alloc[2e1b2a31b91974c5]::vec::Vec<u8> as core[a373ad73a504971]::io::write::Write>::write_fmt
[INFO] [stdout]    3:     0x5c52034d5d56 - std[617be2ca0a6fd877]::panicking::default_hook::{closure#0}
[INFO] [stdout]    4:     0x5c52034f2f69 - std[617be2ca0a6fd877]::panicking::default_hook
[INFO] [stdout]    5:     0x5c5203452b80 - test[aada8e7e76ba119b]::test_main_inner::{closure#0}
[INFO] [stdout]    6:     0x5c52034f3122 - std[617be2ca0a6fd877]::panicking::panic_with_hook
[INFO] [stdout]    7:     0x5c52034d5e02 - std[617be2ca0a6fd877]::panicking::panic_handler::{closure#0}
[INFO] [stdout]    8:     0x5c52034cea69 - std[617be2ca0a6fd877]::sys::backtrace::__rust_end_short_backtrace::<std[617be2ca0a6fd877]::panicking::panic_handler::{closure#0}, !>
[INFO] [stdout]    9:     0x5c52034d6bfd - __rustc[ea4f61d10b84890b]::rust_begin_unwind
[INFO] [stdout]   10:     0x5c52035102cc - core[a373ad73a504971]::panicking::panic_fmt
[INFO] [stdout]   11:     0x5c52035100a2 - core[a373ad73a504971]::result::unwrap_failed
[INFO] [stdout]   12:     0x5c520343ab1f - typing_over_a_link[4faa5e86a8d81ac2]::connect
[INFO] [stdout]   13:     0x5c52034391b9 - typing_over_a_link[4faa5e86a8d81ac2]::assert_keeps_up
[INFO] [stdout]   14:     0x5c520343bc65 - <typing_over_a_link[4faa5e86a8d81ac2]::the_screen_keeps_up_across_a_word_wrap::{closure#0} as core[a373ad73a504971]::ops::function::FnOnce<()>>::call_once
[INFO] [stdout]   15:     0x5c5203445fcb - test[aada8e7e76ba119b]::__rust_begin_short_backtrace::<core[a373ad73a504971]::result::Result<(), alloc[2e1b2a31b91974c5]::string::String>, fn() -> core[a373ad73a504971]::result::Result<(), alloc[2e1b2a31b91974c5]::string::String>>
[INFO] [stdout]   16:     0x5c52034531a5 - test[aada8e7e76ba119b]::run_test::{closure#0}
[INFO] [stdout]   17:     0x5c520344ca94 - std[617be2ca0a6fd877]::sys::backtrace::__rust_begin_short_backtrace::<test[aada8e7e76ba119b]::run_test::{closure#1}, ()>
[INFO] [stdout]   18:     0x5c5203456232 - <std[617be2ca0a6fd877]::thread::lifecycle::spawn_unchecked<test[aada8e7e76ba119b]::run_test::{closure#1}, ()>::{closure#1} as core[a373ad73a504971]::ops::function::FnOnce<()>>::call_once::{shim:vtable#0}
[INFO] [stdout]   19:     0x5c52034fa1ef - <std[617be2ca0a6fd877]::sys::thread::unix::Thread>::new::thread_start
[INFO] [stdout]   20:     0x7bb9380a6dfa - <unknown>
[INFO] [stdout]   21:     0x7bb93813a3d4 - clone
[INFO] [stdout]   22:                0x0 - <unknown>
[INFO] [stdout] 
[INFO] [stdout] 
[INFO] [stdout] failures:
[INFO] [stdout]     a_paste_is_not_predicted
[INFO] [stdout]     the_screen_keeps_up_across_a_word_wrap
[INFO] [stdout]     the_screen_keeps_up_with_backspace
[INFO] [stdout]     the_screen_keeps_up_with_erasing_a_word
[INFO] [stdout]     the_screen_keeps_up_with_the_keyboard
[INFO] [stdout] 
[INFO] [stdout] test result: FAILED. 0 passed; 5 failed; 0 ignored; 0 measured; 0 filtered out; finished in 24.99s
[INFO] [stdout] 
[INFO] running `Command { std: "docker" "inspect" "556cea4337c85c6a79e2463555dfd3552244603cb674726152ece4ccac19f3cc", kill_on_drop: false }`
[INFO] running `Command { std: "docker" "rm" "-f" "556cea4337c85c6a79e2463555dfd3552244603cb674726152ece4ccac19f3cc", kill_on_drop: false }`
[INFO] [stdout] 556cea4337c85c6a79e2463555dfd3552244603cb674726152ece4ccac19f3cc
