[INFO] cloning repository https://github.com/alekseysidorov/tuple-projections
[INFO] running `Command { std: "git" "-c" "credential.helper=" "-c" "credential.helper=/workspace/cargo-home/bin/git-credential-null" "clone" "--bare" "https://github.com/alekseysidorov/tuple-projections" "/workspace/cache/git-repos/https%3A%2F%2Fgithub.com%2Falekseysidorov%2Ftuple-projections", kill_on_drop: false }`
[INFO] [stderr] Cloning into bare repository '/workspace/cache/git-repos/https%3A%2F%2Fgithub.com%2Falekseysidorov%2Ftuple-projections'...
[INFO] running `Command { std: "git" "rev-parse" "HEAD", kill_on_drop: false }`
[INFO] [stdout] 12682fa1edf544e6b0db5feb3057d4c87d253039
[INFO] testing alekseysidorov/tuple-projections against 1.100.0-beta.1+cargoflags=--release for beta-release-1.100-3
[INFO] running `Command { std: "git" "clone" "/workspace/cache/git-repos/https%3A%2F%2Fgithub.com%2Falekseysidorov%2Ftuple-projections" "/workspace/builds/worker-5-tc2/source", kill_on_drop: false }`
[INFO] [stderr] Cloning into '/workspace/builds/worker-5-tc2/source'...
[INFO] [stderr] done.
[INFO] started tweaking git repo https://github.com/alekseysidorov/tuple-projections
[INFO] finished tweaking git repo https://github.com/alekseysidorov/tuple-projections
[INFO] tweaked toml for git repo https://github.com/alekseysidorov/tuple-projections written to /workspace/builds/worker-5-tc2/source/Cargo.toml
[INFO] validating manifest of git repo https://github.com/alekseysidorov/tuple-projections on toolchain 1.100.0-beta.1
[INFO] running `Command { std: CARGO_HOME="/workspace/cargo-home" RUSTUP_HOME="/workspace/rustup-home" "/workspace/cargo-home/bin/cargo" "+1.100.0-beta.1" "metadata" "--manifest-path" "Cargo.toml" "--no-deps", kill_on_drop: false }`
[INFO] crate git repo https://github.com/alekseysidorov/tuple-projections already has a lockfile, it will not be regenerated
[INFO] running `Command { std: CARGO_HOME="/workspace/cargo-home" RUSTUP_HOME="/workspace/rustup-home" "/workspace/cargo-home/bin/cargo" "+1.100.0-beta.1" "fetch" "--manifest-path" "Cargo.toml", kill_on_drop: false }`
[INFO] running `Command { std: "docker" "create" "-v" "/var/lib/crater-agent-workspace/builds/worker-5-tc2/source:/opt/rustwide/workdir:ro,Z" "-v" "/var/lib/crater-agent-workspace/builds/worker-5-tc2/target:/opt/rustwide/target:rw,Z" "-v" "/var/lib/crater-agent-workspace/cargo-home:/opt/rustwide/cargo-home:ro,Z" "-v" "/var/lib/crater-agent-workspace/rustup-home:/opt/rustwide/rustup-home:ro,Z" "-m" "1610612736" "--network" "none" "ghcr.io/rust-lang/crates-build-env/linux@sha256:77db811e55d90add9212f6832c23229e3de5f1c1f9905e8cb07319ea15df73ac" "sleep" "infinity", kill_on_drop: false }`
[INFO] [stdout] 27dd769a1e7c21261500f1105e284f011f7ae1721f37ad562185a053c8f5b606
[INFO] running `Command { std: "docker" "start" "27dd769a1e7c21261500f1105e284f011f7ae1721f37ad562185a053c8f5b606", kill_on_drop: false }`
[INFO] running `Command { std: "docker" "inspect" "27dd769a1e7c21261500f1105e284f011f7ae1721f37ad562185a053c8f5b606", kill_on_drop: false }`
[INFO] running `Command { std: "docker" "exec" "-e" "SOURCE_DIR=/opt/rustwide/workdir" "-e" "CARGO_HOME=/opt/rustwide/cargo-home" "-e" "RUSTUP_HOME=/opt/rustwide/rustup-home" "-e" "CARGO_TARGET_DIR=/opt/rustwide/target" "-w" "/opt/rustwide/workdir" "--user" "0:0" "27dd769a1e7c21261500f1105e284f011f7ae1721f37ad562185a053c8f5b606" "/opt/rustwide/cargo-home/bin/cargo" "+1.100.0-beta.1" "metadata" "--no-deps" "--format-version=1", kill_on_drop: false }`
[INFO] running `Command { std: "docker" "inspect" "27dd769a1e7c21261500f1105e284f011f7ae1721f37ad562185a053c8f5b606", kill_on_drop: false }`
[INFO] running `Command { std: "docker" "exec" "-e" "SOURCE_DIR=/opt/rustwide/workdir" "-e" "CARGO_HOME=/opt/rustwide/cargo-home" "-e" "RUSTUP_HOME=/opt/rustwide/rustup-home" "-e" "CARGO_TARGET_DIR=/opt/rustwide/target" "-e" "CARGO_INCREMENTAL=0" "-e" "RUST_BACKTRACE=full" "-e" "RUSTFLAGS=--cap-lints=warn" "-e" "RUSTDOCFLAGS=--cap-lints=warn" "-w" "/opt/rustwide/workdir" "--user" "0:0" "27dd769a1e7c21261500f1105e284f011f7ae1721f37ad562185a053c8f5b606" "/opt/rustwide/cargo-home/bin/cargo" "+1.100.0-beta.1" "build" "--frozen" "--message-format=json" "--release", kill_on_drop: false }`
[INFO] [stderr]    Compiling proc-macro2 v1.0.107
[INFO] [stderr]    Compiling quote v1.0.47
[INFO] [stderr]    Compiling unicode-ident v1.0.26
[INFO] [stderr]    Compiling smallvec v1.16.1
[INFO] [stderr]    Compiling either v1.18.0
[INFO] [stderr]    Compiling itertools v0.15.0
[INFO] [stderr]    Compiling syn v3.0.6
[INFO] [stderr]    Compiling proc-macro-utils v0.10.0
[INFO] [stderr]    Compiling manyhow-macros v0.13.0
[INFO] [stderr]    Compiling manyhow v0.13.0
[INFO] [stderr]    Compiling include-utils-macro v0.2.6
[INFO] [stderr]    Compiling tuple-projections-derive v0.1.2 (/opt/rustwide/workdir/crates/tuple-projections-derive)
[INFO] [stderr]    Compiling include-utils v0.2.6
[INFO] [stderr]    Compiling tuple-projections v0.1.2 (/opt/rustwide/workdir/crates/tuple-projections)
[INFO] [stderr]     Finished `release` profile [optimized] target(s) in 8.82s
[INFO] running `Command { std: "docker" "inspect" "27dd769a1e7c21261500f1105e284f011f7ae1721f37ad562185a053c8f5b606", kill_on_drop: false }`
[INFO] running `Command { std: "docker" "exec" "-e" "SOURCE_DIR=/opt/rustwide/workdir" "-e" "CARGO_HOME=/opt/rustwide/cargo-home" "-e" "RUSTUP_HOME=/opt/rustwide/rustup-home" "-e" "CARGO_TARGET_DIR=/opt/rustwide/target" "-e" "CARGO_INCREMENTAL=0" "-e" "RUST_BACKTRACE=full" "-e" "RUSTFLAGS=--cap-lints=warn" "-e" "RUSTDOCFLAGS=--cap-lints=warn" "-w" "/opt/rustwide/workdir" "--user" "0:0" "27dd769a1e7c21261500f1105e284f011f7ae1721f37ad562185a053c8f5b606" "/opt/rustwide/cargo-home/bin/cargo" "+1.100.0-beta.1" "test" "--frozen" "--no-run" "--message-format=json" "--release", kill_on_drop: false }`
[INFO] [stderr]    Compiling serde_core v1.0.229
[INFO] [stderr]    Compiling zmij v1.0.23
[INFO] [stderr]    Compiling serde v1.0.229
[INFO] [stderr]    Compiling serde_json v1.0.151
[INFO] [stderr]    Compiling winnow v1.0.4
[INFO] [stderr]    Compiling target-tuple v1.0.2
[INFO] [stderr]    Compiling memchr v2.8.3
[INFO] [stderr]    Compiling toml_writer v1.1.2+spec-1.1.0
[INFO] [stderr]    Compiling itoa v1.0.18
[INFO] [stderr]    Compiling glob v0.3.4
[INFO] [stderr]    Compiling termcolor v1.4.1
[INFO] [stderr]    Compiling serde_derive v1.0.229
[INFO] [stderr]    Compiling tuple-projections-derive v0.1.2 (/opt/rustwide/workdir/crates/tuple-projections-derive)
[INFO] [stderr]    Compiling toml_parser v1.1.3+spec-1.1.0
[INFO] [stderr]    Compiling foundationdb-tuple v0.11.0
[INFO] [stderr]    Compiling toml_datetime v1.1.1+spec-1.1.0
[INFO] [stderr]    Compiling serde_spanned v1.1.1
[INFO] [stderr]    Compiling toml v1.1.6+spec-1.1.0
[INFO] [stderr]    Compiling trybuild v1.0.121
[INFO] [stderr]    Compiling tuple-projections v0.1.2 (/opt/rustwide/workdir/crates/tuple-projections)
[INFO] [stderr]     Finished `release` profile [optimized] target(s) in 20.19s
[INFO] running `Command { std: "docker" "inspect" "27dd769a1e7c21261500f1105e284f011f7ae1721f37ad562185a053c8f5b606", kill_on_drop: false }`
[INFO] running `Command { std: "docker" "exec" "-e" "SOURCE_DIR=/opt/rustwide/workdir" "-e" "CARGO_HOME=/opt/rustwide/cargo-home" "-e" "RUSTUP_HOME=/opt/rustwide/rustup-home" "-e" "CARGO_TARGET_DIR=/opt/rustwide/target" "-e" "CARGO_INCREMENTAL=0" "-e" "RUST_BACKTRACE=full" "-e" "RUSTFLAGS=--cap-lints=warn" "-e" "RUSTDOCFLAGS=--cap-lints=warn" "-w" "/opt/rustwide/workdir" "--user" "0:0" "27dd769a1e7c21261500f1105e284f011f7ae1721f37ad562185a053c8f5b606" "/opt/rustwide/cargo-home/bin/cargo" "+1.100.0-beta.1" "test" "--frozen" "--release", kill_on_drop: false }`
[INFO] [stderr]     Finished `release` profile [optimized] target(s) in 0.07s
[INFO] [stderr]      Running unittests src/lib.rs (/opt/rustwide/target/release/build/tuple-projections/fd472e98994a646b/out/tuple_projections-fd472e98994a646b)
[INFO] [stderr]      Running tests/compile_fail.rs (/opt/rustwide/target/release/build/tuple-projections/d63d156d9be6a47e/out/compile_fail-d63d156d9be6a47e)
[INFO] [stdout] 
[INFO] [stdout] running 0 tests
[INFO] [stdout] 
[INFO] [stdout] test result: ok. 0 passed; 0 failed; 0 ignored; 0 measured; 0 filtered out; finished in 0.00s
[INFO] [stdout] 
[INFO] [stdout] 
[INFO] [stdout] running 1 test
[INFO] [stderr] warning: unused workspace dependency `proc-macro2`
[INFO] [stderr]   --> Cargo.toml:40:25
[INFO] [stderr]    |
[INFO] [stderr] 40 | [workspace.dependencies.proc-macro2]
[INFO] [stderr]    |                         ^^^^^^^^^^^
[INFO] [stderr]    |
[INFO] [stderr]    = note: `cargo::unused_workspace_dependencies` is set to `warn` by default
[INFO] [stderr] help: consider removing the workspace dependency `proc-macro2`
[INFO] [stderr] warning: unused workspace dependency `quote`
[INFO] [stderr]   --> Cargo.toml:44:25
[INFO] [stderr]    |
[INFO] [stderr] 44 | [workspace.dependencies.quote]
[INFO] [stderr]    |                         ^^^^^
[INFO] [stderr]    |
[INFO] [stderr] help: consider removing the workspace dependency `quote`
[INFO] [stderr] warning: unused workspace dependency `syn`
[INFO] [stderr]   --> Cargo.toml:48:25
[INFO] [stderr]    |
[INFO] [stderr] 48 | [workspace.dependencies.syn]
[INFO] [stderr]    |                         ^^^
[INFO] [stderr]    |
[INFO] [stderr] help: consider removing the workspace dependency `syn`
[INFO] [stderr] warning: workspace (manifest) generated 3 warnings
[INFO] [stderr]    Compiling proc-macro2 v1.0.107
[INFO] [stderr]    Compiling quote v1.0.47
[INFO] [stderr]    Compiling unicode-ident v1.0.26
[INFO] [stderr]    Compiling smallvec v1.16.1
[INFO] [stderr]    Compiling either v1.18.0
[INFO] [stderr]     Checking memchr v2.8.3
[INFO] [stderr]    Compiling itertools v0.15.0
[INFO] [stderr]     Checking foundationdb-tuple v0.11.0
[INFO] [stderr]    Compiling syn v3.0.6
[INFO] [stderr]    Compiling proc-macro-utils v0.10.0
[INFO] [stderr]    Compiling manyhow-macros v0.13.0
[INFO] [stderr]    Compiling manyhow v0.13.0
[INFO] [stderr]    Compiling include-utils-macro v0.2.6
[INFO] [stderr]    Compiling tuple-projections-derive v0.1.2 (/opt/rustwide/workdir/crates/tuple-projections-derive)
[INFO] [stderr]     Checking include-utils v0.2.6
[INFO] [stderr]     Checking tuple-projections v0.1.2 (/opt/rustwide/workdir/crates/tuple-projections)
[INFO] [stderr]     Checking tuple-projections-tests v0.0.0 (/opt/rustwide/target/tests/trybuild/tuple-projections)
[INFO] [stderr]     Finished `dev` profile [unoptimized + debuginfo] target(s) in 8.95s
[INFO] [stderr] 
[INFO] [stderr] 
[INFO] [stderr] test tests/ui/invalid_derive.rs ... ok
[INFO] [stderr] test tests/ui/invalid_projections.rs ... mismatch
[INFO] [stderr] 
[INFO] [stderr] EXPECTED:
[INFO] [stderr] ┈┈┈┈┈┈┈┈┈┈┈┈┈┈┈┈┈┈┈┈┈┈┈┈┈┈┈┈┈┈┈┈┈┈┈┈┈┈┈┈┈┈┈┈┈┈┈┈┈┈┈┈┈┈┈┈┈┈┈┈
[INFO] [stderr] error[E0277]: the trait bound `(u8,): LeftProjectionOf<(u16, u8)>` is not satisfied
[INFO] [stderr]   --> tests/ui/invalid_projections.rs:10:25
[INFO] [stderr]    |
[INFO] [stderr] 10 |     assert_projection::<(u8,), (u16, u8)>();
[INFO] [stderr]    |                         ^^^^^ the trait `LeftProjectionOf<(u16, u8)>` is not implemented for `(u8,)`
[INFO] [stderr]    |
[INFO] [stderr]    = help: the following other types implement trait `LeftProjectionOf<T>`:
[INFO] [stderr]              `()` implements `LeftProjectionOf<()>`
[INFO] [stderr]              `()` implements `LeftProjectionOf<(T0, T1)>`
[INFO] [stderr]              `()` implements `LeftProjectionOf<(T0, T1, T2)>`
[INFO] [stderr]              `()` implements `LeftProjectionOf<(T0, T1, T2, T3)>`
[INFO] [stderr]              `()` implements `LeftProjectionOf<(T0, T1, T2, T3, T4)>`
[INFO] [stderr]              `()` implements `LeftProjectionOf<(T0, T1, T2, T3, T4, T5)>`
[INFO] [stderr]              `()` implements `LeftProjectionOf<(T0, T1, T2, T3, T4, T5, T6)>`
[INFO] [stderr]              `()` implements `LeftProjectionOf<(T0, T1, T2, T3, T4, T5, T6, T7)>`
[INFO] [stderr]            and $N others
[INFO] [stderr] note: required by a bound in `assert_projection`
[INFO] [stderr]   --> tests/ui/invalid_projections.rs:5:8
[INFO] [stderr]    |
[INFO] [stderr]  3 | fn assert_projection<P, T>()
[INFO] [stderr]    |    ----------------- required by a bound in this function
[INFO] [stderr]  4 | where
[INFO] [stderr]  5 |     P: LeftProjectionOf<T>,
[INFO] [stderr]    |        ^^^^^^^^^^^^^^^^^^^ required by this bound in `assert_projection`
[INFO] [stderr] 
[INFO] [stderr] error[E0277]: the trait bound `(u8, u32): LeftProjectionOf<(u8, u16, u32)>` is not satisfied
[INFO] [stderr]   --> tests/ui/invalid_projections.rs:11:25
[INFO] [stderr]    |
[INFO] [stderr] 11 |     assert_projection::<(u8, u32), (u8, u16, u32)>();
[INFO] [stderr]    |                         ^^^^^^^^^ the trait `LeftProjectionOf<(u8, u16, u32)>` is not implemented for `(u8, u32)`
[INFO] [stderr]    |
[INFO] [stderr]    = help: the following other types implement trait `LeftProjectionOf<T>`:
[INFO] [stderr]              `()` implements `LeftProjectionOf<()>`
[INFO] [stderr]              `()` implements `LeftProjectionOf<(T0, T1)>`
[INFO] [stderr]              `()` implements `LeftProjectionOf<(T0, T1, T2)>`
[INFO] [stderr]              `()` implements `LeftProjectionOf<(T0, T1, T2, T3)>`
[INFO] [stderr]              `()` implements `LeftProjectionOf<(T0, T1, T2, T3, T4)>`
[INFO] [stderr]              `()` implements `LeftProjectionOf<(T0, T1, T2, T3, T4, T5)>`
[INFO] [stderr]              `()` implements `LeftProjectionOf<(T0, T1, T2, T3, T4, T5, T6)>`
[INFO] [stderr]              `()` implements `LeftProjectionOf<(T0, T1, T2, T3, T4, T5, T6, T7)>`
[INFO] [stderr]            and $N others
[INFO] [stderr] note: required by a bound in `assert_projection`
[INFO] [stderr]   --> tests/ui/invalid_projections.rs:5:8
[INFO] [stderr]    |
[INFO] [stderr]  3 | fn assert_projection<P, T>()
[INFO] [stderr]    |    ----------------- required by a bound in this function
[INFO] [stderr]  4 | where
[INFO] [stderr]  5 |     P: LeftProjectionOf<T>,
[INFO] [stderr]    |        ^^^^^^^^^^^^^^^^^^^ required by this bound in `assert_projection`
[INFO] [stderr] 
[INFO] [stderr] error[E0277]: the trait bound `(u16, u32): LeftProjectionOf<(u8, u16, u32)>` is not satisfied
[INFO] [stderr]   --> tests/ui/invalid_projections.rs:12:25
[INFO] [stderr]    |
[INFO] [stderr] 12 |     assert_projection::<(u16, u32), (u8, u16, u32)>();
[INFO] [stderr]    |                         ^^^^^^^^^^ the trait `LeftProjectionOf<(u8, u16, u32)>` is not implemented for `(u16, u32)`
[INFO] [stderr]    |
[INFO] [stderr]    = help: the following other types implement trait `LeftProjectionOf<T>`:
[INFO] [stderr]              `()` implements `LeftProjectionOf<()>`
[INFO] [stderr]              `()` implements `LeftProjectionOf<(T0, T1)>`
[INFO] [stderr]              `()` implements `LeftProjectionOf<(T0, T1, T2)>`
[INFO] [stderr]              `()` implements `LeftProjectionOf<(T0, T1, T2, T3)>`
[INFO] [stderr]              `()` implements `LeftProjectionOf<(T0, T1, T2, T3, T4)>`
[INFO] [stderr]              `()` implements `LeftProjectionOf<(T0, T1, T2, T3, T4, T5)>`
[INFO] [stderr]              `()` implements `LeftProjectionOf<(T0, T1, T2, T3, T4, T5, T6)>`
[INFO] [stderr]              `()` implements `LeftProjectionOf<(T0, T1, T2, T3, T4, T5, T6, T7)>`
[INFO] [stderr]            and $N others
[INFO] [stderr] note: required by a bound in `assert_projection`
[INFO] [stderr]   --> tests/ui/invalid_projections.rs:5:8
[INFO] [stderr]    |
[INFO] [stderr]  3 | fn assert_projection<P, T>()
[INFO] [stderr]    |    ----------------- required by a bound in this function
[INFO] [stderr]  4 | where
[INFO] [stderr]  5 |     P: LeftProjectionOf<T>,
[INFO] [stderr]    |        ^^^^^^^^^^^^^^^^^^^ required by this bound in `assert_projection`
[INFO] [stderr] ┈┈┈┈┈┈┈┈┈┈┈┈┈┈┈┈┈┈┈┈┈┈┈┈┈┈┈┈┈┈┈┈┈┈┈┈┈┈┈┈┈┈┈┈┈┈┈┈┈┈┈┈┈┈┈┈┈┈┈┈
[INFO] [stderr] 
[INFO] [stderr] ACTUAL OUTPUT:
[INFO] [stderr] ┈┈┈┈┈┈┈┈┈┈┈┈┈┈┈┈┈┈┈┈┈┈┈┈┈┈┈┈┈┈┈┈┈┈┈┈┈┈┈┈┈┈┈┈┈┈┈┈┈┈┈┈┈┈┈┈┈┈┈┈
[INFO] [stderr] error[E0277]: the trait bound `(u8,): LeftProjectionOf<(u16, u8)>` is not satisfied
[INFO] [stderr]   --> tests/ui/invalid_projections.rs:10:25
[INFO] [stderr]    |
[INFO] [stderr] 10 |     assert_projection::<(u8,), (u16, u8)>();
[INFO] [stderr]    |                         ^^^^^ the trait `LeftProjectionOf<(u16, u8)>` is not implemented for `(u8,)`
[INFO] [stderr]    |
[INFO] [stderr]    = help: the following other types implement trait `LeftProjectionOf<T>`:
[INFO] [stderr]              `()` implements `LeftProjectionOf<()>`
[INFO] [stderr]              `()` implements `LeftProjectionOf<(T0, T1)>`
[INFO] [stderr]              `()` implements `LeftProjectionOf<(T0, T1, T2)>`
[INFO] [stderr]              `()` implements `LeftProjectionOf<(T0, T1, T2, T3)>`
[INFO] [stderr]              `()` implements `LeftProjectionOf<(T0, T1, T2, T3, T4)>`
[INFO] [stderr]              `()` implements `LeftProjectionOf<(T0, T1, T2, T3, T4, T5)>`
[INFO] [stderr]              `()` implements `LeftProjectionOf<(T0, T1, T2, T3, T4, T5, T6)>`
[INFO] [stderr]              `()` implements `LeftProjectionOf<(T0, T1, T2, T3, T4, T5, T6, T7)>`
[INFO] [stderr]            and $N others
[INFO] [stderr] note: required by a bound in `assert_projection`
[INFO] [stderr]   --> tests/ui/invalid_projections.rs:5:8
[INFO] [stderr]    |
[INFO] [stderr]  3 | fn assert_projection<P, T>()
[INFO] [stderr]  4 | where
[INFO] [stderr]  5 |     P: LeftProjectionOf<T>,
[INFO] [stderr]    |        ^^^^^^^^^^^^^^^^^^^ required by this bound in `assert_projection`
[INFO] [stderr] 
[INFO] [stderr] error[E0277]: the trait bound `(u8, u32): LeftProjectionOf<(u8, u16, u32)>` is not satisfied
[INFO] [stderr]   --> tests/ui/invalid_projections.rs:11:25
[INFO] [stderr]    |
[INFO] [stderr] 11 |     assert_projection::<(u8, u32), (u8, u16, u32)>();
[INFO] [stderr]    |                         ^^^^^^^^^ the trait `LeftProjectionOf<(u8, u16, u32)>` is not implemented for `(u8, u32)`
[INFO] [stderr]    |
[INFO] [stderr]    = help: the following other types implement trait `LeftProjectionOf<T>`:
[INFO] [stderr]              `()` implements `LeftProjectionOf<()>`
[INFO] [stderr]              `()` implements `LeftProjectionOf<(T0, T1)>`
[INFO] [stderr]              `()` implements `LeftProjectionOf<(T0, T1, T2)>`
[INFO] [stderr]              `()` implements `LeftProjectionOf<(T0, T1, T2, T3)>`
[INFO] [stderr]              `()` implements `LeftProjectionOf<(T0, T1, T2, T3, T4)>`
[INFO] [stderr]              `()` implements `LeftProjectionOf<(T0, T1, T2, T3, T4, T5)>`
[INFO] [stderr]              `()` implements `LeftProjectionOf<(T0, T1, T2, T3, T4, T5, T6)>`
[INFO] [stderr]              `()` implements `LeftProjectionOf<(T0, T1, T2, T3, T4, T5, T6, T7)>`
[INFO] [stderr]            and $N others
[INFO] [stderr] note: required by a bound in `assert_projection`
[INFO] [stderr]   --> tests/ui/invalid_projections.rs:5:8
[INFO] [stderr]    |
[INFO] [stderr]  3 | fn assert_projection<P, T>()
[INFO] [stderr]  4 | where
[INFO] [stderr]  5 |     P: LeftProjectionOf<T>,
[INFO] [stderr]    |        ^^^^^^^^^^^^^^^^^^^ required by this bound in `assert_projection`
[INFO] [stderr] 
[INFO] [stderr] error[E0277]: the trait bound `(u16, u32): LeftProjectionOf<(u8, u16, u32)>` is not satisfied
[INFO] [stderr]   --> tests/ui/invalid_projections.rs:12:25
[INFO] [stderr]    |
[INFO] [stderr] 12 |     assert_projection::<(u16, u32), (u8, u16, u32)>();
[INFO] [stderr]    |                         ^^^^^^^^^^ the trait `LeftProjectionOf<(u8, u16, u32)>` is not implemented for `(u16, u32)`
[INFO] [stderr]    |
[INFO] [stderr]    = help: the following other types implement trait `LeftProjectionOf<T>`:
[INFO] [stderr]              `()` implements `LeftProjectionOf<()>`
[INFO] [stderr]              `()` implements `LeftProjectionOf<(T0, T1)>`
[INFO] [stderr]              `()` implements `LeftProjectionOf<(T0, T1, T2)>`
[INFO] [stderr]              `()` implements `LeftProjectionOf<(T0, T1, T2, T3)>`
[INFO] [stderr]              `()` implements `LeftProjectionOf<(T0, T1, T2, T3, T4)>`
[INFO] [stderr]              `()` implements `LeftProjectionOf<(T0, T1, T2, T3, T4, T5)>`
[INFO] [stderr]              `()` implements `LeftProjectionOf<(T0, T1, T2, T3, T4, T5, T6)>`
[INFO] [stderr]              `()` implements `LeftProjectionOf<(T0, T1, T2, T3, T4, T5, T6, T7)>`
[INFO] [stderr]            and $N others
[INFO] [stderr] note: required by a bound in `assert_projection`
[INFO] [stderr]   --> tests/ui/invalid_projections.rs:5:8
[INFO] [stderr]    |
[INFO] [stderr]  3 | fn assert_projection<P, T>()
[INFO] [stderr]  4 | where
[INFO] [stderr]  5 |     P: LeftProjectionOf<T>,
[INFO] [stderr]    |        ^^^^^^^^^^^^^^^^^^^ required by this bound in `assert_projection`
[INFO] [stderr] ┈┈┈┈┈┈┈┈┈┈┈┈┈┈┈┈┈┈┈┈┈┈┈┈┈┈┈┈┈┈┈┈┈┈┈┈┈┈┈┈┈┈┈┈┈┈┈┈┈┈┈┈┈┈┈┈┈┈┈┈
[INFO] [stderr] note: If the actual output is the correct output you can bless it by rerunning
[INFO] [stderr]       your test with the environment variable TRYBUILD=overwrite
[INFO] [stderr] 
[INFO] [stderr] 
[INFO] [stderr] 
[INFO] [stdout] test invalid_projections_and_derives_fail_to_compile ... FAILED
[INFO] [stdout] 
[INFO] [stdout] failures:
[INFO] [stdout] 
[INFO] [stdout] ---- invalid_projections_and_derives_fail_to_compile stdout ----
[INFO] [stdout] 
[INFO] [stdout] thread 'invalid_projections_and_derives_fail_to_compile' (965) panicked at /opt/rustwide/cargo-home/registry/src/index.crates.io-1949cf8c6b5b557f/trybuild-1.0.121/src/run.rs:103:13:
[INFO] [stdout] 1 of 2 tests failed
[INFO] [stdout] stack backtrace:
[INFO] [stdout]    0:     0x5a17d5975c81 - <<std[617be2ca0a6fd877]::sys::backtrace::BacktraceLock>::print::DisplayBacktrace as core[a373ad73a504971]::fmt::Display>::fmt
[INFO] [stdout]    1:     0x5a17d598bf6a - core[a373ad73a504971]::fmt::write
[INFO] [stdout]    2:     0x5a17d597a4cc - <alloc[2e1b2a31b91974c5]::vec::Vec<u8> as core[a373ad73a504971]::io::write::Write>::write_fmt
[INFO] [stdout]    3:     0x5a17d594f0e6 - std[617be2ca0a6fd877]::panicking::default_hook::{closure#0}
[INFO] [stdout]    4:     0x5a17d596d229 - std[617be2ca0a6fd877]::panicking::default_hook
[INFO] [stdout]    5:     0x5a17d5906830 - test[aada8e7e76ba119b]::test_main_inner::{closure#0}
[INFO] [stdout]    6:     0x5a17d596d3e2 - std[617be2ca0a6fd877]::panicking::panic_with_hook
[INFO] [stdout]    7:     0x5a17d594f192 - std[617be2ca0a6fd877]::panicking::panic_handler::{closure#0}
[INFO] [stdout]    8:     0x5a17d59479e9 - std[617be2ca0a6fd877]::sys::backtrace::__rust_end_short_backtrace::<std[617be2ca0a6fd877]::panicking::panic_handler::{closure#0}, !>
[INFO] [stdout]    9:     0x5a17d594fd9d - __rustc[ea4f61d10b84890b]::rust_begin_unwind
[INFO] [stdout]   10:     0x5a17d598c6dc - core[a373ad73a504971]::panicking::panic_fmt
[INFO] [stdout]   11:     0x5a17d585a508 - <trybuild[9d201e720977f769]::Runner>::run
[INFO] [stdout]   12:     0x5a17d585d770 - <trybuild[9d201e720977f769]::TestCases as core[a373ad73a504971]::ops::drop::Drop>::drop
[INFO] [stdout]   13:     0x5a17d5853dd8 - compile_fail[e5e7a61fc85d6211]::invalid_projections_and_derives_fail_to_compile
[INFO] [stdout]   14:     0x5a17d5853fd9 - <compile_fail[e5e7a61fc85d6211]::invalid_projections_and_derives_fail_to_compile::{closure#0} as core[a373ad73a504971]::ops::function::FnOnce<()>>::call_once
[INFO] [stdout]   15:     0x5a17d58f9c7b - test[aada8e7e76ba119b]::__rust_begin_short_backtrace::<core[a373ad73a504971]::result::Result<(), alloc[2e1b2a31b91974c5]::string::String>, fn() -> core[a373ad73a504971]::result::Result<(), alloc[2e1b2a31b91974c5]::string::String>>
[INFO] [stdout]   16:     0x5a17d5906e55 - test[aada8e7e76ba119b]::run_test::{closure#0}
[INFO] [stdout]   17:     0x5a17d5900744 - std[617be2ca0a6fd877]::sys::backtrace::__rust_begin_short_backtrace::<test[aada8e7e76ba119b]::run_test::{closure#1}, ()>
[INFO] [stdout]   18:     0x5a17d5909ee2 - <std[617be2ca0a6fd877]::thread::lifecycle::spawn_unchecked<test[aada8e7e76ba119b]::run_test::{closure#1}, ()>::{closure#1} as core[a373ad73a504971]::ops::function::FnOnce<()>>::call_once::{shim:vtable#0}
[INFO] [stdout]   19:     0x5a17d5974edf - <std[617be2ca0a6fd877]::sys::thread::unix::Thread>::new::thread_start
[INFO] [stdout]   20:     0x7154e5951dfa - <unknown>
[INFO] [stdout]   21:     0x7154e59e53d4 - clone
[INFO] [stdout]   22:                0x0 - <unknown>
[INFO] [stdout] 
[INFO] [stdout] 
[INFO] [stdout] failures:
[INFO] [stdout]     invalid_projections_and_derives_fail_to_compile
[INFO] [stdout] 
[INFO] [stdout] test result: FAILED. 0 passed; 1 failed; 0 ignored; 0 measured; 0 filtered out; finished in 10.42s
[INFO] [stdout] 
[INFO] [stderr] error: test failed, to rerun pass `-p tuple-projections --test compile_fail`
[INFO] running `Command { std: "docker" "inspect" "27dd769a1e7c21261500f1105e284f011f7ae1721f37ad562185a053c8f5b606", kill_on_drop: false }`
[INFO] running `Command { std: "docker" "rm" "-f" "27dd769a1e7c21261500f1105e284f011f7ae1721f37ad562185a053c8f5b606", kill_on_drop: false }`
[INFO] [stdout] 27dd769a1e7c21261500f1105e284f011f7ae1721f37ad562185a053c8f5b606
