[INFO] cloning repository https://github.com/adamziel/php-to-native-compiler-128c
[INFO] running `Command { std: "git" "-c" "credential.helper=" "-c" "credential.helper=/workspace/cargo-home/bin/git-credential-null" "clone" "--bare" "https://github.com/adamziel/php-to-native-compiler-128c" "/workspace/cache/git-repos/https%3A%2F%2Fgithub.com%2Fadamziel%2Fphp-to-native-compiler-128c", kill_on_drop: false }`
[INFO] [stderr] Cloning into bare repository '/workspace/cache/git-repos/https%3A%2F%2Fgithub.com%2Fadamziel%2Fphp-to-native-compiler-128c'...
[INFO] running `Command { std: "git" "rev-parse" "HEAD", kill_on_drop: false }`
[INFO] [stdout] d84a294e652894ca0e4c68083732d4ac1dfd6fd4
[INFO] testing adamziel/php-to-native-compiler-128c against 1.100.0-beta.1+cargoflags=--release for beta-release-1.100-3
[INFO] running `Command { std: "git" "clone" "/workspace/cache/git-repos/https%3A%2F%2Fgithub.com%2Fadamziel%2Fphp-to-native-compiler-128c" "/workspace/builds/worker-0-tc2/source", kill_on_drop: false }`
[INFO] [stderr] Cloning into '/workspace/builds/worker-0-tc2/source'...
[INFO] [stderr] done.
[INFO] started tweaking git repo https://github.com/adamziel/php-to-native-compiler-128c
[INFO] finished tweaking git repo https://github.com/adamziel/php-to-native-compiler-128c
[INFO] tweaked toml for git repo https://github.com/adamziel/php-to-native-compiler-128c written to /workspace/builds/worker-0-tc2/source/Cargo.toml
[INFO] validating manifest of git repo https://github.com/adamziel/php-to-native-compiler-128c on toolchain 1.100.0-beta.1
[INFO] running `Command { std: CARGO_HOME="/workspace/cargo-home" RUSTUP_HOME="/workspace/rustup-home" "/workspace/cargo-home/bin/cargo" "+1.100.0-beta.1" "metadata" "--manifest-path" "Cargo.toml" "--no-deps", kill_on_drop: false }`
[INFO] crate git repo https://github.com/adamziel/php-to-native-compiler-128c already has a lockfile, it will not be regenerated
[INFO] running `Command { std: CARGO_HOME="/workspace/cargo-home" RUSTUP_HOME="/workspace/rustup-home" "/workspace/cargo-home/bin/cargo" "+1.100.0-beta.1" "fetch" "--manifest-path" "Cargo.toml", kill_on_drop: false }`
[INFO] running `Command { std: "docker" "create" "-v" "/var/lib/crater-agent-workspace/builds/worker-0-tc2/source:/opt/rustwide/workdir:ro,Z" "-v" "/var/lib/crater-agent-workspace/builds/worker-0-tc2/target:/opt/rustwide/target:rw,Z" "-v" "/var/lib/crater-agent-workspace/cargo-home:/opt/rustwide/cargo-home:ro,Z" "-v" "/var/lib/crater-agent-workspace/rustup-home:/opt/rustwide/rustup-home:ro,Z" "-m" "1610612736" "--network" "none" "ghcr.io/rust-lang/crates-build-env/linux@sha256:77db811e55d90add9212f6832c23229e3de5f1c1f9905e8cb07319ea15df73ac" "sleep" "infinity", kill_on_drop: false }`
[INFO] [stdout] 2a251c6c418f8bffb7d0a41f623c0a7065d694bafd5c4768406fc67b0fa37f55
[INFO] running `Command { std: "docker" "start" "2a251c6c418f8bffb7d0a41f623c0a7065d694bafd5c4768406fc67b0fa37f55", kill_on_drop: false }`
[INFO] running `Command { std: "docker" "inspect" "2a251c6c418f8bffb7d0a41f623c0a7065d694bafd5c4768406fc67b0fa37f55", kill_on_drop: false }`
[INFO] running `Command { std: "docker" "exec" "-e" "SOURCE_DIR=/opt/rustwide/workdir" "-e" "CARGO_HOME=/opt/rustwide/cargo-home" "-e" "RUSTUP_HOME=/opt/rustwide/rustup-home" "-e" "CARGO_TARGET_DIR=/opt/rustwide/target" "-w" "/opt/rustwide/workdir" "--user" "0:0" "2a251c6c418f8bffb7d0a41f623c0a7065d694bafd5c4768406fc67b0fa37f55" "/opt/rustwide/cargo-home/bin/cargo" "+1.100.0-beta.1" "metadata" "--no-deps" "--format-version=1", kill_on_drop: false }`
[INFO] running `Command { std: "docker" "inspect" "2a251c6c418f8bffb7d0a41f623c0a7065d694bafd5c4768406fc67b0fa37f55", kill_on_drop: false }`
[INFO] running `Command { std: "docker" "exec" "-e" "SOURCE_DIR=/opt/rustwide/workdir" "-e" "CARGO_HOME=/opt/rustwide/cargo-home" "-e" "RUSTUP_HOME=/opt/rustwide/rustup-home" "-e" "CARGO_TARGET_DIR=/opt/rustwide/target" "-e" "CARGO_INCREMENTAL=0" "-e" "RUST_BACKTRACE=full" "-e" "RUSTFLAGS=--cap-lints=warn" "-e" "RUSTDOCFLAGS=--cap-lints=warn" "-w" "/opt/rustwide/workdir" "--user" "0:0" "2a251c6c418f8bffb7d0a41f623c0a7065d694bafd5c4768406fc67b0fa37f55" "/opt/rustwide/cargo-home/bin/cargo" "+1.100.0-beta.1" "build" "--frozen" "--message-format=json" "--release", kill_on_drop: false }`
[INFO] [stderr]    Compiling phpc_core v0.1.0 (/opt/rustwide/workdir/crates/phpc_core)
[INFO] [stderr]    Compiling php_runtime v0.1.0 (/opt/rustwide/workdir/crates/php_runtime)
[INFO] [stderr]    Compiling phpc v0.1.0 (/opt/rustwide/workdir/crates/phpc)
[INFO] [stderr]     Finished `release` profile [optimized] target(s) in 3.81s
[INFO] running `Command { std: "docker" "inspect" "2a251c6c418f8bffb7d0a41f623c0a7065d694bafd5c4768406fc67b0fa37f55", kill_on_drop: false }`
[INFO] running `Command { std: "docker" "exec" "-e" "SOURCE_DIR=/opt/rustwide/workdir" "-e" "CARGO_HOME=/opt/rustwide/cargo-home" "-e" "RUSTUP_HOME=/opt/rustwide/rustup-home" "-e" "CARGO_TARGET_DIR=/opt/rustwide/target" "-e" "CARGO_INCREMENTAL=0" "-e" "RUST_BACKTRACE=full" "-e" "RUSTFLAGS=--cap-lints=warn" "-e" "RUSTDOCFLAGS=--cap-lints=warn" "-w" "/opt/rustwide/workdir" "--user" "0:0" "2a251c6c418f8bffb7d0a41f623c0a7065d694bafd5c4768406fc67b0fa37f55" "/opt/rustwide/cargo-home/bin/cargo" "+1.100.0-beta.1" "test" "--frozen" "--no-run" "--message-format=json" "--release", kill_on_drop: false }`
[INFO] [stderr]    Compiling phpc v0.1.0 (/opt/rustwide/workdir/crates/phpc)
[INFO] [stderr]    Compiling phpc_core v0.1.0 (/opt/rustwide/workdir/crates/phpc_core)
[INFO] [stderr]    Compiling php_runtime v0.1.0 (/opt/rustwide/workdir/crates/php_runtime)
[INFO] [stderr]     Finished `release` profile [optimized] target(s) in 5.71s
[INFO] running `Command { std: "docker" "inspect" "2a251c6c418f8bffb7d0a41f623c0a7065d694bafd5c4768406fc67b0fa37f55", kill_on_drop: false }`
[INFO] running `Command { std: "docker" "exec" "-e" "SOURCE_DIR=/opt/rustwide/workdir" "-e" "CARGO_HOME=/opt/rustwide/cargo-home" "-e" "RUSTUP_HOME=/opt/rustwide/rustup-home" "-e" "CARGO_TARGET_DIR=/opt/rustwide/target" "-e" "CARGO_INCREMENTAL=0" "-e" "RUST_BACKTRACE=full" "-e" "RUSTFLAGS=--cap-lints=warn" "-e" "RUSTDOCFLAGS=--cap-lints=warn" "-w" "/opt/rustwide/workdir" "--user" "0:0" "2a251c6c418f8bffb7d0a41f623c0a7065d694bafd5c4768406fc67b0fa37f55" "/opt/rustwide/cargo-home/bin/cargo" "+1.100.0-beta.1" "test" "--frozen" "--release", kill_on_drop: false }`
[INFO] [stderr]     Finished `release` profile [optimized] target(s) in 0.03s
[INFO] [stderr]      Running unittests src/lib.rs (/opt/rustwide/target/release/build/php_runtime/8642a58711159346/out/php_runtime-8642a58711159346)
[INFO] [stdout] 
[INFO] [stdout] running 27 tests
[INFO] [stdout] test tests::binary_string_rejects_null_pointer_with_nonzero_len ... ok
[INFO] [stdout] test tests::array_append_clones_value_into_array_storage ... ok
[INFO] [stdout] test tests::boolean_handle_is_runtime_owned_until_free ... ok
[INFO] [stdout] test tests::boolean_value_rejects_null_out_pointer ... ok
[INFO] [stdout] test tests::boolean_value_reports_invalid_handles ... ok
[INFO] [stdout] test tests::c_abi_reports_request_header_errors ... ok
[INFO] [stdout] test tests::array_value_at_returns_new_owned_handle ... ok
[INFO] [stdout] test tests::binary_string_data_reports_invalid_handles ... ok
[INFO] [stdout] test tests::binary_string_handle_owns_a_byte_copy ... ok
[INFO] [stdout] test tests::array_handle_is_runtime_owned_until_free ... ok
[INFO] [stdout] test tests::c_abi_exposes_request_header_storage ... ok
[INFO] [stdout] test tests::clone_rejects_invalid_handles ... ok
[INFO] [stdout] test tests::cloned_null_handle_has_independent_ownership ... ok
[INFO] [stdout] test tests::integer_value_reports_invalid_handles ... ok
[INFO] [stdout] test tests::integer_handle_is_runtime_owned_until_free ... ok
[INFO] [stdout] test tests::invalid_and_double_free_are_reported ... ok
[INFO] [stdout] test tests::cloned_boolean_handle_has_independent_ownership ... ok
[INFO] [stdout] test tests::array_helpers_report_invalid_handles ... ok
[INFO] [stdout] test tests::integer_value_rejects_null_out_pointer ... ok
[INFO] [stdout] test tests::cloned_integer_handle_has_independent_ownership ... ok
[INFO] [stdout] test tests::cloned_binary_string_owns_independent_bytes ... ok
[INFO] [stdout] test tests::request_headers_reject_mutation_after_sent ... ok
[INFO] [stdout] test tests::request_headers_replace_by_case_insensitive_name ... ok
[INFO] [stdout] test tests::null_handle_is_runtime_owned_until_free ... ok
[INFO] [stdout] test tests::request_headers_append_in_order ... ok
[INFO] [stdout] test tests::request_headers_can_keep_duplicate_names ... ok
[INFO] [stdout] test tests::request_headers_reject_empty_and_line_breaks ... ok
[INFO] [stdout] 
[INFO] [stdout] test result: ok. 27 passed; 0 failed; 0 ignored; 0 measured; 0 filtered out; finished in 0.01s
[INFO] [stdout] 
[INFO] [stderr]      Running unittests src/main.rs (/opt/rustwide/target/release/build/phpc/1c0c276c6954e7af/out/phpc-1c0c276c6954e7af)
[INFO] [stdout] 
[INFO] [stdout] running 0 tests
[INFO] [stdout] 
[INFO] [stdout] test result: ok. 0 passed; 0 failed; 0 ignored; 0 measured; 0 filtered out; finished in 0.00s
[INFO] [stdout] 
[INFO] [stderr]      Running tests/bootstrap_cli.rs (/opt/rustwide/target/release/build/phpc/85216ed83ab1ca5d/out/bootstrap_cli-85216ed83ab1ca5d)
[INFO] [stdout] 
[INFO] [stdout] running 35 tests
[INFO] [stdout] test cli_compile_emit_exe_rejects_require_once_before_runtime_link_setup ... ok
[INFO] [stdout] test cli_compile_emit_exe_rejects_non_literal_include_before_runtime_link_setup ... ok
[INFO] [stdout] test cli_compile_emit_exe_rejects_require_before_runtime_link_setup ... ok
[INFO] [stdout] test cli_compile_emit_asm_rejects_non_literal_require_before_assembly_gap ... ok
[INFO] [stdout] test cli_compile_emit_exe_rejects_extra_arguments_after_output_path ... ok
[INFO] [stdout] test cli_compile_emit_ir_rejects_include_with_truthful_native_diagnostic ... ok
[INFO] [stdout] test cli_compile_emit_exe_rejects_missing_literal_include_before_file_execution ... ok
[INFO] [stdout] test cli_compile_emit_exe_removes_stale_output_when_runtime_archive_is_missing ... ok
[INFO] [stdout] test cli_compile_emit_exe_requires_output_path ... ok
[INFO] [stdout] test cli_compile_emit_ir_rejects_include_once_without_claiming_native_include_once ... ok
[INFO] [stdout] test cli_compile_emit_exe_rejects_non_literal_require_before_runtime_link_setup ... ok
[INFO] [stdout] test cli_compile_emit_exe_rejects_include_once_before_runtime_link_setup ... ok
[INFO] [stdout] test cli_compile_requires_input_file ... ok
[INFO] [stdout] test cli_compile_emit_ir_rejects_require_once_without_claiming_native_require_once ... ok
[INFO] [stdout] test cli_compile_rejects_conflicting_emit_flags ... ok
[INFO] [stdout] test cli_compile_emit_ir_rejects_non_literal_include_path_expression ... ok
[INFO] [stdout] test cli_compile_emits_ir_for_boolean_and_null_echo ... ok
[INFO] [stdout] test cli_compile_emit_ir_rejects_non_literal_require_path_expression ... ok
[INFO] [stdout] test cli_rejects_native_assembly_emission_until_m3_exists ... ok
[INFO] [stdout] test cli_rejects_unknown_command_without_stdout ... ok
[INFO] [stdout] test cli_phpt_run_resolves_relative_require_from_phpt_directory ... ok
[INFO] [stdout] test cli_help_aliases_print_usage_successfully ... ok
[INFO] [stdout] test cli_reports_wordpress_bootstrap_general_php_gap ... ok
[INFO] [stdout] test cli_run_executes_literal_require_sibling_file ... ok
[INFO] [stdout] test cli_run_rejects_trailing_arguments ... ok
[INFO] [stdout] test cli_run_requires_input_file ... ok
[INFO] [stdout] test cli_runs_bootstrap_echo ... ok
[INFO] [stdout] test cli_without_command_prints_help_and_usage_exit ... ok
[INFO] [stdout] test cli_wordpress_bootstrap_check_rejects_trailing_arguments ... ok
[INFO] [stdout] test cli_wordpress_bootstrap_check_requires_root_argument ... ok
[INFO] [stdout] test cli_runs_minimal_phpt_with_phpc_runner ... ok
[INFO] [stdout] test cli_emits_linked_native_executable_for_boolean_and_null_echo ... FAILED
[INFO] [stdout] test cli_emits_linked_native_executable_without_trailing_newline ... FAILED
[INFO] [stdout] test cli_emits_linked_native_executable_for_bootstrap_echo ... FAILED
[INFO] [stdout] test cli_emits_linked_native_executable_without_semicolon_before_closing_tag ... FAILED
[INFO] [stdout] 
[INFO] [stdout] failures:
[INFO] [stdout] 
[INFO] [stdout] ---- cli_emits_linked_native_executable_for_boolean_and_null_echo stdout ----
[INFO] [stdout] 
[INFO] [stdout] thread 'cli_emits_linked_native_executable_for_boolean_and_null_echo' (331) panicked at crates/phpc/tests/bootstrap_cli.rs:1035:5:
[INFO] [stdout] runtime archive was not produced at /opt/rustwide/target/release/build/phpc/85216ed83ab1ca5d/out/libphp_runtime.a
[INFO] [stdout] stack backtrace:
[INFO] [stdout]    0:     0x5d7afd3b4fe1 - <<std[617be2ca0a6fd877]::sys::backtrace::BacktraceLock>::print::DisplayBacktrace as core[a373ad73a504971]::fmt::Display>::fmt
[INFO] [stdout]    1:     0x5d7afd3c958a - core[a373ad73a504971]::fmt::write
[INFO] [stdout]    2:     0x5d7afd3b947c - <alloc[2e1b2a31b91974c5]::vec::Vec<u8> as core[a373ad73a504971]::io::write::Write>::write_fmt
[INFO] [stdout]    3:     0x5d7afd38fd26 - std[617be2ca0a6fd877]::panicking::default_hook::{closure#0}
[INFO] [stdout]    4:     0x5d7afd3acdb9 - std[617be2ca0a6fd877]::panicking::default_hook
[INFO] [stdout]    5:     0x5d7afd348410 - test[aada8e7e76ba119b]::test_main_inner::{closure#0}
[INFO] [stdout]    6:     0x5d7afd3acf72 - std[617be2ca0a6fd877]::panicking::panic_with_hook
[INFO] [stdout]    7:     0x5d7afd38fdd2 - std[617be2ca0a6fd877]::panicking::panic_handler::{closure#0}
[INFO] [stdout]    8:     0x5d7afd3889c9 - std[617be2ca0a6fd877]::sys::backtrace::__rust_end_short_backtrace::<std[617be2ca0a6fd877]::panicking::panic_handler::{closure#0}, !>
[INFO] [stdout]    9:     0x5d7afd3909dd - __rustc[ea4f61d10b84890b]::rust_begin_unwind
[INFO] [stdout]   10:     0x5d7afd3c9cbc - core[a373ad73a504971]::panicking::panic_fmt
[INFO] [stdout]   11:     0x5d7afd32e39d - bootstrap_cli[3d1a4b2ef7bed0ef]::build_runtime_archive
[INFO] [stdout]   12:     0x5d7afd3349e1 - <bootstrap_cli[3d1a4b2ef7bed0ef]::cli_emits_linked_native_executable_for_boolean_and_null_echo::{closure#0} as core[a373ad73a504971]::ops::function::FnOnce<()>>::call_once
[INFO] [stdout]   13:     0x5d7afd33b85b - test[aada8e7e76ba119b]::__rust_begin_short_backtrace::<core[a373ad73a504971]::result::Result<(), alloc[2e1b2a31b91974c5]::string::String>, fn() -> core[a373ad73a504971]::result::Result<(), alloc[2e1b2a31b91974c5]::string::String>>
[INFO] [stdout]   14:     0x5d7afd348a35 - test[aada8e7e76ba119b]::run_test::{closure#0}
[INFO] [stdout]   15:     0x5d7afd342324 - std[617be2ca0a6fd877]::sys::backtrace::__rust_begin_short_backtrace::<test[aada8e7e76ba119b]::run_test::{closure#1}, ()>
[INFO] [stdout]   16:     0x5d7afd34bac2 - <std[617be2ca0a6fd877]::thread::lifecycle::spawn_unchecked<test[aada8e7e76ba119b]::run_test::{closure#1}, ()>::{closure#1} as core[a373ad73a504971]::ops::function::FnOnce<()>>::call_once::{shim:vtable#0}
[INFO] [stdout]   17:     0x5d7afd3b465f - <std[617be2ca0a6fd877]::sys::thread::unix::Thread>::new::thread_start
[INFO] [stdout]   18:     0x7d7998ff1dfa - <unknown>
[INFO] [stdout]   19:     0x7d79990853d4 - clone
[INFO] [stdout]   20:                0x0 - <unknown>
[INFO] [stdout] 
[INFO] [stdout] ---- cli_emits_linked_native_executable_without_trailing_newline stdout ----
[INFO] [stdout] 
[INFO] [stdout] thread 'cli_emits_linked_native_executable_without_trailing_newline' (344) panicked at crates/phpc/tests/bootstrap_cli.rs:1035:5:
[INFO] [stdout] runtime archive was not produced at /opt/rustwide/target/release/build/phpc/85216ed83ab1ca5d/out/libphp_runtime.a
[INFO] [stdout] stack backtrace:
[INFO] [stdout]    0:     0x5d7afd3b4fe1 - <<std[617be2ca0a6fd877]::sys::backtrace::BacktraceLock>::print::DisplayBacktrace as core[a373ad73a504971]::fmt::Display>::fmt
[INFO] [stdout]    1:     0x5d7afd3c958a - core[a373ad73a504971]::fmt::write
[INFO] [stdout]    2:     0x5d7afd3b947c - <alloc[2e1b2a31b91974c5]::vec::Vec<u8> as core[a373ad73a504971]::io::write::Write>::write_fmt
[INFO] [stdout]    3:     0x5d7afd38fd26 - std[617be2ca0a6fd877]::panicking::default_hook::{closure#0}
[INFO] [stdout]    4:     0x5d7afd3acdb9 - std[617be2ca0a6fd877]::panicking::default_hook
[INFO] [stdout]    5:     0x5d7afd348410 - test[aada8e7e76ba119b]::test_main_inner::{closure#0}
[INFO] [stdout]    6:     0x5d7afd3acf72 - std[617be2ca0a6fd877]::panicking::panic_with_hook
[INFO] [stdout]    7:     0x5d7afd38fdd2 - std[617be2ca0a6fd877]::panicking::panic_handler::{closure#0}
[INFO] [stdout]    8:     0x5d7afd3889c9 - std[617be2ca0a6fd877]::sys::backtrace::__rust_end_short_backtrace::<std[617be2ca0a6fd877]::panicking::panic_handler::{closure#0}, !>
[INFO] [stdout]    9:     0x5d7afd3909dd - __rustc[ea4f61d10b84890b]::rust_begin_unwind
[INFO] [stdout]   10:     0x5d7afd3c9cbc - core[a373ad73a504971]::panicking::panic_fmt
[INFO] [stdout]   11:     0x5d7afd32e39d - bootstrap_cli[3d1a4b2ef7bed0ef]::build_runtime_archive
[INFO] [stdout]   12:     0x5d7afd333ef1 - <bootstrap_cli[3d1a4b2ef7bed0ef]::cli_emits_linked_native_executable_without_trailing_newline::{closure#0} as core[a373ad73a504971]::ops::function::FnOnce<()>>::call_once
[INFO] [stdout]   13:     0x5d7afd33b85b - test[aada8e7e76ba119b]::__rust_begin_short_backtrace::<core[a373ad73a504971]::result::Result<(), alloc[2e1b2a31b91974c5]::string::String>, fn() -> core[a373ad73a504971]::result::Result<(), alloc[2e1b2a31b91974c5]::string::String>>
[INFO] [stdout]   14:     0x5d7afd348a35 - test[aada8e7e76ba119b]::run_test::{closure#0}
[INFO] [stdout]   15:     0x5d7afd342324 - std[617be2ca0a6fd877]::sys::backtrace::__rust_begin_short_backtrace::<test[aada8e7e76ba119b]::run_test::{closure#1}, ()>
[INFO] [stdout]   16:     0x5d7afd34bac2 - <std[617be2ca0a6fd877]::thread::lifecycle::spawn_unchecked<test[aada8e7e76ba119b]::run_test::{closure#1}, ()>::{closure#1} as core[a373ad73a504971]::ops::function::FnOnce<()>>::call_once::{shim:vtable#0}
[INFO] [stdout]   17:     0x5d7afd3b465f - <std[617be2ca0a6fd877]::sys::thread::unix::Thread>::new::thread_start
[INFO] [stdout]   18:     0x7d7998ff1dfa - <unknown>
[INFO] [stdout]   19:     0x7d79990853d4 - clone
[INFO] [stdout]   20:                0x0 - <unknown>
[INFO] [stdout] 
[INFO] [stdout] ---- cli_emits_linked_native_executable_for_bootstrap_echo stdout ----
[INFO] [stdout] 
[INFO] [stdout] thread 'cli_emits_linked_native_executable_for_bootstrap_echo' (332) panicked at crates/phpc/tests/bootstrap_cli.rs:1035:5:
[INFO] [stdout] runtime archive was not produced at /opt/rustwide/target/release/build/phpc/85216ed83ab1ca5d/out/libphp_runtime.a
[INFO] [stdout] stack backtrace:
[INFO] [stdout]    0:     0x5d7afd3b4fe1 - <<std[617be2ca0a6fd877]::sys::backtrace::BacktraceLock>::print::DisplayBacktrace as core[a373ad73a504971]::fmt::Display>::fmt
[INFO] [stdout]    1:     0x5d7afd3c958a - core[a373ad73a504971]::fmt::write
[INFO] [stdout]    2:     0x5d7afd3b947c - <alloc[2e1b2a31b91974c5]::vec::Vec<u8> as core[a373ad73a504971]::io::write::Write>::write_fmt
[INFO] [stdout]    3:     0x5d7afd38fd26 - std[617be2ca0a6fd877]::panicking::default_hook::{closure#0}
[INFO] [stdout]    4:     0x5d7afd3acdb9 - std[617be2ca0a6fd877]::panicking::default_hook
[INFO] [stdout]    5:     0x5d7afd348410 - test[aada8e7e76ba119b]::test_main_inner::{closure#0}
[INFO] [stdout]    6:     0x5d7afd3acf72 - std[617be2ca0a6fd877]::panicking::panic_with_hook
[INFO] [stdout]    7:     0x5d7afd38fdd2 - std[617be2ca0a6fd877]::panicking::panic_handler::{closure#0}
[INFO] [stdout]    8:     0x5d7afd3889c9 - std[617be2ca0a6fd877]::sys::backtrace::__rust_end_short_backtrace::<std[617be2ca0a6fd877]::panicking::panic_handler::{closure#0}, !>
[INFO] [stdout]    9:     0x5d7afd3909dd - __rustc[ea4f61d10b84890b]::rust_begin_unwind
[INFO] [stdout]   10:     0x5d7afd3c9cbc - core[a373ad73a504971]::panicking::panic_fmt
[INFO] [stdout]   11:     0x5d7afd32e39d - bootstrap_cli[3d1a4b2ef7bed0ef]::build_runtime_archive
[INFO] [stdout]   12:     0x5d7afd332ab1 - <bootstrap_cli[3d1a4b2ef7bed0ef]::cli_emits_linked_native_executable_for_bootstrap_echo::{closure#0} as core[a373ad73a504971]::ops::function::FnOnce<()>>::call_once
[INFO] [stdout]   13:     0x5d7afd33b85b - test[aada8e7e76ba119b]::__rust_begin_short_backtrace::<core[a373ad73a504971]::result::Result<(), alloc[2e1b2a31b91974c5]::string::String>, fn() -> core[a373ad73a504971]::result::Result<(), alloc[2e1b2a31b91974c5]::string::String>>
[INFO] [stdout]   14:     0x5d7afd348a35 - test[aada8e7e76ba119b]::run_test::{closure#0}
[INFO] [stdout]   15:     0x5d7afd342324 - std[617be2ca0a6fd877]::sys::backtrace::__rust_begin_short_backtrace::<test[aada8e7e76ba119b]::run_test::{closure#1}, ()>
[INFO] [stdout]   16:     0x5d7afd34bac2 - <std[617be2ca0a6fd877]::thread::lifecycle::spawn_unchecked<test[aada8e7e76ba119b]::run_test::{closure#1}, ()>::{closure#1} as core[a373ad73a504971]::ops::function::FnOnce<()>>::call_once::{shim:vtable#0}
[INFO] [stdout]   17:     0x5d7afd3b465f - <std[617be2ca0a6fd877]::sys::thread::unix::Thread>::new::thread_start
[INFO] [stdout]   18:     0x7d7998ff1dfa - <unknown>
[INFO] [stdout]   19:     0x7d79990853d4 - clone
[INFO] [stdout]   20:                0x0 - <unknown>
[INFO] [stdout] 
[INFO] [stdout] ---- cli_emits_linked_native_executable_without_semicolon_before_closing_tag stdout ----
[INFO] [stdout] 
[INFO] [stdout] thread 'cli_emits_linked_native_executable_without_semicolon_before_closing_tag' (335) panicked at crates/phpc/tests/bootstrap_cli.rs:1035:5:
[INFO] [stdout] runtime archive was not produced at /opt/rustwide/target/release/build/phpc/85216ed83ab1ca5d/out/libphp_runtime.a
[INFO] [stdout] stack backtrace:
[INFO] [stdout]    0:     0x5d7afd3b4fe1 - <<std[617be2ca0a6fd877]::sys::backtrace::BacktraceLock>::print::DisplayBacktrace as core[a373ad73a504971]::fmt::Display>::fmt
[INFO] [stdout]    1:     0x5d7afd3c958a - core[a373ad73a504971]::fmt::write
[INFO] [stdout]    2:     0x5d7afd3b947c - <alloc[2e1b2a31b91974c5]::vec::Vec<u8> as core[a373ad73a504971]::io::write::Write>::write_fmt
[INFO] [stdout]    3:     0x5d7afd38fd26 - std[617be2ca0a6fd877]::panicking::default_hook::{closure#0}
[INFO] [stdout]    4:     0x5d7afd3acdb9 - std[617be2ca0a6fd877]::panicking::default_hook
[INFO] [stdout]    5:     0x5d7afd348410 - test[aada8e7e76ba119b]::test_main_inner::{closure#0}
[INFO] [stdout]    6:     0x5d7afd3acf72 - std[617be2ca0a6fd877]::panicking::panic_with_hook
[INFO] [stdout]    7:     0x5d7afd38fdd2 - std[617be2ca0a6fd877]::panicking::panic_handler::{closure#0}
[INFO] [stdout]    8:     0x5d7afd3889c9 - std[617be2ca0a6fd877]::sys::backtrace::__rust_end_short_backtrace::<std[617be2ca0a6fd877]::panicking::panic_handler::{closure#0}, !>
[INFO] [stdout]    9:     0x5d7afd3909dd - __rustc[ea4f61d10b84890b]::rust_begin_unwind
[INFO] [stdout]   10:     0x5d7afd3c9cbc - core[a373ad73a504971]::panicking::panic_fmt
[INFO] [stdout]   11:     0x5d7afd32e39d - bootstrap_cli[3d1a4b2ef7bed0ef]::build_runtime_archive
[INFO] [stdout]   12:     0x5d7afd338401 - <bootstrap_cli[3d1a4b2ef7bed0ef]::cli_emits_linked_native_executable_without_semicolon_before_closing_tag::{closure#0} as core[a373ad73a504971]::ops::function::FnOnce<()>>::call_once
[INFO] [stdout]   13:     0x5d7afd33b85b - test[aada8e7e76ba119b]::__rust_begin_short_backtrace::<core[a373ad73a504971]::result::Result<(), alloc[2e1b2a31b91974c5]::string::String>, fn() -> core[a373ad73a504971]::result::Result<(), alloc[2e1b2a31b91974c5]::string::String>>
[INFO] [stdout]   14:     0x5d7afd348a35 - test[aada8e7e76ba119b]::run_test::{closure#0}
[INFO] [stdout]   15:     0x5d7afd342324 - std[617be2ca0a6fd877]::sys::backtrace::__rust_begin_short_backtrace::<test[aada8e7e76ba119b]::run_test::{closure#1}, ()>
[INFO] [stdout]   16:     0x5d7afd34bac2 - <std[617be2ca0a6fd877]::thread::lifecycle::spawn_unchecked<test[aada8e7e76ba119b]::run_test::{closure#1}, ()>::{closure#1} as core[a373ad73a504971]::ops::function::FnOnce<()>>::call_once::{shim:vtable#0}
[INFO] [stdout]   17:     0x5d7afd3b465f - <std[617be2ca0a6fd877]::sys::thread::unix::Thread>::new::thread_start
[INFO] [stdout]   18:     0x7d7998ff1dfa - <unknown>
[INFO] [stdout]   19:     0x7d79990853d4 - clone
[INFO] [stdout]   20:                0x0 - <unknown>
[INFO] [stdout] 
[INFO] [stdout] 
[INFO] [stdout] failures:
[INFO] [stdout]     cli_emits_linked_native_executable_for_boolean_and_null_echo
[INFO] [stdout]     cli_emits_linked_native_executable_for_bootstrap_echo
[INFO] [stdout]     cli_emits_linked_native_executable_without_semicolon_before_closing_tag
[INFO] [stdout]     cli_emits_linked_native_executable_without_trailing_newline
[INFO] [stdout] 
[INFO] [stdout] test result: FAILED. 31 passed; 4 failed; 0 ignored; 0 measured; 0 filtered out; finished in 0.65s
[INFO] [stdout] 
[INFO] [stderr] error: test failed, to rerun pass `-p phpc --test bootstrap_cli`
[INFO] running `Command { std: "docker" "inspect" "2a251c6c418f8bffb7d0a41f623c0a7065d694bafd5c4768406fc67b0fa37f55", kill_on_drop: false }`
[INFO] running `Command { std: "docker" "rm" "-f" "2a251c6c418f8bffb7d0a41f623c0a7065d694bafd5c4768406fc67b0fa37f55", kill_on_drop: false }`
[INFO] [stdout] 2a251c6c418f8bffb7d0a41f623c0a7065d694bafd5c4768406fc67b0fa37f55
