[INFO] cloning repository https://github.com/adamransom/spyparsey
[INFO] running `Command { std: "git" "-c" "credential.helper=" "-c" "credential.helper=/workspace/cargo-home/bin/git-credential-null" "clone" "--bare" "https://github.com/adamransom/spyparsey" "/workspace/cache/git-repos/https%3A%2F%2Fgithub.com%2Fadamransom%2Fspyparsey", kill_on_drop: false }`
[INFO] [stderr] Cloning into bare repository '/workspace/cache/git-repos/https%3A%2F%2Fgithub.com%2Fadamransom%2Fspyparsey'...
[INFO] running `Command { std: "git" "rev-parse" "HEAD", kill_on_drop: false }`
[INFO] [stdout] 7f6577ac26b3d0f194a45ae9e6dfaaf2874c2d17
[INFO] testing adamransom/spyparsey against 1.100.0-beta.1+cargoflags=--release for beta-release-1.100-3
[INFO] running `Command { std: "git" "clone" "/workspace/cache/git-repos/https%3A%2F%2Fgithub.com%2Fadamransom%2Fspyparsey" "/workspace/builds/worker-7-tc2/source", kill_on_drop: false }`
[INFO] [stderr] Cloning into '/workspace/builds/worker-7-tc2/source'...
[INFO] [stderr] done.
[INFO] started tweaking git repo https://github.com/adamransom/spyparsey
[INFO] finished tweaking git repo https://github.com/adamransom/spyparsey
[INFO] tweaked toml for git repo https://github.com/adamransom/spyparsey written to /workspace/builds/worker-7-tc2/source/Cargo.toml
[INFO] validating manifest of git repo https://github.com/adamransom/spyparsey on toolchain 1.100.0-beta.1
[INFO] running `Command { std: CARGO_HOME="/workspace/cargo-home" RUSTUP_HOME="/workspace/rustup-home" "/workspace/cargo-home/bin/cargo" "+1.100.0-beta.1" "metadata" "--manifest-path" "Cargo.toml" "--no-deps", kill_on_drop: false }`
[INFO] crate git repo https://github.com/adamransom/spyparsey already has a lockfile, it will not be regenerated
[INFO] running `Command { std: CARGO_HOME="/workspace/cargo-home" RUSTUP_HOME="/workspace/rustup-home" "/workspace/cargo-home/bin/cargo" "+1.100.0-beta.1" "fetch" "--manifest-path" "Cargo.toml", kill_on_drop: false }`
[INFO] running `Command { std: "docker" "create" "-v" "/var/lib/crater-agent-workspace/builds/worker-7-tc2/source:/opt/rustwide/workdir:ro,Z" "-v" "/var/lib/crater-agent-workspace/builds/worker-7-tc2/target:/opt/rustwide/target:rw,Z" "-v" "/var/lib/crater-agent-workspace/cargo-home:/opt/rustwide/cargo-home:ro,Z" "-v" "/var/lib/crater-agent-workspace/rustup-home:/opt/rustwide/rustup-home:ro,Z" "-m" "1610612736" "--network" "none" "ghcr.io/rust-lang/crates-build-env/linux@sha256:77db811e55d90add9212f6832c23229e3de5f1c1f9905e8cb07319ea15df73ac" "sleep" "infinity", kill_on_drop: false }`
[INFO] [stdout] a33e7d35af42321a57869c42b6848390f326d6fb08bc2c51bd193c1a2b2ab31d
[INFO] running `Command { std: "docker" "start" "a33e7d35af42321a57869c42b6848390f326d6fb08bc2c51bd193c1a2b2ab31d", kill_on_drop: false }`
[INFO] running `Command { std: "docker" "inspect" "a33e7d35af42321a57869c42b6848390f326d6fb08bc2c51bd193c1a2b2ab31d", kill_on_drop: false }`
[INFO] running `Command { std: "docker" "exec" "-e" "SOURCE_DIR=/opt/rustwide/workdir" "-e" "CARGO_HOME=/opt/rustwide/cargo-home" "-e" "RUSTUP_HOME=/opt/rustwide/rustup-home" "-e" "CARGO_TARGET_DIR=/opt/rustwide/target" "-w" "/opt/rustwide/workdir" "--user" "0:0" "a33e7d35af42321a57869c42b6848390f326d6fb08bc2c51bd193c1a2b2ab31d" "/opt/rustwide/cargo-home/bin/cargo" "+1.100.0-beta.1" "metadata" "--no-deps" "--format-version=1", kill_on_drop: false }`
[INFO] running `Command { std: "docker" "inspect" "a33e7d35af42321a57869c42b6848390f326d6fb08bc2c51bd193c1a2b2ab31d", kill_on_drop: false }`
[INFO] running `Command { std: "docker" "exec" "-e" "SOURCE_DIR=/opt/rustwide/workdir" "-e" "CARGO_HOME=/opt/rustwide/cargo-home" "-e" "RUSTUP_HOME=/opt/rustwide/rustup-home" "-e" "CARGO_TARGET_DIR=/opt/rustwide/target" "-e" "CARGO_INCREMENTAL=0" "-e" "RUST_BACKTRACE=full" "-e" "RUSTFLAGS=--cap-lints=warn" "-e" "RUSTDOCFLAGS=--cap-lints=warn" "-w" "/opt/rustwide/workdir" "--user" "0:0" "a33e7d35af42321a57869c42b6848390f326d6fb08bc2c51bd193c1a2b2ab31d" "/opt/rustwide/cargo-home/bin/cargo" "+1.100.0-beta.1" "build" "--frozen" "--message-format=json" "--release", kill_on_drop: false }`
[INFO] [stderr]    Compiling libc v0.2.51
[INFO] [stderr]    Compiling lazy_static v1.3.0
[INFO] [stderr]    Compiling cfg-if v0.1.7
[INFO] [stderr]    Compiling proc-macro2 v0.4.27
[INFO] [stderr]    Compiling memchr v2.2.0
[INFO] [stderr]    Compiling unicode-xid v0.1.0
[INFO] [stderr]    Compiling arrayvec v0.4.10
[INFO] [stderr]    Compiling syn v0.15.30
[INFO] [stderr]    Compiling nodrop v0.1.13
[INFO] [stderr]    Compiling cc v1.0.35
[INFO] [stderr]    Compiling num-traits v0.2.6
[INFO] [stderr]    Compiling crossbeam-utils v0.2.2
[INFO] [stderr]    Compiling serde v1.0.90
[INFO] [stderr]    Compiling scopeguard v0.3.3
[INFO] [stderr]    Compiling ryu v0.2.7
[INFO] [stderr]    Compiling rayon-core v1.4.1
[INFO] [stderr]    Compiling byteorder v1.3.1
[INFO] [stderr]    Compiling autocfg v0.1.2
[INFO] [stderr]    Compiling num-integer v0.1.39
[INFO] [stderr]    Compiling memoffset v0.2.1
[INFO] [stderr]    Compiling crossbeam-epoch v0.3.1
[INFO] [stderr]    Compiling thread_local v0.3.6
[INFO] [stderr]    Compiling backtrace v0.3.15
[INFO] [stderr]    Compiling regex v1.1.5
[INFO] [stderr]    Compiling unicode-width v0.1.5
[INFO] [stderr]    Compiling ucd-util v0.1.3
[INFO] [stderr]    Compiling crossbeam-deque v0.2.0
[INFO] [stderr]    Compiling regex-syntax v0.6.6
[INFO] [stderr]    Compiling time v0.1.42
[INFO] [stderr]    Compiling num_cpus v1.10.0
[INFO] [stderr]    Compiling quote v0.6.12
[INFO] [stderr]    Compiling backtrace-sys v0.1.28
[INFO] [stderr]    Compiling aho-corasick v0.7.3
[INFO] [stderr]    Compiling csv-core v0.1.5
[INFO] [stderr]    Compiling dirs v1.0.5
[INFO] [stderr]    Compiling atty v0.2.11
[INFO] [stderr]    Compiling rustc-demangle v0.1.14
[INFO] [stderr]    Compiling itoa v0.4.3
[INFO] [stderr]    Compiling rayon v1.0.3
[INFO] [stderr]    Compiling utf8-ranges v1.0.2
[INFO] [stderr]    Compiling term v0.5.2
[INFO] [stderr]    Compiling chrono v0.4.6
[INFO] [stderr]    Compiling textwrap v0.11.0
[INFO] [stderr]    Compiling log v0.4.6
[INFO] [stderr]    Compiling strsim v0.8.0
[INFO] [stderr]    Compiling termcolor v0.3.6
[INFO] [stderr]    Compiling yaml-rust v0.3.5
[INFO] [stderr]    Compiling bitflags v1.0.4
[INFO] [stderr]    Compiling either v1.5.2
[INFO] [stderr]    Compiling vec_map v0.8.1
[INFO] [stderr]    Compiling ansi_term v0.11.0
[INFO] [stderr]    Compiling same-file v1.0.4
[INFO] [stderr]    Compiling encode_unicode v0.3.5
[INFO] [stderr]    Compiling walkdir v2.2.7
[INFO] [stderr]    Compiling clap v2.33.0
[INFO] [stderr]    Compiling stderrlog v0.4.1
[INFO] [stderr]    Compiling serde_derive v1.0.90
[INFO] [stderr]    Compiling error-chain v0.12.0
[INFO] [stderr]    Compiling spyparty v0.1.9
[INFO] [stderr]    Compiling csv v1.0.6
[INFO] [stderr]    Compiling prettytable-rs v0.8.0
[INFO] [stderr]    Compiling spyparsey v1.1.0 (/opt/rustwide/workdir)
[INFO] [stdout] warning: trailing semicolon in macro used in expression position
[INFO] [stdout]    --> src/main.rs:150:35
[INFO] [stdout]     |
[INFO] [stdout] 150 |                     Some(path) => warn!("failed to read file '{}'", path.display()),
[INFO] [stdout]     |                                   ^^^^^^^^^^^^^^^^^^^^^^^^^^^^^^^^^^^^^^^^^^^^^^^^^
[INFO] [stdout]     |
[INFO] [stdout]     = warning: this was previously accepted by the compiler but is being phased out; it will become a hard error in a future release!
[INFO] [stdout]     = note: for more information, see issue #79813 <https://github.com/rust-lang/rust/issues/79813>
[INFO] [stdout]     = note: `#[warn(semicolon_in_expressions_from_non_local_macros)]` (part of `#[warn(future_incompatible)]`) on by default
[INFO] [stdout]     = note: this warning originates in the macro `warn` (in Nightly builds, run with -Z macro-backtrace for more info)
[INFO] [stdout] 
[INFO] [stdout] 
[INFO] [stdout] warning: trailing semicolon in macro used in expression position
[INFO] [stdout]    --> src/main.rs:151:29
[INFO] [stdout]     |
[INFO] [stdout] 151 |                     None => warn!("failed to read file"),
[INFO] [stdout]     |                             ^^^^^^^^^^^^^^^^^^^^^^^^^^^^
[INFO] [stdout]     |
[INFO] [stdout]     = warning: this was previously accepted by the compiler but is being phased out; it will become a hard error in a future release!
[INFO] [stdout]     = note: for more information, see issue #79813 <https://github.com/rust-lang/rust/issues/79813>
[INFO] [stdout]     = note: this warning originates in the macro `warn` (in Nightly builds, run with -Z macro-backtrace for more info)
[INFO] [stdout] 
[INFO] [stdout] 
[INFO] [stdout] warning: use of deprecated associated function `core::num::<impl u16>::max_value`: replaced by the `MAX` associated constant on this type
[INFO] [stdout]   --> src/output/table.rs:28:33
[INFO] [stdout]    |
[INFO] [stdout] 28 |     let mut prev_play_id = u16::max_value();
[INFO] [stdout]    |                                 ^^^^^^^^^
[INFO] [stdout]    |
[INFO] [stdout]    = note: `#[warn(deprecated)]` on by default
[INFO] [stdout] 
[INFO] [stdout] 
[INFO] [stderr]     Finished `release` profile [optimized] target(s) in 1m 14s
[INFO] [stderr] warning: the following packages contain code that will be rejected by a future version of Rust: spyparsey v1.1.0 (/opt/rustwide/workdir), spyparty v0.1.9
[INFO] [stderr] note: to see what the problems were, use the option `--future-incompat-report`, or run `cargo report future-incompatibilities --id 1`
[INFO] running `Command { std: "docker" "inspect" "a33e7d35af42321a57869c42b6848390f326d6fb08bc2c51bd193c1a2b2ab31d", kill_on_drop: false }`
[INFO] running `Command { std: "docker" "exec" "-e" "SOURCE_DIR=/opt/rustwide/workdir" "-e" "CARGO_HOME=/opt/rustwide/cargo-home" "-e" "RUSTUP_HOME=/opt/rustwide/rustup-home" "-e" "CARGO_TARGET_DIR=/opt/rustwide/target" "-e" "CARGO_INCREMENTAL=0" "-e" "RUST_BACKTRACE=full" "-e" "RUSTFLAGS=--cap-lints=warn" "-e" "RUSTDOCFLAGS=--cap-lints=warn" "-w" "/opt/rustwide/workdir" "--user" "0:0" "a33e7d35af42321a57869c42b6848390f326d6fb08bc2c51bd193c1a2b2ab31d" "/opt/rustwide/cargo-home/bin/cargo" "+1.100.0-beta.1" "test" "--frozen" "--no-run" "--message-format=json" "--release", kill_on_drop: false }`
[INFO] [stderr]    Compiling escargot v0.4.0
[INFO] [stderr]    Compiling predicates-core v1.0.0
[INFO] [stderr]    Compiling serde_json v1.0.39
[INFO] [stderr]    Compiling treeline v0.1.0
[INFO] [stderr]    Compiling difference v2.0.0
[INFO] [stdout] warning: trailing semicolon in macro used in expression position
[INFO] [stdout]    --> src/main.rs:150:35
[INFO] [stdout]     |
[INFO] [stdout] 150 |                     Some(path) => warn!("failed to read file '{}'", path.display()),
[INFO] [stdout]     |                                   ^^^^^^^^^^^^^^^^^^^^^^^^^^^^^^^^^^^^^^^^^^^^^^^^^
[INFO] [stdout]     |
[INFO] [stdout]     = warning: this was previously accepted by the compiler but is being phased out; it will become a hard error in a future release!
[INFO] [stdout]     = note: for more information, see issue #79813 <https://github.com/rust-lang/rust/issues/79813>
[INFO] [stdout]     = note: `#[warn(semicolon_in_expressions_from_non_local_macros)]` (part of `#[warn(future_incompatible)]`) on by default
[INFO] [stdout]     = note: this warning originates in the macro `warn` (in Nightly builds, run with -Z macro-backtrace for more info)
[INFO] [stdout] 
[INFO] [stdout] 
[INFO] [stdout] warning: trailing semicolon in macro used in expression position
[INFO] [stdout]    --> src/main.rs:151:29
[INFO] [stdout]     |
[INFO] [stdout] 151 |                     None => warn!("failed to read file"),
[INFO] [stdout]     |                             ^^^^^^^^^^^^^^^^^^^^^^^^^^^^
[INFO] [stdout]     |
[INFO] [stdout]     = warning: this was previously accepted by the compiler but is being phased out; it will become a hard error in a future release!
[INFO] [stdout]     = note: for more information, see issue #79813 <https://github.com/rust-lang/rust/issues/79813>
[INFO] [stdout]     = note: this warning originates in the macro `warn` (in Nightly builds, run with -Z macro-backtrace for more info)
[INFO] [stdout] 
[INFO] [stdout] 
[INFO] [stdout] warning: use of deprecated associated function `core::num::<impl u16>::max_value`: replaced by the `MAX` associated constant on this type
[INFO] [stdout]   --> src/output/table.rs:28:33
[INFO] [stdout]    |
[INFO] [stdout] 28 |     let mut prev_play_id = u16::max_value();
[INFO] [stdout]    |                                 ^^^^^^^^^
[INFO] [stdout]    |
[INFO] [stdout]    = note: `#[warn(deprecated)]` on by default
[INFO] [stdout] 
[INFO] [stdout] 
[INFO] [stderr]    Compiling predicates v1.0.1
[INFO] [stderr]    Compiling predicates-tree v1.0.0
[INFO] [stderr]    Compiling assert_cmd v0.11.1
[INFO] [stderr]    Compiling spyparsey v1.1.0 (/opt/rustwide/workdir)
[INFO] [stdout] warning: trailing semicolon in macro used in expression position
[INFO] [stdout]    --> src/main.rs:150:35
[INFO] [stdout]     |
[INFO] [stdout] 150 |                     Some(path) => warn!("failed to read file '{}'", path.display()),
[INFO] [stdout]     |                                   ^^^^^^^^^^^^^^^^^^^^^^^^^^^^^^^^^^^^^^^^^^^^^^^^^
[INFO] [stdout]     |
[INFO] [stdout]     = warning: this was previously accepted by the compiler but is being phased out; it will become a hard error in a future release!
[INFO] [stdout]     = note: for more information, see issue #79813 <https://github.com/rust-lang/rust/issues/79813>
[INFO] [stdout]     = note: `#[warn(semicolon_in_expressions_from_non_local_macros)]` (part of `#[warn(future_incompatible)]`) on by default
[INFO] [stdout]     = note: this warning originates in the macro `warn` (in Nightly builds, run with -Z macro-backtrace for more info)
[INFO] [stdout] 
[INFO] [stdout] 
[INFO] [stdout] warning: trailing semicolon in macro used in expression position
[INFO] [stdout]    --> src/main.rs:151:29
[INFO] [stdout]     |
[INFO] [stdout] 151 |                     None => warn!("failed to read file"),
[INFO] [stdout]     |                             ^^^^^^^^^^^^^^^^^^^^^^^^^^^^
[INFO] [stdout]     |
[INFO] [stdout]     = warning: this was previously accepted by the compiler but is being phased out; it will become a hard error in a future release!
[INFO] [stdout]     = note: for more information, see issue #79813 <https://github.com/rust-lang/rust/issues/79813>
[INFO] [stdout]     = note: this warning originates in the macro `warn` (in Nightly builds, run with -Z macro-backtrace for more info)
[INFO] [stdout] 
[INFO] [stdout] 
[INFO] [stdout] warning: use of deprecated associated function `core::num::<impl u16>::max_value`: replaced by the `MAX` associated constant on this type
[INFO] [stdout]   --> src/output/table.rs:28:33
[INFO] [stdout]    |
[INFO] [stdout] 28 |     let mut prev_play_id = u16::max_value();
[INFO] [stdout]    |                                 ^^^^^^^^^
[INFO] [stdout]    |
[INFO] [stdout]    = note: `#[warn(deprecated)]` on by default
[INFO] [stdout] 
[INFO] [stdout] 
[INFO] [stderr]     Finished `release` profile [optimized] target(s) in 24.38s
[INFO] [stderr] warning: the following packages contain code that will be rejected by a future version of Rust: escargot v0.4.0, spyparsey v1.1.0 (/opt/rustwide/workdir), spyparty v0.1.9
[INFO] [stderr] note: to see what the problems were, use the option `--future-incompat-report`, or run `cargo report future-incompatibilities --id 2`
[INFO] running `Command { std: "docker" "inspect" "a33e7d35af42321a57869c42b6848390f326d6fb08bc2c51bd193c1a2b2ab31d", kill_on_drop: false }`
[INFO] running `Command { std: "docker" "exec" "-e" "SOURCE_DIR=/opt/rustwide/workdir" "-e" "CARGO_HOME=/opt/rustwide/cargo-home" "-e" "RUSTUP_HOME=/opt/rustwide/rustup-home" "-e" "CARGO_TARGET_DIR=/opt/rustwide/target" "-e" "CARGO_INCREMENTAL=0" "-e" "RUST_BACKTRACE=full" "-e" "RUSTFLAGS=--cap-lints=warn" "-e" "RUSTDOCFLAGS=--cap-lints=warn" "-w" "/opt/rustwide/workdir" "--user" "0:0" "a33e7d35af42321a57869c42b6848390f326d6fb08bc2c51bd193c1a2b2ab31d" "/opt/rustwide/cargo-home/bin/cargo" "+1.100.0-beta.1" "test" "--frozen" "--release", kill_on_drop: false }`
[INFO] [stderr] warning: trailing semicolon in macro used in expression position
[INFO] [stderr]    --> src/main.rs:150:35
[INFO] [stderr]     |
[INFO] [stderr] 150 |                     Some(path) => warn!("failed to read file '{}'", path.display()),
[INFO] [stderr]     |                                   ^^^^^^^^^^^^^^^^^^^^^^^^^^^^^^^^^^^^^^^^^^^^^^^^^
[INFO] [stderr]     |
[INFO] [stderr]     = warning: this was previously accepted by the compiler but is being phased out; it will become a hard error in a future release!
[INFO] [stderr]     = note: for more information, see issue #79813 <https://github.com/rust-lang/rust/issues/79813>
[INFO] [stderr]     = note: `#[warn(semicolon_in_expressions_from_non_local_macros)]` (part of `#[warn(future_incompatible)]`) on by default
[INFO] [stderr]     = note: this warning originates in the macro `warn` (in Nightly builds, run with -Z macro-backtrace for more info)
[INFO] [stderr] 
[INFO] [stderr] warning: trailing semicolon in macro used in expression position
[INFO] [stderr]    --> src/main.rs:151:29
[INFO] [stderr]     |
[INFO] [stderr] 151 |                     None => warn!("failed to read file"),
[INFO] [stderr]     |                             ^^^^^^^^^^^^^^^^^^^^^^^^^^^^
[INFO] [stderr]     |
[INFO] [stderr]     = warning: this was previously accepted by the compiler but is being phased out; it will become a hard error in a future release!
[INFO] [stderr]     = note: for more information, see issue #79813 <https://github.com/rust-lang/rust/issues/79813>
[INFO] [stderr]     = note: this warning originates in the macro `warn` (in Nightly builds, run with -Z macro-backtrace for more info)
[INFO] [stderr] 
[INFO] [stderr] warning: use of deprecated associated function `core::num::<impl u16>::max_value`: replaced by the `MAX` associated constant on this type
[INFO] [stderr]   --> src/output/table.rs:28:33
[INFO] [stderr]    |
[INFO] [stderr] 28 |     let mut prev_play_id = u16::max_value();
[INFO] [stderr]    |                                 ^^^^^^^^^
[INFO] [stderr]    |
[INFO] [stderr]    = note: `#[warn(deprecated)]` on by default
[INFO] [stderr] 
[INFO] [stderr] warning: `spyparsey` (bin "spyparsey") generated 3 warnings
[INFO] [stderr] warning: `spyparsey` (bin "spyparsey" test) generated 3 warnings (3 duplicates)
[INFO] [stderr]     Finished `release` profile [optimized] target(s) in 0.13s
[INFO] [stderr] warning: the following packages contain code that will be rejected by a future version of Rust: escargot v0.4.0, spyparsey v1.1.0 (/opt/rustwide/workdir), spyparty v0.1.9
[INFO] [stderr] note: to see what the problems were, use the option `--future-incompat-report`, or run `cargo report future-incompatibilities --id 2`
[INFO] [stderr]      Running unittests src/main.rs (/opt/rustwide/target/release/build/spyparsey/c0c8700a5bd7a703/out/spyparsey-c0c8700a5bd7a703)
[INFO] [stderr]      Running tests/snapshots.rs (/opt/rustwide/target/release/build/spyparsey/aef06ea33deb5e54/out/snapshots-aef06ea33deb5e54)
[INFO] [stdout] 
[INFO] [stdout] running 0 tests
[INFO] [stdout] 
[INFO] [stdout] test result: ok. 0 passed; 0 failed; 0 ignored; 0 measured; 0 filtered out; finished in 0.00s
[INFO] [stdout] 
[INFO] [stdout] 
[INFO] [stdout] running 6 tests
[INFO] [stdout] test pair ... FAILED
[INFO] [stdout] test player ... FAILED
[INFO] [stdout] test missions_players_mode ... FAILED
[INFO] [stdout] test spy_sniper ... FAILED
[INFO] [stdout] test map ... FAILED
[INFO] [stdout] test no_args ... FAILED
[INFO] [stdout] 
[INFO] [stdout] failures:
[INFO] [stdout] 
[INFO] [stdout] ---- pair stdout ----
[INFO] [stdout] 
[INFO] [stdout] thread 'pair' (1099) panicked at tests/snapshots.rs:24:10:
[INFO] [stdout] called `Result::unwrap()` on an `Err` value: CargoError { cause: Some(NotFoundError { path: "/opt/rustwide/target/release/build/spyparsey/aef06ea33deb5e54/out/spyparsey" }) }
[INFO] [stdout] stack backtrace:
[INFO] [stdout]    0:     0x587a95829d37 - <<std[617be2ca0a6fd877]::sys::backtrace::BacktraceLock>::print::DisplayBacktrace as core[a373ad73a504971]::fmt::Display>::fmt
[INFO] [stdout]    1:     0x587a9581210a - core[a373ad73a504971]::fmt::write
[INFO] [stdout]    2:     0x587a958292eb - <alloc[2e1b2a31b91974c5]::vec::Vec<u8> as core[a373ad73a504971]::io::write::Write>::write_fmt
[INFO] [stdout]    3:     0x587a95828dcf - std[617be2ca0a6fd877]::panicking::default_hook::{closure#0}
[INFO] [stdout]    4:     0x587a958289fa - std[617be2ca0a6fd877]::panicking::default_hook
[INFO] [stdout]    5:     0x587a95828535 - std[617be2ca0a6fd877]::panicking::panic_with_hook
[INFO] [stdout]    6:     0x587a9584f2e1 - std[617be2ca0a6fd877]::panicking::panic_handler::{closure#0}
[INFO] [stderr] error: test failed, to rerun pass `--test snapshots`
[INFO] [stdout]    7:     0x587a9584f299 - std[617be2ca0a6fd877]::sys::backtrace::__rust_end_short_backtrace::<std[617be2ca0a6fd877]::panicking::panic_handler::{closure#0}, !>
[INFO] [stdout]    8:     0x587a9584f79c - __rustc[ea4f61d10b84890b]::rust_begin_unwind
[INFO] [stdout]    9:     0x587a95811f9b - core[a373ad73a504971]::panicking::panic_fmt
[INFO] [stdout]   10:     0x587a958152b1 - core[a373ad73a504971]::result::unwrap_failed
[INFO] [stdout]   11:     0x587a9580ec27 - snapshots[7176b33784b9958b]::assert_snapshot
[INFO] [stdout]   12:     0x587a95810971 - <snapshots[7176b33784b9958b]::pair::{closure#0} as core[a373ad73a504971]::ops::function::FnOnce<()>>::call_once
[INFO] [stdout]   13:     0x587a9586795b - test[aada8e7e76ba119b]::__rust_begin_short_backtrace::<core[a373ad73a504971]::result::Result<(), alloc[2e1b2a31b91974c5]::string::String>, fn() -> core[a373ad73a504971]::result::Result<(), alloc[2e1b2a31b91974c5]::string::String>>
[INFO] [stdout]   14:     0x587a95863921 - test[aada8e7e76ba119b]::run_test::{closure#0}
[INFO] [stdout]   15:     0x587a9586310c - std[617be2ca0a6fd877]::sys::backtrace::__rust_begin_short_backtrace::<test[aada8e7e76ba119b]::run_test::{closure#1}, ()>
[INFO] [stdout]   16:     0x587a95882dac - <std[617be2ca0a6fd877]::thread::lifecycle::spawn_unchecked<test[aada8e7e76ba119b]::run_test::{closure#1}, ()>::{closure#1} as core[a373ad73a504971]::ops::function::FnOnce<()>>::call_once::{shim:vtable#0}
[INFO] [stdout]   17:     0x587a95850f74 - <std[617be2ca0a6fd877]::sys::thread::unix::Thread>::new::thread_start
[INFO] [stdout]   18:     0x741efbe3cdfa - <unknown>
[INFO] [stdout]   19:     0x741efbed03d4 - clone
[INFO] [stdout]   20:                0x0 - <unknown>
[INFO] [stdout] 
[INFO] [stdout] ---- player stdout ----
[INFO] [stdout] 
[INFO] [stdout] thread 'player' (1100) panicked at tests/snapshots.rs:24:10:
[INFO] [stdout] called `Result::unwrap()` on an `Err` value: CargoError { cause: Some(NotFoundError { path: "/opt/rustwide/target/release/build/spyparsey/aef06ea33deb5e54/out/spyparsey" }) }
[INFO] [stdout] stack backtrace:
[INFO] [stdout]    0:     0x587a95829d37 - <<std[617be2ca0a6fd877]::sys::backtrace::BacktraceLock>::print::DisplayBacktrace as core[a373ad73a504971]::fmt::Display>::fmt
[INFO] [stdout]    1:     0x587a9581210a - core[a373ad73a504971]::fmt::write
[INFO] [stdout]    2:     0x587a958292eb - <alloc[2e1b2a31b91974c5]::vec::Vec<u8> as core[a373ad73a504971]::io::write::Write>::write_fmt
[INFO] [stdout]    3:     0x587a95828dcf - std[617be2ca0a6fd877]::panicking::default_hook::{closure#0}
[INFO] [stdout]    4:     0x587a958289fa - std[617be2ca0a6fd877]::panicking::default_hook
[INFO] [stdout]    5:     0x587a95828535 - std[617be2ca0a6fd877]::panicking::panic_with_hook
[INFO] [stdout]    6:     0x587a9584f2e1 - std[617be2ca0a6fd877]::panicking::panic_handler::{closure#0}
[INFO] [stdout]    7:     0x587a9584f299 - std[617be2ca0a6fd877]::sys::backtrace::__rust_end_short_backtrace::<std[617be2ca0a6fd877]::panicking::panic_handler::{closure#0}, !>
[INFO] [stdout]    8:     0x587a9584f79c - __rustc[ea4f61d10b84890b]::rust_begin_unwind
[INFO] [stdout]    9:     0x587a95811f9b - core[a373ad73a504971]::panicking::panic_fmt
[INFO] [stdout]   10:     0x587a958152b1 - core[a373ad73a504971]::result::unwrap_failed
[INFO] [stdout]   11:     0x587a9580ec27 - snapshots[7176b33784b9958b]::assert_snapshot
[INFO] [stdout]   12:     0x587a958109a1 - <snapshots[7176b33784b9958b]::player::{closure#0} as core[a373ad73a504971]::ops::function::FnOnce<()>>::call_once
[INFO] [stdout]   13:     0x587a9586795b - test[aada8e7e76ba119b]::__rust_begin_short_backtrace::<core[a373ad73a504971]::result::Result<(), alloc[2e1b2a31b91974c5]::string::String>, fn() -> core[a373ad73a504971]::result::Result<(), alloc[2e1b2a31b91974c5]::string::String>>
[INFO] [stdout]   14:     0x587a95863921 - test[aada8e7e76ba119b]::run_test::{closure#0}
[INFO] [stdout]   15:     0x587a9586310c - std[617be2ca0a6fd877]::sys::backtrace::__rust_begin_short_backtrace::<test[aada8e7e76ba119b]::run_test::{closure#1}, ()>
[INFO] [stdout]   16:     0x587a95882dac - <std[617be2ca0a6fd877]::thread::lifecycle::spawn_unchecked<test[aada8e7e76ba119b]::run_test::{closure#1}, ()>::{closure#1} as core[a373ad73a504971]::ops::function::FnOnce<()>>::call_once::{shim:vtable#0}
[INFO] [stdout]   17:     0x587a95850f74 - <std[617be2ca0a6fd877]::sys::thread::unix::Thread>::new::thread_start
[INFO] [stdout]   18:     0x741efbe3cdfa - <unknown>
[INFO] [stdout]   19:     0x741efbed03d4 - clone
[INFO] [stdout]   20:                0x0 - <unknown>
[INFO] [stdout] 
[INFO] [stdout] ---- missions_players_mode stdout ----
[INFO] [stdout] 
[INFO] [stdout] thread 'missions_players_mode' (1097) panicked at tests/snapshots.rs:24:10:
[INFO] [stdout] called `Result::unwrap()` on an `Err` value: CargoError { cause: Some(NotFoundError { path: "/opt/rustwide/target/release/build/spyparsey/aef06ea33deb5e54/out/spyparsey" }) }
[INFO] [stdout] stack backtrace:
[INFO] [stdout]    0:     0x587a95829d37 - <<std[617be2ca0a6fd877]::sys::backtrace::BacktraceLock>::print::DisplayBacktrace as core[a373ad73a504971]::fmt::Display>::fmt
[INFO] [stdout]    1:     0x587a9581210a - core[a373ad73a504971]::fmt::write
[INFO] [stdout]    2:     0x587a958292eb - <alloc[2e1b2a31b91974c5]::vec::Vec<u8> as core[a373ad73a504971]::io::write::Write>::write_fmt
[INFO] [stdout]    3:     0x587a95828dcf - std[617be2ca0a6fd877]::panicking::default_hook::{closure#0}
[INFO] [stdout]    4:     0x587a958289fa - std[617be2ca0a6fd877]::panicking::default_hook
[INFO] [stdout]    5:     0x587a95828535 - std[617be2ca0a6fd877]::panicking::panic_with_hook
[INFO] [stdout]    6:     0x587a9584f2e1 - std[617be2ca0a6fd877]::panicking::panic_handler::{closure#0}
[INFO] [stdout]    7:     0x587a9584f299 - std[617be2ca0a6fd877]::sys::backtrace::__rust_end_short_backtrace::<std[617be2ca0a6fd877]::panicking::panic_handler::{closure#0}, !>
[INFO] [stdout]    8:     0x587a9584f79c - __rustc[ea4f61d10b84890b]::rust_begin_unwind
[INFO] [stdout]    9:     0x587a95811f9b - core[a373ad73a504971]::panicking::panic_fmt
[INFO] [stdout]   10:     0x587a958152b1 - core[a373ad73a504971]::result::unwrap_failed
[INFO] [stdout]   11:     0x587a9580ec27 - snapshots[7176b33784b9958b]::assert_snapshot
[INFO] [stdout]   12:     0x587a95810911 - <snapshots[7176b33784b9958b]::missions_players_mode::{closure#0} as core[a373ad73a504971]::ops::function::FnOnce<()>>::call_once
[INFO] [stdout]   13:     0x587a9586795b - test[aada8e7e76ba119b]::__rust_begin_short_backtrace::<core[a373ad73a504971]::result::Result<(), alloc[2e1b2a31b91974c5]::string::String>, fn() -> core[a373ad73a504971]::result::Result<(), alloc[2e1b2a31b91974c5]::string::String>>
[INFO] [stdout]   14:     0x587a95863921 - test[aada8e7e76ba119b]::run_test::{closure#0}
[INFO] [stdout]   15:     0x587a9586310c - std[617be2ca0a6fd877]::sys::backtrace::__rust_begin_short_backtrace::<test[aada8e7e76ba119b]::run_test::{closure#1}, ()>
[INFO] [stdout]   16:     0x587a95882dac - <std[617be2ca0a6fd877]::thread::lifecycle::spawn_unchecked<test[aada8e7e76ba119b]::run_test::{closure#1}, ()>::{closure#1} as core[a373ad73a504971]::ops::function::FnOnce<()>>::call_once::{shim:vtable#0}
[INFO] [stdout]   17:     0x587a95850f74 - <std[617be2ca0a6fd877]::sys::thread::unix::Thread>::new::thread_start
[INFO] [stdout]   18:     0x741efbe3cdfa - <unknown>
[INFO] [stdout]   19:     0x741efbed03d4 - clone
[INFO] [stdout]   20:                0x0 - <unknown>
[INFO] [stdout] 
[INFO] [stdout] ---- spy_sniper stdout ----
[INFO] [stdout] 
[INFO] [stdout] thread 'spy_sniper' (1101) panicked at tests/snapshots.rs:24:10:
[INFO] [stdout] called `Result::unwrap()` on an `Err` value: CargoError { cause: Some(NotFoundError { path: "/opt/rustwide/target/release/build/spyparsey/aef06ea33deb5e54/out/spyparsey" }) }
[INFO] [stdout] stack backtrace:
[INFO] [stdout]    0:     0x587a95829d37 - <<std[617be2ca0a6fd877]::sys::backtrace::BacktraceLock>::print::DisplayBacktrace as core[a373ad73a504971]::fmt::Display>::fmt
[INFO] [stdout]    1:     0x587a9581210a - core[a373ad73a504971]::fmt::write
[INFO] [stdout]    2:     0x587a958292eb - <alloc[2e1b2a31b91974c5]::vec::Vec<u8> as core[a373ad73a504971]::io::write::Write>::write_fmt
[INFO] [stdout]    3:     0x587a95828dcf - std[617be2ca0a6fd877]::panicking::default_hook::{closure#0}
[INFO] [stdout]    4:     0x587a958289fa - std[617be2ca0a6fd877]::panicking::default_hook
[INFO] [stdout]    5:     0x587a95828535 - std[617be2ca0a6fd877]::panicking::panic_with_hook
[INFO] [stdout]    6:     0x587a9584f2e1 - std[617be2ca0a6fd877]::panicking::panic_handler::{closure#0}
[INFO] [stdout]    7:     0x587a9584f299 - std[617be2ca0a6fd877]::sys::backtrace::__rust_end_short_backtrace::<std[617be2ca0a6fd877]::panicking::panic_handler::{closure#0}, !>
[INFO] [stdout]    8:     0x587a9584f79c - __rustc[ea4f61d10b84890b]::rust_begin_unwind
[INFO] [stdout]    9:     0x587a95811f9b - core[a373ad73a504971]::panicking::panic_fmt
[INFO] [stdout]   10:     0x587a958152b1 - core[a373ad73a504971]::result::unwrap_failed
[INFO] [stdout]   11:     0x587a9580ec27 - snapshots[7176b33784b9958b]::assert_snapshot
[INFO] [stdout]   12:     0x587a958108e1 - <snapshots[7176b33784b9958b]::spy_sniper::{closure#0} as core[a373ad73a504971]::ops::function::FnOnce<()>>::call_once
[INFO] [stdout]   13:     0x587a9586795b - test[aada8e7e76ba119b]::__rust_begin_short_backtrace::<core[a373ad73a504971]::result::Result<(), alloc[2e1b2a31b91974c5]::string::String>, fn() -> core[a373ad73a504971]::result::Result<(), alloc[2e1b2a31b91974c5]::string::String>>
[INFO] [stdout]   14:     0x587a95863921 - test[aada8e7e76ba119b]::run_test::{closure#0}
[INFO] [stdout]   15:     0x587a9586310c - std[617be2ca0a6fd877]::sys::backtrace::__rust_begin_short_backtrace::<test[aada8e7e76ba119b]::run_test::{closure#1}, ()>
[INFO] [stdout]   16:     0x587a95882dac - <std[617be2ca0a6fd877]::thread::lifecycle::spawn_unchecked<test[aada8e7e76ba119b]::run_test::{closure#1}, ()>::{closure#1} as core[a373ad73a504971]::ops::function::FnOnce<()>>::call_once::{shim:vtable#0}
[INFO] [stdout]   17:     0x587a95850f74 - <std[617be2ca0a6fd877]::sys::thread::unix::Thread>::new::thread_start
[INFO] [stdout]   18:     0x741efbe3cdfa - <unknown>
[INFO] [stdout]   19:     0x741efbed03d4 - clone
[INFO] [stdout]   20:                0x0 - <unknown>
[INFO] [stdout] 
[INFO] [stdout] ---- map stdout ----
[INFO] [stdout] 
[INFO] [stdout] thread 'map' (1096) panicked at tests/snapshots.rs:24:10:
[INFO] [stdout] called `Result::unwrap()` on an `Err` value: CargoError { cause: Some(NotFoundError { path: "/opt/rustwide/target/release/build/spyparsey/aef06ea33deb5e54/out/spyparsey" }) }
[INFO] [stdout] stack backtrace:
[INFO] [stdout]    0:     0x587a95829d37 - <<std[617be2ca0a6fd877]::sys::backtrace::BacktraceLock>::print::DisplayBacktrace as core[a373ad73a504971]::fmt::Display>::fmt
[INFO] [stdout]    1:     0x587a9581210a - core[a373ad73a504971]::fmt::write
[INFO] [stdout]    2:     0x587a958292eb - <alloc[2e1b2a31b91974c5]::vec::Vec<u8> as core[a373ad73a504971]::io::write::Write>::write_fmt
[INFO] [stdout]    3:     0x587a95828dcf - std[617be2ca0a6fd877]::panicking::default_hook::{closure#0}
[INFO] [stdout]    4:     0x587a958289fa - std[617be2ca0a6fd877]::panicking::default_hook
[INFO] [stdout]    5:     0x587a95828535 - std[617be2ca0a6fd877]::panicking::panic_with_hook
[INFO] [stdout]    6:     0x587a9584f2e1 - std[617be2ca0a6fd877]::panicking::panic_handler::{closure#0}
[INFO] [stdout]    7:     0x587a9584f299 - std[617be2ca0a6fd877]::sys::backtrace::__rust_end_short_backtrace::<std[617be2ca0a6fd877]::panicking::panic_handler::{closure#0}, !>
[INFO] [stdout]    8:     0x587a9584f79c - __rustc[ea4f61d10b84890b]::rust_begin_unwind
[INFO] [stdout]    9:     0x587a95811f9b - core[a373ad73a504971]::panicking::panic_fmt
[INFO] [stdout]   10:     0x587a958152b1 - core[a373ad73a504971]::result::unwrap_failed
[INFO] [stdout]   11:     0x587a9580ec27 - snapshots[7176b33784b9958b]::assert_snapshot
[INFO] [stdout]   12:     0x587a95810941 - <snapshots[7176b33784b9958b]::map::{closure#0} as core[a373ad73a504971]::ops::function::FnOnce<()>>::call_once
[INFO] [stdout]   13:     0x587a9586795b - test[aada8e7e76ba119b]::__rust_begin_short_backtrace::<core[a373ad73a504971]::result::Result<(), alloc[2e1b2a31b91974c5]::string::String>, fn() -> core[a373ad73a504971]::result::Result<(), alloc[2e1b2a31b91974c5]::string::String>>
[INFO] [stdout]   14:     0x587a95863921 - test[aada8e7e76ba119b]::run_test::{closure#0}
[INFO] [stdout]   15:     0x587a9586310c - std[617be2ca0a6fd877]::sys::backtrace::__rust_begin_short_backtrace::<test[aada8e7e76ba119b]::run_test::{closure#1}, ()>
[INFO] [stdout]   16:     0x587a95882dac - <std[617be2ca0a6fd877]::thread::lifecycle::spawn_unchecked<test[aada8e7e76ba119b]::run_test::{closure#1}, ()>::{closure#1} as core[a373ad73a504971]::ops::function::FnOnce<()>>::call_once::{shim:vtable#0}
[INFO] [stdout]   17:     0x587a95850f74 - <std[617be2ca0a6fd877]::sys::thread::unix::Thread>::new::thread_start
[INFO] [stdout]   18:     0x741efbe3cdfa - <unknown>
[INFO] [stdout]   19:     0x741efbed03d4 - clone
[INFO] [stdout]   20:                0x0 - <unknown>
[INFO] [stdout] 
[INFO] [stdout] ---- no_args stdout ----
[INFO] [stdout] 
[INFO] [stdout] thread 'no_args' (1098) panicked at tests/snapshots.rs:24:10:
[INFO] [stdout] called `Result::unwrap()` on an `Err` value: CargoError { cause: Some(NotFoundError { path: "/opt/rustwide/target/release/build/spyparsey/aef06ea33deb5e54/out/spyparsey" }) }
[INFO] [stdout] stack backtrace:
[INFO] [stdout]    0:     0x587a95829d37 - <<std[617be2ca0a6fd877]::sys::backtrace::BacktraceLock>::print::DisplayBacktrace as core[a373ad73a504971]::fmt::Display>::fmt
[INFO] [stdout]    1:     0x587a9581210a - core[a373ad73a504971]::fmt::write
[INFO] [stdout]    2:     0x587a958292eb - <alloc[2e1b2a31b91974c5]::vec::Vec<u8> as core[a373ad73a504971]::io::write::Write>::write_fmt
[INFO] [stdout]    3:     0x587a95828dcf - std[617be2ca0a6fd877]::panicking::default_hook::{closure#0}
[INFO] [stdout]    4:     0x587a958289fa - std[617be2ca0a6fd877]::panicking::default_hook
[INFO] [stdout]    5:     0x587a95828535 - std[617be2ca0a6fd877]::panicking::panic_with_hook
[INFO] [stdout]    6:     0x587a9584f2e1 - std[617be2ca0a6fd877]::panicking::panic_handler::{closure#0}
[INFO] [stdout]    7:     0x587a9584f299 - std[617be2ca0a6fd877]::sys::backtrace::__rust_end_short_backtrace::<std[617be2ca0a6fd877]::panicking::panic_handler::{closure#0}, !>
[INFO] [stdout]    8:     0x587a9584f79c - __rustc[ea4f61d10b84890b]::rust_begin_unwind
[INFO] [stdout]    9:     0x587a95811f9b - core[a373ad73a504971]::panicking::panic_fmt
[INFO] [stdout]   10:     0x587a958152b1 - core[a373ad73a504971]::result::unwrap_failed
[INFO] [stdout]   11:     0x587a9580ec27 - snapshots[7176b33784b9958b]::assert_snapshot
[INFO] [stdout]   12:     0x587a958109cc - <snapshots[7176b33784b9958b]::no_args::{closure#0} as core[a373ad73a504971]::ops::function::FnOnce<()>>::call_once
[INFO] [stdout]   13:     0x587a9586795b - test[aada8e7e76ba119b]::__rust_begin_short_backtrace::<core[a373ad73a504971]::result::Result<(), alloc[2e1b2a31b91974c5]::string::String>, fn() -> core[a373ad73a504971]::result::Result<(), alloc[2e1b2a31b91974c5]::string::String>>
[INFO] [stdout]   14:     0x587a95863921 - test[aada8e7e76ba119b]::run_test::{closure#0}
[INFO] [stdout]   15:     0x587a9586310c - std[617be2ca0a6fd877]::sys::backtrace::__rust_begin_short_backtrace::<test[aada8e7e76ba119b]::run_test::{closure#1}, ()>
[INFO] [stdout]   16:     0x587a95882dac - <std[617be2ca0a6fd877]::thread::lifecycle::spawn_unchecked<test[aada8e7e76ba119b]::run_test::{closure#1}, ()>::{closure#1} as core[a373ad73a504971]::ops::function::FnOnce<()>>::call_once::{shim:vtable#0}
[INFO] [stdout]   17:     0x587a95850f74 - <std[617be2ca0a6fd877]::sys::thread::unix::Thread>::new::thread_start
[INFO] [stdout]   18:     0x741efbe3cdfa - <unknown>
[INFO] [stdout]   19:     0x741efbed03d4 - clone
[INFO] [stdout]   20:                0x0 - <unknown>
[INFO] [stdout] 
[INFO] [stdout] 
[INFO] [stdout] failures:
[INFO] [stdout]     map
[INFO] [stdout]     missions_players_mode
[INFO] [stdout]     no_args
[INFO] [stdout]     pair
[INFO] [stdout]     player
[INFO] [stdout]     spy_sniper
[INFO] [stdout] 
[INFO] [stdout] test result: FAILED. 0 passed; 6 failed; 0 ignored; 0 measured; 0 filtered out; finished in 0.01s
[INFO] [stdout] 
[INFO] running `Command { std: "docker" "inspect" "a33e7d35af42321a57869c42b6848390f326d6fb08bc2c51bd193c1a2b2ab31d", kill_on_drop: false }`
[INFO] running `Command { std: "docker" "rm" "-f" "a33e7d35af42321a57869c42b6848390f326d6fb08bc2c51bd193c1a2b2ab31d", kill_on_drop: false }`
[INFO] [stdout] a33e7d35af42321a57869c42b6848390f326d6fb08bc2c51bd193c1a2b2ab31d
