[INFO] cloning repository https://github.com/actions-marketplace-validations/r0x0d_cargo-consolidate
[INFO] running `Command { std: "git" "-c" "credential.helper=" "-c" "credential.helper=/workspace/cargo-home/bin/git-credential-null" "clone" "--bare" "https://github.com/actions-marketplace-validations/r0x0d_cargo-consolidate" "/workspace/cache/git-repos/https%3A%2F%2Fgithub.com%2Factions-marketplace-validations%2Fr0x0d_cargo-consolidate", kill_on_drop: false }`
[INFO] [stderr] Cloning into bare repository '/workspace/cache/git-repos/https%3A%2F%2Fgithub.com%2Factions-marketplace-validations%2Fr0x0d_cargo-consolidate'...
[INFO] running `Command { std: "git" "rev-parse" "HEAD", kill_on_drop: false }`
[INFO] [stdout] 923f546940e51a1c38afe4ea3ccc60736c015d74
[INFO] testing actions-marketplace-validations/r0x0d_cargo-consolidate against 1.100.0-beta.1+cargoflags=--release for beta-release-1.100-3
[INFO] running `Command { std: "git" "clone" "/workspace/cache/git-repos/https%3A%2F%2Fgithub.com%2Factions-marketplace-validations%2Fr0x0d_cargo-consolidate" "/workspace/builds/worker-5-tc2/source", kill_on_drop: false }`
[INFO] [stderr] Cloning into '/workspace/builds/worker-5-tc2/source'...
[INFO] [stderr] done.
[INFO] started tweaking git repo https://github.com/actions-marketplace-validations/r0x0d_cargo-consolidate
[INFO] finished tweaking git repo https://github.com/actions-marketplace-validations/r0x0d_cargo-consolidate
[INFO] tweaked toml for git repo https://github.com/actions-marketplace-validations/r0x0d_cargo-consolidate written to /workspace/builds/worker-5-tc2/source/Cargo.toml
[INFO] validating manifest of git repo https://github.com/actions-marketplace-validations/r0x0d_cargo-consolidate on toolchain 1.100.0-beta.1
[INFO] running `Command { std: CARGO_HOME="/workspace/cargo-home" RUSTUP_HOME="/workspace/rustup-home" "/workspace/cargo-home/bin/cargo" "+1.100.0-beta.1" "metadata" "--manifest-path" "Cargo.toml" "--no-deps", kill_on_drop: false }`
[INFO] crate git repo https://github.com/actions-marketplace-validations/r0x0d_cargo-consolidate already has a lockfile, it will not be regenerated
[INFO] running `Command { std: CARGO_HOME="/workspace/cargo-home" RUSTUP_HOME="/workspace/rustup-home" "/workspace/cargo-home/bin/cargo" "+1.100.0-beta.1" "fetch" "--manifest-path" "Cargo.toml", kill_on_drop: false }`
[INFO] running `Command { std: "docker" "create" "-v" "/var/lib/crater-agent-workspace/builds/worker-5-tc2/source:/opt/rustwide/workdir:ro,Z" "-v" "/var/lib/crater-agent-workspace/builds/worker-5-tc2/target:/opt/rustwide/target:rw,Z" "-v" "/var/lib/crater-agent-workspace/cargo-home:/opt/rustwide/cargo-home:ro,Z" "-v" "/var/lib/crater-agent-workspace/rustup-home:/opt/rustwide/rustup-home:ro,Z" "-m" "1610612736" "--network" "none" "ghcr.io/rust-lang/crates-build-env/linux@sha256:77db811e55d90add9212f6832c23229e3de5f1c1f9905e8cb07319ea15df73ac" "sleep" "infinity", kill_on_drop: false }`
[INFO] [stdout] cad961a539639735d30d2ef2f11204a9774cbfa56bf34a8ed24e1134aa7aeedb
[INFO] running `Command { std: "docker" "start" "cad961a539639735d30d2ef2f11204a9774cbfa56bf34a8ed24e1134aa7aeedb", kill_on_drop: false }`
[INFO] running `Command { std: "docker" "inspect" "cad961a539639735d30d2ef2f11204a9774cbfa56bf34a8ed24e1134aa7aeedb", kill_on_drop: false }`
[INFO] running `Command { std: "docker" "exec" "-e" "SOURCE_DIR=/opt/rustwide/workdir" "-e" "CARGO_HOME=/opt/rustwide/cargo-home" "-e" "RUSTUP_HOME=/opt/rustwide/rustup-home" "-e" "CARGO_TARGET_DIR=/opt/rustwide/target" "-w" "/opt/rustwide/workdir" "--user" "0:0" "cad961a539639735d30d2ef2f11204a9774cbfa56bf34a8ed24e1134aa7aeedb" "/opt/rustwide/cargo-home/bin/cargo" "+1.100.0-beta.1" "metadata" "--no-deps" "--format-version=1", kill_on_drop: false }`
[INFO] running `Command { std: "docker" "inspect" "cad961a539639735d30d2ef2f11204a9774cbfa56bf34a8ed24e1134aa7aeedb", kill_on_drop: false }`
[INFO] running `Command { std: "docker" "exec" "-e" "SOURCE_DIR=/opt/rustwide/workdir" "-e" "CARGO_HOME=/opt/rustwide/cargo-home" "-e" "RUSTUP_HOME=/opt/rustwide/rustup-home" "-e" "CARGO_TARGET_DIR=/opt/rustwide/target" "-e" "CARGO_INCREMENTAL=0" "-e" "RUST_BACKTRACE=full" "-e" "RUSTFLAGS=--cap-lints=warn" "-e" "RUSTDOCFLAGS=--cap-lints=warn" "-w" "/opt/rustwide/workdir" "--user" "0:0" "cad961a539639735d30d2ef2f11204a9774cbfa56bf34a8ed24e1134aa7aeedb" "/opt/rustwide/cargo-home/bin/cargo" "+1.100.0-beta.1" "build" "--frozen" "--message-format=json" "--release", kill_on_drop: false }`
[INFO] [stderr]    Compiling serde_core v1.0.228
[INFO] [stderr]    Compiling libc v0.2.183
[INFO] [stderr]    Compiling proc-macro2 v1.0.106
[INFO] [stderr]    Compiling serde v1.0.228
[INFO] [stderr]    Compiling parking_lot_core v0.9.12
[INFO] [stderr]    Compiling quote v1.0.45
[INFO] [stderr]    Compiling unicode-ident v1.0.24
[INFO] [stderr]    Compiling cfg-if v1.0.4
[INFO] [stderr]    Compiling rustix v1.1.4
[INFO] [stderr]    Compiling smallvec v1.15.1
[INFO] [stderr]    Compiling utf8parse v0.2.2
[INFO] [stderr]    Compiling anstyle-parse v1.0.0
[INFO] [stderr]    Compiling lock_api v0.4.14
[INFO] [stderr]    Compiling bitflags v2.11.0
[INFO] [stderr]    Compiling litrs v1.0.0
[INFO] [stderr]    Compiling linux-raw-sys v0.12.1
[INFO] [stderr]    Compiling colorchoice v1.0.5
[INFO] [stderr]    Compiling anstyle v1.0.14
[INFO] [stderr]    Compiling equivalent v1.0.2
[INFO] [stderr]    Compiling anstyle-query v1.1.5
[INFO] [stderr]    Compiling hashbrown v0.16.1
[INFO] [stderr]    Compiling is_terminal_polyfill v1.70.2
[INFO] [stderr]    Compiling syn v2.0.117
[INFO] [stderr]    Compiling document-features v0.2.12
[INFO] [stderr]    Compiling anstream v1.0.0
[INFO] [stderr]    Compiling winnow v0.7.15
[INFO] [stderr]    Compiling anyhow v1.0.102
[INFO] [stderr]    Compiling strsim v0.11.1
[INFO] [stderr]    Compiling toml_write v0.1.2
[INFO] [stderr]    Compiling clap_lex v1.1.0
[INFO] [stderr]    Compiling owo-colors v4.3.0
[INFO] [stderr]    Compiling heck v0.5.0
[INFO] [stderr]    Compiling indexmap v2.13.0
[INFO] [stderr]    Compiling clap_builder v4.6.0
[INFO] [stderr]    Compiling parking_lot v0.12.5
[INFO] [stderr]    Compiling unicode-segmentation v1.12.0
[INFO] [stderr]    Compiling same-file v1.0.6
[INFO] [stderr]    Compiling crossterm v0.29.0
[INFO] [stderr]    Compiling unicode-width v0.2.2
[INFO] [stderr]    Compiling walkdir v2.5.0
[INFO] [stderr]    Compiling comfy-table v7.2.2
[INFO] [stderr]    Compiling semver v1.0.27
[INFO] [stderr]    Compiling glob v0.3.3
[INFO] [stderr]    Compiling clap_derive v4.6.0
[INFO] [stderr]    Compiling toml_datetime v0.6.11
[INFO] [stderr]    Compiling serde_spanned v0.6.9
[INFO] [stderr]    Compiling toml_edit v0.22.27
[INFO] [stderr]    Compiling clap v4.6.0
[INFO] [stderr]    Compiling toml v0.8.23
[INFO] [stderr]    Compiling cargo-consolidate v0.1.0 (/opt/rustwide/workdir)
[INFO] [stderr] warning: unused dependency `walkdir`
[INFO] [stderr]  --> Cargo.toml:8:1
[INFO] [stderr]   |
[INFO] [stderr] 8 | walkdir = "2"
[INFO] [stderr]   | ^^^^^^^^^^^^^
[INFO] [stderr]   |
[INFO] [stderr]   = note: `cargo::unused_dependencies` is set to `warn` by default
[INFO] [stderr] help: consider removing the dependency on `walkdir`
[INFO] [stderr] warning: `cargo-consolidate` (manifest) generated 1 warning
[INFO] [stderr]     Finished `release` profile [optimized] target(s) in 50.28s
[INFO] running `Command { std: "docker" "inspect" "cad961a539639735d30d2ef2f11204a9774cbfa56bf34a8ed24e1134aa7aeedb", kill_on_drop: false }`
[INFO] running `Command { std: "docker" "exec" "-e" "SOURCE_DIR=/opt/rustwide/workdir" "-e" "CARGO_HOME=/opt/rustwide/cargo-home" "-e" "RUSTUP_HOME=/opt/rustwide/rustup-home" "-e" "CARGO_TARGET_DIR=/opt/rustwide/target" "-e" "CARGO_INCREMENTAL=0" "-e" "RUST_BACKTRACE=full" "-e" "RUSTFLAGS=--cap-lints=warn" "-e" "RUSTDOCFLAGS=--cap-lints=warn" "-w" "/opt/rustwide/workdir" "--user" "0:0" "cad961a539639735d30d2ef2f11204a9774cbfa56bf34a8ed24e1134aa7aeedb" "/opt/rustwide/cargo-home/bin/cargo" "+1.100.0-beta.1" "test" "--frozen" "--no-run" "--message-format=json" "--release", kill_on_drop: false }`
[INFO] [stderr]    Compiling rustix v1.1.4
[INFO] [stderr]    Compiling getrandom v0.4.2
[INFO] [stderr]    Compiling fastrand v2.3.0
[INFO] [stderr]    Compiling once_cell v1.21.4
[INFO] [stderr]    Compiling crossterm v0.29.0
[INFO] [stderr]    Compiling tempfile v3.27.0
[INFO] [stderr]    Compiling comfy-table v7.2.2
[INFO] [stderr]    Compiling cargo-consolidate v0.1.0 (/opt/rustwide/workdir)
[INFO] [stderr]     Finished `release` profile [optimized] target(s) in 15.38s
[INFO] running `Command { std: "docker" "inspect" "cad961a539639735d30d2ef2f11204a9774cbfa56bf34a8ed24e1134aa7aeedb", kill_on_drop: false }`
[INFO] running `Command { std: "docker" "exec" "-e" "SOURCE_DIR=/opt/rustwide/workdir" "-e" "CARGO_HOME=/opt/rustwide/cargo-home" "-e" "RUSTUP_HOME=/opt/rustwide/rustup-home" "-e" "CARGO_TARGET_DIR=/opt/rustwide/target" "-e" "CARGO_INCREMENTAL=0" "-e" "RUST_BACKTRACE=full" "-e" "RUSTFLAGS=--cap-lints=warn" "-e" "RUSTDOCFLAGS=--cap-lints=warn" "-w" "/opt/rustwide/workdir" "--user" "0:0" "cad961a539639735d30d2ef2f11204a9774cbfa56bf34a8ed24e1134aa7aeedb" "/opt/rustwide/cargo-home/bin/cargo" "+1.100.0-beta.1" "test" "--frozen" "--release", kill_on_drop: false }`
[INFO] [stderr]     Finished `release` profile [optimized] target(s) in 0.09s
[INFO] [stderr]      Running unittests src/main.rs (/opt/rustwide/target/release/build/cargo-consolidate/09a704363771298d/out/cargo_consolidate-09a704363771298d)
[INFO] [stdout] 
[INFO] [stdout] running 9 tests
[INFO] [stdout] test analysis::tests::test_already_in_workspace_shown ... ok
[INFO] [stdout] test analysis::tests::test_dev_and_build_deps ... ok
[INFO] [stdout] test analysis::tests::test_path_only_dep_skipped ... ok
[INFO] [stdout] test analysis::tests::test_same_version_shared_dep ... ok
[INFO] [stdout] test analysis::tests::test_single_crate_dep_not_reported ... ok
[INFO] [stdout] test analysis::tests::test_table_dep_with_version ... ok
[INFO] [stdout] test analysis::tests::test_target_deps ... ok
[INFO] [stdout] test analysis::tests::test_version_mismatch ... ok
[INFO] [stdout] test analysis::tests::test_workspace_true_skipped ... ok
[INFO] [stdout] 
[INFO] [stdout] test result: ok. 9 passed; 0 failed; 0 ignored; 0 measured; 0 filtered out; finished in 0.03s
[INFO] [stdout] 
[INFO] [stderr]      Running tests/integration.rs (/opt/rustwide/target/release/build/cargo-consolidate/6273ee3b26f13f7c/out/integration-6273ee3b26f13f7c)
[INFO] [stdout] 
[INFO] [stdout] running 3 tests
[INFO] [stdout] test test_mismatch_workspace_exits_one ... FAILED
[INFO] [stderr] error: test failed, to rerun pass `--test integration`
[INFO] [stdout] test test_mismatches_only_flag ... FAILED
[INFO] [stdout] test test_clean_workspace_exits_zero ... FAILED
[INFO] [stdout] 
[INFO] [stdout] failures:
[INFO] [stdout] 
[INFO] [stdout] ---- test_mismatch_workspace_exits_one stdout ----
[INFO] [stdout] 
[INFO] [stdout] thread 'test_mismatch_workspace_exits_one' (1239) panicked at tests/integration.rs:112:10:
[INFO] [stdout] failed to run cargo-consolidate: Os { code: 2, kind: NotFound, message: "No such file or directory" }
[INFO] [stdout] stack backtrace:
[INFO] [stdout]    0:     0x62343c630a71 - <<std[617be2ca0a6fd877]::sys::backtrace::BacktraceLock>::print::DisplayBacktrace as core[a373ad73a504971]::fmt::Display>::fmt
[INFO] [stdout]    1:     0x62343c644c9a - core[a373ad73a504971]::fmt::write
[INFO] [stdout]    2:     0x62343c634eec - <alloc[2e1b2a31b91974c5]::vec::Vec<u8> as core[a373ad73a504971]::io::write::Write>::write_fmt
[INFO] [stdout]    3:     0x62343c60b946 - std[617be2ca0a6fd877]::panicking::default_hook::{closure#0}
[INFO] [stdout]    4:     0x62343c628809 - std[617be2ca0a6fd877]::panicking::default_hook
[INFO] [stdout]    5:     0x62343c5c2920 - test[aada8e7e76ba119b]::test_main_inner::{closure#0}
[INFO] [stdout]    6:     0x62343c6289c2 - std[617be2ca0a6fd877]::panicking::panic_with_hook
[INFO] [stdout]    7:     0x62343c60b9f2 - std[617be2ca0a6fd877]::panicking::panic_handler::{closure#0}
[INFO] [stdout]    8:     0x62343c6045e9 - std[617be2ca0a6fd877]::sys::backtrace::__rust_end_short_backtrace::<std[617be2ca0a6fd877]::panicking::panic_handler::{closure#0}, !>
[INFO] [stdout]    9:     0x62343c60c5fd - __rustc[ea4f61d10b84890b]::rust_begin_unwind
[INFO] [stdout]   10:     0x62343c6453cc - core[a373ad73a504971]::panicking::panic_fmt
[INFO] [stdout]   11:     0x62343c6451a2 - core[a373ad73a504971]::result::unwrap_failed
[INFO] [stdout]   12:     0x62343c5b5bd5 - <integration[a0e578bad51fe8d4]::test_mismatch_workspace_exits_one::{closure#0} as core[a373ad73a504971]::ops::function::FnOnce<()>>::call_once
[INFO] [stdout]   13:     0x62343c5b5d6b - test[aada8e7e76ba119b]::__rust_begin_short_backtrace::<core[a373ad73a504971]::result::Result<(), alloc[2e1b2a31b91974c5]::string::String>, fn() -> core[a373ad73a504971]::result::Result<(), alloc[2e1b2a31b91974c5]::string::String>>
[INFO] [stdout]   14:     0x62343c5c2f45 - test[aada8e7e76ba119b]::run_test::{closure#0}
[INFO] [stdout]   15:     0x62343c5bc834 - std[617be2ca0a6fd877]::sys::backtrace::__rust_begin_short_backtrace::<test[aada8e7e76ba119b]::run_test::{closure#1}, ()>
[INFO] [stdout]   16:     0x62343c5c5fd2 - <std[617be2ca0a6fd877]::thread::lifecycle::spawn_unchecked<test[aada8e7e76ba119b]::run_test::{closure#1}, ()>::{closure#1} as core[a373ad73a504971]::ops::function::FnOnce<()>>::call_once::{shim:vtable#0}
[INFO] [stdout]   17:     0x62343c6300ef - <std[617be2ca0a6fd877]::sys::thread::unix::Thread>::new::thread_start
[INFO] [stdout]   18:     0x76ecc9c35dfa - <unknown>
[INFO] [stdout]   19:     0x76ecc9cc93d4 - clone
[INFO] [stdout]   20:                0x0 - <unknown>
[INFO] [stdout] 
[INFO] [stdout] ---- test_mismatches_only_flag stdout ----
[INFO] [stdout] 
[INFO] [stdout] thread 'test_mismatches_only_flag' (1240) panicked at tests/integration.rs:164:10:
[INFO] [stdout] failed to run cargo-consolidate: Os { code: 2, kind: NotFound, message: "No such file or directory" }
[INFO] [stdout] stack backtrace:
[INFO] [stdout]    0:     0x62343c630a71 - <<std[617be2ca0a6fd877]::sys::backtrace::BacktraceLock>::print::DisplayBacktrace as core[a373ad73a504971]::fmt::Display>::fmt
[INFO] [stdout]    1:     0x62343c644c9a - core[a373ad73a504971]::fmt::write
[INFO] [stdout]    2:     0x62343c634eec - <alloc[2e1b2a31b91974c5]::vec::Vec<u8> as core[a373ad73a504971]::io::write::Write>::write_fmt
[INFO] [stdout]    3:     0x62343c60b946 - std[617be2ca0a6fd877]::panicking::default_hook::{closure#0}
[INFO] [stdout]    4:     0x62343c628809 - std[617be2ca0a6fd877]::panicking::default_hook
[INFO] [stdout]    5:     0x62343c5c2920 - test[aada8e7e76ba119b]::test_main_inner::{closure#0}
[INFO] [stdout]    6:     0x62343c6289c2 - std[617be2ca0a6fd877]::panicking::panic_with_hook
[INFO] [stdout]    7:     0x62343c60b9f2 - std[617be2ca0a6fd877]::panicking::panic_handler::{closure#0}
[INFO] [stdout]    8:     0x62343c6045e9 - std[617be2ca0a6fd877]::sys::backtrace::__rust_end_short_backtrace::<std[617be2ca0a6fd877]::panicking::panic_handler::{closure#0}, !>
[INFO] [stdout]    9:     0x62343c60c5fd - __rustc[ea4f61d10b84890b]::rust_begin_unwind
[INFO] [stdout]   10:     0x62343c6453cc - core[a373ad73a504971]::panicking::panic_fmt
[INFO] [stdout]   11:     0x62343c6451a2 - core[a373ad73a504971]::result::unwrap_failed
[INFO] [stdout]   12:     0x62343c5b52df - <integration[a0e578bad51fe8d4]::test_mismatches_only_flag::{closure#0} as core[a373ad73a504971]::ops::function::FnOnce<()>>::call_once
[INFO] [stdout]   13:     0x62343c5b5d6b - test[aada8e7e76ba119b]::__rust_begin_short_backtrace::<core[a373ad73a504971]::result::Result<(), alloc[2e1b2a31b91974c5]::string::String>, fn() -> core[a373ad73a504971]::result::Result<(), alloc[2e1b2a31b91974c5]::string::String>>
[INFO] [stdout]   14:     0x62343c5c2f45 - test[aada8e7e76ba119b]::run_test::{closure#0}
[INFO] [stdout]   15:     0x62343c5bc834 - std[617be2ca0a6fd877]::sys::backtrace::__rust_begin_short_backtrace::<test[aada8e7e76ba119b]::run_test::{closure#1}, ()>
[INFO] [stdout]   16:     0x62343c5c5fd2 - <std[617be2ca0a6fd877]::thread::lifecycle::spawn_unchecked<test[aada8e7e76ba119b]::run_test::{closure#1}, ()>::{closure#1} as core[a373ad73a504971]::ops::function::FnOnce<()>>::call_once::{shim:vtable#0}
[INFO] [stdout]   17:     0x62343c6300ef - <std[617be2ca0a6fd877]::sys::thread::unix::Thread>::new::thread_start
[INFO] [stdout]   18:     0x76ecc9c35dfa - <unknown>
[INFO] [stdout]   19:     0x76ecc9cc93d4 - clone
[INFO] [stdout]   20:                0x0 - <unknown>
[INFO] [stdout] 
[INFO] [stdout] ---- test_clean_workspace_exits_zero stdout ----
[INFO] [stdout] 
[INFO] [stdout] thread 'test_clean_workspace_exits_zero' (1238) panicked at tests/integration.rs:67:10:
[INFO] [stdout] failed to run cargo-consolidate: Os { code: 2, kind: NotFound, message: "No such file or directory" }
[INFO] [stdout] stack backtrace:
[INFO] [stdout]    0:     0x62343c630a71 - <<std[617be2ca0a6fd877]::sys::backtrace::BacktraceLock>::print::DisplayBacktrace as core[a373ad73a504971]::fmt::Display>::fmt
[INFO] [stdout]    1:     0x62343c644c9a - core[a373ad73a504971]::fmt::write
[INFO] [stdout]    2:     0x62343c634eec - <alloc[2e1b2a31b91974c5]::vec::Vec<u8> as core[a373ad73a504971]::io::write::Write>::write_fmt
[INFO] [stdout]    3:     0x62343c60b946 - std[617be2ca0a6fd877]::panicking::default_hook::{closure#0}
[INFO] [stdout]    4:     0x62343c628809 - std[617be2ca0a6fd877]::panicking::default_hook
[INFO] [stdout]    5:     0x62343c5c2920 - test[aada8e7e76ba119b]::test_main_inner::{closure#0}
[INFO] [stdout]    6:     0x62343c6289c2 - std[617be2ca0a6fd877]::panicking::panic_with_hook
[INFO] [stdout]    7:     0x62343c60b9f2 - std[617be2ca0a6fd877]::panicking::panic_handler::{closure#0}
[INFO] [stdout]    8:     0x62343c6045e9 - std[617be2ca0a6fd877]::sys::backtrace::__rust_end_short_backtrace::<std[617be2ca0a6fd877]::panicking::panic_handler::{closure#0}, !>
[INFO] [stdout]    9:     0x62343c60c5fd - __rustc[ea4f61d10b84890b]::rust_begin_unwind
[INFO] [stdout]   10:     0x62343c6453cc - core[a373ad73a504971]::panicking::panic_fmt
[INFO] [stdout]   11:     0x62343c6451a2 - core[a373ad73a504971]::result::unwrap_failed
[INFO] [stdout]   12:     0x62343c5b572c - <integration[a0e578bad51fe8d4]::test_clean_workspace_exits_zero::{closure#0} as core[a373ad73a504971]::ops::function::FnOnce<()>>::call_once
[INFO] [stdout]   13:     0x62343c5b5d6b - test[aada8e7e76ba119b]::__rust_begin_short_backtrace::<core[a373ad73a504971]::result::Result<(), alloc[2e1b2a31b91974c5]::string::String>, fn() -> core[a373ad73a504971]::result::Result<(), alloc[2e1b2a31b91974c5]::string::String>>
[INFO] [stdout]   14:     0x62343c5c2f45 - test[aada8e7e76ba119b]::run_test::{closure#0}
[INFO] [stdout]   15:     0x62343c5bc834 - std[617be2ca0a6fd877]::sys::backtrace::__rust_begin_short_backtrace::<test[aada8e7e76ba119b]::run_test::{closure#1}, ()>
[INFO] [stdout]   16:     0x62343c5c5fd2 - <std[617be2ca0a6fd877]::thread::lifecycle::spawn_unchecked<test[aada8e7e76ba119b]::run_test::{closure#1}, ()>::{closure#1} as core[a373ad73a504971]::ops::function::FnOnce<()>>::call_once::{shim:vtable#0}
[INFO] [stdout]   17:     0x62343c6300ef - <std[617be2ca0a6fd877]::sys::thread::unix::Thread>::new::thread_start
[INFO] [stdout]   18:     0x76ecc9c35dfa - <unknown>
[INFO] [stdout]   19:     0x76ecc9cc93d4 - clone
[INFO] [stdout]   20:                0x0 - <unknown>
[INFO] [stdout] 
[INFO] [stdout] 
[INFO] [stdout] failures:
[INFO] [stdout]     test_clean_workspace_exits_zero
[INFO] [stdout]     test_mismatch_workspace_exits_one
[INFO] [stdout]     test_mismatches_only_flag
[INFO] [stdout] 
[INFO] [stdout] test result: FAILED. 0 passed; 3 failed; 0 ignored; 0 measured; 0 filtered out; finished in 0.00s
[INFO] [stdout] 
[INFO] running `Command { std: "docker" "inspect" "cad961a539639735d30d2ef2f11204a9774cbfa56bf34a8ed24e1134aa7aeedb", kill_on_drop: false }`
[INFO] running `Command { std: "docker" "rm" "-f" "cad961a539639735d30d2ef2f11204a9774cbfa56bf34a8ed24e1134aa7aeedb", kill_on_drop: false }`
[INFO] [stdout] cad961a539639735d30d2ef2f11204a9774cbfa56bf34a8ed24e1134aa7aeedb
