[INFO] cloning repository https://github.com/abdurrahmanharitsghiffary/tastella-rust
[INFO] running `Command { std: "git" "-c" "credential.helper=" "-c" "credential.helper=/workspace/cargo-home/bin/git-credential-null" "clone" "--bare" "https://github.com/abdurrahmanharitsghiffary/tastella-rust" "/workspace/cache/git-repos/https%3A%2F%2Fgithub.com%2Fabdurrahmanharitsghiffary%2Ftastella-rust", kill_on_drop: false }`
[INFO] [stderr] Cloning into bare repository '/workspace/cache/git-repos/https%3A%2F%2Fgithub.com%2Fabdurrahmanharitsghiffary%2Ftastella-rust'...
[INFO] running `Command { std: "git" "rev-parse" "HEAD", kill_on_drop: false }`
[INFO] [stdout] 5f51ab5abbb5b6b7d52c24989651e7ff997a6be6
[INFO] testing abdurrahmanharitsghiffary/tastella-rust against 1.99.0-beta.8+cargoflags=--release for beta-release-1.100-3
[INFO] running `Command { std: "git" "clone" "/workspace/cache/git-repos/https%3A%2F%2Fgithub.com%2Fabdurrahmanharitsghiffary%2Ftastella-rust" "/workspace/builds/worker-4-tc1/source", kill_on_drop: false }`
[INFO] [stderr] Cloning into '/workspace/builds/worker-4-tc1/source'...
[INFO] [stderr] done.
[INFO] started tweaking git repo https://github.com/abdurrahmanharitsghiffary/tastella-rust
[INFO] finished tweaking git repo https://github.com/abdurrahmanharitsghiffary/tastella-rust
[INFO] tweaked toml for git repo https://github.com/abdurrahmanharitsghiffary/tastella-rust written to /workspace/builds/worker-4-tc1/source/Cargo.toml
[INFO] validating manifest of git repo https://github.com/abdurrahmanharitsghiffary/tastella-rust on toolchain 1.99.0-beta.8
[INFO] running `Command { std: CARGO_HOME="/workspace/cargo-home" RUSTUP_HOME="/workspace/rustup-home" "/workspace/cargo-home/bin/cargo" "+1.99.0-beta.8" "metadata" "--manifest-path" "Cargo.toml" "--no-deps", kill_on_drop: false }`
[INFO] crate git repo https://github.com/abdurrahmanharitsghiffary/tastella-rust already has a lockfile, it will not be regenerated
[INFO] running `Command { std: CARGO_HOME="/workspace/cargo-home" RUSTUP_HOME="/workspace/rustup-home" "/workspace/cargo-home/bin/cargo" "+1.99.0-beta.8" "fetch" "--manifest-path" "Cargo.toml", kill_on_drop: false }`
[INFO] [stderr]     Updating crates.io index
[INFO] [stderr]  Downloading crates ...
[INFO] [stderr]   Downloaded apalis-redis v0.7.3
[INFO] [stderr]   Downloaded socket2 v0.6.0
[INFO] [stderr]   Downloaded slab v0.4.11
[INFO] [stderr]   Downloaded thiserror v2.0.17
[INFO] [stderr]   Downloaded find-msvc-tools v0.1.3
[INFO] [stderr]   Downloaded ulid v1.2.1
[INFO] [stderr]   Downloaded apalis-core v0.7.3
[INFO] [stderr]   Downloaded rand v0.9.2
[INFO] [stderr]   Downloaded serde-untagged v0.1.9
[INFO] [stderr]   Downloaded erased-serde v0.4.8
[INFO] [stderr]   Downloaded rust-ini v0.21.3
[INFO] [stderr]   Downloaded pathdiff v0.2.3
[INFO] [stderr]   Downloaded rand_core v0.9.3
[INFO] [stderr]   Downloaded tracing-futures v0.2.5
[INFO] [stderr]   Downloaded const-random-macro v0.1.16
[INFO] [stderr]   Downloaded wasm-bindgen-macro v0.2.104
[INFO] [stderr]   Downloaded deadpool-runtime v0.1.4
[INFO] [stderr]   Downloaded dotenv v0.15.0
[INFO] [stderr]   Downloaded wasm-bindgen-shared v0.2.104
[INFO] [stderr]   Downloaded json5 v0.4.1
[INFO] [stderr]   Downloaded serde_spanned v1.0.2
[INFO] [stderr]   Downloaded const-random v0.1.18
[INFO] [stderr]   Downloaded num_cpus v1.17.0
[INFO] [stderr]   Downloaded nu-ansi-term v0.50.1
[INFO] [stderr]   Downloaded opentelemetry-proto v0.29.0
[INFO] [stderr]   Downloaded windows-implement v0.60.1
[INFO] [stderr]   Downloaded wasm-bindgen-futures v0.4.54
[INFO] [stderr]   Downloaded typeid v1.0.3
[INFO] [stderr]   Downloaded prost v0.13.5
[INFO] [stderr]   Downloaded windows-interface v0.59.2
[INFO] [stderr]   Downloaded opentelemetry-http v0.29.0
[INFO] [stderr]   Downloaded dlv-list v0.5.2
[INFO] [stderr]   Downloaded convert_case v0.6.0
[INFO] [stderr]   Downloaded ipnet v2.11.0
[INFO] [stderr]   Downloaded wasm-bindgen-backend v0.2.104
[INFO] [stderr]   Downloaded wasi v0.14.7+wasi-0.2.4
[INFO] [stderr]   Downloaded toml_datetime v0.7.2
[INFO] [stderr]   Downloaded tiny-keccak v2.0.2
[INFO] [stderr]   Downloaded quote v1.0.41
[INFO] [stderr]   Downloaded futures-timer v3.0.3
[INFO] [stderr]   Downloaded rustc-demangle v0.1.26
[INFO] [stderr]   Downloaded wasm-bindgen-macro-support v0.2.104
[INFO] [stderr]   Downloaded deadpool-redis v0.22.0
[INFO] [stderr]   Downloaded ordered-multimap v0.7.3
[INFO] [stderr]   Downloaded pest_derive v2.8.3
[INFO] [stderr]   Downloaded arc-swap v1.7.1
[INFO] [stderr]   Downloaded wasm-bindgen v0.2.104
[INFO] [stderr]   Downloaded arraydeque v0.5.1
[INFO] [stderr]   Downloaded thiserror-impl v2.0.17
[INFO] [stderr]   Downloaded tracing-attributes v0.1.30
[INFO] [stderr]   Downloaded getrandom v0.2.16
[INFO] [stderr]   Downloaded opentelemetry-otlp v0.29.0
[INFO] [stderr]   Downloaded config v0.15.18
[INFO] [stderr]   Downloaded toml_parser v1.0.3
[INFO] [stderr]   Downloaded prost-derive v0.13.5
[INFO] [stderr]   Downloaded apalis v0.7.3
[INFO] [stderr]   Downloaded windows-core v0.62.1
[INFO] [stderr]   Downloaded backon v1.5.2
[INFO] [stderr]   Downloaded toml v0.9.7
[INFO] [stderr]   Downloaded anyhow v1.0.100
[INFO] [stderr]   Downloaded tracing-core v0.1.34
[INFO] [stderr]   Downloaded deadpool v0.12.3
[INFO] [stderr]   Downloaded indexmap v1.9.3
[INFO] [stderr]   Downloaded yaml-rust2 v0.10.4
[INFO] [stderr]   Downloaded ron v0.8.1
[INFO] [stderr]   Downloaded pest_generator v2.8.3
[INFO] [stderr]   Downloaded wit-bindgen v0.46.0
[INFO] [stderr]   Downloaded pest_meta v2.8.3
[INFO] [stderr]   Downloaded typenum v1.19.0
[INFO] [stderr]   Downloaded unicode-segmentation v1.12.0
[INFO] [stderr]   Downloaded js-sys v0.3.81
[INFO] [stderr]   Downloaded cc v1.2.40
[INFO] [stderr]   Downloaded opentelemetry v0.29.1
[INFO] [stderr]   Downloaded memchr v2.7.6
[INFO] [stderr]   Downloaded hyper-util v0.1.17
[INFO] [stderr]   Downloaded mio v1.0.4
[INFO] [stderr]   Downloaded io-uring v0.7.10
[INFO] [stderr]   Downloaded zerocopy-derive v0.8.27
[INFO] [stderr]   Downloaded tonic v0.12.3
[INFO] [stderr]   Downloaded tower v0.4.13
[INFO] [stderr]   Downloaded indexmap v2.11.4
[INFO] [stderr]   Downloaded hashbrown v0.16.0
[INFO] [stderr]   Downloaded wasip2 v1.0.1+wasi-0.2.4
[INFO] [stderr]   Downloaded pest v2.8.3
[INFO] [stderr]   Downloaded tracing-opentelemetry v0.30.0
[INFO] [stderr]   Downloaded reqwest v0.12.23
[INFO] [stderr]   Downloaded tower-http v0.6.6
[INFO] [stderr]   Downloaded iri-string v0.7.8
[INFO] [stderr]   Downloaded serde_json v1.0.145
[INFO] [stderr]   Downloaded hyper v1.7.0
[INFO] [stderr]   Downloaded h2 v0.4.12
[INFO] [stderr]   Downloaded tokio-util v0.7.16
[INFO] [stderr]   Downloaded opentelemetry_sdk v0.29.0
[INFO] [stderr]   Downloaded winnow v0.7.13
[INFO] [stderr]   Downloaded tracing-subscriber v0.3.20
[INFO] [stderr]   Downloaded zerocopy v0.8.27
[INFO] [stderr]   Downloaded redis v0.32.7
[INFO] [stderr]   Downloaded regex-automata v0.4.11
[INFO] [stderr]   Downloaded web-sys v0.3.81
[INFO] [stderr]   Downloaded libc v0.2.176
[INFO] [stderr]   Downloaded tokio v1.47.1
[INFO] [stderr]   Downloaded encoding_rs v0.8.35
[INFO] running `Command { std: "docker" "create" "-v" "/var/lib/crater-agent-workspace/builds/worker-4-tc1/source:/opt/rustwide/workdir:ro,Z" "-v" "/var/lib/crater-agent-workspace/builds/worker-4-tc1/target:/opt/rustwide/target:rw,Z" "-v" "/var/lib/crater-agent-workspace/cargo-home:/opt/rustwide/cargo-home:ro,Z" "-v" "/var/lib/crater-agent-workspace/rustup-home:/opt/rustwide/rustup-home:ro,Z" "-m" "1610612736" "--network" "none" "ghcr.io/rust-lang/crates-build-env/linux@sha256:77db811e55d90add9212f6832c23229e3de5f1c1f9905e8cb07319ea15df73ac" "sleep" "infinity", kill_on_drop: false }`
[INFO] [stdout] be8a4b22b3c997f96e7c7051438ad1bd0297e6a59a16d1c0aec3a19c2dc34edb
[INFO] running `Command { std: "docker" "start" "be8a4b22b3c997f96e7c7051438ad1bd0297e6a59a16d1c0aec3a19c2dc34edb", kill_on_drop: false }`
[INFO] running `Command { std: "docker" "inspect" "be8a4b22b3c997f96e7c7051438ad1bd0297e6a59a16d1c0aec3a19c2dc34edb", kill_on_drop: false }`
[INFO] running `Command { std: "docker" "exec" "-e" "SOURCE_DIR=/opt/rustwide/workdir" "-e" "CARGO_HOME=/opt/rustwide/cargo-home" "-e" "RUSTUP_HOME=/opt/rustwide/rustup-home" "-e" "CARGO_TARGET_DIR=/opt/rustwide/target" "-w" "/opt/rustwide/workdir" "--user" "0:0" "be8a4b22b3c997f96e7c7051438ad1bd0297e6a59a16d1c0aec3a19c2dc34edb" "/opt/rustwide/cargo-home/bin/cargo" "+1.99.0-beta.8" "metadata" "--no-deps" "--format-version=1", kill_on_drop: false }`
[INFO] running `Command { std: "docker" "inspect" "be8a4b22b3c997f96e7c7051438ad1bd0297e6a59a16d1c0aec3a19c2dc34edb", kill_on_drop: false }`
[INFO] running `Command { std: "docker" "exec" "-e" "SOURCE_DIR=/opt/rustwide/workdir" "-e" "CARGO_HOME=/opt/rustwide/cargo-home" "-e" "RUSTUP_HOME=/opt/rustwide/rustup-home" "-e" "CARGO_TARGET_DIR=/opt/rustwide/target" "-e" "CARGO_INCREMENTAL=0" "-e" "RUST_BACKTRACE=full" "-e" "RUSTFLAGS=--cap-lints=warn" "-e" "RUSTDOCFLAGS=--cap-lints=warn" "-w" "/opt/rustwide/workdir" "--user" "0:0" "be8a4b22b3c997f96e7c7051438ad1bd0297e6a59a16d1c0aec3a19c2dc34edb" "/opt/rustwide/cargo-home/bin/cargo" "+1.99.0-beta.8" "build" "--frozen" "--message-format=json" "--release", kill_on_drop: false }`
[INFO] [stderr]    Compiling proc-macro2 v1.0.101
[INFO] [stderr]    Compiling unicode-ident v1.0.19
[INFO] [stderr]    Compiling quote v1.0.41
[INFO] [stderr]    Compiling libc v0.2.176
[INFO] [stderr]    Compiling serde_core v1.0.228
[INFO] [stderr]    Compiling cfg-if v1.0.3
[INFO] [stderr]    Compiling futures-sink v0.3.31
[INFO] [stderr]    Compiling memchr v2.7.6
[INFO] [stderr]    Compiling itoa v1.0.15
[INFO] [stderr]    Compiling tracing-core v0.1.34
[INFO] [stderr]    Compiling slab v0.4.11
[INFO] [stderr]    Compiling futures-channel v0.3.31
[INFO] [stderr]    Compiling futures-io v0.3.31
[INFO] [stderr]    Compiling stable_deref_trait v1.2.0
[INFO] [stderr]    Compiling serde v1.0.228
[INFO] [stderr]    Compiling smallvec v1.15.1
[INFO] [stderr]    Compiling zerocopy v0.8.27
[INFO] [stderr]    Compiling autocfg v1.5.0
[INFO] [stderr]    Compiling percent-encoding v2.3.2
[INFO] [stderr]    Compiling ryu v1.0.20
[INFO] [stderr]    Compiling syn v2.0.106
[INFO] [stderr]    Compiling litemap v0.8.0
[INFO] [stderr]    Compiling writeable v0.6.1
[INFO] [stderr]    Compiling tower-service v0.3.3
[INFO] [stderr]    Compiling icu_properties_data v2.0.1
[INFO] [stderr]    Compiling getrandom v0.3.3
[INFO] [stderr]    Compiling mio v1.0.4
[INFO] [stderr]    Compiling socket2 v0.6.0
[INFO] [stderr]    Compiling icu_normalizer_data v2.0.0
[INFO] [stderr]    Compiling fnv v1.0.7
[INFO] [stderr]    Compiling http v1.3.1
[INFO] [stderr]    Compiling serde_json v1.0.145
[INFO] [stderr]    Compiling tokio v1.47.1
[INFO] [stderr]    Compiling tower-layer v0.3.3
[INFO] [stderr]    Compiling thiserror v2.0.17
[INFO] [stderr]    Compiling rand_core v0.9.3
[INFO] [stderr]    Compiling form_urlencoded v1.2.2
[INFO] [stderr]    Compiling httparse v1.10.1
[INFO] [stderr]    Compiling hashbrown v0.16.0
[INFO] [stderr]    Compiling utf8_iter v1.0.4
[INFO] [stderr]    Compiling http-body v1.0.1
[INFO] [stderr]    Compiling equivalent v1.0.2
[INFO] [stderr]    Compiling crunchy v0.2.4
[INFO] [stderr]    Compiling num-traits v0.2.19
[INFO] [stderr]    Compiling ppv-lite86 v0.2.21
[INFO] [stderr]    Compiling sync_wrapper v1.0.2
[INFO] [stderr]    Compiling tiny-keccak v2.0.2
[INFO] [stderr]    Compiling atomic-waker v1.1.2
[INFO] [stderr]    Compiling try-lock v0.2.5
[INFO] [stderr]    Compiling indexmap v2.11.4
[INFO] [stderr]    Compiling want v0.3.1
[INFO] [stderr]    Compiling rand_chacha v0.9.0
[INFO] [stderr]    Compiling rand v0.9.2
[INFO] [stderr]    Compiling log v0.4.28
[INFO] [stderr]    Compiling getrandom v0.2.16
[INFO] [stderr]    Compiling anyhow v1.0.100
[INFO] [stderr]    Compiling base64 v0.22.1
[INFO] [stderr]    Compiling ucd-trie v0.1.7
[INFO] [stderr]    Compiling ipnet v2.11.0
[INFO] [stderr]    Compiling once_cell v1.21.3
[INFO] [stderr]    Compiling synstructure v0.13.2
[INFO] [stderr]    Compiling const-random-macro v0.1.16
[INFO] [stderr]    Compiling pest v2.8.3
[INFO] [stderr]    Compiling rand_core v0.6.4
[INFO] [stderr]    Compiling indexmap v1.9.3
[INFO] [stderr]    Compiling typeid v1.0.3
[INFO] [stderr]    Compiling either v1.15.0
[INFO] [stderr]    Compiling rand_chacha v0.3.1
[INFO] [stderr]    Compiling itertools v0.14.0
[INFO] [stderr]    Compiling const-random v0.1.18
[INFO] [stderr]    Compiling num-integer v0.1.46
[INFO] [stderr]    Compiling tokio-util v0.7.16
[INFO] [stderr]    Compiling tokio-stream v0.1.17
[INFO] [stderr]    Compiling http-body-util v0.1.3
[INFO] [stderr]    Compiling pest_meta v2.8.3
[INFO] [stderr]    Compiling erased-serde v0.4.8
[INFO] [stderr]    Compiling fastrand v2.3.0
[INFO] [stderr]    Compiling hashbrown v0.12.3
[INFO] [stderr]    Compiling foldhash v0.1.5
[INFO] [stderr]    Compiling combine v4.6.7
[INFO] [stderr]    Compiling tracing-attributes v0.1.30
[INFO] [stderr]    Compiling futures-macro v0.3.31
[INFO] [stderr]    Compiling zerofrom-derive v0.1.6
[INFO] [stderr]    Compiling yoke-derive v0.8.0
[INFO] [stderr]    Compiling serde_derive v1.0.228
[INFO] [stderr]    Compiling futures-util v0.3.31
[INFO] [stderr]    Compiling tracing v0.1.41
[INFO] [stderr]    Compiling zerovec-derive v0.11.1
[INFO] [stderr]    Compiling displaydoc v0.2.5
[INFO] [stderr]    Compiling thiserror-impl v2.0.17
[INFO] [stderr]    Compiling zerofrom v0.1.6
[INFO] [stderr]    Compiling yoke v0.8.0
[INFO] [stderr]    Compiling h2 v0.4.12
[INFO] [stderr]    Compiling zerotrie v0.2.2
[INFO] [stderr]    Compiling async-trait v0.1.89
[INFO] [stderr]    Compiling zerovec v0.11.4
[INFO] [stderr]    Compiling opentelemetry v0.29.1
[INFO] [stderr]    Compiling pin-project-internal v1.1.10
[INFO] [stderr]    Compiling tinystr v0.8.1
[INFO] [stderr]    Compiling icu_locale_core v2.0.0
[INFO] [stderr]    Compiling potential_utf v0.1.3
[INFO] [stderr]    Compiling icu_collections v2.0.0
[INFO] [stderr]    Compiling futures-executor v0.3.31
[INFO] [stderr]    Compiling tower v0.5.2
[INFO] [stderr]    Compiling icu_provider v2.0.0
[INFO] [stderr]    Compiling hyper v1.7.0
[INFO] [stderr]    Compiling bitflags v2.9.4
[INFO] [stderr]    Compiling icu_normalizer v2.0.0
[INFO] [stderr]    Compiling icu_properties v2.0.1
[INFO] [stderr]    Compiling pin-project v1.1.10
[INFO] [stderr]    Compiling pest_generator v2.8.3
[INFO] [stderr]    Compiling prost-derive v0.13.5
[INFO] [stderr]    Compiling hashbrown v0.15.5
[INFO] [stderr]    Compiling hyper-util v0.1.17
[INFO] [stderr]    Compiling idna_adapter v1.2.1
[INFO] [stderr]    Compiling idna v1.1.0
[INFO] [stderr]    Compiling backon v1.5.2
[INFO] [stderr]    Compiling num-bigint v0.4.6
[INFO] [stderr]    Compiling rand v0.8.5
[INFO] [stderr]    Compiling url v2.5.7
[INFO] [stderr]    Compiling dlv-list v0.5.2
[INFO] [stderr]    Compiling hashbrown v0.14.5
[INFO] [stderr]    Compiling sha1_smol v1.0.1
[INFO] [stderr]    Compiling regex-syntax v0.8.6
[INFO] [stderr]    Compiling arc-swap v1.7.1
[INFO] [stderr]    Compiling glob v0.3.3
[INFO] [stderr]    Compiling winnow v0.7.13
[INFO] [stderr]    Compiling iri-string v0.7.8
[INFO] [stderr]    Compiling opentelemetry_sdk v0.29.0
[INFO] [stderr]    Compiling redis v0.32.7
[INFO] [stderr]    Compiling regex-automata v0.4.11
[INFO] [stderr]    Compiling ordered-multimap v0.7.3
[INFO] [stderr]    Compiling toml_parser v1.0.3
[INFO] [stderr]    Compiling tower-http v0.6.6
[INFO] [stderr]    Compiling tower v0.4.13
[INFO] [stderr]    Compiling prost v0.13.5
[INFO] [stderr]    Compiling hyper-timeout v0.5.2
[INFO] [stderr]    Compiling hashlink v0.10.0
[INFO] [stderr]    Compiling pest_derive v2.8.3
[INFO] [stderr]    Compiling futures v0.3.31
[INFO] [stderr]    Compiling serde_urlencoded v0.7.1
[INFO] [stderr]    Compiling ulid v1.2.1
[INFO] [stderr]    Compiling serde_spanned v1.0.2
[INFO] [stderr]    Compiling toml_datetime v0.7.2
[INFO] [stderr]    Compiling encoding_rs v0.8.35
[INFO] [stderr]    Compiling arraydeque v0.5.1
[INFO] [stderr]    Compiling unicode-segmentation v1.12.0
[INFO] [stderr]    Compiling base64 v0.21.7
[INFO] [stderr]    Compiling futures-timer v3.0.3
[INFO] [stderr]    Compiling apalis-core v0.7.3
[INFO] [stderr]    Compiling ron v0.8.1
[INFO] [stderr]    Compiling convert_case v0.6.0
[INFO] [stderr]    Compiling yaml-rust2 v0.10.4
[INFO] [stderr]    Compiling toml v0.9.7
[INFO] [stderr]    Compiling tonic v0.12.3
[INFO] [stderr]    Compiling json5 v0.4.1
[INFO] [stderr]    Compiling reqwest v0.12.23
[INFO] [stderr]    Compiling serde-untagged v0.1.9
[INFO] [stderr]    Compiling matchers v0.2.0
[INFO] [stderr]    Compiling rust-ini v0.21.3
[INFO] [stderr]    Compiling deadpool-runtime v0.1.4
[INFO] [stderr]    Compiling tracing-log v0.2.0
[INFO] [stderr]    Compiling num_cpus v1.17.0
[INFO] [stderr]    Compiling thread_local v1.1.9
[INFO] [stderr]    Compiling pathdiff v0.2.3
[INFO] [stderr]    Compiling iana-time-zone v0.1.64
[INFO] [stderr]    Compiling nu-ansi-term v0.50.1
[INFO] [stderr]    Compiling tracing-subscriber v0.3.20
[INFO] [stderr]    Compiling chrono v0.4.42
[INFO] [stderr]    Compiling config v0.15.18
[INFO] [stderr]    Compiling opentelemetry-http v0.29.0
[INFO] [stderr]    Compiling deadpool v0.12.3
[INFO] [stderr]    Compiling opentelemetry-proto v0.29.0
[INFO] [stderr]    Compiling tracing-futures v0.2.5
[INFO] [stderr]    Compiling dotenv v0.15.0
[INFO] [stderr]    Compiling apalis v0.7.3
[INFO] [stderr]    Compiling tastella_settings v0.1.0 (/opt/rustwide/workdir/crates/libs/settings)
[INFO] [stderr]    Compiling opentelemetry-otlp v0.29.0
[INFO] [stderr]    Compiling deadpool-redis v0.22.0
[INFO] [stderr]    Compiling tracing-opentelemetry v0.30.0
[INFO] [stderr]    Compiling apalis-redis v0.7.3
[INFO] [stderr]    Compiling otel v0.1.0 (/opt/rustwide/workdir/crates/libs/otel)
[INFO] [stderr]    Compiling redis v0.1.0 (/opt/rustwide/workdir/crates/libs/redis)
[INFO] [stderr]    Compiling tastella_service v0.1.0 (/opt/rustwide/workdir/crates/service)
[INFO] [stderr]    Compiling tastella_database v0.1.0 (/opt/rustwide/workdir/crates/database)
[INFO] [stderr]    Compiling tastella_routes v0.1.0 (/opt/rustwide/workdir/crates/api/routes)
[INFO] [stderr]    Compiling tastella_api v0.1.0 (/opt/rustwide/workdir/crates/api/api)
[INFO] [stderr]    Compiling tastella_migrations v0.1.0 (/opt/rustwide/workdir/crates/migrations)
[INFO] [stderr]    Compiling tastella v0.1.0 (/opt/rustwide/workdir/crates/tastella)
[INFO] [stderr]    Compiling api_crud v0.1.0 (/opt/rustwide/workdir/crates/api/api_crud)
[INFO] [stderr]    Compiling tastella_worker v0.1.0 (/opt/rustwide/workdir/crates/worker)
[INFO] [stderr]    Compiling tastella_middleware v0.1.0 (/opt/rustwide/workdir/crates/api/middleware)
[INFO] [stderr]     Finished `release` profile [optimized] target(s) in 38.79s
[INFO] [stderr] warning: the following packages contain code that will be rejected by a future version of Rust: apalis-redis v0.7.3
[INFO] [stderr] note: to see what the problems were, use the option `--future-incompat-report`, or run `cargo report future-incompatibilities --id 2`
[INFO] running `Command { std: "docker" "inspect" "be8a4b22b3c997f96e7c7051438ad1bd0297e6a59a16d1c0aec3a19c2dc34edb", kill_on_drop: false }`
[INFO] running `Command { std: "docker" "exec" "-e" "SOURCE_DIR=/opt/rustwide/workdir" "-e" "CARGO_HOME=/opt/rustwide/cargo-home" "-e" "RUSTUP_HOME=/opt/rustwide/rustup-home" "-e" "CARGO_TARGET_DIR=/opt/rustwide/target" "-e" "CARGO_INCREMENTAL=0" "-e" "RUST_BACKTRACE=full" "-e" "RUSTFLAGS=--cap-lints=warn" "-e" "RUSTDOCFLAGS=--cap-lints=warn" "-w" "/opt/rustwide/workdir" "--user" "0:0" "be8a4b22b3c997f96e7c7051438ad1bd0297e6a59a16d1c0aec3a19c2dc34edb" "/opt/rustwide/cargo-home/bin/cargo" "+1.99.0-beta.8" "test" "--frozen" "--no-run" "--message-format=json" "--release", kill_on_drop: false }`
[INFO] [stderr]    Compiling otel v0.1.0 (/opt/rustwide/workdir/crates/libs/otel)
[INFO] [stderr]    Compiling tastella_worker v0.1.0 (/opt/rustwide/workdir/crates/worker)
[INFO] [stderr]    Compiling redis v0.1.0 (/opt/rustwide/workdir/crates/libs/redis)
[INFO] [stderr]    Compiling tastella_settings v0.1.0 (/opt/rustwide/workdir/crates/libs/settings)
[INFO] [stderr]    Compiling tastella_service v0.1.0 (/opt/rustwide/workdir/crates/service)
[INFO] [stderr]    Compiling tastella_database v0.1.0 (/opt/rustwide/workdir/crates/database)
[INFO] [stderr]    Compiling tastella v0.1.0 (/opt/rustwide/workdir/crates/tastella)
[INFO] [stderr]    Compiling tastella_middleware v0.1.0 (/opt/rustwide/workdir/crates/api/middleware)
[INFO] [stderr]    Compiling api_crud v0.1.0 (/opt/rustwide/workdir/crates/api/api_crud)
[INFO] [stderr]    Compiling tastella_migrations v0.1.0 (/opt/rustwide/workdir/crates/migrations)
[INFO] [stderr]    Compiling tastella_routes v0.1.0 (/opt/rustwide/workdir/crates/api/routes)
[INFO] [stderr]    Compiling tastella_api v0.1.0 (/opt/rustwide/workdir/crates/api/api)
[INFO] [stderr]     Finished `release` profile [optimized] target(s) in 0.61s
[INFO] [stderr] warning: the following packages contain code that will be rejected by a future version of Rust: apalis-redis v0.7.3
[INFO] [stderr] note: to see what the problems were, use the option `--future-incompat-report`, or run `cargo report future-incompatibilities --id 2`
[INFO] running `Command { std: "docker" "inspect" "be8a4b22b3c997f96e7c7051438ad1bd0297e6a59a16d1c0aec3a19c2dc34edb", kill_on_drop: false }`
[INFO] running `Command { std: "docker" "exec" "-e" "SOURCE_DIR=/opt/rustwide/workdir" "-e" "CARGO_HOME=/opt/rustwide/cargo-home" "-e" "RUSTUP_HOME=/opt/rustwide/rustup-home" "-e" "CARGO_TARGET_DIR=/opt/rustwide/target" "-e" "CARGO_INCREMENTAL=0" "-e" "RUST_BACKTRACE=full" "-e" "RUSTFLAGS=--cap-lints=warn" "-e" "RUSTDOCFLAGS=--cap-lints=warn" "-w" "/opt/rustwide/workdir" "--user" "0:0" "be8a4b22b3c997f96e7c7051438ad1bd0297e6a59a16d1c0aec3a19c2dc34edb" "/opt/rustwide/cargo-home/bin/cargo" "+1.99.0-beta.8" "test" "--frozen" "--release", kill_on_drop: false }`
[INFO] [stderr]     Finished `release` profile [optimized] target(s) in 0.11s
[INFO] [stderr] warning: the following packages contain code that will be rejected by a future version of Rust: apalis-redis v0.7.3
[INFO] [stderr] note: to see what the problems were, use the option `--future-incompat-report`, or run `cargo report future-incompatibilities --id 2`
[INFO] [stderr]      Running unittests src/lib.rs (/opt/rustwide/target/release/deps/api_crud-6339ac5db5a74c77)
[INFO] [stdout] 
[INFO] [stdout] running 1 test
[INFO] [stdout] test tests::it_works ... ok
[INFO] [stdout] 
[INFO] [stdout] test result: ok. 1 passed; 0 failed; 0 ignored; 0 measured; 0 filtered out; finished in 0.00s
[INFO] [stdout] 
[INFO] [stderr]      Running unittests src/lib.rs (/opt/rustwide/target/release/deps/otel-b18aaf7a1b6c0d5a)
[INFO] [stdout] 
[INFO] [stdout] running 0 tests
[INFO] [stdout] 
[INFO] [stdout] test result: ok. 0 passed; 0 failed; 0 ignored; 0 measured; 0 filtered out; finished in 0.00s
[INFO] [stdout] 
[INFO] [stderr]      Running unittests src/lib.rs (/opt/rustwide/target/release/deps/redis-a56c81cab661d511)
[INFO] [stdout] 
[INFO] [stdout] running 0 tests
[INFO] [stdout] 
[INFO] [stdout] test result: ok. 0 passed; 0 failed; 0 ignored; 0 measured; 0 filtered out; finished in 0.00s
[INFO] [stdout] 
[INFO] [stderr]      Running unittests src/main.rs (/opt/rustwide/target/release/deps/tastella-ff73fb2f34b0a5df)
[INFO] [stdout] 
[INFO] [stdout] running 0 tests
[INFO] [stdout] 
[INFO] [stdout] test result: ok. 0 passed; 0 failed; 0 ignored; 0 measured; 0 filtered out; finished in 0.00s
[INFO] [stdout] 
[INFO] [stderr]      Running unittests src/lib.rs (/opt/rustwide/target/release/deps/tastella_api-c2683b40effe3ddd)
[INFO] [stdout] 
[INFO] [stdout] running 1 test
[INFO] [stdout] test tests::it_works ... ok
[INFO] [stdout] 
[INFO] [stdout] test result: ok. 1 passed; 0 failed; 0 ignored; 0 measured; 0 filtered out; finished in 0.00s
[INFO] [stdout] 
[INFO] [stderr]      Running unittests src/lib.rs (/opt/rustwide/target/release/deps/tastella_database-fe5093edca1b073a)
[INFO] [stdout] 
[INFO] [stdout] running 1 test
[INFO] [stdout] test tests::it_works ... ok
[INFO] [stdout] 
[INFO] [stdout] test result: ok. 1 passed; 0 failed; 0 ignored; 0 measured; 0 filtered out; finished in 0.00s
[INFO] [stdout] 
[INFO] [stderr]      Running unittests src/lib.rs (/opt/rustwide/target/release/deps/tastella_middleware-3b98a4187e14fc1d)
[INFO] [stdout] 
[INFO] [stdout] running 1 test
[INFO] [stdout] test tests::it_works ... ok
[INFO] [stdout] 
[INFO] [stdout] test result: ok. 1 passed; 0 failed; 0 ignored; 0 measured; 0 filtered out; finished in 0.00s
[INFO] [stdout] 
[INFO] [stderr]      Running unittests src/lib.rs (/opt/rustwide/target/release/deps/tastella_migrations-9ccd043e94b71b7b)
[INFO] [stdout] 
[INFO] [stdout] running 1 test
[INFO] [stdout] test tests::it_works ... ok
[INFO] [stdout] 
[INFO] [stdout] test result: ok. 1 passed; 0 failed; 0 ignored; 0 measured; 0 filtered out; finished in 0.00s
[INFO] [stdout] 
[INFO] [stderr]      Running unittests src/lib.rs (/opt/rustwide/target/release/deps/tastella_routes-e8b7724830c78795)
[INFO] [stdout] 
[INFO] [stdout] running 1 test
[INFO] [stdout] test tests::it_works ... ok
[INFO] [stdout] 
[INFO] [stdout] test result: ok. 1 passed; 0 failed; 0 ignored; 0 measured; 0 filtered out; finished in 0.00s
[INFO] [stdout] 
[INFO] [stderr]      Running unittests src/main.rs (/opt/rustwide/target/release/deps/tastella_service-0e197c7f08f0ef34)
[INFO] [stdout] 
[INFO] [stdout] running 0 tests
[INFO] [stdout] 
[INFO] [stdout] test result: ok. 0 passed; 0 failed; 0 ignored; 0 measured; 0 filtered out; finished in 0.00s
[INFO] [stdout] 
[INFO] [stderr]      Running unittests src/lib.rs (/opt/rustwide/target/release/deps/tastella_settings-6a01929a0e511074)
[INFO] [stdout] 
[INFO] [stdout] running 1 test
[INFO] [stdout] test tests::test_settings_new_with_env_example ... FAILED
[INFO] [stdout] 
[INFO] [stdout] failures:
[INFO] [stdout] 
[INFO] [stdout] ---- tests::test_settings_new_with_env_example stdout ----
[INFO] [stdout] 
[INFO] [stdout] thread 'tests::test_settings_new_with_env_example' (3546) panicked at crates/libs/settings/src/lib.rs:67:17:
[INFO] [stdout] missing configuration field "database_user"
[INFO] [stdout] stack backtrace:
[INFO] [stdout]    0:     0x587e60efacc1 - <<std[70759c8f55707aa4]::sys::backtrace::BacktraceLock>::print::DisplayBacktrace as core[df12db4294e9bfd3]::fmt::Display>::fmt
[INFO] [stdout]    1:     0x587e60f1142a - core[df12db4294e9bfd3]::fmt::write
[INFO] [stdout]    2:     0x587e60eff19c - <alloc[2182bb758b4b3781]::vec::Vec<u8> as core[df12db4294e9bfd3]::io::write::Write>::write_fmt
[INFO] [stdout]    3:     0x587e60ed6ad6 - std[70759c8f55707aa4]::panicking::default_hook::{closure#0}
[INFO] [stdout]    4:     0x587e60ef30f9 - std[70759c8f55707aa4]::panicking::default_hook
[INFO] [stdout]    5:     0x587e60e767b0 - test[9d35eded1c95d3be]::test_main_inner::<test[9d35eded1c95d3be]::test_main_static::{closure#0}>::{closure#0}
[INFO] [stdout]    6:     0x587e60ef32b2 - std[70759c8f55707aa4]::panicking::panic_with_hook
[INFO] [stdout]    7:     0x587e60ed6b82 - std[70759c8f55707aa4]::panicking::panic_handler::{closure#0}
[INFO] [stdout]    8:     0x587e60ecf6c9 - std[70759c8f55707aa4]::sys::backtrace::__rust_end_short_backtrace::<std[70759c8f55707aa4]::panicking::panic_handler::{closure#0}, !>
[INFO] [stdout]    9:     0x587e60ed799d - __rustc[8fa7c3cbc660c2b3]::rust_begin_unwind
[INFO] [stdout]   10:     0x587e60f11b8c - core[df12db4294e9bfd3]::panicking::panic_fmt
[INFO] [stdout]   11:     0x587e60e63e2b - <tastella_settings[b247a22665971f79]::Settings>::new
[INFO] [stdout]   12:     0x587e60e5ebe7 - tastella_settings[b247a22665971f79]::tests::test_settings_new_with_env_example
[INFO] [stdout]   13:     0x587e60e641d9 - <tastella_settings[b247a22665971f79]::tests::test_settings_new_with_env_example::{closure#0} as core[df12db4294e9bfd3]::ops::function::FnOnce<()>>::call_once
[INFO] [stdout]   14:     0x587e60e69a9b - test[9d35eded1c95d3be]::__rust_begin_short_backtrace::<core[df12db4294e9bfd3]::result::Result<(), alloc[2182bb758b4b3781]::string::String>, fn() -> core[df12db4294e9bfd3]::result::Result<(), alloc[2182bb758b4b3781]::string::String>>
[INFO] [stdout]   15:     0x587e60e77105 - test[9d35eded1c95d3be]::run_test::{closure#0}
[INFO] [stdout]   16:     0x587e60e709c4 - std[70759c8f55707aa4]::sys::backtrace::__rust_begin_short_backtrace::<test[9d35eded1c95d3be]::run_test::{closure#1}, ()>
[INFO] [stdout]   17:     0x587e60e7a262 - <std[70759c8f55707aa4]::thread::lifecycle::spawn_unchecked<test[9d35eded1c95d3be]::run_test::{closure#1}, ()>::{closure#1} as core[df12db4294e9bfd3]::ops::function::FnOnce<()>>::call_once::{shim:vtable#0}
[INFO] [stdout]   18:     0x587e60efa569 - <std[70759c8f55707aa4]::sys::thread::unix::Thread>::new::thread_start
[INFO] [stdout]   19:     0x73fb54d62dfa - <unknown>
[INFO] [stdout]   20:     0x73fb54df63d4 - clone
[INFO] [stdout]   21:                0x0 - <unknown>
[INFO] [stdout] 
[INFO] [stdout] 
[INFO] [stdout] failures:
[INFO] [stdout]     tests::test_settings_new_with_env_example
[INFO] [stdout] 
[INFO] [stdout] test result: FAILED. 0 passed; 1 failed; 0 ignored; 0 measured; 0 filtered out; finished in 0.00s
[INFO] [stdout] 
[INFO] [stderr] error: test failed, to rerun pass `-p tastella_settings --lib`
[INFO] running `Command { std: "docker" "inspect" "be8a4b22b3c997f96e7c7051438ad1bd0297e6a59a16d1c0aec3a19c2dc34edb", kill_on_drop: false }`
[INFO] running `Command { std: "docker" "rm" "-f" "be8a4b22b3c997f96e7c7051438ad1bd0297e6a59a16d1c0aec3a19c2dc34edb", kill_on_drop: false }`
[INFO] [stdout] be8a4b22b3c997f96e7c7051438ad1bd0297e6a59a16d1c0aec3a19c2dc34edb
