[INFO] cloning repository https://github.com/YusukeSuzuki160/abc-d
[INFO] running `Command { std: "git" "-c" "credential.helper=" "-c" "credential.helper=/workspace/cargo-home/bin/git-credential-null" "clone" "--bare" "https://github.com/YusukeSuzuki160/abc-d" "/workspace/cache/git-repos/https%3A%2F%2Fgithub.com%2FYusukeSuzuki160%2Fabc-d", kill_on_drop: false }`
[INFO] [stderr] Cloning into bare repository '/workspace/cache/git-repos/https%3A%2F%2Fgithub.com%2FYusukeSuzuki160%2Fabc-d'...
[INFO] running `Command { std: "git" "rev-parse" "HEAD", kill_on_drop: false }`
[INFO] [stdout] c92653c84dca48031f7ea612a10259d43262276a
[INFO] testing YusukeSuzuki160/abc-d against 1.100.0-beta.1+cargoflags=--release for beta-release-1.100-3
[INFO] running `Command { std: "git" "clone" "/workspace/cache/git-repos/https%3A%2F%2Fgithub.com%2FYusukeSuzuki160%2Fabc-d" "/workspace/builds/worker-0-tc2/source", kill_on_drop: false }`
[INFO] [stderr] Cloning into '/workspace/builds/worker-0-tc2/source'...
[INFO] [stderr] done.
[INFO] removed /workspace/builds/worker-0-tc2/source/rust-toolchain
[INFO] started tweaking git repo https://github.com/YusukeSuzuki160/abc-d
[INFO] finished tweaking git repo https://github.com/YusukeSuzuki160/abc-d
[INFO] tweaked toml for git repo https://github.com/YusukeSuzuki160/abc-d written to /workspace/builds/worker-0-tc2/source/Cargo.toml
[INFO] validating manifest of git repo https://github.com/YusukeSuzuki160/abc-d on toolchain 1.100.0-beta.1
[INFO] running `Command { std: CARGO_HOME="/workspace/cargo-home" RUSTUP_HOME="/workspace/rustup-home" "/workspace/cargo-home/bin/cargo" "+1.100.0-beta.1" "metadata" "--manifest-path" "Cargo.toml" "--no-deps", kill_on_drop: false }`
[INFO] crate git repo https://github.com/YusukeSuzuki160/abc-d already has a lockfile, it will not be regenerated
[INFO] running `Command { std: CARGO_HOME="/workspace/cargo-home" RUSTUP_HOME="/workspace/rustup-home" "/workspace/cargo-home/bin/cargo" "+1.100.0-beta.1" "fetch" "--manifest-path" "Cargo.toml", kill_on_drop: false }`
[INFO] running `Command { std: "docker" "create" "-v" "/var/lib/crater-agent-workspace/builds/worker-0-tc2/source:/opt/rustwide/workdir:ro,Z" "-v" "/var/lib/crater-agent-workspace/builds/worker-0-tc2/target:/opt/rustwide/target:rw,Z" "-v" "/var/lib/crater-agent-workspace/cargo-home:/opt/rustwide/cargo-home:ro,Z" "-v" "/var/lib/crater-agent-workspace/rustup-home:/opt/rustwide/rustup-home:ro,Z" "-m" "1610612736" "--network" "none" "ghcr.io/rust-lang/crates-build-env/linux@sha256:77db811e55d90add9212f6832c23229e3de5f1c1f9905e8cb07319ea15df73ac" "sleep" "infinity", kill_on_drop: false }`
[INFO] [stdout] fc4b948e041dd7a7e5e31313a56729512f5e9125b908377087f8a09cd9286b7f
[INFO] running `Command { std: "docker" "start" "fc4b948e041dd7a7e5e31313a56729512f5e9125b908377087f8a09cd9286b7f", kill_on_drop: false }`
[INFO] running `Command { std: "docker" "inspect" "fc4b948e041dd7a7e5e31313a56729512f5e9125b908377087f8a09cd9286b7f", kill_on_drop: false }`
[INFO] running `Command { std: "docker" "exec" "-e" "SOURCE_DIR=/opt/rustwide/workdir" "-e" "CARGO_HOME=/opt/rustwide/cargo-home" "-e" "RUSTUP_HOME=/opt/rustwide/rustup-home" "-e" "CARGO_TARGET_DIR=/opt/rustwide/target" "-w" "/opt/rustwide/workdir" "--user" "0:0" "fc4b948e041dd7a7e5e31313a56729512f5e9125b908377087f8a09cd9286b7f" "/opt/rustwide/cargo-home/bin/cargo" "+1.100.0-beta.1" "metadata" "--no-deps" "--format-version=1", kill_on_drop: false }`
[INFO] running `Command { std: "docker" "inspect" "fc4b948e041dd7a7e5e31313a56729512f5e9125b908377087f8a09cd9286b7f", kill_on_drop: false }`
[INFO] running `Command { std: "docker" "exec" "-e" "SOURCE_DIR=/opt/rustwide/workdir" "-e" "CARGO_HOME=/opt/rustwide/cargo-home" "-e" "RUSTUP_HOME=/opt/rustwide/rustup-home" "-e" "CARGO_TARGET_DIR=/opt/rustwide/target" "-e" "CARGO_INCREMENTAL=0" "-e" "RUST_BACKTRACE=full" "-e" "RUSTFLAGS=--cap-lints=warn" "-e" "RUSTDOCFLAGS=--cap-lints=warn" "-w" "/opt/rustwide/workdir" "--user" "0:0" "fc4b948e041dd7a7e5e31313a56729512f5e9125b908377087f8a09cd9286b7f" "/opt/rustwide/cargo-home/bin/cargo" "+1.100.0-beta.1" "build" "--frozen" "--message-format=json" "--release", kill_on_drop: false }`
[INFO] [stderr]    Compiling autocfg v1.1.0
[INFO] [stderr]    Compiling num-traits v0.2.15
[INFO] [stderr]    Compiling num-integer v0.1.45
[INFO] [stderr]    Compiling num-bigint v0.2.6
[INFO] [stderr]    Compiling num-complex v0.2.4
[INFO] [stderr]    Compiling num-iter v0.1.43
[INFO] [stderr]    Compiling num-rational v0.2.4
[INFO] [stderr]    Compiling num v0.2.1
[INFO] [stderr]    Compiling aabc-d v0.1.0 (/opt/rustwide/workdir)
[INFO] [stderr] warning: unused dependency `num`
[INFO] [stderr]  --> Cargo.toml:6:1
[INFO] [stderr]   |
[INFO] [stderr] 6 | num = "=0.2.1"
[INFO] [stderr]   | ^^^^^^^^^^^^^^
[INFO] [stderr]   |
[INFO] [stderr]   = note: `cargo::unused_dependencies` is set to `warn` by default
[INFO] [stderr] help: consider removing the dependency on `num`
[INFO] [stderr] warning: `aabc-d` (manifest) generated 1 warning
[INFO] [stderr]     Finished `release` profile [optimized] target(s) in 8.85s
[INFO] running `Command { std: "docker" "inspect" "fc4b948e041dd7a7e5e31313a56729512f5e9125b908377087f8a09cd9286b7f", kill_on_drop: false }`
[INFO] running `Command { std: "docker" "exec" "-e" "SOURCE_DIR=/opt/rustwide/workdir" "-e" "CARGO_HOME=/opt/rustwide/cargo-home" "-e" "RUSTUP_HOME=/opt/rustwide/rustup-home" "-e" "CARGO_TARGET_DIR=/opt/rustwide/target" "-e" "CARGO_INCREMENTAL=0" "-e" "RUST_BACKTRACE=full" "-e" "RUSTFLAGS=--cap-lints=warn" "-e" "RUSTDOCFLAGS=--cap-lints=warn" "-w" "/opt/rustwide/workdir" "--user" "0:0" "fc4b948e041dd7a7e5e31313a56729512f5e9125b908377087f8a09cd9286b7f" "/opt/rustwide/cargo-home/bin/cargo" "+1.100.0-beta.1" "test" "--frozen" "--no-run" "--message-format=json" "--release", kill_on_drop: false }`
[INFO] [stderr]    Compiling aabc-d v0.1.0 (/opt/rustwide/workdir)
[INFO] [stderr]     Finished `release` profile [optimized] target(s) in 0.48s
[INFO] running `Command { std: "docker" "inspect" "fc4b948e041dd7a7e5e31313a56729512f5e9125b908377087f8a09cd9286b7f", kill_on_drop: false }`
[INFO] running `Command { std: "docker" "exec" "-e" "SOURCE_DIR=/opt/rustwide/workdir" "-e" "CARGO_HOME=/opt/rustwide/cargo-home" "-e" "RUSTUP_HOME=/opt/rustwide/rustup-home" "-e" "CARGO_TARGET_DIR=/opt/rustwide/target" "-e" "CARGO_INCREMENTAL=0" "-e" "RUST_BACKTRACE=full" "-e" "RUSTFLAGS=--cap-lints=warn" "-e" "RUSTDOCFLAGS=--cap-lints=warn" "-w" "/opt/rustwide/workdir" "--user" "0:0" "fc4b948e041dd7a7e5e31313a56729512f5e9125b908377087f8a09cd9286b7f" "/opt/rustwide/cargo-home/bin/cargo" "+1.100.0-beta.1" "test" "--frozen" "--release", kill_on_drop: false }`
[INFO] [stderr]     Finished `release` profile [optimized] target(s) in 0.06s
[INFO] [stderr]      Running unittests src/main.rs (/opt/rustwide/target/release/build/aabc-d/2c30dad1eef56c4e/out/main-2c30dad1eef56c4e)
[INFO] [stdout] 
[INFO] [stdout] running 0 tests
[INFO] [stdout] 
[INFO] [stdout] test result: ok. 0 passed; 0 failed; 0 ignored; 0 measured; 0 filtered out; finished in 0.00s
[INFO] [stdout] 
[INFO] [stderr]      Running tests/sample_inputs.rs (/opt/rustwide/target/release/build/aabc-d/365f7ab68f0706c3/out/sample_inputs-365f7ab68f0706c3)
[INFO] [stdout] 
[INFO] [stdout] running 2 tests
[INFO] [stderr] WARNING: could not find /opt/rustwide/target/release/build/aabc-d/365f7ab68f0706c3/out/./main, will search PATH
[INFO] [stderr] WARNING: could not find /opt/rustwide/target/release/build/aabc-d/365f7ab68f0706c3/out/./main, will search PATH
[INFO] [stdout] test sample1 ... FAILED
[INFO] [stderr] error: test failed, to rerun pass `--test sample_inputs`
[INFO] [stdout] test sample2 ... FAILED
[INFO] [stdout] 
[INFO] [stdout] failures:
[INFO] [stdout] 
[INFO] [stdout] ---- sample1 stdout ----
[INFO] [stdout] 
[INFO] [stdout] thread 'sample1' (486) panicked at /opt/rustwide/cargo-home/registry/src/index.crates.io-1949cf8c6b5b557f/cli_test_dir-0.1.7/src/lib.rs:458:14:
[INFO] [stdout] error running command: Os { code: 2, kind: NotFound, message: "No such file or directory" }
[INFO] [stdout] stack backtrace:
[INFO] [stdout]    0:     0x60cfce671a91 - <<std[617be2ca0a6fd877]::sys::backtrace::BacktraceLock>::print::DisplayBacktrace as core[a373ad73a504971]::fmt::Display>::fmt
[INFO] [stdout]    1:     0x60cfce6860fa - core[a373ad73a504971]::fmt::write
[INFO] [stdout]    2:     0x60cfce67634c - <alloc[2e1b2a31b91974c5]::vec::Vec<u8> as core[a373ad73a504971]::io::write::Write>::write_fmt
[INFO] [stdout]    3:     0x60cfce64c616 - std[617be2ca0a6fd877]::panicking::default_hook::{closure#0}
[INFO] [stdout]    4:     0x60cfce669989 - std[617be2ca0a6fd877]::panicking::default_hook
[INFO] [stdout]    5:     0x60cfce603430 - test[aada8e7e76ba119b]::test_main_inner::{closure#0}
[INFO] [stdout]    6:     0x60cfce669b42 - std[617be2ca0a6fd877]::panicking::panic_with_hook
[INFO] [stdout]    7:     0x60cfce64c6c2 - std[617be2ca0a6fd877]::panicking::panic_handler::{closure#0}
[INFO] [stdout]    8:     0x60cfce6452b9 - std[617be2ca0a6fd877]::sys::backtrace::__rust_end_short_backtrace::<std[617be2ca0a6fd877]::panicking::panic_handler::{closure#0}, !>
[INFO] [stdout]    9:     0x60cfce64d2cd - __rustc[ea4f61d10b84890b]::rust_begin_unwind
[INFO] [stdout]   10:     0x60cfce68682c - core[a373ad73a504971]::panicking::panic_fmt
[INFO] [stdout]   11:     0x60cfce686602 - core[a373ad73a504971]::result::unwrap_failed
[INFO] [stdout]   12:     0x60cfce5f58cf - <std[617be2ca0a6fd877]::process::Command as cli_test_dir[6bd1091965f82dc8]::CommandExt>::output_with_stdin::<&str>
[INFO] [stdout]   13:     0x60cfce5f624e - <sample_inputs[bb74bafc4a010833]::sample1::{closure#0} as core[a373ad73a504971]::ops::function::FnOnce<()>>::call_once
[INFO] [stdout]   14:     0x60cfce5f687b - test[aada8e7e76ba119b]::__rust_begin_short_backtrace::<core[a373ad73a504971]::result::Result<(), alloc[2e1b2a31b91974c5]::string::String>, fn() -> core[a373ad73a504971]::result::Result<(), alloc[2e1b2a31b91974c5]::string::String>>
[INFO] [stdout]   15:     0x60cfce603a55 - test[aada8e7e76ba119b]::run_test::{closure#0}
[INFO] [stdout]   16:     0x60cfce5fd344 - std[617be2ca0a6fd877]::sys::backtrace::__rust_begin_short_backtrace::<test[aada8e7e76ba119b]::run_test::{closure#1}, ()>
[INFO] [stdout]   17:     0x60cfce606ae2 - <std[617be2ca0a6fd877]::thread::lifecycle::spawn_unchecked<test[aada8e7e76ba119b]::run_test::{closure#1}, ()>::{closure#1} as core[a373ad73a504971]::ops::function::FnOnce<()>>::call_once::{shim:vtable#0}
[INFO] [stdout]   18:     0x60cfce6712ef - <std[617be2ca0a6fd877]::sys::thread::unix::Thread>::new::thread_start
[INFO] [stdout]   19:     0x7a20e1548dfa - <unknown>
[INFO] [stdout]   20:     0x7a20e15dc3d4 - clone
[INFO] [stdout]   21:                0x0 - <unknown>
[INFO] [stdout] 
[INFO] [stdout] ---- sample2 stdout ----
[INFO] [stdout] 
[INFO] [stdout] thread 'sample2' (487) panicked at /opt/rustwide/cargo-home/registry/src/index.crates.io-1949cf8c6b5b557f/cli_test_dir-0.1.7/src/lib.rs:458:14:
[INFO] [stdout] error running command: Os { code: 2, kind: NotFound, message: "No such file or directory" }
[INFO] [stdout] stack backtrace:
[INFO] [stdout]    0:     0x60cfce671a91 - <<std[617be2ca0a6fd877]::sys::backtrace::BacktraceLock>::print::DisplayBacktrace as core[a373ad73a504971]::fmt::Display>::fmt
[INFO] [stdout]    1:     0x60cfce6860fa - core[a373ad73a504971]::fmt::write
[INFO] [stdout]    2:     0x60cfce67634c - <alloc[2e1b2a31b91974c5]::vec::Vec<u8> as core[a373ad73a504971]::io::write::Write>::write_fmt
[INFO] [stdout]    3:     0x60cfce64c616 - std[617be2ca0a6fd877]::panicking::default_hook::{closure#0}
[INFO] [stdout]    4:     0x60cfce669989 - std[617be2ca0a6fd877]::panicking::default_hook
[INFO] [stdout]    5:     0x60cfce603430 - test[aada8e7e76ba119b]::test_main_inner::{closure#0}
[INFO] [stdout]    6:     0x60cfce669b42 - std[617be2ca0a6fd877]::panicking::panic_with_hook
[INFO] [stdout]    7:     0x60cfce64c6c2 - std[617be2ca0a6fd877]::panicking::panic_handler::{closure#0}
[INFO] [stdout]    8:     0x60cfce6452b9 - std[617be2ca0a6fd877]::sys::backtrace::__rust_end_short_backtrace::<std[617be2ca0a6fd877]::panicking::panic_handler::{closure#0}, !>
[INFO] [stdout]    9:     0x60cfce64d2cd - __rustc[ea4f61d10b84890b]::rust_begin_unwind
[INFO] [stdout]   10:     0x60cfce68682c - core[a373ad73a504971]::panicking::panic_fmt
[INFO] [stdout]   11:     0x60cfce686602 - core[a373ad73a504971]::result::unwrap_failed
[INFO] [stdout]   12:     0x60cfce5f58cf - <std[617be2ca0a6fd877]::process::Command as cli_test_dir[6bd1091965f82dc8]::CommandExt>::output_with_stdin::<&str>
[INFO] [stdout]   13:     0x60cfce5f64ce - <sample_inputs[bb74bafc4a010833]::sample2::{closure#0} as core[a373ad73a504971]::ops::function::FnOnce<()>>::call_once
[INFO] [stdout]   14:     0x60cfce5f687b - test[aada8e7e76ba119b]::__rust_begin_short_backtrace::<core[a373ad73a504971]::result::Result<(), alloc[2e1b2a31b91974c5]::string::String>, fn() -> core[a373ad73a504971]::result::Result<(), alloc[2e1b2a31b91974c5]::string::String>>
[INFO] [stdout]   15:     0x60cfce603a55 - test[aada8e7e76ba119b]::run_test::{closure#0}
[INFO] [stdout]   16:     0x60cfce5fd344 - std[617be2ca0a6fd877]::sys::backtrace::__rust_begin_short_backtrace::<test[aada8e7e76ba119b]::run_test::{closure#1}, ()>
[INFO] [stdout]   17:     0x60cfce606ae2 - <std[617be2ca0a6fd877]::thread::lifecycle::spawn_unchecked<test[aada8e7e76ba119b]::run_test::{closure#1}, ()>::{closure#1} as core[a373ad73a504971]::ops::function::FnOnce<()>>::call_once::{shim:vtable#0}
[INFO] [stdout]   18:     0x60cfce6712ef - <std[617be2ca0a6fd877]::sys::thread::unix::Thread>::new::thread_start
[INFO] [stdout]   19:     0x7a20e1548dfa - <unknown>
[INFO] [stdout]   20:     0x7a20e15dc3d4 - clone
[INFO] [stdout]   21:                0x0 - <unknown>
[INFO] [stdout] 
[INFO] [stdout] 
[INFO] [stdout] failures:
[INFO] [stdout]     sample1
[INFO] [stdout]     sample2
[INFO] [stdout] 
[INFO] [stdout] test result: FAILED. 0 passed; 2 failed; 0 ignored; 0 measured; 0 filtered out; finished in 0.01s
[INFO] [stdout] 
[INFO] running `Command { std: "docker" "inspect" "fc4b948e041dd7a7e5e31313a56729512f5e9125b908377087f8a09cd9286b7f", kill_on_drop: false }`
[INFO] running `Command { std: "docker" "rm" "-f" "fc4b948e041dd7a7e5e31313a56729512f5e9125b908377087f8a09cd9286b7f", kill_on_drop: false }`
[INFO] [stdout] fc4b948e041dd7a7e5e31313a56729512f5e9125b908377087f8a09cd9286b7f
