[INFO] cloning repository https://github.com/YusukeSuzuki160/255-d
[INFO] running `Command { std: "git" "-c" "credential.helper=" "-c" "credential.helper=/workspace/cargo-home/bin/git-credential-null" "clone" "--bare" "https://github.com/YusukeSuzuki160/255-d" "/workspace/cache/git-repos/https%3A%2F%2Fgithub.com%2FYusukeSuzuki160%2F255-d", kill_on_drop: false }`
[INFO] [stderr] Cloning into bare repository '/workspace/cache/git-repos/https%3A%2F%2Fgithub.com%2FYusukeSuzuki160%2F255-d'...
[INFO] running `Command { std: "git" "rev-parse" "HEAD", kill_on_drop: false }`
[INFO] [stdout] 911d4322d63593cd5c99c47513a5b84b9f185cce
[INFO] testing YusukeSuzuki160/255-d against 1.100.0-beta.1+cargoflags=--release for beta-release-1.100-3
[INFO] running `Command { std: "git" "clone" "/workspace/cache/git-repos/https%3A%2F%2Fgithub.com%2FYusukeSuzuki160%2F255-d" "/workspace/builds/worker-7-tc2/source", kill_on_drop: false }`
[INFO] [stderr] Cloning into '/workspace/builds/worker-7-tc2/source'...
[INFO] [stderr] done.
[INFO] removed /workspace/builds/worker-7-tc2/source/rust-toolchain
[INFO] started tweaking git repo https://github.com/YusukeSuzuki160/255-d
[INFO] finished tweaking git repo https://github.com/YusukeSuzuki160/255-d
[INFO] tweaked toml for git repo https://github.com/YusukeSuzuki160/255-d written to /workspace/builds/worker-7-tc2/source/Cargo.toml
[INFO] validating manifest of git repo https://github.com/YusukeSuzuki160/255-d on toolchain 1.100.0-beta.1
[INFO] running `Command { std: CARGO_HOME="/workspace/cargo-home" RUSTUP_HOME="/workspace/rustup-home" "/workspace/cargo-home/bin/cargo" "+1.100.0-beta.1" "metadata" "--manifest-path" "Cargo.toml" "--no-deps", kill_on_drop: false }`
[INFO] crate git repo https://github.com/YusukeSuzuki160/255-d already has a lockfile, it will not be regenerated
[INFO] running `Command { std: CARGO_HOME="/workspace/cargo-home" RUSTUP_HOME="/workspace/rustup-home" "/workspace/cargo-home/bin/cargo" "+1.100.0-beta.1" "fetch" "--manifest-path" "Cargo.toml", kill_on_drop: false }`
[INFO] running `Command { std: "docker" "create" "-v" "/var/lib/crater-agent-workspace/builds/worker-7-tc2/source:/opt/rustwide/workdir:ro,Z" "-v" "/var/lib/crater-agent-workspace/builds/worker-7-tc2/target:/opt/rustwide/target:rw,Z" "-v" "/var/lib/crater-agent-workspace/cargo-home:/opt/rustwide/cargo-home:ro,Z" "-v" "/var/lib/crater-agent-workspace/rustup-home:/opt/rustwide/rustup-home:ro,Z" "-m" "1610612736" "--network" "none" "ghcr.io/rust-lang/crates-build-env/linux@sha256:77db811e55d90add9212f6832c23229e3de5f1c1f9905e8cb07319ea15df73ac" "sleep" "infinity", kill_on_drop: false }`
[INFO] [stdout] 1c64c14286ab6ee55dafe81ccb5726f461430c7fd2ae17743ef40c1e59e5fd34
[INFO] running `Command { std: "docker" "start" "1c64c14286ab6ee55dafe81ccb5726f461430c7fd2ae17743ef40c1e59e5fd34", kill_on_drop: false }`
[INFO] running `Command { std: "docker" "inspect" "1c64c14286ab6ee55dafe81ccb5726f461430c7fd2ae17743ef40c1e59e5fd34", kill_on_drop: false }`
[INFO] running `Command { std: "docker" "exec" "-e" "SOURCE_DIR=/opt/rustwide/workdir" "-e" "CARGO_HOME=/opt/rustwide/cargo-home" "-e" "RUSTUP_HOME=/opt/rustwide/rustup-home" "-e" "CARGO_TARGET_DIR=/opt/rustwide/target" "-w" "/opt/rustwide/workdir" "--user" "0:0" "1c64c14286ab6ee55dafe81ccb5726f461430c7fd2ae17743ef40c1e59e5fd34" "/opt/rustwide/cargo-home/bin/cargo" "+1.100.0-beta.1" "metadata" "--no-deps" "--format-version=1", kill_on_drop: false }`
[INFO] running `Command { std: "docker" "inspect" "1c64c14286ab6ee55dafe81ccb5726f461430c7fd2ae17743ef40c1e59e5fd34", kill_on_drop: false }`
[INFO] running `Command { std: "docker" "exec" "-e" "SOURCE_DIR=/opt/rustwide/workdir" "-e" "CARGO_HOME=/opt/rustwide/cargo-home" "-e" "RUSTUP_HOME=/opt/rustwide/rustup-home" "-e" "CARGO_TARGET_DIR=/opt/rustwide/target" "-e" "CARGO_INCREMENTAL=0" "-e" "RUST_BACKTRACE=full" "-e" "RUSTFLAGS=--cap-lints=warn" "-e" "RUSTDOCFLAGS=--cap-lints=warn" "-w" "/opt/rustwide/workdir" "--user" "0:0" "1c64c14286ab6ee55dafe81ccb5726f461430c7fd2ae17743ef40c1e59e5fd34" "/opt/rustwide/cargo-home/bin/cargo" "+1.100.0-beta.1" "build" "--frozen" "--message-format=json" "--release", kill_on_drop: false }`
[INFO] [stderr]    Compiling autocfg v1.1.0
[INFO] [stderr]    Compiling proc-macro2 v0.4.30
[INFO] [stderr]    Compiling unicode-xid v0.1.0
[INFO] [stderr]    Compiling syn v0.15.39
[INFO] [stderr]    Compiling lazy_static v1.3.0
[INFO] [stderr]    Compiling num-traits v0.2.15
[INFO] [stderr]    Compiling num-integer v0.1.45
[INFO] [stderr]    Compiling num-bigint v0.2.6
[INFO] [stderr]    Compiling num-rational v0.2.4
[INFO] [stderr]    Compiling num-complex v0.2.4
[INFO] [stderr]    Compiling num-iter v0.1.43
[INFO] [stderr]    Compiling quote v0.6.12
[INFO] [stderr]    Compiling num v0.2.1
[INFO] [stderr]    Compiling proconio-derive v0.1.5
[INFO] [stderr]    Compiling proconio v0.3.6
[INFO] [stderr]    Compiling abc-d v0.1.0 (/opt/rustwide/workdir)
[INFO] [stderr] warning: unused dependency `num`
[INFO] [stderr]  --> Cargo.toml:6:1
[INFO] [stderr]   |
[INFO] [stderr] 6 | num = "=0.2.1"
[INFO] [stderr]   | ^^^^^^^^^^^^^^
[INFO] [stderr]   |
[INFO] [stderr]   = note: `cargo::unused_dependencies` is set to `warn` by default
[INFO] [stderr] help: consider removing the dependency on `num`
[INFO] [stderr] warning: `abc-d` (manifest) generated 1 warning
[INFO] [stderr]     Finished `release` profile [optimized] target(s) in 14.51s
[INFO] running `Command { std: "docker" "inspect" "1c64c14286ab6ee55dafe81ccb5726f461430c7fd2ae17743ef40c1e59e5fd34", kill_on_drop: false }`
[INFO] running `Command { std: "docker" "exec" "-e" "SOURCE_DIR=/opt/rustwide/workdir" "-e" "CARGO_HOME=/opt/rustwide/cargo-home" "-e" "RUSTUP_HOME=/opt/rustwide/rustup-home" "-e" "CARGO_TARGET_DIR=/opt/rustwide/target" "-e" "CARGO_INCREMENTAL=0" "-e" "RUST_BACKTRACE=full" "-e" "RUSTFLAGS=--cap-lints=warn" "-e" "RUSTDOCFLAGS=--cap-lints=warn" "-w" "/opt/rustwide/workdir" "--user" "0:0" "1c64c14286ab6ee55dafe81ccb5726f461430c7fd2ae17743ef40c1e59e5fd34" "/opt/rustwide/cargo-home/bin/cargo" "+1.100.0-beta.1" "test" "--frozen" "--no-run" "--message-format=json" "--release", kill_on_drop: false }`
[INFO] [stderr]    Compiling cli_test_dir v0.1.7
[INFO] [stderr]    Compiling abc-d v0.1.0 (/opt/rustwide/workdir)
[INFO] [stderr]     Finished `release` profile [optimized] target(s) in 1.22s
[INFO] running `Command { std: "docker" "inspect" "1c64c14286ab6ee55dafe81ccb5726f461430c7fd2ae17743ef40c1e59e5fd34", kill_on_drop: false }`
[INFO] running `Command { std: "docker" "exec" "-e" "SOURCE_DIR=/opt/rustwide/workdir" "-e" "CARGO_HOME=/opt/rustwide/cargo-home" "-e" "RUSTUP_HOME=/opt/rustwide/rustup-home" "-e" "CARGO_TARGET_DIR=/opt/rustwide/target" "-e" "CARGO_INCREMENTAL=0" "-e" "RUST_BACKTRACE=full" "-e" "RUSTFLAGS=--cap-lints=warn" "-e" "RUSTDOCFLAGS=--cap-lints=warn" "-w" "/opt/rustwide/workdir" "--user" "0:0" "1c64c14286ab6ee55dafe81ccb5726f461430c7fd2ae17743ef40c1e59e5fd34" "/opt/rustwide/cargo-home/bin/cargo" "+1.100.0-beta.1" "test" "--frozen" "--release", kill_on_drop: false }`
[INFO] [stderr]     Finished `release` profile [optimized] target(s) in 0.05s
[INFO] [stderr]      Running unittests src/main.rs (/opt/rustwide/target/release/build/abc-d/215ceb5a3b65b135/out/main-215ceb5a3b65b135)
[INFO] [stdout] 
[INFO] [stdout] running 0 tests
[INFO] [stdout] 
[INFO] [stdout] test result: ok. 0 passed; 0 failed; 0 ignored; 0 measured; 0 filtered out; finished in 0.00s
[INFO] [stdout] 
[INFO] [stderr]      Running tests/sample_inputs.rs (/opt/rustwide/target/release/build/abc-d/91e51d432c0fc669/out/sample_inputs-91e51d432c0fc669)
[INFO] [stdout] 
[INFO] [stdout] running 2 tests
[INFO] [stderr] WARNING: could not find /opt/rustwide/target/release/build/abc-d/91e51d432c0fc669/out/./main, will search PATH
[INFO] [stderr] WARNING: could not find /opt/rustwide/target/release/build/abc-d/91e51d432c0fc669/out/./main, will search PATH
[INFO] [stdout] test sample1 ... FAILED
[INFO] [stdout] test sample2 ... FAILED
[INFO] [stdout] 
[INFO] [stdout] failures:
[INFO] [stdout] 
[INFO] [stderr] error: test failed, to rerun pass `--test sample_inputs`
[INFO] [stdout] ---- sample1 stdout ----
[INFO] [stdout] 
[INFO] [stdout] thread 'sample1' (634) panicked at /opt/rustwide/cargo-home/registry/src/index.crates.io-1949cf8c6b5b557f/cli_test_dir-0.1.7/src/lib.rs:458:14:
[INFO] [stdout] error running command: Os { code: 2, kind: NotFound, message: "No such file or directory" }
[INFO] [stdout] stack backtrace:
[INFO] [stdout]    0:     0x5da351dfab81 - <<std[617be2ca0a6fd877]::sys::backtrace::BacktraceLock>::print::DisplayBacktrace as core[a373ad73a504971]::fmt::Display>::fmt
[INFO] [stdout]    1:     0x5da351e0f1ea - core[a373ad73a504971]::fmt::write
[INFO] [stdout]    2:     0x5da351dff43c - <alloc[2e1b2a31b91974c5]::vec::Vec<u8> as core[a373ad73a504971]::io::write::Write>::write_fmt
[INFO] [stdout]    3:     0x5da351dd5706 - std[617be2ca0a6fd877]::panicking::default_hook::{closure#0}
[INFO] [stdout]    4:     0x5da351df2a79 - std[617be2ca0a6fd877]::panicking::default_hook
[INFO] [stdout]    5:     0x5da351d8c520 - test[aada8e7e76ba119b]::test_main_inner::{closure#0}
[INFO] [stdout]    6:     0x5da351df2c32 - std[617be2ca0a6fd877]::panicking::panic_with_hook
[INFO] [stdout]    7:     0x5da351dd57b2 - std[617be2ca0a6fd877]::panicking::panic_handler::{closure#0}
[INFO] [stdout]    8:     0x5da351dce3a9 - std[617be2ca0a6fd877]::sys::backtrace::__rust_end_short_backtrace::<std[617be2ca0a6fd877]::panicking::panic_handler::{closure#0}, !>
[INFO] [stdout]    9:     0x5da351dd63bd - __rustc[ea4f61d10b84890b]::rust_begin_unwind
[INFO] [stdout]   10:     0x5da351e0f91c - core[a373ad73a504971]::panicking::panic_fmt
[INFO] [stdout]   11:     0x5da351e0f6f2 - core[a373ad73a504971]::result::unwrap_failed
[INFO] [stdout]   12:     0x5da351d7e99f - <std[617be2ca0a6fd877]::process::Command as cli_test_dir[6bd1091965f82dc8]::CommandExt>::output_with_stdin::<&str>
[INFO] [stdout]   13:     0x5da351d7f31e - <sample_inputs[ee8c4a4077494ac3]::sample1::{closure#0} as core[a373ad73a504971]::ops::function::FnOnce<()>>::call_once
[INFO] [stdout]   14:     0x5da351d7f96b - test[aada8e7e76ba119b]::__rust_begin_short_backtrace::<core[a373ad73a504971]::result::Result<(), alloc[2e1b2a31b91974c5]::string::String>, fn() -> core[a373ad73a504971]::result::Result<(), alloc[2e1b2a31b91974c5]::string::String>>
[INFO] [stdout]   15:     0x5da351d8cb45 - test[aada8e7e76ba119b]::run_test::{closure#0}
[INFO] [stdout]   16:     0x5da351d86434 - std[617be2ca0a6fd877]::sys::backtrace::__rust_begin_short_backtrace::<test[aada8e7e76ba119b]::run_test::{closure#1}, ()>
[INFO] [stdout]   17:     0x5da351d8fbd2 - <std[617be2ca0a6fd877]::thread::lifecycle::spawn_unchecked<test[aada8e7e76ba119b]::run_test::{closure#1}, ()>::{closure#1} as core[a373ad73a504971]::ops::function::FnOnce<()>>::call_once::{shim:vtable#0}
[INFO] [stdout]   18:     0x5da351dfa3df - <std[617be2ca0a6fd877]::sys::thread::unix::Thread>::new::thread_start
[INFO] [stdout]   19:     0x7e7de836ddfa - <unknown>
[INFO] [stdout]   20:     0x7e7de84013d4 - clone
[INFO] [stdout]   21:                0x0 - <unknown>
[INFO] [stdout] 
[INFO] [stdout] ---- sample2 stdout ----
[INFO] [stdout] 
[INFO] [stdout] thread 'sample2' (635) panicked at /opt/rustwide/cargo-home/registry/src/index.crates.io-1949cf8c6b5b557f/cli_test_dir-0.1.7/src/lib.rs:458:14:
[INFO] [stdout] error running command: Os { code: 2, kind: NotFound, message: "No such file or directory" }
[INFO] [stdout] stack backtrace:
[INFO] [stdout]    0:     0x5da351dfab81 - <<std[617be2ca0a6fd877]::sys::backtrace::BacktraceLock>::print::DisplayBacktrace as core[a373ad73a504971]::fmt::Display>::fmt
[INFO] [stdout]    1:     0x5da351e0f1ea - core[a373ad73a504971]::fmt::write
[INFO] [stdout]    2:     0x5da351dff43c - <alloc[2e1b2a31b91974c5]::vec::Vec<u8> as core[a373ad73a504971]::io::write::Write>::write_fmt
[INFO] [stdout]    3:     0x5da351dd5706 - std[617be2ca0a6fd877]::panicking::default_hook::{closure#0}
[INFO] [stdout]    4:     0x5da351df2a79 - std[617be2ca0a6fd877]::panicking::default_hook
[INFO] [stdout]    5:     0x5da351d8c520 - test[aada8e7e76ba119b]::test_main_inner::{closure#0}
[INFO] [stdout]    6:     0x5da351df2c32 - std[617be2ca0a6fd877]::panicking::panic_with_hook
[INFO] [stdout]    7:     0x5da351dd57b2 - std[617be2ca0a6fd877]::panicking::panic_handler::{closure#0}
[INFO] [stdout]    8:     0x5da351dce3a9 - std[617be2ca0a6fd877]::sys::backtrace::__rust_end_short_backtrace::<std[617be2ca0a6fd877]::panicking::panic_handler::{closure#0}, !>
[INFO] [stdout]    9:     0x5da351dd63bd - __rustc[ea4f61d10b84890b]::rust_begin_unwind
[INFO] [stdout]   10:     0x5da351e0f91c - core[a373ad73a504971]::panicking::panic_fmt
[INFO] [stdout]   11:     0x5da351e0f6f2 - core[a373ad73a504971]::result::unwrap_failed
[INFO] [stdout]   12:     0x5da351d7e99f - <std[617be2ca0a6fd877]::process::Command as cli_test_dir[6bd1091965f82dc8]::CommandExt>::output_with_stdin::<&str>
[INFO] [stdout]   13:     0x5da351d7f5ae - <sample_inputs[ee8c4a4077494ac3]::sample2::{closure#0} as core[a373ad73a504971]::ops::function::FnOnce<()>>::call_once
[INFO] [stdout]   14:     0x5da351d7f96b - test[aada8e7e76ba119b]::__rust_begin_short_backtrace::<core[a373ad73a504971]::result::Result<(), alloc[2e1b2a31b91974c5]::string::String>, fn() -> core[a373ad73a504971]::result::Result<(), alloc[2e1b2a31b91974c5]::string::String>>
[INFO] [stdout]   15:     0x5da351d8cb45 - test[aada8e7e76ba119b]::run_test::{closure#0}
[INFO] [stdout]   16:     0x5da351d86434 - std[617be2ca0a6fd877]::sys::backtrace::__rust_begin_short_backtrace::<test[aada8e7e76ba119b]::run_test::{closure#1}, ()>
[INFO] [stdout]   17:     0x5da351d8fbd2 - <std[617be2ca0a6fd877]::thread::lifecycle::spawn_unchecked<test[aada8e7e76ba119b]::run_test::{closure#1}, ()>::{closure#1} as core[a373ad73a504971]::ops::function::FnOnce<()>>::call_once::{shim:vtable#0}
[INFO] [stdout]   18:     0x5da351dfa3df - <std[617be2ca0a6fd877]::sys::thread::unix::Thread>::new::thread_start
[INFO] [stdout]   19:     0x7e7de836ddfa - <unknown>
[INFO] [stdout]   20:     0x7e7de84013d4 - clone
[INFO] [stdout]   21:                0x0 - <unknown>
[INFO] [stdout] 
[INFO] [stdout] 
[INFO] [stdout] failures:
[INFO] [stdout]     sample1
[INFO] [stdout]     sample2
[INFO] [stdout] 
[INFO] [stdout] test result: FAILED. 0 passed; 2 failed; 0 ignored; 0 measured; 0 filtered out; finished in 0.00s
[INFO] [stdout] 
[INFO] running `Command { std: "docker" "inspect" "1c64c14286ab6ee55dafe81ccb5726f461430c7fd2ae17743ef40c1e59e5fd34", kill_on_drop: false }`
[INFO] running `Command { std: "docker" "rm" "-f" "1c64c14286ab6ee55dafe81ccb5726f461430c7fd2ae17743ef40c1e59e5fd34", kill_on_drop: false }`
[INFO] [stdout] 1c64c14286ab6ee55dafe81ccb5726f461430c7fd2ae17743ef40c1e59e5fd34
