[INFO] cloning repository https://github.com/YusukeSuzuki160/255-c
[INFO] running `Command { std: "git" "-c" "credential.helper=" "-c" "credential.helper=/workspace/cargo-home/bin/git-credential-null" "clone" "--bare" "https://github.com/YusukeSuzuki160/255-c" "/workspace/cache/git-repos/https%3A%2F%2Fgithub.com%2FYusukeSuzuki160%2F255-c", kill_on_drop: false }`
[INFO] [stderr] Cloning into bare repository '/workspace/cache/git-repos/https%3A%2F%2Fgithub.com%2FYusukeSuzuki160%2F255-c'...
[INFO] running `Command { std: "git" "rev-parse" "HEAD", kill_on_drop: false }`
[INFO] [stdout] 418f708660877d0834b3ae7fff0696ebdbb2e868
[INFO] testing YusukeSuzuki160/255-c against 1.100.0-beta.1+cargoflags=--release for beta-release-1.100-3
[INFO] running `Command { std: "git" "clone" "/workspace/cache/git-repos/https%3A%2F%2Fgithub.com%2FYusukeSuzuki160%2F255-c" "/workspace/builds/worker-5-tc2/source", kill_on_drop: false }`
[INFO] [stderr] Cloning into '/workspace/builds/worker-5-tc2/source'...
[INFO] [stderr] done.
[INFO] removed /workspace/builds/worker-5-tc2/source/rust-toolchain
[INFO] started tweaking git repo https://github.com/YusukeSuzuki160/255-c
[INFO] finished tweaking git repo https://github.com/YusukeSuzuki160/255-c
[INFO] tweaked toml for git repo https://github.com/YusukeSuzuki160/255-c written to /workspace/builds/worker-5-tc2/source/Cargo.toml
[INFO] validating manifest of git repo https://github.com/YusukeSuzuki160/255-c on toolchain 1.100.0-beta.1
[INFO] running `Command { std: CARGO_HOME="/workspace/cargo-home" RUSTUP_HOME="/workspace/rustup-home" "/workspace/cargo-home/bin/cargo" "+1.100.0-beta.1" "metadata" "--manifest-path" "Cargo.toml" "--no-deps", kill_on_drop: false }`
[INFO] crate git repo https://github.com/YusukeSuzuki160/255-c already has a lockfile, it will not be regenerated
[INFO] running `Command { std: CARGO_HOME="/workspace/cargo-home" RUSTUP_HOME="/workspace/rustup-home" "/workspace/cargo-home/bin/cargo" "+1.100.0-beta.1" "fetch" "--manifest-path" "Cargo.toml", kill_on_drop: false }`
[INFO] running `Command { std: "docker" "create" "-v" "/var/lib/crater-agent-workspace/builds/worker-5-tc2/source:/opt/rustwide/workdir:ro,Z" "-v" "/var/lib/crater-agent-workspace/builds/worker-5-tc2/target:/opt/rustwide/target:rw,Z" "-v" "/var/lib/crater-agent-workspace/cargo-home:/opt/rustwide/cargo-home:ro,Z" "-v" "/var/lib/crater-agent-workspace/rustup-home:/opt/rustwide/rustup-home:ro,Z" "-m" "1610612736" "--network" "none" "ghcr.io/rust-lang/crates-build-env/linux@sha256:77db811e55d90add9212f6832c23229e3de5f1c1f9905e8cb07319ea15df73ac" "sleep" "infinity", kill_on_drop: false }`
[INFO] [stdout] b9d75aa2a8a0a0c3ce65235573120fc9af2c4ea3299127939a9fb29e0feb1a4c
[INFO] running `Command { std: "docker" "start" "b9d75aa2a8a0a0c3ce65235573120fc9af2c4ea3299127939a9fb29e0feb1a4c", kill_on_drop: false }`
[INFO] running `Command { std: "docker" "inspect" "b9d75aa2a8a0a0c3ce65235573120fc9af2c4ea3299127939a9fb29e0feb1a4c", kill_on_drop: false }`
[INFO] running `Command { std: "docker" "exec" "-e" "SOURCE_DIR=/opt/rustwide/workdir" "-e" "CARGO_HOME=/opt/rustwide/cargo-home" "-e" "RUSTUP_HOME=/opt/rustwide/rustup-home" "-e" "CARGO_TARGET_DIR=/opt/rustwide/target" "-w" "/opt/rustwide/workdir" "--user" "0:0" "b9d75aa2a8a0a0c3ce65235573120fc9af2c4ea3299127939a9fb29e0feb1a4c" "/opt/rustwide/cargo-home/bin/cargo" "+1.100.0-beta.1" "metadata" "--no-deps" "--format-version=1", kill_on_drop: false }`
[INFO] running `Command { std: "docker" "inspect" "b9d75aa2a8a0a0c3ce65235573120fc9af2c4ea3299127939a9fb29e0feb1a4c", kill_on_drop: false }`
[INFO] running `Command { std: "docker" "exec" "-e" "SOURCE_DIR=/opt/rustwide/workdir" "-e" "CARGO_HOME=/opt/rustwide/cargo-home" "-e" "RUSTUP_HOME=/opt/rustwide/rustup-home" "-e" "CARGO_TARGET_DIR=/opt/rustwide/target" "-e" "CARGO_INCREMENTAL=0" "-e" "RUST_BACKTRACE=full" "-e" "RUSTFLAGS=--cap-lints=warn" "-e" "RUSTDOCFLAGS=--cap-lints=warn" "-w" "/opt/rustwide/workdir" "--user" "0:0" "b9d75aa2a8a0a0c3ce65235573120fc9af2c4ea3299127939a9fb29e0feb1a4c" "/opt/rustwide/cargo-home/bin/cargo" "+1.100.0-beta.1" "build" "--frozen" "--message-format=json" "--release", kill_on_drop: false }`
[INFO] [stderr]    Compiling proc-macro2 v0.4.30
[INFO] [stderr]    Compiling unicode-xid v0.1.0
[INFO] [stderr]    Compiling syn v0.15.39
[INFO] [stderr]    Compiling lazy_static v1.3.0
[INFO] [stderr]    Compiling quote v0.6.12
[INFO] [stderr]    Compiling proconio-derive v0.1.5
[INFO] [stderr]    Compiling proconio v0.3.6
[INFO] [stderr]    Compiling abc-c v0.1.0 (/opt/rustwide/workdir)
[INFO] [stdout] warning: variable does not need to be mutable
[INFO] [stdout]   --> src/main.rs:15:9
[INFO] [stdout]    |
[INFO] [stdout] 15 |     let mut ans = x - a;
[INFO] [stdout]    |         ----^^^
[INFO] [stdout]    |         |
[INFO] [stdout]    |         help: remove this `mut`
[INFO] [stdout]    |
[INFO] [stdout]    = note: `#[warn(unused_mut)]` (part of `#[warn(unused)]`) on by default
[INFO] [stdout] 
[INFO] [stdout] 
[INFO] [stdout] warning: value assigned to `ans_times` is never read
[INFO] [stdout]   --> src/main.rs:16:25
[INFO] [stdout]    |
[INFO] [stdout] 16 |     let mut ans_times = 0;
[INFO] [stdout]    |                         ^ this value is reassigned later and never used
[INFO] [stdout] ...
[INFO] [stdout] 53 |                 ans_times = (-ans) % (-d);
[INFO] [stdout]    |                 ------------------------- `ans_times` is overwritten here before the previous value is read
[INFO] [stdout]    |
[INFO] [stdout]    = note: `#[warn(unused_assignments)]` (part of `#[warn(unused)]`) on by default
[INFO] [stdout] 
[INFO] [stdout] 
[INFO] [stderr]     Finished `release` profile [optimized] target(s) in 7.56s
[INFO] running `Command { std: "docker" "inspect" "b9d75aa2a8a0a0c3ce65235573120fc9af2c4ea3299127939a9fb29e0feb1a4c", kill_on_drop: false }`
[INFO] running `Command { std: "docker" "exec" "-e" "SOURCE_DIR=/opt/rustwide/workdir" "-e" "CARGO_HOME=/opt/rustwide/cargo-home" "-e" "RUSTUP_HOME=/opt/rustwide/rustup-home" "-e" "CARGO_TARGET_DIR=/opt/rustwide/target" "-e" "CARGO_INCREMENTAL=0" "-e" "RUST_BACKTRACE=full" "-e" "RUSTFLAGS=--cap-lints=warn" "-e" "RUSTDOCFLAGS=--cap-lints=warn" "-w" "/opt/rustwide/workdir" "--user" "0:0" "b9d75aa2a8a0a0c3ce65235573120fc9af2c4ea3299127939a9fb29e0feb1a4c" "/opt/rustwide/cargo-home/bin/cargo" "+1.100.0-beta.1" "test" "--frozen" "--no-run" "--message-format=json" "--release", kill_on_drop: false }`
[INFO] [stderr]    Compiling cli_test_dir v0.1.7
[INFO] [stdout] warning: variable does not need to be mutable
[INFO] [stdout]   --> src/main.rs:15:9
[INFO] [stdout]    |
[INFO] [stdout] 15 |     let mut ans = x - a;
[INFO] [stdout]    |         ----^^^
[INFO] [stdout]    |         |
[INFO] [stdout]    |         help: remove this `mut`
[INFO] [stdout]    |
[INFO] [stdout]    = note: `#[warn(unused_mut)]` (part of `#[warn(unused)]`) on by default
[INFO] [stdout] 
[INFO] [stdout] 
[INFO] [stdout] warning: value assigned to `ans_times` is never read
[INFO] [stdout]   --> src/main.rs:16:25
[INFO] [stdout]    |
[INFO] [stdout] 16 |     let mut ans_times = 0;
[INFO] [stdout]    |                         ^ this value is reassigned later and never used
[INFO] [stdout] ...
[INFO] [stdout] 53 |                 ans_times = (-ans) % (-d);
[INFO] [stdout]    |                 ------------------------- `ans_times` is overwritten here before the previous value is read
[INFO] [stdout]    |
[INFO] [stdout]    = note: `#[warn(unused_assignments)]` (part of `#[warn(unused)]`) on by default
[INFO] [stdout] 
[INFO] [stdout] 
[INFO] [stderr]    Compiling abc-c v0.1.0 (/opt/rustwide/workdir)
[INFO] [stdout] warning: variable does not need to be mutable
[INFO] [stdout]   --> src/main.rs:15:9
[INFO] [stdout]    |
[INFO] [stdout] 15 |     let mut ans = x - a;
[INFO] [stdout]    |         ----^^^
[INFO] [stdout]    |         |
[INFO] [stdout]    |         help: remove this `mut`
[INFO] [stdout]    |
[INFO] [stdout]    = note: `#[warn(unused_mut)]` (part of `#[warn(unused)]`) on by default
[INFO] [stdout] 
[INFO] [stdout] 
[INFO] [stdout] warning: value assigned to `ans_times` is never read
[INFO] [stdout]   --> src/main.rs:16:25
[INFO] [stdout]    |
[INFO] [stdout] 16 |     let mut ans_times = 0;
[INFO] [stdout]    |                         ^ this value is reassigned later and never used
[INFO] [stdout] ...
[INFO] [stdout] 53 |                 ans_times = (-ans) % (-d);
[INFO] [stdout]    |                 ------------------------- `ans_times` is overwritten here before the previous value is read
[INFO] [stdout]    |
[INFO] [stdout]    = note: `#[warn(unused_assignments)]` (part of `#[warn(unused)]`) on by default
[INFO] [stdout] 
[INFO] [stdout] 
[INFO] [stderr]     Finished `release` profile [optimized] target(s) in 1.15s
[INFO] running `Command { std: "docker" "inspect" "b9d75aa2a8a0a0c3ce65235573120fc9af2c4ea3299127939a9fb29e0feb1a4c", kill_on_drop: false }`
[INFO] running `Command { std: "docker" "exec" "-e" "SOURCE_DIR=/opt/rustwide/workdir" "-e" "CARGO_HOME=/opt/rustwide/cargo-home" "-e" "RUSTUP_HOME=/opt/rustwide/rustup-home" "-e" "CARGO_TARGET_DIR=/opt/rustwide/target" "-e" "CARGO_INCREMENTAL=0" "-e" "RUST_BACKTRACE=full" "-e" "RUSTFLAGS=--cap-lints=warn" "-e" "RUSTDOCFLAGS=--cap-lints=warn" "-w" "/opt/rustwide/workdir" "--user" "0:0" "b9d75aa2a8a0a0c3ce65235573120fc9af2c4ea3299127939a9fb29e0feb1a4c" "/opt/rustwide/cargo-home/bin/cargo" "+1.100.0-beta.1" "test" "--frozen" "--release", kill_on_drop: false }`
[INFO] [stderr] warning: variable does not need to be mutable
[INFO] [stderr]   --> src/main.rs:15:9
[INFO] [stderr]    |
[INFO] [stderr] 15 |     let mut ans = x - a;
[INFO] [stderr]    |         ----^^^
[INFO] [stderr]    |         |
[INFO] [stderr]    |         help: remove this `mut`
[INFO] [stderr]    |
[INFO] [stderr]    = note: `#[warn(unused_mut)]` (part of `#[warn(unused)]`) on by default
[INFO] [stderr] 
[INFO] [stderr] warning: value assigned to `ans_times` is never read
[INFO] [stderr]   --> src/main.rs:16:25
[INFO] [stderr]    |
[INFO] [stderr] 16 |     let mut ans_times = 0;
[INFO] [stderr]    |                         ^ this value is reassigned later and never used
[INFO] [stderr] ...
[INFO] [stderr] 53 |                 ans_times = (-ans) % (-d);
[INFO] [stderr]    |                 ------------------------- `ans_times` is overwritten here before the previous value is read
[INFO] [stderr]    |
[INFO] [stderr]    = note: `#[warn(unused_assignments)]` (part of `#[warn(unused)]`) on by default
[INFO] [stdout] 
[INFO] [stderr] 
[INFO] [stdout] running 0 tests
[INFO] [stderr] warning: `abc-c` (bin "main" test) generated 2 warnings (run `cargo fix --bin "main" -p abc-c --tests` to apply 1 suggestion)
[INFO] [stdout] 
[INFO] [stderr] warning: `abc-c` (bin "main") generated 2 warnings (2 duplicates)
[INFO] [stdout] test result: ok. 0 passed; 0 failed; 0 ignored; 0 measured; 0 filtered out; finished in 0.00s
[INFO] [stderr]     Finished `release` profile [optimized] target(s) in 0.04s
[INFO] [stdout] 
[INFO] [stderr]      Running unittests src/main.rs (/opt/rustwide/target/release/build/abc-c/2b0a92386db657c1/out/main-2b0a92386db657c1)
[INFO] [stderr]      Running tests/sample_inputs.rs (/opt/rustwide/target/release/build/abc-c/25aadbfd0670f374/out/sample_inputs-25aadbfd0670f374)
[INFO] [stdout] 
[INFO] [stderr] WARNING: could not find /opt/rustwide/target/release/build/abc-c/25aadbfd0670f374/out/./main, will search PATH
[INFO] [stdout] running 4 tests
[INFO] [stderr] WARNING: could not find /opt/rustwide/target/release/build/abc-c/25aadbfd0670f374/out/./main, will search PATH
[INFO] [stdout] test sample3 ... FAILED
[INFO] [stderr] WARNING: could not find /opt/rustwide/target/release/build/abc-c/25aadbfd0670f374/out/./main, will search PATH
[INFO] [stderr] WARNING: could not find /opt/rustwide/target/release/build/abc-c/25aadbfd0670f374/out/./main, will search PATH
[INFO] [stdout] test sample2 ... FAILED
[INFO] [stderr] error: test failed, to rerun pass `--test sample_inputs`
[INFO] [stdout] test sample4 ... FAILED
[INFO] [stdout] test sample1 ... FAILED
[INFO] [stdout] 
[INFO] [stdout] failures:
[INFO] [stdout] 
[INFO] [stdout] ---- sample3 stdout ----
[INFO] [stdout] 
[INFO] [stdout] thread 'sample3' (322) panicked at /opt/rustwide/cargo-home/registry/src/index.crates.io-1949cf8c6b5b557f/cli_test_dir-0.1.7/src/lib.rs:458:14:
[INFO] [stdout] error running command: Os { code: 2, kind: NotFound, message: "No such file or directory" }
[INFO] [stdout] stack backtrace:
[INFO] [stdout]    0:     0x5c607898e251 - <<std[617be2ca0a6fd877]::sys::backtrace::BacktraceLock>::print::DisplayBacktrace as core[a373ad73a504971]::fmt::Display>::fmt
[INFO] [stdout]    1:     0x5c60789a28ba - core[a373ad73a504971]::fmt::write
[INFO] [stdout]    2:     0x5c6078992b0c - <alloc[2e1b2a31b91974c5]::vec::Vec<u8> as core[a373ad73a504971]::io::write::Write>::write_fmt
[INFO] [stdout]    3:     0x5c6078968dd6 - std[617be2ca0a6fd877]::panicking::default_hook::{closure#0}
[INFO] [stdout]    4:     0x5c6078986149 - std[617be2ca0a6fd877]::panicking::default_hook
[INFO] [stdout]    5:     0x5c607891fbf0 - test[aada8e7e76ba119b]::test_main_inner::{closure#0}
[INFO] [stdout]    6:     0x5c6078986302 - std[617be2ca0a6fd877]::panicking::panic_with_hook
[INFO] [stdout]    7:     0x5c6078968e82 - std[617be2ca0a6fd877]::panicking::panic_handler::{closure#0}
[INFO] [stdout]    8:     0x5c6078961a79 - std[617be2ca0a6fd877]::sys::backtrace::__rust_end_short_backtrace::<std[617be2ca0a6fd877]::panicking::panic_handler::{closure#0}, !>
[INFO] [stdout]    9:     0x5c6078969a8d - __rustc[ea4f61d10b84890b]::rust_begin_unwind
[INFO] [stdout]   10:     0x5c60789a2fec - core[a373ad73a504971]::panicking::panic_fmt
[INFO] [stdout]   11:     0x5c60789a2dc2 - core[a373ad73a504971]::result::unwrap_failed
[INFO] [stdout]   12:     0x5c6078911b6f - <std[617be2ca0a6fd877]::process::Command as cli_test_dir[6bd1091965f82dc8]::CommandExt>::output_with_stdin::<&str>
[INFO] [stdout]   13:     0x5c60789129fe - <sample_inputs[f396553eaa3b028e]::sample3::{closure#0} as core[a373ad73a504971]::ops::function::FnOnce<()>>::call_once
[INFO] [stdout]   14:     0x5c607891303b - test[aada8e7e76ba119b]::__rust_begin_short_backtrace::<core[a373ad73a504971]::result::Result<(), alloc[2e1b2a31b91974c5]::string::String>, fn() -> core[a373ad73a504971]::result::Result<(), alloc[2e1b2a31b91974c5]::string::String>>
[INFO] [stdout]   15:     0x5c6078920215 - test[aada8e7e76ba119b]::run_test::{closure#0}
[INFO] [stdout]   16:     0x5c6078919b04 - std[617be2ca0a6fd877]::sys::backtrace::__rust_begin_short_backtrace::<test[aada8e7e76ba119b]::run_test::{closure#1}, ()>
[INFO] [stdout]   17:     0x5c60789232a2 - <std[617be2ca0a6fd877]::thread::lifecycle::spawn_unchecked<test[aada8e7e76ba119b]::run_test::{closure#1}, ()>::{closure#1} as core[a373ad73a504971]::ops::function::FnOnce<()>>::call_once::{shim:vtable#0}
[INFO] [stdout]   18:     0x5c607898daaf - <std[617be2ca0a6fd877]::sys::thread::unix::Thread>::new::thread_start
[INFO] [stdout]   19:     0x7de0489acdfa - <unknown>
[INFO] [stdout]   20:     0x7de048a403d4 - clone
[INFO] [stdout]   21:                0x0 - <unknown>
[INFO] [stdout] 
[INFO] [stdout] ---- sample2 stdout ----
[INFO] [stdout] 
[INFO] [stdout] thread 'sample2' (321) panicked at /opt/rustwide/cargo-home/registry/src/index.crates.io-1949cf8c6b5b557f/cli_test_dir-0.1.7/src/lib.rs:458:14:
[INFO] [stdout] error running command: Os { code: 2, kind: NotFound, message: "No such file or directory" }
[INFO] [stdout] stack backtrace:
[INFO] [stdout]    0:     0x5c607898e251 - <<std[617be2ca0a6fd877]::sys::backtrace::BacktraceLock>::print::DisplayBacktrace as core[a373ad73a504971]::fmt::Display>::fmt
[INFO] [stdout]    1:     0x5c60789a28ba - core[a373ad73a504971]::fmt::write
[INFO] [stdout]    2:     0x5c6078992b0c - <alloc[2e1b2a31b91974c5]::vec::Vec<u8> as core[a373ad73a504971]::io::write::Write>::write_fmt
[INFO] [stdout]    3:     0x5c6078968dd6 - std[617be2ca0a6fd877]::panicking::default_hook::{closure#0}
[INFO] [stdout]    4:     0x5c6078986149 - std[617be2ca0a6fd877]::panicking::default_hook
[INFO] [stdout]    5:     0x5c607891fbf0 - test[aada8e7e76ba119b]::test_main_inner::{closure#0}
[INFO] [stdout]    6:     0x5c6078986302 - std[617be2ca0a6fd877]::panicking::panic_with_hook
[INFO] [stdout]    7:     0x5c6078968e82 - std[617be2ca0a6fd877]::panicking::panic_handler::{closure#0}
[INFO] [stdout]    8:     0x5c6078961a79 - std[617be2ca0a6fd877]::sys::backtrace::__rust_end_short_backtrace::<std[617be2ca0a6fd877]::panicking::panic_handler::{closure#0}, !>
[INFO] [stdout]    9:     0x5c6078969a8d - __rustc[ea4f61d10b84890b]::rust_begin_unwind
[INFO] [stdout]   10:     0x5c60789a2fec - core[a373ad73a504971]::panicking::panic_fmt
[INFO] [stdout]   11:     0x5c60789a2dc2 - core[a373ad73a504971]::result::unwrap_failed
[INFO] [stdout]   12:     0x5c6078911b6f - <std[617be2ca0a6fd877]::process::Command as cli_test_dir[6bd1091965f82dc8]::CommandExt>::output_with_stdin::<&str>
[INFO] [stdout]   13:     0x5c607891277e - <sample_inputs[f396553eaa3b028e]::sample2::{closure#0} as core[a373ad73a504971]::ops::function::FnOnce<()>>::call_once
[INFO] [stdout]   14:     0x5c607891303b - test[aada8e7e76ba119b]::__rust_begin_short_backtrace::<core[a373ad73a504971]::result::Result<(), alloc[2e1b2a31b91974c5]::string::String>, fn() -> core[a373ad73a504971]::result::Result<(), alloc[2e1b2a31b91974c5]::string::String>>
[INFO] [stdout]   15:     0x5c6078920215 - test[aada8e7e76ba119b]::run_test::{closure#0}
[INFO] [stdout]   16:     0x5c6078919b04 - std[617be2ca0a6fd877]::sys::backtrace::__rust_begin_short_backtrace::<test[aada8e7e76ba119b]::run_test::{closure#1}, ()>
[INFO] [stdout]   17:     0x5c60789232a2 - <std[617be2ca0a6fd877]::thread::lifecycle::spawn_unchecked<test[aada8e7e76ba119b]::run_test::{closure#1}, ()>::{closure#1} as core[a373ad73a504971]::ops::function::FnOnce<()>>::call_once::{shim:vtable#0}
[INFO] [stdout]   18:     0x5c607898daaf - <std[617be2ca0a6fd877]::sys::thread::unix::Thread>::new::thread_start
[INFO] [stdout]   19:     0x7de0489acdfa - <unknown>
[INFO] [stdout]   20:     0x7de048a403d4 - clone
[INFO] [stdout]   21:                0x0 - <unknown>
[INFO] [stdout] 
[INFO] [stdout] ---- sample4 stdout ----
[INFO] [stdout] 
[INFO] [stdout] thread 'sample4' (323) panicked at /opt/rustwide/cargo-home/registry/src/index.crates.io-1949cf8c6b5b557f/cli_test_dir-0.1.7/src/lib.rs:458:14:
[INFO] [stdout] error running command: Os { code: 2, kind: NotFound, message: "No such file or directory" }
[INFO] [stdout] stack backtrace:
[INFO] [stdout]    0:     0x5c607898e251 - <<std[617be2ca0a6fd877]::sys::backtrace::BacktraceLock>::print::DisplayBacktrace as core[a373ad73a504971]::fmt::Display>::fmt
[INFO] [stdout]    1:     0x5c60789a28ba - core[a373ad73a504971]::fmt::write
[INFO] [stdout]    2:     0x5c6078992b0c - <alloc[2e1b2a31b91974c5]::vec::Vec<u8> as core[a373ad73a504971]::io::write::Write>::write_fmt
[INFO] [stdout]    3:     0x5c6078968dd6 - std[617be2ca0a6fd877]::panicking::default_hook::{closure#0}
[INFO] [stdout]    4:     0x5c6078986149 - std[617be2ca0a6fd877]::panicking::default_hook
[INFO] [stdout]    5:     0x5c607891fbf0 - test[aada8e7e76ba119b]::test_main_inner::{closure#0}
[INFO] [stdout]    6:     0x5c6078986302 - std[617be2ca0a6fd877]::panicking::panic_with_hook
[INFO] [stdout]    7:     0x5c6078968e82 - std[617be2ca0a6fd877]::panicking::panic_handler::{closure#0}
[INFO] [stdout]    8:     0x5c6078961a79 - std[617be2ca0a6fd877]::sys::backtrace::__rust_end_short_backtrace::<std[617be2ca0a6fd877]::panicking::panic_handler::{closure#0}, !>
[INFO] [stdout]    9:     0x5c6078969a8d - __rustc[ea4f61d10b84890b]::rust_begin_unwind
[INFO] [stdout]   10:     0x5c60789a2fec - core[a373ad73a504971]::panicking::panic_fmt
[INFO] [stdout]   11:     0x5c60789a2dc2 - core[a373ad73a504971]::result::unwrap_failed
[INFO] [stdout]   12:     0x5c6078911b6f - <std[617be2ca0a6fd877]::process::Command as cli_test_dir[6bd1091965f82dc8]::CommandExt>::output_with_stdin::<&str>
[INFO] [stdout]   13:     0x5c6078912c8e - <sample_inputs[f396553eaa3b028e]::sample4::{closure#0} as core[a373ad73a504971]::ops::function::FnOnce<()>>::call_once
[INFO] [stdout]   14:     0x5c607891303b - test[aada8e7e76ba119b]::__rust_begin_short_backtrace::<core[a373ad73a504971]::result::Result<(), alloc[2e1b2a31b91974c5]::string::String>, fn() -> core[a373ad73a504971]::result::Result<(), alloc[2e1b2a31b91974c5]::string::String>>
[INFO] [stdout]   15:     0x5c6078920215 - test[aada8e7e76ba119b]::run_test::{closure#0}
[INFO] [stdout]   16:     0x5c6078919b04 - std[617be2ca0a6fd877]::sys::backtrace::__rust_begin_short_backtrace::<test[aada8e7e76ba119b]::run_test::{closure#1}, ()>
[INFO] [stdout]   17:     0x5c60789232a2 - <std[617be2ca0a6fd877]::thread::lifecycle::spawn_unchecked<test[aada8e7e76ba119b]::run_test::{closure#1}, ()>::{closure#1} as core[a373ad73a504971]::ops::function::FnOnce<()>>::call_once::{shim:vtable#0}
[INFO] [stdout]   18:     0x5c607898daaf - <std[617be2ca0a6fd877]::sys::thread::unix::Thread>::new::thread_start
[INFO] [stdout]   19:     0x7de0489acdfa - <unknown>
[INFO] [stdout]   20:     0x7de048a403d4 - clone
[INFO] [stdout]   21:                0x0 - <unknown>
[INFO] [stdout] 
[INFO] [stdout] ---- sample1 stdout ----
[INFO] [stdout] 
[INFO] [stdout] thread 'sample1' (320) panicked at /opt/rustwide/cargo-home/registry/src/index.crates.io-1949cf8c6b5b557f/cli_test_dir-0.1.7/src/lib.rs:458:14:
[INFO] [stdout] error running command: Os { code: 2, kind: NotFound, message: "No such file or directory" }
[INFO] [stdout] stack backtrace:
[INFO] [stdout]    0:     0x5c607898e251 - <<std[617be2ca0a6fd877]::sys::backtrace::BacktraceLock>::print::DisplayBacktrace as core[a373ad73a504971]::fmt::Display>::fmt
[INFO] [stdout]    1:     0x5c60789a28ba - core[a373ad73a504971]::fmt::write
[INFO] [stdout]    2:     0x5c6078992b0c - <alloc[2e1b2a31b91974c5]::vec::Vec<u8> as core[a373ad73a504971]::io::write::Write>::write_fmt
[INFO] [stdout]    3:     0x5c6078968dd6 - std[617be2ca0a6fd877]::panicking::default_hook::{closure#0}
[INFO] [stdout]    4:     0x5c6078986149 - std[617be2ca0a6fd877]::panicking::default_hook
[INFO] [stdout]    5:     0x5c607891fbf0 - test[aada8e7e76ba119b]::test_main_inner::{closure#0}
[INFO] [stdout]    6:     0x5c6078986302 - std[617be2ca0a6fd877]::panicking::panic_with_hook
[INFO] [stdout]    7:     0x5c6078968e82 - std[617be2ca0a6fd877]::panicking::panic_handler::{closure#0}
[INFO] [stdout]    8:     0x5c6078961a79 - std[617be2ca0a6fd877]::sys::backtrace::__rust_end_short_backtrace::<std[617be2ca0a6fd877]::panicking::panic_handler::{closure#0}, !>
[INFO] [stdout]    9:     0x5c6078969a8d - __rustc[ea4f61d10b84890b]::rust_begin_unwind
[INFO] [stdout]   10:     0x5c60789a2fec - core[a373ad73a504971]::panicking::panic_fmt
[INFO] [stdout]   11:     0x5c60789a2dc2 - core[a373ad73a504971]::result::unwrap_failed
[INFO] [stdout]   12:     0x5c6078911b6f - <std[617be2ca0a6fd877]::process::Command as cli_test_dir[6bd1091965f82dc8]::CommandExt>::output_with_stdin::<&str>
[INFO] [stdout]   13:     0x5c60789124fe - <sample_inputs[f396553eaa3b028e]::sample1::{closure#0} as core[a373ad73a504971]::ops::function::FnOnce<()>>::call_once
[INFO] [stdout]   14:     0x5c607891303b - test[aada8e7e76ba119b]::__rust_begin_short_backtrace::<core[a373ad73a504971]::result::Result<(), alloc[2e1b2a31b91974c5]::string::String>, fn() -> core[a373ad73a504971]::result::Result<(), alloc[2e1b2a31b91974c5]::string::String>>
[INFO] [stdout]   15:     0x5c6078920215 - test[aada8e7e76ba119b]::run_test::{closure#0}
[INFO] [stdout]   16:     0x5c6078919b04 - std[617be2ca0a6fd877]::sys::backtrace::__rust_begin_short_backtrace::<test[aada8e7e76ba119b]::run_test::{closure#1}, ()>
[INFO] [stdout]   17:     0x5c60789232a2 - <std[617be2ca0a6fd877]::thread::lifecycle::spawn_unchecked<test[aada8e7e76ba119b]::run_test::{closure#1}, ()>::{closure#1} as core[a373ad73a504971]::ops::function::FnOnce<()>>::call_once::{shim:vtable#0}
[INFO] [stdout]   18:     0x5c607898daaf - <std[617be2ca0a6fd877]::sys::thread::unix::Thread>::new::thread_start
[INFO] [stdout]   19:     0x7de0489acdfa - <unknown>
[INFO] [stdout]   20:     0x7de048a403d4 - clone
[INFO] [stdout]   21:                0x0 - <unknown>
[INFO] [stdout] 
[INFO] [stdout] 
[INFO] [stdout] failures:
[INFO] [stdout]     sample1
[INFO] [stdout]     sample2
[INFO] [stdout]     sample3
[INFO] [stdout]     sample4
[INFO] [stdout] 
[INFO] [stdout] test result: FAILED. 0 passed; 4 failed; 0 ignored; 0 measured; 0 filtered out; finished in 0.00s
[INFO] [stdout] 
[INFO] running `Command { std: "docker" "inspect" "b9d75aa2a8a0a0c3ce65235573120fc9af2c4ea3299127939a9fb29e0feb1a4c", kill_on_drop: false }`
[INFO] running `Command { std: "docker" "rm" "-f" "b9d75aa2a8a0a0c3ce65235573120fc9af2c4ea3299127939a9fb29e0feb1a4c", kill_on_drop: false }`
[INFO] [stdout] b9d75aa2a8a0a0c3ce65235573120fc9af2c4ea3299127939a9fb29e0feb1a4c
