[INFO] cloning repository https://github.com/Yapcheekian/rust-web
[INFO] running `Command { std: "git" "-c" "credential.helper=" "-c" "credential.helper=/workspace/cargo-home/bin/git-credential-null" "clone" "--bare" "https://github.com/Yapcheekian/rust-web" "/workspace/cache/git-repos/https%3A%2F%2Fgithub.com%2FYapcheekian%2Frust-web", kill_on_drop: false }`
[INFO] [stderr] Cloning into bare repository '/workspace/cache/git-repos/https%3A%2F%2Fgithub.com%2FYapcheekian%2Frust-web'...
[INFO] running `Command { std: "git" "rev-parse" "HEAD", kill_on_drop: false }`
[INFO] [stdout] 5a6ba8aa3fceb1396033f472b9cc0ce3310e9e54
[INFO] testing Yapcheekian/rust-web against 1.99.0-beta.8+cargoflags=--release for beta-release-1.100-3
[INFO] running `Command { std: "git" "clone" "/workspace/cache/git-repos/https%3A%2F%2Fgithub.com%2FYapcheekian%2Frust-web" "/workspace/builds/worker-5-tc1/source", kill_on_drop: false }`
[INFO] [stderr] Cloning into '/workspace/builds/worker-5-tc1/source'...
[INFO] [stderr] done.
[INFO] removed /workspace/builds/worker-5-tc1/source/.cargo/config.toml
[INFO] started tweaking git repo https://github.com/Yapcheekian/rust-web
[INFO] finished tweaking git repo https://github.com/Yapcheekian/rust-web
[INFO] tweaked toml for git repo https://github.com/Yapcheekian/rust-web written to /workspace/builds/worker-5-tc1/source/Cargo.toml
[INFO] validating manifest of git repo https://github.com/Yapcheekian/rust-web on toolchain 1.99.0-beta.8
[INFO] running `Command { std: CARGO_HOME="/workspace/cargo-home" RUSTUP_HOME="/workspace/rustup-home" "/workspace/cargo-home/bin/cargo" "+1.99.0-beta.8" "metadata" "--manifest-path" "Cargo.toml" "--no-deps", kill_on_drop: false }`
[INFO] crate git repo https://github.com/Yapcheekian/rust-web already has a lockfile, it will not be regenerated
[INFO] running `Command { std: CARGO_HOME="/workspace/cargo-home" RUSTUP_HOME="/workspace/rustup-home" "/workspace/cargo-home/bin/cargo" "+1.99.0-beta.8" "fetch" "--manifest-path" "Cargo.toml", kill_on_drop: false }`
[INFO] [stderr]     Blocking waiting for file lock on package cache
[INFO] [stderr]     Updating crates.io index
[INFO] [stderr]     Blocking waiting for file lock on package cache
[INFO] [stderr]  Downloading crates ...
[INFO] [stderr]   Downloaded sqlx-rt v0.6.3
[INFO] [stderr]   Downloaded tower-cookies v0.9.0
[INFO] [stderr]   Downloaded sqlx v0.6.3
[INFO] [stderr]   Downloaded wasm-bindgen-macro v0.2.93
[INFO] [stderr]   Downloaded sqlb-macros v0.3.2
[INFO] [stderr]   Downloaded serial_test v2.0.0
[INFO] [stderr]   Downloaded sqlx-macros v0.6.3
[INFO] [stderr]   Downloaded wasm-bindgen-shared v0.2.93
[INFO] [stderr]   Downloaded serial_test_derive v2.0.0
[INFO] [stderr]   Downloaded wasm-bindgen-macro-support v0.2.93
[INFO] [stderr]   Downloaded wasm-bindgen-backend v0.2.93
[INFO] [stderr]   Downloaded sqlb v0.3.8
[INFO] [stderr]   Downloaded wasm-bindgen v0.2.93
[INFO] [stderr]   Downloaded tokio-stream v0.1.16
[INFO] [stderr]   Downloaded reqwest_cookie_store v0.8.0
[INFO] [stderr]   Downloaded wasm-bindgen-futures v0.4.43
[INFO] [stderr]   Downloaded js-sys v0.3.70
[INFO] [stderr]   Downloaded httpc-test v0.1.10
[INFO] [stderr]   Downloaded cc v1.1.28
[INFO] [stderr]   Downloaded security-framework-sys v2.12.0
[INFO] [stderr]   Downloaded schannel v0.1.26
[INFO] [stderr]   Downloaded rustls-pki-types v1.9.0
[INFO] [stderr]   Downloaded openssl-sys v0.9.103
[INFO] [stderr]   Downloaded reqwest v0.12.8
[INFO] [stderr]   Downloaded hyper-util v0.1.9
[INFO] [stderr]   Downloaded base64-url v2.0.2
[INFO] [stderr]   Downloaded cookie_store v0.21.0
[INFO] [stderr]   Downloaded sqlx-core v0.6.3
[INFO] [stderr]   Downloaded h2 v0.4.6
[INFO] [stderr]   Downloaded publicsuffix v2.2.3
[INFO] [stderr]   Downloaded openssl v0.10.66
[INFO] [stderr]   Downloaded rustls v0.23.14
[INFO] [stderr]   Downloaded web-sys v0.3.70
[INFO] [stderr]   Downloaded tokio v1.40.0
[INFO] [stderr]   Downloaded hyper v0.14.30
[INFO] [stderr]   Downloaded anyhow v1.0.89
[INFO] running `Command { std: "docker" "create" "-v" "/var/lib/crater-agent-workspace/builds/worker-5-tc1/source:/opt/rustwide/workdir:ro,Z" "-v" "/var/lib/crater-agent-workspace/builds/worker-5-tc1/target:/opt/rustwide/target:rw,Z" "-v" "/var/lib/crater-agent-workspace/cargo-home:/opt/rustwide/cargo-home:ro,Z" "-v" "/var/lib/crater-agent-workspace/rustup-home:/opt/rustwide/rustup-home:ro,Z" "-m" "1610612736" "--network" "none" "ghcr.io/rust-lang/crates-build-env/linux@sha256:77db811e55d90add9212f6832c23229e3de5f1c1f9905e8cb07319ea15df73ac" "sleep" "infinity", kill_on_drop: false }`
[INFO] [stdout] 9d33e62e41eda6fde6b8356f29cac492a5ca37337860c0d7c8f6f3188fb16da5
[INFO] running `Command { std: "docker" "start" "9d33e62e41eda6fde6b8356f29cac492a5ca37337860c0d7c8f6f3188fb16da5", kill_on_drop: false }`
[INFO] running `Command { std: "docker" "inspect" "9d33e62e41eda6fde6b8356f29cac492a5ca37337860c0d7c8f6f3188fb16da5", kill_on_drop: false }`
[INFO] running `Command { std: "docker" "exec" "-e" "SOURCE_DIR=/opt/rustwide/workdir" "-e" "CARGO_HOME=/opt/rustwide/cargo-home" "-e" "RUSTUP_HOME=/opt/rustwide/rustup-home" "-e" "CARGO_TARGET_DIR=/opt/rustwide/target" "-w" "/opt/rustwide/workdir" "--user" "0:0" "9d33e62e41eda6fde6b8356f29cac492a5ca37337860c0d7c8f6f3188fb16da5" "/opt/rustwide/cargo-home/bin/cargo" "+1.99.0-beta.8" "metadata" "--no-deps" "--format-version=1", kill_on_drop: false }`
[INFO] running `Command { std: "docker" "inspect" "9d33e62e41eda6fde6b8356f29cac492a5ca37337860c0d7c8f6f3188fb16da5", kill_on_drop: false }`
[INFO] running `Command { std: "docker" "exec" "-e" "SOURCE_DIR=/opt/rustwide/workdir" "-e" "CARGO_HOME=/opt/rustwide/cargo-home" "-e" "RUSTUP_HOME=/opt/rustwide/rustup-home" "-e" "CARGO_TARGET_DIR=/opt/rustwide/target" "-e" "CARGO_INCREMENTAL=0" "-e" "RUST_BACKTRACE=full" "-e" "RUSTFLAGS=--cap-lints=warn" "-e" "RUSTDOCFLAGS=--cap-lints=warn" "-w" "/opt/rustwide/workdir" "--user" "0:0" "9d33e62e41eda6fde6b8356f29cac492a5ca37337860c0d7c8f6f3188fb16da5" "/opt/rustwide/cargo-home/bin/cargo" "+1.99.0-beta.8" "build" "--frozen" "--message-format=json" "--release", kill_on_drop: false }`
[INFO] [stderr]    Compiling proc-macro2 v1.0.87
[INFO] [stderr]    Compiling unicode-ident v1.0.13
[INFO] [stderr]    Compiling libc v0.2.159
[INFO] [stderr]    Compiling typenum v1.17.0
[INFO] [stderr]    Compiling cc v1.1.28
[INFO] [stderr]    Compiling once_cell v1.20.2
[INFO] [stderr]    Compiling smallvec v1.13.2
[INFO] [stderr]    Compiling pin-project-lite v0.2.14
[INFO] [stderr]    Compiling bytes v1.7.2
[INFO] [stderr]    Compiling itoa v1.0.11
[INFO] [stderr]    Compiling ahash v0.8.11
[INFO] [stderr]    Compiling log v0.4.22
[INFO] [stderr]    Compiling rustls v0.20.9
[INFO] [stderr]    Compiling parking_lot_core v0.8.6
[INFO] [stderr]    Compiling memchr v2.7.4
[INFO] [stderr]    Compiling quote v1.0.37
[INFO] [stderr]    Compiling getrandom v0.2.15
[INFO] [stderr]    Compiling parking_lot_core v0.9.10
[INFO] [stderr]    Compiling syn v2.0.79
[INFO] [stderr]    Compiling mio v1.0.2
[INFO] [stderr]    Compiling parking_lot v0.12.3
[INFO] [stderr]    Compiling socket2 v0.5.7
[INFO] [stderr]    Compiling ring v0.17.8
[INFO] [stderr]    Compiling ring v0.16.20
[INFO] [stderr]    Compiling generic-array v0.14.7
[INFO] [stderr]    Compiling signal-hook-registry v1.4.2
[INFO] [stderr]    Compiling futures-sink v0.3.31
[INFO] [stderr]    Compiling num-traits v0.2.19
[INFO] [stderr]    Compiling crossbeam-utils v0.8.20
[INFO] [stderr]    Compiling spin v0.9.8
[INFO] [stderr]    Compiling block-buffer v0.10.4
[INFO] [stderr]    Compiling crypto-common v0.1.6
[INFO] [stderr]    Compiling time-core v0.1.2
[INFO] [stderr]    Compiling serde v1.0.210
[INFO] [stderr]    Compiling rustversion v1.0.17
[INFO] [stderr]    Compiling serde_json v1.0.128
[INFO] [stderr]    Compiling num-conv v0.1.0
[INFO] [stderr]    Compiling digest v0.10.7
[INFO] [stderr]    Compiling time-macros v0.2.18
[INFO] [stderr]    Compiling ahash v0.7.8
[INFO] [stderr]    Compiling indexmap v1.9.3
[INFO] [stderr]    Compiling thiserror v1.0.64
[INFO] [stderr]    Compiling tinyvec v1.8.0
[INFO] [stderr]    Compiling unicase v2.7.0
[INFO] [stderr]    Compiling syn v1.0.109
[INFO] [stderr]    Compiling spin v0.5.2
[INFO] [stderr]    Compiling untrusted v0.7.1
[INFO] [stderr]    Compiling tokio v1.40.0
[INFO] [stderr]    Compiling unicode-normalization v0.1.24
[INFO] [stderr]    Compiling tracing-core v0.1.32
[INFO] [stderr]    Compiling instant v0.1.13
[INFO] [stderr]    Compiling unicode-bidi v0.3.17
[INFO] [stderr]    Compiling deranged v0.3.11
[INFO] [stderr]    Compiling webpki v0.22.4
[INFO] [stderr]    Compiling sct v0.7.1
[INFO] [stderr]    Compiling http v0.2.12
[INFO] [stderr]    Compiling zerocopy-derive v0.7.35
[INFO] [stderr]    Compiling serde_derive v1.0.210
[INFO] [stderr]    Compiling tokio-macros v2.4.0
[INFO] [stderr]    Compiling zerocopy v0.7.35
[INFO] [stderr]    Compiling futures-macro v0.3.31
[INFO] [stderr]    Compiling thiserror-impl v1.0.64
[INFO] [stderr]    Compiling ppv-lite86 v0.2.20
[INFO] [stderr]    Compiling futures-util v0.3.31
[INFO] [stderr]    Compiling tracing-attributes v0.1.27
[INFO] [stderr]    Compiling rand_core v0.6.4
[INFO] [stderr]    Compiling allocator-api2 v0.2.18
[INFO] [stderr]    Compiling powerfmt v0.2.0
[INFO] [stderr]    Compiling ryu v1.0.18
[INFO] [stderr]    Compiling cpufeatures v0.2.14
[INFO] [stderr]    Compiling time v0.3.36
[INFO] [stderr]    Compiling nom v7.1.3
[INFO] [stderr]    Compiling form_urlencoded v1.2.1
[INFO] [stderr]    Compiling tracing v0.1.40
[INFO] [stderr]    Compiling hashbrown v0.14.5
[INFO] [stderr]    Compiling rand_chacha v0.3.1
[INFO] [stderr]    Compiling tokio-rustls v0.23.4
[INFO] [stderr]    Compiling http-body v0.4.6
[INFO] [stderr]    Compiling parking_lot v0.11.2
[INFO] [stderr]    Compiling idna v0.5.0
[INFO] [stderr]    Compiling hmac v0.12.1
[INFO] [stderr]    Compiling futures-channel v0.3.31
[INFO] [stderr]    Compiling dirs-sys v0.3.7
[INFO] [stderr]    Compiling fnv v1.0.7
[INFO] [stderr]    Compiling ident_case v1.0.1
[INFO] [stderr]    Compiling futures-task v0.3.31
[INFO] [stderr]    Compiling hashbrown v0.12.3
[INFO] [stderr]    Compiling strsim v0.11.1
[INFO] [stderr]    Compiling darling_core v0.20.10
[INFO] [stderr]    Compiling stringprep v0.1.5
[INFO] [stderr]    Compiling sqlformat v0.2.6
[INFO] [stderr]    Compiling dirs v4.0.0
[INFO] [stderr]    Compiling url v2.5.2
[INFO] [stderr]    Compiling hkdf v0.12.4
[INFO] [stderr]    Compiling futures-intrusive v0.4.2
[INFO] [stderr]    Compiling atoi v1.0.0
[INFO] [stderr]    Compiling sqlx-rt v0.6.3
[INFO] [stderr]    Compiling crossbeam-queue v0.3.11
[INFO] [stderr]    Compiling rand v0.8.5
[INFO] [stderr]    Compiling hashlink v0.8.4
[INFO] [stderr]    Compiling sha1 v0.10.6
[INFO] [stderr]    Compiling sha2 v0.10.8
[INFO] [stderr]    Compiling tokio-stream v0.1.16
[INFO] [stderr]    Compiling async-trait v0.1.83
[INFO] [stderr]    Compiling webpki-roots v0.22.6
[INFO] [stderr]    Compiling axum-core v0.3.4
[INFO] [stderr]    Compiling md-5 v0.10.6
[INFO] [stderr]    Compiling aho-corasick v1.1.3
[INFO] [stderr]    Compiling bitflags v1.3.2
[INFO] [stderr]    Compiling regex-syntax v0.8.5
[INFO] [stderr]    Compiling uuid v1.11.0
[INFO] [stderr]    Compiling base64 v0.13.1
[INFO] [stderr]    Compiling whoami v1.5.2
[INFO] [stderr]    Compiling either v1.13.0
[INFO] [stderr]    Compiling httparse v1.9.5
[INFO] [stderr]    Compiling sqlx-core v0.6.3
[INFO] [stderr]    Compiling regex-automata v0.4.8
[INFO] [stderr]    Compiling mime_guess v2.0.5
[INFO] [stderr]    Compiling darling_macro v0.20.10
[INFO] [stderr]    Compiling pin-project-internal v1.1.6
[INFO] [stderr]    Compiling cookie v0.17.0
[INFO] [stderr]    Compiling try-lock v0.2.5
[INFO] [stderr]    Compiling want v0.3.1
[INFO] [stderr]    Compiling pin-project v1.1.6
[INFO] [stderr]    Compiling regex v1.11.0
[INFO] [stderr]    Compiling darling v0.20.10
[INFO] [stderr]    Compiling axum v0.6.20
[INFO] [stderr]    Compiling hyper v0.14.30
[INFO] [stderr]    Compiling lazy-regex-proc_macros v2.4.1
[INFO] [stderr]    Compiling serde_with_macros v2.3.3
[INFO] [stderr]    Compiling sqlx-macros v0.6.3
[INFO] [stderr]    Compiling tower v0.4.13
[INFO] [stderr]    Compiling tokio-util v0.7.12
[INFO] [stderr]    Compiling serde_urlencoded v0.7.1
[INFO] [stderr]    Compiling serde_path_to_error v0.1.16
[INFO] [stderr]    Compiling sqlb-macros v0.3.2
[INFO] [stderr]    Compiling tracing-log v0.2.0
[INFO] [stderr]    Compiling thread_local v1.1.8
[INFO] [stderr]    Compiling bitflags v2.6.0
[INFO] [stderr]    Compiling http-range-header v0.3.1
[INFO] [stderr]    Compiling sync_wrapper v0.1.2
[INFO] [stderr]    Compiling tracing-subscriber v0.3.18
[INFO] [stderr]    Compiling tower-http v0.4.4
[INFO] [stderr]    Compiling tower-cookies v0.9.0
[INFO] [stderr]    Compiling serde_with v2.3.3
[INFO] [stderr]    Compiling lazy-regex v2.5.0
[INFO] [stderr]    Compiling strum_macros v0.24.3
[INFO] [stderr]    Compiling sqlx v0.6.3
[INFO] [stderr]    Compiling base64-url v2.0.2
[INFO] [stderr]    Compiling sqlb v0.3.8
[INFO] [stderr]    Compiling rust-web-app v0.1.0 (/opt/rustwide/workdir)
[INFO] [stdout] warning: unused import: `Error`
[INFO] [stdout]  --> src/model/task.rs:4:5
[INFO] [stdout]   |
[INFO] [stdout] 4 |     Error, ModelManager, Result,
[INFO] [stdout]   |     ^^^^^
[INFO] [stdout]   |
[INFO] [stdout]   = note: `#[warn(unused_imports)]` (part of `#[warn(unused)]`) on by default
[INFO] [stdout] 
[INFO] [stdout] 
[INFO] [stdout] warning: unused import: `SqlBuilder`
[INFO] [stdout]  --> src/model/base.rs:4:23
[INFO] [stdout]   |
[INFO] [stdout] 4 | use sqlb::{HasFields, SqlBuilder};
[INFO] [stdout]   |                       ^^^^^^^^^^
[INFO] [stdout] 
[INFO] [stdout] 
[INFO] [stdout] warning: unused import: `SqlBuilder`
[INFO] [stdout]  --> src/model/user.rs:8:31
[INFO] [stdout]   |
[INFO] [stdout] 8 | use sqlb::{Fields, HasFields, SqlBuilder, Whereable};
[INFO] [stdout]   |                               ^^^^^^^^^^
[INFO] [stdout] 
[INFO] [stdout] 
[INFO] [stdout] warning: unused import: `Whereable`
[INFO] [stdout]  --> src/model/user.rs:8:43
[INFO] [stdout]   |
[INFO] [stdout] 8 | use sqlb::{Fields, HasFields, SqlBuilder, Whereable};
[INFO] [stdout]   |                                           ^^^^^^^^^
[INFO] [stdout] 
[INFO] [stdout] 
[INFO] [stdout] warning: type `RpcRequest` is more private than the item `rpc_handler`
[INFO] [stdout]   --> src/web/rpc/mod.rs:50:1
[INFO] [stdout]    |
[INFO] [stdout] 50 | / pub async fn rpc_handler(
[INFO] [stdout] 51 | |     State(mm): State<ModelManager>,
[INFO] [stdout] 52 | |     ctx_w: CtxW,
[INFO] [stdout] 53 | |     Json(rpc_req): Json<RpcRequest>,
[INFO] [stdout] 54 | | ) -> Response {
[INFO] [stdout]    | |_____________^ function `rpc_handler` is reachable at visibility `pub(crate)`
[INFO] [stdout]    |
[INFO] [stdout] note: but type `RpcRequest` is only usable at visibility `pub(self)`
[INFO] [stdout]   --> src/web/rpc/mod.rs:22:1
[INFO] [stdout]    |
[INFO] [stdout] 22 | struct RpcRequest {
[INFO] [stdout]    | ^^^^^^^^^^^^^^^^^
[INFO] [stdout]    = note: `#[warn(private_interfaces)]` on by default
[INFO] [stdout] 
[INFO] [stdout] 
[INFO] [stdout] warning: type `RpcRequest` is more private than the item `_rpc_handler`
[INFO] [stdout]   --> src/web/rpc/mod.rs:78:1
[INFO] [stdout]    |
[INFO] [stdout] 78 | pub async fn _rpc_handler(mm: ModelManager, ctx: Ctx, rpc_req: RpcRequest) -> Result<Json<Value>> {
[INFO] [stdout]    | ^^^^^^^^^^^^^^^^^^^^^^^^^^^^^^^^^^^^^^^^^^^^^^^^^^^^^^^^^^^^^^^^^^^^^^^^^^^^^^^^^^^^^^^^^^^^^^^^^ function `_rpc_handler` is reachable at visibility `pub(crate)`
[INFO] [stdout]    |
[INFO] [stdout] note: but type `RpcRequest` is only usable at visibility `pub(self)`
[INFO] [stdout]   --> src/web/rpc/mod.rs:22:1
[INFO] [stdout]    |
[INFO] [stdout] 22 | struct RpcRequest {
[INFO] [stdout]    | ^^^^^^^^^^^^^^^^^
[INFO] [stdout] 
[INFO] [stdout] 
[INFO] [stdout] warning: struct `UserForCreate` is never constructed
[INFO] [stdout]   --> src/model/user.rs:20:12
[INFO] [stdout]    |
[INFO] [stdout] 20 | pub struct UserForCreate {
[INFO] [stdout]    |            ^^^^^^^^^^^^^
[INFO] [stdout]    |
[INFO] [stdout]    = note: `#[warn(dead_code)]` (part of `#[warn(unused)]`) on by default
[INFO] [stdout] 
[INFO] [stdout] 
[INFO] [stdout] warning: struct `UserForInsert` is never constructed
[INFO] [stdout]   --> src/model/user.rs:26:8
[INFO] [stdout]    |
[INFO] [stdout] 26 | struct UserForInsert {
[INFO] [stdout]    |        ^^^^^^^^^^^^^
[INFO] [stdout] 
[INFO] [stdout] 
[INFO] [stdout] warning: field `0` is never read
[INFO] [stdout]  --> src/util/error.rs:5:19
[INFO] [stdout]   |
[INFO] [stdout] 5 |     DateFailParse(String),
[INFO] [stdout]   |     ------------- ^^^^^^
[INFO] [stdout]   |     |
[INFO] [stdout]   |     field in this variant
[INFO] [stdout]   |
[INFO] [stdout]   = note: `Error` has a derived impl for the trait `Debug`, but this is intentionally ignored during dead code analysis
[INFO] [stdout] help: consider changing the field to be of unit type to suppress this warning while preserving the field numbering, or remove the field
[INFO] [stdout]   |
[INFO] [stdout] 5 -     DateFailParse(String),
[INFO] [stdout] 5 +     DateFailParse(()),
[INFO] [stdout]   |
[INFO] [stdout] 
[INFO] [stdout] 
[INFO] [stdout] warning: method `client_status_and_error` is never used
[INFO] [stdout]   --> src/web/error.rs:76:12
[INFO] [stdout]    |
[INFO] [stdout] 75 | impl Error {
[INFO] [stdout]    | ---------- method in this implementation
[INFO] [stdout] 76 |     pub fn client_status_and_error(&self) -> (StatusCode, ClientError) {
[INFO] [stdout]    |            ^^^^^^^^^^^^^^^^^^^^^^^
[INFO] [stdout] 
[INFO] [stdout] 
[INFO] [stdout] warning: enum `ClientError` is never used
[INFO] [stdout]    --> src/web/error.rs:101:10
[INFO] [stdout]     |
[INFO] [stdout] 101 | pub enum ClientError {
[INFO] [stdout]     |          ^^^^^^^^^^^
[INFO] [stdout] 
[INFO] [stdout] 
[INFO] [stderr]     Finished `release` profile [optimized] target(s) in 4m 35s
[INFO] [stderr] warning: the following packages contain code that will be rejected by a future version of Rust: sqlx-core v0.6.3
[INFO] [stderr] note: to see what the problems were, use the option `--future-incompat-report`, or run `cargo report future-incompatibilities --id 3`
[INFO] running `Command { std: "docker" "inspect" "9d33e62e41eda6fde6b8356f29cac492a5ca37337860c0d7c8f6f3188fb16da5", kill_on_drop: false }`
[INFO] running `Command { std: "docker" "exec" "-e" "SOURCE_DIR=/opt/rustwide/workdir" "-e" "CARGO_HOME=/opt/rustwide/cargo-home" "-e" "RUSTUP_HOME=/opt/rustwide/rustup-home" "-e" "CARGO_TARGET_DIR=/opt/rustwide/target" "-e" "CARGO_INCREMENTAL=0" "-e" "RUST_BACKTRACE=full" "-e" "RUSTFLAGS=--cap-lints=warn" "-e" "RUSTDOCFLAGS=--cap-lints=warn" "-w" "/opt/rustwide/workdir" "--user" "0:0" "9d33e62e41eda6fde6b8356f29cac492a5ca37337860c0d7c8f6f3188fb16da5" "/opt/rustwide/cargo-home/bin/cargo" "+1.99.0-beta.8" "test" "--frozen" "--no-run" "--message-format=json" "--release", kill_on_drop: false }`
[INFO] [stderr]    Compiling smallvec v1.13.2
[INFO] [stderr]    Compiling futures-util v0.3.31
[INFO] [stderr]    Compiling pkg-config v0.3.31
[INFO] [stderr]    Compiling vcpkg v0.2.15
[INFO] [stderr]    Compiling http v1.1.0
[INFO] [stderr]    Compiling equivalent v1.0.1
[INFO] [stderr]    Compiling openssl v0.10.66
[INFO] [stderr]    Compiling foreign-types-shared v0.1.1
[INFO] [stderr]    Compiling hashbrown v0.15.0
[INFO] [stderr]    Compiling foreign-types v0.3.2
[INFO] [stderr]    Compiling url v2.5.2
[INFO] [stderr]    Compiling openssl-macros v0.1.1
[INFO] [stderr]    Compiling parking_lot_core v0.9.10
[INFO] [stderr]    Compiling atomic-waker v1.1.2
[INFO] [stderr]    Compiling native-tls v0.2.12
[INFO] [stderr]    Compiling parking_lot v0.12.3
[INFO] [stderr]    Compiling cookie v0.18.1
[INFO] [stderr]    Compiling openssl-probe v0.1.5
[INFO] [stderr]    Compiling openssl-sys v0.9.103
[INFO] [stderr]    Compiling parking_lot_core v0.8.6
[INFO] [stderr]    Compiling idna v0.3.0
[INFO] [stderr]    Compiling tokio v1.40.0
[INFO] [stderr]    Compiling indexmap v2.6.0
[INFO] [stderr]    Compiling http-body v1.0.1
[INFO] [stderr]    Compiling psl-types v2.0.11
[INFO] [stderr]    Compiling publicsuffix v2.2.3
[INFO] [stderr]    Compiling parking_lot v0.11.2
[INFO] [stderr]    Compiling rustls-pki-types v1.9.0
[INFO] [stderr]    Compiling rustls-pemfile v2.2.0
[INFO] [stderr]    Compiling futures-intrusive v0.4.2
[INFO] [stderr]    Compiling cookie_store v0.21.0
[INFO] [stderr]    Compiling sync_wrapper v1.0.1
[INFO] [stderr]    Compiling encoding_rs v0.8.34
[INFO] [stderr]    Compiling base64 v0.22.1
[INFO] [stderr]    Compiling ipnet v2.10.1
[INFO] [stderr]    Compiling anyhow v1.0.89
[INFO] [stderr]    Compiling dashmap v5.5.3
[INFO] [stderr]    Compiling serial_test_derive v2.0.0
[INFO] [stderr]    Compiling http-body-util v0.1.2
[INFO] [stderr]    Compiling axum-core v0.3.4
[INFO] [stderr]    Compiling futures-executor v0.3.31
[INFO] [stderr]    Compiling tracing-subscriber v0.3.18
[INFO] [stderr]    Compiling futures v0.3.31
[INFO] [stderr]    Compiling serial_test v2.0.0
[INFO] [stderr]    Compiling tower-cookies v0.9.0
[INFO] [stderr]    Compiling tokio-util v0.7.12
[INFO] [stderr]    Compiling tokio-native-tls v0.3.1
[INFO] [stderr]    Compiling tokio-rustls v0.23.4
[INFO] [stderr]    Compiling tokio-stream v0.1.16
[INFO] [stderr]    Compiling hyper v0.14.30
[INFO] [stderr]    Compiling tower v0.4.13
[INFO] [stderr]    Compiling sqlx-rt v0.6.3
[INFO] [stderr]    Compiling h2 v0.4.6
[INFO] [stderr]    Compiling tower-http v0.4.4
[INFO] [stderr]    Compiling sqlx-core v0.6.3
[INFO] [stderr]    Compiling axum v0.6.20
[INFO] [stderr]    Compiling hyper v1.4.1
[INFO] [stderr]    Compiling sqlx v0.6.3
[INFO] [stderr]    Compiling sqlb v0.3.8
[INFO] [stderr]    Compiling hyper-util v0.1.9
[INFO] [stderr]    Compiling hyper-tls v0.6.0
[INFO] [stderr]    Compiling reqwest v0.12.8
[INFO] [stderr]    Compiling reqwest_cookie_store v0.8.0
[INFO] [stderr]    Compiling httpc-test v0.1.10
[INFO] [stderr]    Compiling rust-web-app v0.1.0 (/opt/rustwide/workdir)
[INFO] [stdout] warning: unused import: `SqlBuilder`
[INFO] [stdout]  --> src/model/base.rs:4:23
[INFO] [stdout]   |
[INFO] [stdout] 4 | use sqlb::{HasFields, SqlBuilder};
[INFO] [stdout]   |                       ^^^^^^^^^^
[INFO] [stdout]   |
[INFO] [stdout]   = note: `#[warn(unused_imports)]` (part of `#[warn(unused)]`) on by default
[INFO] [stdout] 
[INFO] [stdout] 
[INFO] [stdout] warning: unused import: `SqlBuilder`
[INFO] [stdout]  --> src/model/user.rs:8:31
[INFO] [stdout]   |
[INFO] [stdout] 8 | use sqlb::{Fields, HasFields, SqlBuilder, Whereable};
[INFO] [stdout]   |                               ^^^^^^^^^^
[INFO] [stdout] 
[INFO] [stdout] 
[INFO] [stdout] warning: unused import: `Whereable`
[INFO] [stdout]  --> src/model/user.rs:8:43
[INFO] [stdout]   |
[INFO] [stdout] 8 | use sqlb::{Fields, HasFields, SqlBuilder, Whereable};
[INFO] [stdout]   |                                           ^^^^^^^^^
[INFO] [stdout] 
[INFO] [stdout] 
[INFO] [stdout] warning: type `RpcRequest` is more private than the item `rpc_handler`
[INFO] [stdout]   --> src/web/rpc/mod.rs:50:1
[INFO] [stdout]    |
[INFO] [stdout] 50 | / pub async fn rpc_handler(
[INFO] [stdout] 51 | |     State(mm): State<ModelManager>,
[INFO] [stdout] 52 | |     ctx_w: CtxW,
[INFO] [stdout] 53 | |     Json(rpc_req): Json<RpcRequest>,
[INFO] [stdout] 54 | | ) -> Response {
[INFO] [stdout]    | |_____________^ function `rpc_handler` is reachable at visibility `pub(crate)`
[INFO] [stdout]    |
[INFO] [stdout] note: but type `RpcRequest` is only usable at visibility `pub(self)`
[INFO] [stdout]   --> src/web/rpc/mod.rs:22:1
[INFO] [stdout]    |
[INFO] [stdout] 22 | struct RpcRequest {
[INFO] [stdout]    | ^^^^^^^^^^^^^^^^^
[INFO] [stdout]    = note: `#[warn(private_interfaces)]` on by default
[INFO] [stdout] 
[INFO] [stdout] 
[INFO] [stdout] warning: type `RpcRequest` is more private than the item `_rpc_handler`
[INFO] [stdout]   --> src/web/rpc/mod.rs:78:1
[INFO] [stdout]    |
[INFO] [stdout] 78 | pub async fn _rpc_handler(mm: ModelManager, ctx: Ctx, rpc_req: RpcRequest) -> Result<Json<Value>> {
[INFO] [stdout]    | ^^^^^^^^^^^^^^^^^^^^^^^^^^^^^^^^^^^^^^^^^^^^^^^^^^^^^^^^^^^^^^^^^^^^^^^^^^^^^^^^^^^^^^^^^^^^^^^^^ function `_rpc_handler` is reachable at visibility `pub(crate)`
[INFO] [stdout]    |
[INFO] [stdout] note: but type `RpcRequest` is only usable at visibility `pub(self)`
[INFO] [stdout]   --> src/web/rpc/mod.rs:22:1
[INFO] [stdout]    |
[INFO] [stdout] 22 | struct RpcRequest {
[INFO] [stdout]    | ^^^^^^^^^^^^^^^^^
[INFO] [stdout] 
[INFO] [stdout] 
[INFO] [stdout] warning: struct `UserForCreate` is never constructed
[INFO] [stdout]   --> src/model/user.rs:20:12
[INFO] [stdout]    |
[INFO] [stdout] 20 | pub struct UserForCreate {
[INFO] [stdout]    |            ^^^^^^^^^^^^^
[INFO] [stdout]    |
[INFO] [stdout]    = note: `#[warn(dead_code)]` (part of `#[warn(unused)]`) on by default
[INFO] [stdout] 
[INFO] [stdout] 
[INFO] [stdout] warning: struct `UserForInsert` is never constructed
[INFO] [stdout]   --> src/model/user.rs:26:8
[INFO] [stdout]    |
[INFO] [stdout] 26 | struct UserForInsert {
[INFO] [stdout]    |        ^^^^^^^^^^^^^
[INFO] [stdout] 
[INFO] [stdout] 
[INFO] [stdout] warning: field `0` is never read
[INFO] [stdout]  --> src/util/error.rs:5:19
[INFO] [stdout]   |
[INFO] [stdout] 5 |     DateFailParse(String),
[INFO] [stdout]   |     ------------- ^^^^^^
[INFO] [stdout]   |     |
[INFO] [stdout]   |     field in this variant
[INFO] [stdout]   |
[INFO] [stdout]   = note: `Error` has a derived impl for the trait `Debug`, but this is intentionally ignored during dead code analysis
[INFO] [stdout] help: consider changing the field to be of unit type to suppress this warning while preserving the field numbering, or remove the field
[INFO] [stdout]   |
[INFO] [stdout] 5 -     DateFailParse(String),
[INFO] [stdout] 5 +     DateFailParse(()),
[INFO] [stdout]   |
[INFO] [stdout] 
[INFO] [stdout] 
[INFO] [stdout] warning: method `client_status_and_error` is never used
[INFO] [stdout]   --> src/web/error.rs:76:12
[INFO] [stdout]    |
[INFO] [stdout] 75 | impl Error {
[INFO] [stdout]    | ---------- method in this implementation
[INFO] [stdout] 76 |     pub fn client_status_and_error(&self) -> (StatusCode, ClientError) {
[INFO] [stdout]    |            ^^^^^^^^^^^^^^^^^^^^^^^
[INFO] [stdout] 
[INFO] [stdout] 
[INFO] [stdout] warning: enum `ClientError` is never used
[INFO] [stdout]    --> src/web/error.rs:101:10
[INFO] [stdout]     |
[INFO] [stdout] 101 | pub enum ClientError {
[INFO] [stdout]     |          ^^^^^^^^^^^
[INFO] [stdout] 
[INFO] [stdout] 
[INFO] [stdout] warning: unused implementer of `std::future::Future` that must be used
[INFO] [stdout]    --> src/model/task.rs:179:9
[INFO] [stdout]     |
[INFO] [stdout] 179 | /         TaskBmc::update(
[INFO] [stdout] 180 | |             &ctx,
[INFO] [stdout] 181 | |             &mm,
[INFO] [stdout] 182 | |             fx_task.id,
[INFO] [stdout] ...   |
[INFO] [stdout] 185 | |             },
[INFO] [stdout] 186 | |         );
[INFO] [stdout]     | |_________^
[INFO] [stdout]     |
[INFO] [stdout]     = note: futures do nothing unless you `.await` or poll them
[INFO] [stdout]     = note: `#[warn(unused_must_use)]` (part of `#[warn(unused)]`) on by default
[INFO] [stdout] 
[INFO] [stdout] 
[INFO] [stderr]     Finished `release` profile [optimized] target(s) in 2m 23s
[INFO] [stderr] warning: the following packages contain code that will be rejected by a future version of Rust: sqlx-core v0.6.3
[INFO] [stderr] note: to see what the problems were, use the option `--future-incompat-report`, or run `cargo report future-incompatibilities --id 3`
[INFO] running `Command { std: "docker" "inspect" "9d33e62e41eda6fde6b8356f29cac492a5ca37337860c0d7c8f6f3188fb16da5", kill_on_drop: false }`
[INFO] running `Command { std: "docker" "exec" "-e" "SOURCE_DIR=/opt/rustwide/workdir" "-e" "CARGO_HOME=/opt/rustwide/cargo-home" "-e" "RUSTUP_HOME=/opt/rustwide/rustup-home" "-e" "CARGO_TARGET_DIR=/opt/rustwide/target" "-e" "CARGO_INCREMENTAL=0" "-e" "RUST_BACKTRACE=full" "-e" "RUSTFLAGS=--cap-lints=warn" "-e" "RUSTDOCFLAGS=--cap-lints=warn" "-w" "/opt/rustwide/workdir" "--user" "0:0" "9d33e62e41eda6fde6b8356f29cac492a5ca37337860c0d7c8f6f3188fb16da5" "/opt/rustwide/cargo-home/bin/cargo" "+1.99.0-beta.8" "test" "--frozen" "--release", kill_on_drop: false }`
[INFO] [stderr] warning: unused import: `SqlBuilder`
[INFO] [stderr]  --> src/model/base.rs:4:23
[INFO] [stderr]   |
[INFO] [stderr] 4 | use sqlb::{HasFields, SqlBuilder};
[INFO] [stderr]   |                       ^^^^^^^^^^
[INFO] [stderr]   |
[INFO] [stderr]   = note: `#[warn(unused_imports)]` (part of `#[warn(unused)]`) on by default
[INFO] [stderr] 
[INFO] [stderr] warning: unused import: `SqlBuilder`
[INFO] [stderr]  --> src/model/user.rs:8:31
[INFO] [stderr]   |
[INFO] [stderr] 8 | use sqlb::{Fields, HasFields, SqlBuilder, Whereable};
[INFO] [stderr]   |                               ^^^^^^^^^^
[INFO] [stderr] 
[INFO] [stderr] warning: unused import: `Whereable`
[INFO] [stderr]  --> src/model/user.rs:8:43
[INFO] [stderr]   |
[INFO] [stderr] 8 | use sqlb::{Fields, HasFields, SqlBuilder, Whereable};
[INFO] [stderr]   |                                           ^^^^^^^^^
[INFO] [stderr] 
[INFO] [stderr] warning: type `RpcRequest` is more private than the item `rpc_handler`
[INFO] [stderr]   --> src/web/rpc/mod.rs:50:1
[INFO] [stderr]    |
[INFO] [stderr] 50 | / pub async fn rpc_handler(
[INFO] [stderr] 51 | |     State(mm): State<ModelManager>,
[INFO] [stderr] 52 | |     ctx_w: CtxW,
[INFO] [stderr] 53 | |     Json(rpc_req): Json<RpcRequest>,
[INFO] [stderr] 54 | | ) -> Response {
[INFO] [stderr]    | |_____________^ function `rpc_handler` is reachable at visibility `pub(crate)`
[INFO] [stderr]    |
[INFO] [stderr] note: but type `RpcRequest` is only usable at visibility `pub(self)`
[INFO] [stderr]   --> src/web/rpc/mod.rs:22:1
[INFO] [stderr]    |
[INFO] [stderr] 22 | struct RpcRequest {
[INFO] [stderr]    | ^^^^^^^^^^^^^^^^^
[INFO] [stderr]    = note: `#[warn(private_interfaces)]` on by default
[INFO] [stderr] 
[INFO] [stderr] warning: type `RpcRequest` is more private than the item `_rpc_handler`
[INFO] [stderr]   --> src/web/rpc/mod.rs:78:1
[INFO] [stderr]    |
[INFO] [stderr] 78 | pub async fn _rpc_handler(mm: ModelManager, ctx: Ctx, rpc_req: RpcRequest) -> Result<Json<Value>> {
[INFO] [stderr]    | ^^^^^^^^^^^^^^^^^^^^^^^^^^^^^^^^^^^^^^^^^^^^^^^^^^^^^^^^^^^^^^^^^^^^^^^^^^^^^^^^^^^^^^^^^^^^^^^^^ function `_rpc_handler` is reachable at visibility `pub(crate)`
[INFO] [stderr]    |
[INFO] [stderr] note: but type `RpcRequest` is only usable at visibility `pub(self)`
[INFO] [stderr]   --> src/web/rpc/mod.rs:22:1
[INFO] [stderr]    |
[INFO] [stderr] 22 | struct RpcRequest {
[INFO] [stderr]    | ^^^^^^^^^^^^^^^^^
[INFO] [stderr] 
[INFO] [stderr] warning: struct `UserForCreate` is never constructed
[INFO] [stderr]   --> src/model/user.rs:20:12
[INFO] [stderr]    |
[INFO] [stderr] 20 | pub struct UserForCreate {
[INFO] [stderr]    |            ^^^^^^^^^^^^^
[INFO] [stderr]    |
[INFO] [stderr]    = note: `#[warn(dead_code)]` (part of `#[warn(unused)]`) on by default
[INFO] [stderr] 
[INFO] [stderr] warning: struct `UserForInsert` is never constructed
[INFO] [stderr]   --> src/model/user.rs:26:8
[INFO] [stderr]    |
[INFO] [stderr] 26 | struct UserForInsert {
[INFO] [stderr]    |        ^^^^^^^^^^^^^
[INFO] [stderr] 
[INFO] [stderr] warning: field `0` is never read
[INFO] [stderr]  --> src/util/error.rs:5:19
[INFO] [stderr]   |
[INFO] [stderr] 5 |     DateFailParse(String),
[INFO] [stderr]   |     ------------- ^^^^^^
[INFO] [stderr]   |     |
[INFO] [stderr]   |     field in this variant
[INFO] [stderr]   |
[INFO] [stderr]   = note: `Error` has a derived impl for the trait `Debug`, but this is intentionally ignored during dead code analysis
[INFO] [stderr] help: consider changing the field to be of unit type to suppress this warning while preserving the field numbering, or remove the field
[INFO] [stderr]   |
[INFO] [stderr] 5 -     DateFailParse(String),
[INFO] [stderr] 5 +     DateFailParse(()),
[INFO] [stderr]   |
[INFO] [stderr] 
[INFO] [stderr] warning: method `client_status_and_error` is never used
[INFO] [stderr]   --> src/web/error.rs:76:12
[INFO] [stderr]    |
[INFO] [stderr] 75 | impl Error {
[INFO] [stderr]    | ---------- method in this implementation
[INFO] [stderr] 76 |     pub fn client_status_and_error(&self) -> (StatusCode, ClientError) {
[INFO] [stderr]    |            ^^^^^^^^^^^^^^^^^^^^^^^
[INFO] [stderr] 
[INFO] [stderr] warning: enum `ClientError` is never used
[INFO] [stderr]    --> src/web/error.rs:101:10
[INFO] [stderr]     |
[INFO] [stderr] 101 | pub enum ClientError {
[INFO] [stderr]     |          ^^^^^^^^^^^
[INFO] [stderr] 
[INFO] [stderr] warning: unused implementer of `std::future::Future` that must be used
[INFO] [stderr]    --> src/model/task.rs:179:9
[INFO] [stderr]     |
[INFO] [stderr] 179 | /         TaskBmc::update(
[INFO] [stderr] 180 | |             &ctx,
[INFO] [stderr] 181 | |             &mm,
[INFO] [stderr] 182 | |             fx_task.id,
[INFO] [stderr] ...   |
[INFO] [stderr] 185 | |             },
[INFO] [stderr] 186 | |         );
[INFO] [stderr]     | |_________^
[INFO] [stderr]     |
[INFO] [stderr]     = note: futures do nothing unless you `.await` or poll them
[INFO] [stderr]     = note: `#[warn(unused_must_use)]` (part of `#[warn(unused)]`) on by default
[INFO] [stderr] 
[INFO] [stderr] warning: `rust-web-app` (bin "rust-web-app" test) generated 11 warnings
[INFO] [stderr]     Finished `release` profile [optimized] target(s) in 0.49s
[INFO] [stderr] warning: the following packages contain code that will be rejected by a future version of Rust: sqlx-core v0.6.3
[INFO] [stderr] note: to see what the problems were, use the option `--future-incompat-report`, or run `cargo report future-incompatibilities --id 3`
[INFO] [stderr]      Running unittests src/main.rs (/opt/rustwide/target/release/deps/rust_web_app-bca9925654c6936f)
[INFO] [stdout] 
[INFO] [stdout] running 10 tests
[INFO] [stdout] test crypt::token::tests::test_display_token_ok ... ok
[INFO] [stdout] test crypt::token::tests::test_validate_web_token_ok ... FAILED
[INFO] [stdout] test crypt::tests::test_encrypt_into_b64u_ok ... ok
[INFO] [stdout] test crypt::token::tests::test_validate_web_token_err_expired ... FAILED
[INFO] [stdout] test model::task::tests::test_list_ok ... FAILED
[INFO] [stdout] test model::task::tests::test_create_ok has been running for over 60 seconds
[INFO] [stdout] test model::task::tests::test_delete_err_not_found has been running for over 60 seconds
[INFO] [stdout] test model::task::tests::test_get_err_not_found has been running for over 60 seconds
[INFO] [stdout] test model::task::tests::test_update_ok has been running for over 60 seconds
[INFO] [stdout] test model::user::tests::test_first_ok_demo1 has been running for over 60 seconds
[INFO] [stdout] test model::task::tests::test_create_ok ... FAILED
[INFO] [stdout] test model::user::tests::test_first_ok_demo1 ... FAILED
[INFO] [stdout] test model::task::tests::test_get_err_not_found ... FAILED
[INFO] [stdout] test model::task::tests::test_delete_err_not_found ... FAILED
[INFO] [stdout] test model::task::tests::test_update_ok ... FAILED
[INFO] [stderr] error: test failed, to rerun pass `--bin rust-web-app`
[INFO] [stdout] 
[INFO] [stdout] failures:
[INFO] [stdout] 
[INFO] [stdout] ---- crypt::token::tests::test_validate_web_token_ok stdout ----
[INFO] [stdout] 
[INFO] [stdout] thread 'crypt::token::tests::test_validate_web_token_ok' (5237) panicked at src/config.rs:9:72:
[INFO] [stdout] ConfigMissingEnv("SERVICE_WEB_FOLDER")
[INFO] [stdout] stack backtrace:
[INFO] [stdout]    0:     0x6038b1dabe11 - <<std[70759c8f55707aa4]::sys::backtrace::BacktraceLock>::print::DisplayBacktrace as core[df12db4294e9bfd3]::fmt::Display>::fmt
[INFO] [stdout]    1:     0x6038b1dc45ea - core[df12db4294e9bfd3]::fmt::write
[INFO] [stdout]    2:     0x6038b1db102c - <alloc[2182bb758b4b3781]::vec::Vec<u8> as core[df12db4294e9bfd3]::io::write::Write>::write_fmt
[INFO] [stdout]    3:     0x6038b1d85d66 - std[70759c8f55707aa4]::panicking::default_hook::{closure#0}
[INFO] [stdout]    4:     0x6038b1da3349 - std[70759c8f55707aa4]::panicking::default_hook
[INFO] [stdout]    5:     0x6038b1bc4af0 - test[9d35eded1c95d3be]::test_main_inner::<test[9d35eded1c95d3be]::test_main_static::{closure#0}>::{closure#0}
[INFO] [stdout]    6:     0x6038b1da3672 - std[70759c8f55707aa4]::panicking::panic_with_hook
[INFO] [stdout]    7:     0x6038b1d85e12 - std[70759c8f55707aa4]::panicking::panic_handler::{closure#0}
[INFO] [stdout]    8:     0x6038b1d7e2f9 - std[70759c8f55707aa4]::sys::backtrace::__rust_end_short_backtrace::<std[70759c8f55707aa4]::panicking::panic_handler::{closure#0}, !>
[INFO] [stdout]    9:     0x6038b1d86d0d - __rustc[8fa7c3cbc660c2b3]::rust_begin_unwind
[INFO] [stdout]   10:     0x6038b1dc4d4c - core[df12db4294e9bfd3]::panicking::panic_fmt
[INFO] [stdout]   11:     0x6038b1ba40c4 - rust_web_app[af182279ab259dd0]::config::config::{closure#0}::{closure#0}
[INFO] [stdout]   12:     0x6038b1ba408b - <std[70759c8f55707aa4]::sync::once::Once>::call_once_force::<<std[70759c8f55707aa4]::sync::once_lock::OnceLock<rust_web_app[af182279ab259dd0]::config::Config>>::initialize<<std[70759c8f55707aa4]::sync::once_lock::OnceLock<rust_web_app[af182279ab259dd0]::config::Config>>::get_or_init<rust_web_app[af182279ab259dd0]::config::config::{closure#0}>::{closure#0}, !>::{closure#0}>::{closure#0}
[INFO] [stdout]   13:     0x6038b1d8beb9 - <std[70759c8f55707aa4]::sys::sync::once::futex::Once>::call
[INFO] [stdout]   14:     0x6038b1b9fcde - <std[70759c8f55707aa4]::sync::once_lock::OnceLock<rust_web_app[af182279ab259dd0]::config::Config>>::initialize::<<std[70759c8f55707aa4]::sync::once_lock::OnceLock<rust_web_app[af182279ab259dd0]::config::Config>>::get_or_init<rust_web_app[af182279ab259dd0]::config::config::{closure#0}>::{closure#0}, !>
[INFO] [stdout]   15:     0x6038b1b990d8 - rust_web_app[af182279ab259dd0]::crypt::token::tests::test_validate_web_token_ok
[INFO] [stdout]   16:     0x6038b1b7f4af - <rust_web_app[af182279ab259dd0]::crypt::token::tests::test_validate_web_token_ok::{closure#0} as core[df12db4294e9bfd3]::ops::function::FnOnce<()>>::call_once
[INFO] [stdout]   17:     0x6038b1bb7ddb - test[9d35eded1c95d3be]::__rust_begin_short_backtrace::<core[df12db4294e9bfd3]::result::Result<(), alloc[2182bb758b4b3781]::string::String>, fn() -> core[df12db4294e9bfd3]::result::Result<(), alloc[2182bb758b4b3781]::string::String>>
[INFO] [stdout]   18:     0x6038b1bc5445 - test[9d35eded1c95d3be]::run_test::{closure#0}
[INFO] [stdout]   19:     0x6038b1bbed04 - std[70759c8f55707aa4]::sys::backtrace::__rust_begin_short_backtrace::<test[9d35eded1c95d3be]::run_test::{closure#1}, ()>
[INFO] [stdout]   20:     0x6038b1bc85a2 - <std[70759c8f55707aa4]::thread::lifecycle::spawn_unchecked<test[9d35eded1c95d3be]::run_test::{closure#1}, ()>::{closure#1} as core[df12db4294e9bfd3]::ops::function::FnOnce<()>>::call_once::{shim:vtable#0}
[INFO] [stdout]   21:     0x6038b1daaca9 - <std[70759c8f55707aa4]::sys::thread::unix::Thread>::new::thread_start
[INFO] [stdout]   22:     0x789a1e82cdfa - <unknown>
[INFO] [stdout]   23:     0x789a1e8c03d4 - clone
[INFO] [stdout]   24:                0x0 - <unknown>
[INFO] [stdout] 
[INFO] [stdout] ---- crypt::token::tests::test_validate_web_token_err_expired stdout ----
[INFO] [stdout] 
[INFO] [stdout] thread 'crypt::token::tests::test_validate_web_token_err_expired' (5236) panicked at src/config.rs:9:72:
[INFO] [stdout] ConfigMissingEnv("SERVICE_WEB_FOLDER")
[INFO] [stdout] stack backtrace:
[INFO] [stdout]    0:     0x6038b1dabe11 - <<std[70759c8f55707aa4]::sys::backtrace::BacktraceLock>::print::DisplayBacktrace as core[df12db4294e9bfd3]::fmt::Display>::fmt
[INFO] [stdout]    1:     0x6038b1dc45ea - core[df12db4294e9bfd3]::fmt::write
[INFO] [stdout]    2:     0x6038b1db102c - <alloc[2182bb758b4b3781]::vec::Vec<u8> as core[df12db4294e9bfd3]::io::write::Write>::write_fmt
[INFO] [stdout]    3:     0x6038b1d85d66 - std[70759c8f55707aa4]::panicking::default_hook::{closure#0}
[INFO] [stdout]    4:     0x6038b1da3349 - std[70759c8f55707aa4]::panicking::default_hook
[INFO] [stdout]    5:     0x6038b1bc4af0 - test[9d35eded1c95d3be]::test_main_inner::<test[9d35eded1c95d3be]::test_main_static::{closure#0}>::{closure#0}
[INFO] [stdout]    6:     0x6038b1da3672 - std[70759c8f55707aa4]::panicking::panic_with_hook
[INFO] [stdout]    7:     0x6038b1d85e12 - std[70759c8f55707aa4]::panicking::panic_handler::{closure#0}
[INFO] [stdout]    8:     0x6038b1d7e2f9 - std[70759c8f55707aa4]::sys::backtrace::__rust_end_short_backtrace::<std[70759c8f55707aa4]::panicking::panic_handler::{closure#0}, !>
[INFO] [stdout]    9:     0x6038b1d86d0d - __rustc[8fa7c3cbc660c2b3]::rust_begin_unwind
[INFO] [stdout]   10:     0x6038b1dc4d4c - core[df12db4294e9bfd3]::panicking::panic_fmt
[INFO] [stdout]   11:     0x6038b1ba40c4 - rust_web_app[af182279ab259dd0]::config::config::{closure#0}::{closure#0}
[INFO] [stdout]   12:     0x6038b1ba408b - <std[70759c8f55707aa4]::sync::once::Once>::call_once_force::<<std[70759c8f55707aa4]::sync::once_lock::OnceLock<rust_web_app[af182279ab259dd0]::config::Config>>::initialize<<std[70759c8f55707aa4]::sync::once_lock::OnceLock<rust_web_app[af182279ab259dd0]::config::Config>>::get_or_init<rust_web_app[af182279ab259dd0]::config::config::{closure#0}>::{closure#0}, !>::{closure#0}>::{closure#0}
[INFO] [stdout]   13:     0x6038b1d8beb9 - <std[70759c8f55707aa4]::sys::sync::once::futex::Once>::call
[INFO] [stdout]   14:     0x6038b1b9fcde - <std[70759c8f55707aa4]::sync::once_lock::OnceLock<rust_web_app[af182279ab259dd0]::config::Config>>::initialize::<<std[70759c8f55707aa4]::sync::once_lock::OnceLock<rust_web_app[af182279ab259dd0]::config::Config>>::get_or_init<rust_web_app[af182279ab259dd0]::config::config::{closure#0}>::{closure#0}, !>
[INFO] [stdout]   15:     0x6038b1b9926d - rust_web_app[af182279ab259dd0]::crypt::token::tests::test_validate_web_token_err_expired
[INFO] [stdout]   16:     0x6038b1b7f55f - <rust_web_app[af182279ab259dd0]::crypt::token::tests::test_validate_web_token_err_expired::{closure#0} as core[df12db4294e9bfd3]::ops::function::FnOnce<()>>::call_once
[INFO] [stdout]   17:     0x6038b1bb7ddb - test[9d35eded1c95d3be]::__rust_begin_short_backtrace::<core[df12db4294e9bfd3]::result::Result<(), alloc[2182bb758b4b3781]::string::String>, fn() -> core[df12db4294e9bfd3]::result::Result<(), alloc[2182bb758b4b3781]::string::String>>
[INFO] [stdout]   18:     0x6038b1bc5445 - test[9d35eded1c95d3be]::run_test::{closure#0}
[INFO] [stdout]   19:     0x6038b1bbed04 - std[70759c8f55707aa4]::sys::backtrace::__rust_begin_short_backtrace::<test[9d35eded1c95d3be]::run_test::{closure#1}, ()>
[INFO] [stdout]   20:     0x6038b1bc85a2 - <std[70759c8f55707aa4]::thread::lifecycle::spawn_unchecked<test[9d35eded1c95d3be]::run_test::{closure#1}, ()>::{closure#1} as core[df12db4294e9bfd3]::ops::function::FnOnce<()>>::call_once::{shim:vtable#0}
[INFO] [stdout]   21:     0x6038b1daaca9 - <std[70759c8f55707aa4]::sys::thread::unix::Thread>::new::thread_start
[INFO] [stdout]   22:     0x789a1e82cdfa - <unknown>
[INFO] [stdout]   23:     0x789a1e8c03d4 - clone
[INFO] [stdout]   24:                0x0 - <unknown>
[INFO] [stdout] 
[INFO] [stdout] ---- model::task::tests::test_list_ok stdout ----
[INFO] [stdout] 
[INFO] [stdout] thread 'model::task::tests::test_list_ok' (5241) panicked at src/_dev_utils/mod.rs:20:37:
[INFO] [stdout] called `Result::unwrap()` on an `Err` value: PoolTimedOut
[INFO] [stdout] stack backtrace:
[INFO] [stdout]    0:     0x6038b1dabe11 - <<std[70759c8f55707aa4]::sys::backtrace::BacktraceLock>::print::DisplayBacktrace as core[df12db4294e9bfd3]::fmt::Display>::fmt
[INFO] [stdout]    1:     0x6038b1dc45ea - core[df12db4294e9bfd3]::fmt::write
[INFO] [stdout]    2:     0x6038b1db102c - <alloc[2182bb758b4b3781]::vec::Vec<u8> as core[df12db4294e9bfd3]::io::write::Write>::write_fmt
[INFO] [stdout]    3:     0x6038b1d85d66 - std[70759c8f55707aa4]::panicking::default_hook::{closure#0}
[INFO] [stdout]    4:     0x6038b1da3349 - std[70759c8f55707aa4]::panicking::default_hook
[INFO] [stdout]    5:     0x6038b1bc4af0 - test[9d35eded1c95d3be]::test_main_inner::<test[9d35eded1c95d3be]::test_main_static::{closure#0}>::{closure#0}
[INFO] [stdout]    6:     0x6038b1da3672 - std[70759c8f55707aa4]::panicking::panic_with_hook
[INFO] [stdout]    7:     0x6038b1d85e12 - std[70759c8f55707aa4]::panicking::panic_handler::{closure#0}
[INFO] [stdout]    8:     0x6038b1d7e2f9 - std[70759c8f55707aa4]::sys::backtrace::__rust_end_short_backtrace::<std[70759c8f55707aa4]::panicking::panic_handler::{closure#0}, !>
[INFO] [stdout]    9:     0x6038b1d86d0d - __rustc[8fa7c3cbc660c2b3]::rust_begin_unwind
[INFO] [stdout]   10:     0x6038b1dc4d4c - core[df12db4294e9bfd3]::panicking::panic_fmt
[INFO] [stdout]   11:     0x6038b1dc4b22 - core[df12db4294e9bfd3]::result::unwrap_failed
[INFO] [stdout]   12:     0x6038b1b48aa0 - rust_web_app[af182279ab259dd0]::_dev_utils::init_test::{closure#0}
[INFO] [stdout]   13:     0x6038b1b4d7df - rust_web_app[af182279ab259dd0]::model::task::tests::test_list_ok::{closure#0}
[INFO] [stdout]   14:     0x6038b1ba6af8 - <tokio[95fced778554eb66]::runtime::scheduler::current_thread::Context>::enter::<core[df12db4294e9bfd3]::task::poll::Poll<core[df12db4294e9bfd3]::result::Result<(), anyhow[dcaf920b5d82461c]::Error>>, <tokio[95fced778554eb66]::runtime::scheduler::current_thread::CoreGuard>::block_on<core[df12db4294e9bfd3]::pin::Pin<&mut core[df12db4294e9bfd3]::pin::Pin<&mut dyn core[df12db4294e9bfd3]::future::future::Future<Output = core[df12db4294e9bfd3]::result::Result<(), anyhow[dcaf920b5d82461c]::Error>>>>>::{closure#0}::{closure#0}>
[INFO] [stdout]   15:     0x6038b1bb0585 - <tokio[95fced778554eb66]::runtime::context::scoped::Scoped<tokio[95fced778554eb66]::runtime::scheduler::Context>>::set::<<tokio[95fced778554eb66]::runtime::scheduler::current_thread::CoreGuard>::enter<<tokio[95fced778554eb66]::runtime::scheduler::current_thread::CoreGuard>::block_on<core[df12db4294e9bfd3]::pin::Pin<&mut core[df12db4294e9bfd3]::pin::Pin<&mut dyn core[df12db4294e9bfd3]::future::future::Future<Output = core[df12db4294e9bfd3]::result::Result<(), anyhow[dcaf920b5d82461c]::Error>>>>>::{closure#0}, core[df12db4294e9bfd3]::option::Option<core[df12db4294e9bfd3]::result::Result<(), anyhow[dcaf920b5d82461c]::Error>>>::{closure#0}, (alloc[2182bb758b4b3781]::boxed::Box<tokio[95fced778554eb66]::runtime::scheduler::current_thread::Core>, core[df12db4294e9bfd3]::option::Option<core[df12db4294e9bfd3]::result::Result<(), anyhow[dcaf920b5d82461c]::Error>>)>
[INFO] [stdout]   16:     0x6038b1ba63ee - <tokio[95fced778554eb66]::runtime::runtime::Runtime>::block_on_inner::<core[df12db4294e9bfd3]::pin::Pin<&mut dyn core[df12db4294e9bfd3]::future::future::Future<Output = core[df12db4294e9bfd3]::result::Result<(), anyhow[dcaf920b5d82461c]::Error>>>>
[INFO] [stdout]   17:     0x6038b1b512c9 - rust_web_app[af182279ab259dd0]::model::task::tests::test_list_ok
[INFO] [stdout]   18:     0x6038b1b7f60f - <rust_web_app[af182279ab259dd0]::model::task::tests::test_list_ok::{closure#0} as core[df12db4294e9bfd3]::ops::function::FnOnce<()>>::call_once
[INFO] [stdout]   19:     0x6038b1bb7ddb - test[9d35eded1c95d3be]::__rust_begin_short_backtrace::<core[df12db4294e9bfd3]::result::Result<(), alloc[2182bb758b4b3781]::string::String>, fn() -> core[df12db4294e9bfd3]::result::Result<(), alloc[2182bb758b4b3781]::string::String>>
[INFO] [stdout]   20:     0x6038b1bc5445 - test[9d35eded1c95d3be]::run_test::{closure#0}
[INFO] [stdout]   21:     0x6038b1bbed04 - std[70759c8f55707aa4]::sys::backtrace::__rust_begin_short_backtrace::<test[9d35eded1c95d3be]::run_test::{closure#1}, ()>
[INFO] [stdout]   22:     0x6038b1bc85a2 - <std[70759c8f55707aa4]::thread::lifecycle::spawn_unchecked<test[9d35eded1c95d3be]::run_test::{closure#1}, ()>::{closure#1} as core[df12db4294e9bfd3]::ops::function::FnOnce<()>>::call_once::{shim:vtable#0}
[INFO] [stdout]   23:     0x6038b1daaca9 - <std[70759c8f55707aa4]::sys::thread::unix::Thread>::new::thread_start
[INFO] [stdout]   24:     0x789a1e82cdfa - <unknown>
[INFO] [stdout]   25:     0x789a1e8c03d4 - clone
[INFO] [stdout]   26:                0x0 - <unknown>
[INFO] [stdout] 
[INFO] [stdout] ---- model::task::tests::test_create_ok stdout ----
[INFO] [stdout] 
[INFO] [stdout] thread 'model::task::tests::test_create_ok' (5238) panicked at src/_dev_utils/mod.rs:20:37:
[INFO] [stdout] called `Result::unwrap()` on an `Err` value: PoolTimedOut
[INFO] [stdout] stack backtrace:
[INFO] [stdout]    0:     0x6038b1dabe11 - <<std[70759c8f55707aa4]::sys::backtrace::BacktraceLock>::print::DisplayBacktrace as core[df12db4294e9bfd3]::fmt::Display>::fmt
[INFO] [stdout]    1:     0x6038b1dc45ea - core[df12db4294e9bfd3]::fmt::write
[INFO] [stdout]    2:     0x6038b1db102c - <alloc[2182bb758b4b3781]::vec::Vec<u8> as core[df12db4294e9bfd3]::io::write::Write>::write_fmt
[INFO] [stdout]    3:     0x6038b1d85d66 - std[70759c8f55707aa4]::panicking::default_hook::{closure#0}
[INFO] [stdout]    4:     0x6038b1da3349 - std[70759c8f55707aa4]::panicking::default_hook
[INFO] [stdout]    5:     0x6038b1bc4af0 - test[9d35eded1c95d3be]::test_main_inner::<test[9d35eded1c95d3be]::test_main_static::{closure#0}>::{closure#0}
[INFO] [stdout]    6:     0x6038b1da3672 - std[70759c8f55707aa4]::panicking::panic_with_hook
[INFO] [stdout]    7:     0x6038b1d85e12 - std[70759c8f55707aa4]::panicking::panic_handler::{closure#0}
[INFO] [stdout]    8:     0x6038b1d7e2f9 - std[70759c8f55707aa4]::sys::backtrace::__rust_end_short_backtrace::<std[70759c8f55707aa4]::panicking::panic_handler::{closure#0}, !>
[INFO] [stdout]    9:     0x6038b1d86d0d - __rustc[8fa7c3cbc660c2b3]::rust_begin_unwind
[INFO] [stdout]   10:     0x6038b1dc4d4c - core[df12db4294e9bfd3]::panicking::panic_fmt
[INFO] [stdout]   11:     0x6038b1dc4b22 - core[df12db4294e9bfd3]::result::unwrap_failed
[INFO] [stdout]   12:     0x6038b1b48aa0 - rust_web_app[af182279ab259dd0]::_dev_utils::init_test::{closure#0}
[INFO] [stdout]   13:     0x6038b1b4ed06 - rust_web_app[af182279ab259dd0]::model::task::tests::test_create_ok::{closure#0}
[INFO] [stdout]   14:     0x6038b1ba6af8 - <tokio[95fced778554eb66]::runtime::scheduler::current_thread::Context>::enter::<core[df12db4294e9bfd3]::task::poll::Poll<core[df12db4294e9bfd3]::result::Result<(), anyhow[dcaf920b5d82461c]::Error>>, <tokio[95fced778554eb66]::runtime::scheduler::current_thread::CoreGuard>::block_on<core[df12db4294e9bfd3]::pin::Pin<&mut core[df12db4294e9bfd3]::pin::Pin<&mut dyn core[df12db4294e9bfd3]::future::future::Future<Output = core[df12db4294e9bfd3]::result::Result<(), anyhow[dcaf920b5d82461c]::Error>>>>>::{closure#0}::{closure#0}>
[INFO] [stdout]   15:     0x6038b1bb0585 - <tokio[95fced778554eb66]::runtime::context::scoped::Scoped<tokio[95fced778554eb66]::runtime::scheduler::Context>>::set::<<tokio[95fced778554eb66]::runtime::scheduler::current_thread::CoreGuard>::enter<<tokio[95fced778554eb66]::runtime::scheduler::current_thread::CoreGuard>::block_on<core[df12db4294e9bfd3]::pin::Pin<&mut core[df12db4294e9bfd3]::pin::Pin<&mut dyn core[df12db4294e9bfd3]::future::future::Future<Output = core[df12db4294e9bfd3]::result::Result<(), anyhow[dcaf920b5d82461c]::Error>>>>>::{closure#0}, core[df12db4294e9bfd3]::option::Option<core[df12db4294e9bfd3]::result::Result<(), anyhow[dcaf920b5d82461c]::Error>>>::{closure#0}, (alloc[2182bb758b4b3781]::boxed::Box<tokio[95fced778554eb66]::runtime::scheduler::current_thread::Core>, core[df12db4294e9bfd3]::option::Option<core[df12db4294e9bfd3]::result::Result<(), anyhow[dcaf920b5d82461c]::Error>>)>
[INFO] [stdout]   16:     0x6038b1ba63ee - <tokio[95fced778554eb66]::runtime::runtime::Runtime>::block_on_inner::<core[df12db4294e9bfd3]::pin::Pin<&mut dyn core[df12db4294e9bfd3]::future::future::Future<Output = core[df12db4294e9bfd3]::result::Result<(), anyhow[dcaf920b5d82461c]::Error>>>>
[INFO] [stdout]   17:     0x6038b1b51449 - rust_web_app[af182279ab259dd0]::model::task::tests::test_create_ok
[INFO] [stdout]   18:     0x6038b1b7f6bf - <rust_web_app[af182279ab259dd0]::model::task::tests::test_create_ok::{closure#0} as core[df12db4294e9bfd3]::ops::function::FnOnce<()>>::call_once
[INFO] [stdout]   19:     0x6038b1bb7ddb - test[9d35eded1c95d3be]::__rust_begin_short_backtrace::<core[df12db4294e9bfd3]::result::Result<(), alloc[2182bb758b4b3781]::string::String>, fn() -> core[df12db4294e9bfd3]::result::Result<(), alloc[2182bb758b4b3781]::string::String>>
[INFO] [stdout]   20:     0x6038b1bc5445 - test[9d35eded1c95d3be]::run_test::{closure#0}
[INFO] [stdout]   21:     0x6038b1bbed04 - std[70759c8f55707aa4]::sys::backtrace::__rust_begin_short_backtrace::<test[9d35eded1c95d3be]::run_test::{closure#1}, ()>
[INFO] [stdout]   22:     0x6038b1bc85a2 - <std[70759c8f55707aa4]::thread::lifecycle::spawn_unchecked<test[9d35eded1c95d3be]::run_test::{closure#1}, ()>::{closure#1} as core[df12db4294e9bfd3]::ops::function::FnOnce<()>>::call_once::{shim:vtable#0}
[INFO] [stdout]   23:     0x6038b1daaca9 - <std[70759c8f55707aa4]::sys::thread::unix::Thread>::new::thread_start
[INFO] [stdout]   24:     0x789a1e82cdfa - <unknown>
[INFO] [stdout]   25:     0x789a1e8c03d4 - clone
[INFO] [stdout]   26:                0x0 - <unknown>
[INFO] [stdout] 
[INFO] [stdout] ---- model::user::tests::test_first_ok_demo1 stdout ----
[INFO] [stdout] 
[INFO] [stdout] thread 'model::user::tests::test_first_ok_demo1' (5243) panicked at src/_dev_utils/mod.rs:20:37:
[INFO] [stdout] called `Result::unwrap()` on an `Err` value: PoolTimedOut
[INFO] [stdout] stack backtrace:
[INFO] [stdout]    0:     0x6038b1dabe11 - <<std[70759c8f55707aa4]::sys::backtrace::BacktraceLock>::print::DisplayBacktrace as core[df12db4294e9bfd3]::fmt::Display>::fmt
[INFO] [stdout]    1:     0x6038b1dc45ea - core[df12db4294e9bfd3]::fmt::write
[INFO] [stdout]    2:     0x6038b1db102c - <alloc[2182bb758b4b3781]::vec::Vec<u8> as core[df12db4294e9bfd3]::io::write::Write>::write_fmt
[INFO] [stdout]    3:     0x6038b1d85d66 - std[70759c8f55707aa4]::panicking::default_hook::{closure#0}
[INFO] [stdout]    4:     0x6038b1da3349 - std[70759c8f55707aa4]::panicking::default_hook
[INFO] [stdout]    5:     0x6038b1bc4af0 - test[9d35eded1c95d3be]::test_main_inner::<test[9d35eded1c95d3be]::test_main_static::{closure#0}>::{closure#0}
[INFO] [stdout]    6:     0x6038b1da3672 - std[70759c8f55707aa4]::panicking::panic_with_hook
[INFO] [stdout]    7:     0x6038b1d85e12 - std[70759c8f55707aa4]::panicking::panic_handler::{closure#0}
[INFO] [stdout]    8:     0x6038b1d7e2f9 - std[70759c8f55707aa4]::sys::backtrace::__rust_end_short_backtrace::<std[70759c8f55707aa4]::panicking::panic_handler::{closure#0}, !>
[INFO] [stdout]    9:     0x6038b1d86d0d - __rustc[8fa7c3cbc660c2b3]::rust_begin_unwind
[INFO] [stdout]   10:     0x6038b1dc4d4c - core[df12db4294e9bfd3]::panicking::panic_fmt
[INFO] [stdout]   11:     0x6038b1dc4b22 - core[df12db4294e9bfd3]::result::unwrap_failed
[INFO] [stdout]   12:     0x6038b1b6977b - rust_web_app[af182279ab259dd0]::model::user::tests::test_first_ok_demo1::{closure#0}
[INFO] [stdout]   13:     0x6038b1ba6af8 - <tokio[95fced778554eb66]::runtime::scheduler::current_thread::Context>::enter::<core[df12db4294e9bfd3]::task::poll::Poll<core[df12db4294e9bfd3]::result::Result<(), anyhow[dcaf920b5d82461c]::Error>>, <tokio[95fced778554eb66]::runtime::scheduler::current_thread::CoreGuard>::block_on<core[df12db4294e9bfd3]::pin::Pin<&mut core[df12db4294e9bfd3]::pin::Pin<&mut dyn core[df12db4294e9bfd3]::future::future::Future<Output = core[df12db4294e9bfd3]::result::Result<(), anyhow[dcaf920b5d82461c]::Error>>>>>::{closure#0}::{closure#0}>
[INFO] [stdout]   14:     0x6038b1bb0585 - <tokio[95fced778554eb66]::runtime::context::scoped::Scoped<tokio[95fced778554eb66]::runtime::scheduler::Context>>::set::<<tokio[95fced778554eb66]::runtime::scheduler::current_thread::CoreGuard>::enter<<tokio[95fced778554eb66]::runtime::scheduler::current_thread::CoreGuard>::block_on<core[df12db4294e9bfd3]::pin::Pin<&mut core[df12db4294e9bfd3]::pin::Pin<&mut dyn core[df12db4294e9bfd3]::future::future::Future<Output = core[df12db4294e9bfd3]::result::Result<(), anyhow[dcaf920b5d82461c]::Error>>>>>::{closure#0}, core[df12db4294e9bfd3]::option::Option<core[df12db4294e9bfd3]::result::Result<(), anyhow[dcaf920b5d82461c]::Error>>>::{closure#0}, (alloc[2182bb758b4b3781]::boxed::Box<tokio[95fced778554eb66]::runtime::scheduler::current_thread::Core>, core[df12db4294e9bfd3]::option::Option<core[df12db4294e9bfd3]::result::Result<(), anyhow[dcaf920b5d82461c]::Error>>)>
[INFO] [stdout]   15:     0x6038b1ba63ee - <tokio[95fced778554eb66]::runtime::runtime::Runtime>::block_on_inner::<core[df12db4294e9bfd3]::pin::Pin<&mut dyn core[df12db4294e9bfd3]::future::future::Future<Output = core[df12db4294e9bfd3]::result::Result<(), anyhow[dcaf920b5d82461c]::Error>>>>
[INFO] [stdout]   16:     0x6038b1b6c0e9 - rust_web_app[af182279ab259dd0]::model::user::tests::test_first_ok_demo1
[INFO] [stdout]   17:     0x6038b1b7f97f - <rust_web_app[af182279ab259dd0]::model::user::tests::test_first_ok_demo1::{closure#0} as core[df12db4294e9bfd3]::ops::function::FnOnce<()>>::call_once
[INFO] [stdout]   18:     0x6038b1bb7ddb - test[9d35eded1c95d3be]::__rust_begin_short_backtrace::<core[df12db4294e9bfd3]::result::Result<(), alloc[2182bb758b4b3781]::string::String>, fn() -> core[df12db4294e9bfd3]::result::Result<(), alloc[2182bb758b4b3781]::string::String>>
[INFO] [stdout]   19:     0x6038b1bc5445 - test[9d35eded1c95d3be]::run_test::{closure#0}
[INFO] [stdout]   20:     0x6038b1bbed04 - std[70759c8f55707aa4]::sys::backtrace::__rust_begin_short_backtrace::<test[9d35eded1c95d3be]::run_test::{closure#1}, ()>
[INFO] [stdout]   21:     0x6038b1bc85a2 - <std[70759c8f55707aa4]::thread::lifecycle::spawn_unchecked<test[9d35eded1c95d3be]::run_test::{closure#1}, ()>::{closure#1} as core[df12db4294e9bfd3]::ops::function::FnOnce<()>>::call_once::{shim:vtable#0}
[INFO] [stdout]   22:     0x6038b1daaca9 - <std[70759c8f55707aa4]::sys::thread::unix::Thread>::new::thread_start
[INFO] [stdout]   23:     0x789a1e82cdfa - <unknown>
[INFO] [stdout]   24:     0x789a1e8c03d4 - clone
[INFO] [stdout]   25:                0x0 - <unknown>
[INFO] [stdout] 
[INFO] [stdout] ---- model::task::tests::test_get_err_not_found stdout ----
[INFO] [stdout] 
[INFO] [stdout] thread 'model::task::tests::test_get_err_not_found' (5240) panicked at src/_dev_utils/mod.rs:20:37:
[INFO] [stdout] called `Result::unwrap()` on an `Err` value: PoolTimedOut
[INFO] [stdout] stack backtrace:
[INFO] [stdout]    0:     0x6038b1dabe11 - <<std[70759c8f55707aa4]::sys::backtrace::BacktraceLock>::print::DisplayBacktrace as core[df12db4294e9bfd3]::fmt::Display>::fmt
[INFO] [stdout]    1:     0x6038b1dc45ea - core[df12db4294e9bfd3]::fmt::write
[INFO] [stdout]    2:     0x6038b1db102c - <alloc[2182bb758b4b3781]::vec::Vec<u8> as core[df12db4294e9bfd3]::io::write::Write>::write_fmt
[INFO] [stdout]    3:     0x6038b1d85d66 - std[70759c8f55707aa4]::panicking::default_hook::{closure#0}
[INFO] [stdout]    4:     0x6038b1da3349 - std[70759c8f55707aa4]::panicking::default_hook
[INFO] [stdout]    5:     0x6038b1bc4af0 - test[9d35eded1c95d3be]::test_main_inner::<test[9d35eded1c95d3be]::test_main_static::{closure#0}>::{closure#0}
[INFO] [stdout]    6:     0x6038b1da3672 - std[70759c8f55707aa4]::panicking::panic_with_hook
[INFO] [stdout]    7:     0x6038b1d85e12 - std[70759c8f55707aa4]::panicking::panic_handler::{closure#0}
[INFO] [stdout]    8:     0x6038b1d7e2f9 - std[70759c8f55707aa4]::sys::backtrace::__rust_end_short_backtrace::<std[70759c8f55707aa4]::panicking::panic_handler::{closure#0}, !>
[INFO] [stdout]    9:     0x6038b1d86d0d - __rustc[8fa7c3cbc660c2b3]::rust_begin_unwind
[INFO] [stdout]   10:     0x6038b1dc4d4c - core[df12db4294e9bfd3]::panicking::panic_fmt
[INFO] [stdout]   11:     0x6038b1dc4b22 - core[df12db4294e9bfd3]::result::unwrap_failed
[INFO] [stdout]   12:     0x6038b1b48aa0 - rust_web_app[af182279ab259dd0]::_dev_utils::init_test::{closure#0}
[INFO] [stdout]   13:     0x6038b1b50835 - rust_web_app[af182279ab259dd0]::model::task::tests::test_get_err_not_found::{closure#0}
[INFO] [stdout]   14:     0x6038b1ba6af8 - <tokio[95fced778554eb66]::runtime::scheduler::current_thread::Context>::enter::<core[df12db4294e9bfd3]::task::poll::Poll<core[df12db4294e9bfd3]::result::Result<(), anyhow[dcaf920b5d82461c]::Error>>, <tokio[95fced778554eb66]::runtime::scheduler::current_thread::CoreGuard>::block_on<core[df12db4294e9bfd3]::pin::Pin<&mut core[df12db4294e9bfd3]::pin::Pin<&mut dyn core[df12db4294e9bfd3]::future::future::Future<Output = core[df12db4294e9bfd3]::result::Result<(), anyhow[dcaf920b5d82461c]::Error>>>>>::{closure#0}::{closure#0}>
[INFO] [stdout]   15:     0x6038b1bb0585 - <tokio[95fced778554eb66]::runtime::context::scoped::Scoped<tokio[95fced778554eb66]::runtime::scheduler::Context>>::set::<<tokio[95fced778554eb66]::runtime::scheduler::current_thread::CoreGuard>::enter<<tokio[95fced778554eb66]::runtime::scheduler::current_thread::CoreGuard>::block_on<core[df12db4294e9bfd3]::pin::Pin<&mut core[df12db4294e9bfd3]::pin::Pin<&mut dyn core[df12db4294e9bfd3]::future::future::Future<Output = core[df12db4294e9bfd3]::result::Result<(), anyhow[dcaf920b5d82461c]::Error>>>>>::{closure#0}, core[df12db4294e9bfd3]::option::Option<core[df12db4294e9bfd3]::result::Result<(), anyhow[dcaf920b5d82461c]::Error>>>::{closure#0}, (alloc[2182bb758b4b3781]::boxed::Box<tokio[95fced778554eb66]::runtime::scheduler::current_thread::Core>, core[df12db4294e9bfd3]::option::Option<core[df12db4294e9bfd3]::result::Result<(), anyhow[dcaf920b5d82461c]::Error>>)>
[INFO] [stdout]   16:     0x6038b1ba63ee - <tokio[95fced778554eb66]::runtime::runtime::Runtime>::block_on_inner::<core[df12db4294e9bfd3]::pin::Pin<&mut dyn core[df12db4294e9bfd3]::future::future::Future<Output = core[df12db4294e9bfd3]::result::Result<(), anyhow[dcaf920b5d82461c]::Error>>>>
[INFO] [stdout]   17:     0x6038b1b51749 - rust_web_app[af182279ab259dd0]::model::task::tests::test_get_err_not_found
[INFO] [stdout]   18:     0x6038b1b7f81f - <rust_web_app[af182279ab259dd0]::model::task::tests::test_get_err_not_found::{closure#0} as core[df12db4294e9bfd3]::ops::function::FnOnce<()>>::call_once
[INFO] [stdout]   19:     0x6038b1bb7ddb - test[9d35eded1c95d3be]::__rust_begin_short_backtrace::<core[df12db4294e9bfd3]::result::Result<(), alloc[2182bb758b4b3781]::string::String>, fn() -> core[df12db4294e9bfd3]::result::Result<(), alloc[2182bb758b4b3781]::string::String>>
[INFO] [stdout]   20:     0x6038b1bc5445 - test[9d35eded1c95d3be]::run_test::{closure#0}
[INFO] [stdout]   21:     0x6038b1bbed04 - std[70759c8f55707aa4]::sys::backtrace::__rust_begin_short_backtrace::<test[9d35eded1c95d3be]::run_test::{closure#1}, ()>
[INFO] [stdout]   22:     0x6038b1bc85a2 - <std[70759c8f55707aa4]::thread::lifecycle::spawn_unchecked<test[9d35eded1c95d3be]::run_test::{closure#1}, ()>::{closure#1} as core[df12db4294e9bfd3]::ops::function::FnOnce<()>>::call_once::{shim:vtable#0}
[INFO] [stdout]   23:     0x6038b1daaca9 - <std[70759c8f55707aa4]::sys::thread::unix::Thread>::new::thread_start
[INFO] [stdout]   24:     0x789a1e82cdfa - <unknown>
[INFO] [stdout]   25:     0x789a1e8c03d4 - clone
[INFO] [stdout]   26:                0x0 - <unknown>
[INFO] [stdout] 
[INFO] [stdout] ---- model::task::tests::test_delete_err_not_found stdout ----
[INFO] [stdout] 
[INFO] [stdout] thread 'model::task::tests::test_delete_err_not_found' (5239) panicked at src/_dev_utils/mod.rs:20:37:
[INFO] [stdout] called `Result::unwrap()` on an `Err` value: PoolTimedOut
[INFO] [stdout] stack backtrace:
[INFO] [stdout]    0:     0x6038b1dabe11 - <<std[70759c8f55707aa4]::sys::backtrace::BacktraceLock>::print::DisplayBacktrace as core[df12db4294e9bfd3]::fmt::Display>::fmt
[INFO] [stdout]    1:     0x6038b1dc45ea - core[df12db4294e9bfd3]::fmt::write
[INFO] [stdout]    2:     0x6038b1db102c - <alloc[2182bb758b4b3781]::vec::Vec<u8> as core[df12db4294e9bfd3]::io::write::Write>::write_fmt
[INFO] [stdout]    3:     0x6038b1d85d66 - std[70759c8f55707aa4]::panicking::default_hook::{closure#0}
[INFO] [stdout]    4:     0x6038b1da3349 - std[70759c8f55707aa4]::panicking::default_hook
[INFO] [stdout]    5:     0x6038b1bc4af0 - test[9d35eded1c95d3be]::test_main_inner::<test[9d35eded1c95d3be]::test_main_static::{closure#0}>::{closure#0}
[INFO] [stdout]    6:     0x6038b1da3672 - std[70759c8f55707aa4]::panicking::panic_with_hook
[INFO] [stdout]    7:     0x6038b1d85e12 - std[70759c8f55707aa4]::panicking::panic_handler::{closure#0}
[INFO] [stdout]    8:     0x6038b1d7e2f9 - std[70759c8f55707aa4]::sys::backtrace::__rust_end_short_backtrace::<std[70759c8f55707aa4]::panicking::panic_handler::{closure#0}, !>
[INFO] [stdout]    9:     0x6038b1d86d0d - __rustc[8fa7c3cbc660c2b3]::rust_begin_unwind
[INFO] [stdout]   10:     0x6038b1dc4d4c - core[df12db4294e9bfd3]::panicking::panic_fmt
[INFO] [stdout]   11:     0x6038b1dc4b22 - core[df12db4294e9bfd3]::result::unwrap_failed
[INFO] [stdout]   12:     0x6038b1b48aa0 - rust_web_app[af182279ab259dd0]::_dev_utils::init_test::{closure#0}
[INFO] [stdout]   13:     0x6038b1b50d85 - rust_web_app[af182279ab259dd0]::model::task::tests::test_delete_err_not_found::{closure#0}
[INFO] [stdout]   14:     0x6038b1ba6af8 - <tokio[95fced778554eb66]::runtime::scheduler::current_thread::Context>::enter::<core[df12db4294e9bfd3]::task::poll::Poll<core[df12db4294e9bfd3]::result::Result<(), anyhow[dcaf920b5d82461c]::Error>>, <tokio[95fced778554eb66]::runtime::scheduler::current_thread::CoreGuard>::block_on<core[df12db4294e9bfd3]::pin::Pin<&mut core[df12db4294e9bfd3]::pin::Pin<&mut dyn core[df12db4294e9bfd3]::future::future::Future<Output = core[df12db4294e9bfd3]::result::Result<(), anyhow[dcaf920b5d82461c]::Error>>>>>::{closure#0}::{closure#0}>
[INFO] [stdout]   15:     0x6038b1bb0585 - <tokio[95fced778554eb66]::runtime::context::scoped::Scoped<tokio[95fced778554eb66]::runtime::scheduler::Context>>::set::<<tokio[95fced778554eb66]::runtime::scheduler::current_thread::CoreGuard>::enter<<tokio[95fced778554eb66]::runtime::scheduler::current_thread::CoreGuard>::block_on<core[df12db4294e9bfd3]::pin::Pin<&mut core[df12db4294e9bfd3]::pin::Pin<&mut dyn core[df12db4294e9bfd3]::future::future::Future<Output = core[df12db4294e9bfd3]::result::Result<(), anyhow[dcaf920b5d82461c]::Error>>>>>::{closure#0}, core[df12db4294e9bfd3]::option::Option<core[df12db4294e9bfd3]::result::Result<(), anyhow[dcaf920b5d82461c]::Error>>>::{closure#0}, (alloc[2182bb758b4b3781]::boxed::Box<tokio[95fced778554eb66]::runtime::scheduler::current_thread::Core>, core[df12db4294e9bfd3]::option::Option<core[df12db4294e9bfd3]::result::Result<(), anyhow[dcaf920b5d82461c]::Error>>)>
[INFO] [stdout]   16:     0x6038b1ba63ee - <tokio[95fced778554eb66]::runtime::runtime::Runtime>::block_on_inner::<core[df12db4294e9bfd3]::pin::Pin<&mut dyn core[df12db4294e9bfd3]::future::future::Future<Output = core[df12db4294e9bfd3]::result::Result<(), anyhow[dcaf920b5d82461c]::Error>>>>
[INFO] [stdout]   17:     0x6038b1b518c9 - rust_web_app[af182279ab259dd0]::model::task::tests::test_delete_err_not_found
[INFO] [stdout]   18:     0x6038b1b7f8cf - <rust_web_app[af182279ab259dd0]::model::task::tests::test_delete_err_not_found::{closure#0} as core[df12db4294e9bfd3]::ops::function::FnOnce<()>>::call_once
[INFO] [stdout]   19:     0x6038b1bb7ddb - test[9d35eded1c95d3be]::__rust_begin_short_backtrace::<core[df12db4294e9bfd3]::result::Result<(), alloc[2182bb758b4b3781]::string::String>, fn() -> core[df12db4294e9bfd3]::result::Result<(), alloc[2182bb758b4b3781]::string::String>>
[INFO] [stdout]   20:     0x6038b1bc5445 - test[9d35eded1c95d3be]::run_test::{closure#0}
[INFO] [stdout]   21:     0x6038b1bbed04 - std[70759c8f55707aa4]::sys::backtrace::__rust_begin_short_backtrace::<test[9d35eded1c95d3be]::run_test::{closure#1}, ()>
[INFO] [stdout]   22:     0x6038b1bc85a2 - <std[70759c8f55707aa4]::thread::lifecycle::spawn_unchecked<test[9d35eded1c95d3be]::run_test::{closure#1}, ()>::{closure#1} as core[df12db4294e9bfd3]::ops::function::FnOnce<()>>::call_once::{shim:vtable#0}
[INFO] [stdout]   23:     0x6038b1daaca9 - <std[70759c8f55707aa4]::sys::thread::unix::Thread>::new::thread_start
[INFO] [stdout]   24:     0x789a1e82cdfa - <unknown>
[INFO] [stdout]   25:     0x789a1e8c03d4 - clone
[INFO] [stdout]   26:                0x0 - <unknown>
[INFO] [stdout] 
[INFO] [stdout] ---- model::task::tests::test_update_ok stdout ----
[INFO] [stdout] 
[INFO] [stdout] thread 'model::task::tests::test_update_ok' (5242) panicked at src/_dev_utils/mod.rs:20:37:
[INFO] [stdout] called `Result::unwrap()` on an `Err` value: PoolTimedOut
[INFO] [stdout] stack backtrace:
[INFO] [stdout]    0:     0x6038b1dabe11 - <<std[70759c8f55707aa4]::sys::backtrace::BacktraceLock>::print::DisplayBacktrace as core[df12db4294e9bfd3]::fmt::Display>::fmt
[INFO] [stdout]    1:     0x6038b1dc45ea - core[df12db4294e9bfd3]::fmt::write
[INFO] [stdout]    2:     0x6038b1db102c - <alloc[2182bb758b4b3781]::vec::Vec<u8> as core[df12db4294e9bfd3]::io::write::Write>::write_fmt
[INFO] [stdout]    3:     0x6038b1d85d66 - std[70759c8f55707aa4]::panicking::default_hook::{closure#0}
[INFO] [stdout]    4:     0x6038b1da3349 - std[70759c8f55707aa4]::panicking::default_hook
[INFO] [stdout]    5:     0x6038b1bc4af0 - test[9d35eded1c95d3be]::test_main_inner::<test[9d35eded1c95d3be]::test_main_static::{closure#0}>::{closure#0}
[INFO] [stdout]    6:     0x6038b1da3672 - std[70759c8f55707aa4]::panicking::panic_with_hook
[INFO] [stdout]    7:     0x6038b1d85e12 - std[70759c8f55707aa4]::panicking::panic_handler::{closure#0}
[INFO] [stdout]    8:     0x6038b1d7e2f9 - std[70759c8f55707aa4]::sys::backtrace::__rust_end_short_backtrace::<std[70759c8f55707aa4]::panicking::panic_handler::{closure#0}, !>
[INFO] [stdout]    9:     0x6038b1d86d0d - __rustc[8fa7c3cbc660c2b3]::rust_begin_unwind
[INFO] [stdout]   10:     0x6038b1dc4d4c - core[df12db4294e9bfd3]::panicking::panic_fmt
[INFO] [stdout]   11:     0x6038b1dc4b22 - core[df12db4294e9bfd3]::result::unwrap_failed
[INFO] [stdout]   12:     0x6038b1b48aa0 - rust_web_app[af182279ab259dd0]::_dev_utils::init_test::{closure#0}
[INFO] [stdout]   13:     0x6038b1b4ff59 - rust_web_app[af182279ab259dd0]::model::task::tests::test_update_ok::{closure#0}
[INFO] [stdout]   14:     0x6038b1ba6af8 - <tokio[95fced778554eb66]::runtime::scheduler::current_thread::Context>::enter::<core[df12db4294e9bfd3]::task::poll::Poll<core[df12db4294e9bfd3]::result::Result<(), anyhow[dcaf920b5d82461c]::Error>>, <tokio[95fced778554eb66]::runtime::scheduler::current_thread::CoreGuard>::block_on<core[df12db4294e9bfd3]::pin::Pin<&mut core[df12db4294e9bfd3]::pin::Pin<&mut dyn core[df12db4294e9bfd3]::future::future::Future<Output = core[df12db4294e9bfd3]::result::Result<(), anyhow[dcaf920b5d82461c]::Error>>>>>::{closure#0}::{closure#0}>
[INFO] [stdout]   15:     0x6038b1bb0585 - <tokio[95fced778554eb66]::runtime::context::scoped::Scoped<tokio[95fced778554eb66]::runtime::scheduler::Context>>::set::<<tokio[95fced778554eb66]::runtime::scheduler::current_thread::CoreGuard>::enter<<tokio[95fced778554eb66]::runtime::scheduler::current_thread::CoreGuard>::block_on<core[df12db4294e9bfd3]::pin::Pin<&mut core[df12db4294e9bfd3]::pin::Pin<&mut dyn core[df12db4294e9bfd3]::future::future::Future<Output = core[df12db4294e9bfd3]::result::Result<(), anyhow[dcaf920b5d82461c]::Error>>>>>::{closure#0}, core[df12db4294e9bfd3]::option::Option<core[df12db4294e9bfd3]::result::Result<(), anyhow[dcaf920b5d82461c]::Error>>>::{closure#0}, (alloc[2182bb758b4b3781]::boxed::Box<tokio[95fced778554eb66]::runtime::scheduler::current_thread::Core>, core[df12db4294e9bfd3]::option::Option<core[df12db4294e9bfd3]::result::Result<(), anyhow[dcaf920b5d82461c]::Error>>)>
[INFO] [stdout]   16:     0x6038b1ba63ee - <tokio[95fced778554eb66]::runtime::runtime::Runtime>::block_on_inner::<core[df12db4294e9bfd3]::pin::Pin<&mut dyn core[df12db4294e9bfd3]::future::future::Future<Output = core[df12db4294e9bfd3]::result::Result<(), anyhow[dcaf920b5d82461c]::Error>>>>
[INFO] [stdout]   17:     0x6038b1b515c9 - rust_web_app[af182279ab259dd0]::model::task::tests::test_update_ok
[INFO] [stdout]   18:     0x6038b1b7f76f - <rust_web_app[af182279ab259dd0]::model::task::tests::test_update_ok::{closure#0} as core[df12db4294e9bfd3]::ops::function::FnOnce<()>>::call_once
[INFO] [stdout]   19:     0x6038b1bb7ddb - test[9d35eded1c95d3be]::__rust_begin_short_backtrace::<core[df12db4294e9bfd3]::result::Result<(), alloc[2182bb758b4b3781]::string::String>, fn() -> core[df12db4294e9bfd3]::result::Result<(), alloc[2182bb758b4b3781]::string::String>>
[INFO] [stdout]   20:     0x6038b1bc5445 - test[9d35eded1c95d3be]::run_test::{closure#0}
[INFO] [stdout]   21:     0x6038b1bbed04 - std[70759c8f55707aa4]::sys::backtrace::__rust_begin_short_backtrace::<test[9d35eded1c95d3be]::run_test::{closure#1}, ()>
[INFO] [stdout]   22:     0x6038b1bc85a2 - <std[70759c8f55707aa4]::thread::lifecycle::spawn_unchecked<test[9d35eded1c95d3be]::run_test::{closure#1}, ()>::{closure#1} as core[df12db4294e9bfd3]::ops::function::FnOnce<()>>::call_once::{shim:vtable#0}
[INFO] [stdout]   23:     0x6038b1daaca9 - <std[70759c8f55707aa4]::sys::thread::unix::Thread>::new::thread_start
[INFO] [stdout]   24:     0x789a1e82cdfa - <unknown>
[INFO] [stdout]   25:     0x789a1e8c03d4 - clone
[INFO] [stdout]   26:                0x0 - <unknown>
[INFO] [stdout] 
[INFO] [stdout] 
[INFO] [stdout] failures:
[INFO] [stdout]     crypt::token::tests::test_validate_web_token_err_expired
[INFO] [stdout]     crypt::token::tests::test_validate_web_token_ok
[INFO] [stdout]     model::task::tests::test_create_ok
[INFO] [stdout]     model::task::tests::test_delete_err_not_found
[INFO] [stdout]     model::task::tests::test_get_err_not_found
[INFO] [stdout]     model::task::tests::test_list_ok
[INFO] [stdout]     model::task::tests::test_update_ok
[INFO] [stdout]     model::user::tests::test_first_ok_demo1
[INFO] [stdout] 
[INFO] [stdout] test result: FAILED. 2 passed; 8 failed; 0 ignored; 0 measured; 0 filtered out; finished in 180.02s
[INFO] [stdout] 
[INFO] running `Command { std: "docker" "inspect" "9d33e62e41eda6fde6b8356f29cac492a5ca37337860c0d7c8f6f3188fb16da5", kill_on_drop: false }`
[INFO] running `Command { std: "docker" "rm" "-f" "9d33e62e41eda6fde6b8356f29cac492a5ca37337860c0d7c8f6f3188fb16da5", kill_on_drop: false }`
[INFO] [stdout] 9d33e62e41eda6fde6b8356f29cac492a5ca37337860c0d7c8f6f3188fb16da5
