[INFO] cloning repository https://github.com/WalletConnect/rust-http-starter
[INFO] running `Command { std: "git" "-c" "credential.helper=" "-c" "credential.helper=/workspace/cargo-home/bin/git-credential-null" "clone" "--bare" "https://github.com/WalletConnect/rust-http-starter" "/workspace/cache/git-repos/https%3A%2F%2Fgithub.com%2FWalletConnect%2Frust-http-starter", kill_on_drop: false }`
[INFO] [stderr] Cloning into bare repository '/workspace/cache/git-repos/https%3A%2F%2Fgithub.com%2FWalletConnect%2Frust-http-starter'...
[INFO] running `Command { std: "git" "rev-parse" "HEAD", kill_on_drop: false }`
[INFO] [stdout] fb2a32c4642e1b8e7d4cac6449f6356c4faad273
[INFO] testing WalletConnect/rust-http-starter against 1.99.0-beta.8+cargoflags=--release for beta-release-1.100-3
[INFO] running `Command { std: "git" "clone" "/workspace/cache/git-repos/https%3A%2F%2Fgithub.com%2FWalletConnect%2Frust-http-starter" "/workspace/builds/worker-6-tc1/source", kill_on_drop: false }`
[INFO] [stderr] Cloning into '/workspace/builds/worker-6-tc1/source'...
[INFO] [stderr] done.
[INFO] started tweaking git repo https://github.com/WalletConnect/rust-http-starter
[INFO] finished tweaking git repo https://github.com/WalletConnect/rust-http-starter
[INFO] tweaked toml for git repo https://github.com/WalletConnect/rust-http-starter written to /workspace/builds/worker-6-tc1/source/Cargo.toml
[INFO] validating manifest of git repo https://github.com/WalletConnect/rust-http-starter on toolchain 1.99.0-beta.8
[INFO] running `Command { std: CARGO_HOME="/workspace/cargo-home" RUSTUP_HOME="/workspace/rustup-home" "/workspace/cargo-home/bin/cargo" "+1.99.0-beta.8" "metadata" "--manifest-path" "Cargo.toml" "--no-deps", kill_on_drop: false }`
[INFO] crate git repo https://github.com/WalletConnect/rust-http-starter already has a lockfile, it will not be regenerated
[INFO] running `Command { std: CARGO_HOME="/workspace/cargo-home" RUSTUP_HOME="/workspace/rustup-home" "/workspace/cargo-home/bin/cargo" "+1.99.0-beta.8" "fetch" "--manifest-path" "Cargo.toml", kill_on_drop: false }`
[INFO] [stderr]     Blocking waiting for file lock on package cache
[INFO] [stderr]     Updating crates.io index
[INFO] [stderr]     Blocking waiting for file lock on package cache
[INFO] [stderr]  Downloading crates ...
[INFO] [stderr]   Downloaded tracing-opentelemetry v0.17.4
[INFO] [stderr]   Downloaded async-trait v0.1.58
[INFO] [stderr]   Downloaded test-context v0.1.4
[INFO] [stderr]   Downloaded test-context-macros v0.1.4
[INFO] [stderr]   Downloaded whoami v1.2.3
[INFO] [stderr]   Downloaded dashmap v4.0.2
[INFO] [stderr]   Downloaded jobserver v0.1.25
[INFO] [stderr]   Downloaded schannel v0.1.20
[INFO] [stderr]   Downloaded paste v1.0.9
[INFO] [stderr]   Downloaded cxxbridge-flags v1.0.82
[INFO] [stderr]   Downloaded tonic-build v0.6.2
[INFO] [stderr]   Downloaded wasm-bindgen-futures v0.4.33
[INFO] [stderr]   Downloaded crossbeam-channel v0.5.6
[INFO] [stderr]   Downloaded openssl-sys v0.9.78
[INFO] [stderr]   Downloaded link-cplusplus v1.0.7
[INFO] [stderr]   Downloaded winreg v0.10.1
[INFO] [stderr]   Downloaded ipnet v2.6.0
[INFO] [stderr]   Downloaded which v4.3.0
[INFO] [stderr]   Downloaded prost v0.9.0
[INFO] [stderr]   Downloaded prost-derive v0.9.0
[INFO] [stderr]   Downloaded prost-types v0.9.0
[INFO] [stderr]   Downloaded serde_derive v1.0.147
[INFO] [stderr]   Downloaded scratch v1.0.2
[INFO] [stderr]   Downloaded anyhow v1.0.66
[INFO] [stderr]   Downloaded build-info-proc v0.0.28
[INFO] [stderr]   Downloaded opentelemetry v0.17.0
[INFO] [stderr]   Downloaded cxxbridge-macro v1.0.82
[INFO] [stderr]   Downloaded yansi v0.5.1
[INFO] [stderr]   Downloaded envy v0.4.2
[INFO] [stderr]   Downloaded build-info-common v0.0.28
[INFO] [stderr]   Downloaded tonic v0.6.2
[INFO] [stderr]   Downloaded build-info-build v0.0.28
[INFO] [stderr]   Downloaded ctor v0.1.26
[INFO] [stderr]   Downloaded cargo_metadata v0.15.2
[INFO] [stderr]   Downloaded cargo-platform v0.1.2
[INFO] [stderr]   Downloaded build-info v0.0.28
[INFO] [stderr]   Downloaded serde_path_to_error v0.1.8
[INFO] [stderr]   Downloaded matchit v0.6.0
[INFO] [stderr]   Downloaded axum-core v0.3.0
[INFO] [stderr]   Downloaded cxx-build v1.0.82
[INFO] [stderr]   Downloaded opentelemetry-otlp v0.10.0
[INFO] [stderr]   Downloaded async-stream v0.3.3
[INFO] [stderr]   Downloaded async-stream-impl v0.3.3
[INFO] [stderr]   Downloaded diff v0.1.13
[INFO] [stderr]   Downloaded glob v0.3.0
[INFO] [stderr]   Downloaded camino v1.1.1
[INFO] [stderr]   Downloaded output_vt100 v0.1.3
[INFO] [stderr]   Downloaded rustversion v1.0.9
[INFO] [stderr]   Downloaded pretty_assertions v1.3.0
[INFO] [stderr]   Downloaded semver v1.0.14
[INFO] [stderr]   Downloaded reqwest v0.11.13
[INFO] [stderr]   Downloaded openssl v0.10.43
[INFO] [stderr]   Downloaded petgraph v0.6.2
[INFO] [stderr]   Downloaded cxx v1.0.82
[INFO] [stderr]   Downloaded axum v0.6.0
[INFO] [stderr]   Downloaded git2 v0.15.0
[INFO] [stderr]   Downloaded encoding_rs v0.8.31
[INFO] [stderr]   Downloaded libgit2-sys v0.14.0+1.5.0
[INFO] [stderr]   Downloaded libz-sys v1.1.8
[INFO] [stderr]   Downloaded prost-build v0.9.0
[INFO] running `Command { std: "docker" "create" "-v" "/var/lib/crater-agent-workspace/builds/worker-6-tc1/source:/opt/rustwide/workdir:ro,Z" "-v" "/var/lib/crater-agent-workspace/builds/worker-6-tc1/target:/opt/rustwide/target:rw,Z" "-v" "/var/lib/crater-agent-workspace/cargo-home:/opt/rustwide/cargo-home:ro,Z" "-v" "/var/lib/crater-agent-workspace/rustup-home:/opt/rustwide/rustup-home:ro,Z" "-m" "1610612736" "--network" "none" "ghcr.io/rust-lang/crates-build-env/linux@sha256:77db811e55d90add9212f6832c23229e3de5f1c1f9905e8cb07319ea15df73ac" "sleep" "infinity", kill_on_drop: false }`
[INFO] [stdout] 3652bde5ddc9c29c3127574ae7ef74aadef3b980e7729ce50ce33863803f0951
[INFO] running `Command { std: "docker" "start" "3652bde5ddc9c29c3127574ae7ef74aadef3b980e7729ce50ce33863803f0951", kill_on_drop: false }`
[INFO] running `Command { std: "docker" "inspect" "3652bde5ddc9c29c3127574ae7ef74aadef3b980e7729ce50ce33863803f0951", kill_on_drop: false }`
[INFO] running `Command { std: "docker" "exec" "-e" "SOURCE_DIR=/opt/rustwide/workdir" "-e" "CARGO_HOME=/opt/rustwide/cargo-home" "-e" "RUSTUP_HOME=/opt/rustwide/rustup-home" "-e" "CARGO_TARGET_DIR=/opt/rustwide/target" "-w" "/opt/rustwide/workdir" "--user" "0:0" "3652bde5ddc9c29c3127574ae7ef74aadef3b980e7729ce50ce33863803f0951" "/opt/rustwide/cargo-home/bin/cargo" "+1.99.0-beta.8" "metadata" "--no-deps" "--format-version=1", kill_on_drop: false }`
[INFO] running `Command { std: "docker" "inspect" "3652bde5ddc9c29c3127574ae7ef74aadef3b980e7729ce50ce33863803f0951", kill_on_drop: false }`
[INFO] running `Command { std: "docker" "exec" "-e" "SOURCE_DIR=/opt/rustwide/workdir" "-e" "CARGO_HOME=/opt/rustwide/cargo-home" "-e" "RUSTUP_HOME=/opt/rustwide/rustup-home" "-e" "CARGO_TARGET_DIR=/opt/rustwide/target" "-e" "CARGO_INCREMENTAL=0" "-e" "RUST_BACKTRACE=full" "-e" "RUSTFLAGS=--cap-lints=warn" "-e" "RUSTDOCFLAGS=--cap-lints=warn" "-w" "/opt/rustwide/workdir" "--user" "0:0" "3652bde5ddc9c29c3127574ae7ef74aadef3b980e7729ce50ce33863803f0951" "/opt/rustwide/cargo-home/bin/cargo" "+1.99.0-beta.8" "build" "--frozen" "--message-format=json" "--release", kill_on_drop: false }`
[INFO] [stderr]    Compiling libc v0.2.137
[INFO] [stderr]    Compiling proc-macro2 v1.0.47
[INFO] [stderr]    Compiling quote v1.0.21
[INFO] [stderr]    Compiling unicode-ident v1.0.5
[INFO] [stderr]    Compiling syn v1.0.103
[INFO] [stderr]    Compiling pkg-config v0.3.26
[INFO] [stderr]    Compiling futures-core v0.3.25
[INFO] [stderr]    Compiling serde v1.0.147
[INFO] [stderr]    Compiling once_cell v1.16.0
[INFO] [stderr]    Compiling serde_derive v1.0.147
[INFO] [stderr]    Compiling typenum v1.15.0
[INFO] [stderr]    Compiling bytes v1.3.0
[INFO] [stderr]    Compiling parking_lot_core v0.9.4
[INFO] [stderr]    Compiling tokio v1.22.0
[INFO] [stderr]    Compiling futures-sink v0.3.25
[INFO] [stderr]    Compiling slab v0.4.7
[INFO] [stderr]    Compiling either v1.8.0
[INFO] [stderr]    Compiling futures-channel v0.3.25
[INFO] [stderr]    Compiling futures-task v0.3.25
[INFO] [stderr]    Compiling anyhow v1.0.66
[INFO] [stderr]    Compiling futures-util v0.3.25
[INFO] [stderr]    Compiling jobserver v0.1.25
[INFO] [stderr]    Compiling num_cpus v1.14.0
[INFO] [stderr]    Compiling socket2 v0.4.7
[INFO] [stderr]    Compiling mio v0.8.5
[INFO] [stderr]    Compiling cc v1.0.77
[INFO] [stderr]    Compiling parking_lot v0.12.1
[INFO] [stderr]    Compiling signal-hook-registry v1.4.0
[INFO] [stderr]    Compiling getrandom v0.2.8
[INFO] [stderr]    Compiling futures-io v0.3.25
[INFO] [stderr]    Compiling num-traits v0.2.15
[INFO] [stderr]    Compiling thiserror v1.0.37
[INFO] [stderr]    Compiling itertools v0.10.5
[INFO] [stderr]    Compiling tracing-core v0.1.30
[INFO] [stderr]    Compiling itoa v1.0.4
[INFO] [stderr]    Compiling openssl-sys v0.9.78
[INFO] [stderr]    Compiling openssl v0.10.43
[INFO] [stderr]    Compiling ahash v0.7.6
[INFO] [stderr]    Compiling num-integer v0.1.45
[INFO] [stderr]    Compiling hashbrown v0.12.3
[INFO] [stderr]    Compiling indexmap v1.9.2
[INFO] [stderr]    Compiling native-tls v0.2.11
[INFO] [stderr]    Compiling parking_lot_core v0.8.5
[INFO] [stderr]    Compiling tinyvec_macros v0.1.0
[INFO] [stderr]    Compiling tinyvec v1.6.0
[INFO] [stderr]    Compiling generic-array v0.14.6
[INFO] [stderr]    Compiling rand_core v0.6.4
[INFO] [stderr]    Compiling serde_json v1.0.89
[INFO] [stderr]    Compiling bitflags v1.3.2
[INFO] [stderr]    Compiling rand_chacha v0.3.1
[INFO] [stderr]    Compiling unicode-normalization v0.1.22
[INFO] [stderr]    Compiling semver v1.0.14
[INFO] [stderr]    Compiling unicode-bidi v0.3.8
[INFO] [stderr]    Compiling ryu v1.0.11
[INFO] [stderr]    Compiling rand v0.8.5
[INFO] [stderr]    Compiling crypto-common v0.1.6
[INFO] [stderr]    Compiling block-buffer v0.10.3
[INFO] [stderr]    Compiling http v0.2.8
[INFO] [stderr]    Compiling unicode-segmentation v1.10.0
[INFO] [stderr]    Compiling digest v0.10.6
[INFO] [stderr]    Compiling idna v0.3.0
[INFO] [stderr]    Compiling lzma-sys v0.1.20
[INFO] [stderr]    Compiling libz-sys v1.1.8
[INFO] [stderr]    Compiling rustversion v1.0.9
[INFO] [stderr]    Compiling foreign-types-shared v0.1.1
[INFO] [stderr]    Compiling convert_case v0.4.0
[INFO] [stderr]    Compiling async-trait v0.1.58
[INFO] [stderr]    Compiling base64 v0.13.1
[INFO] [stderr]    Compiling foreign-types v0.3.2
[INFO] [stderr]    Compiling url v2.3.1
[INFO] [stderr]    Compiling http-body v0.4.5
[INFO] [stderr]    Compiling which v4.3.0
[INFO] [stderr]    Compiling prost-build v0.9.0
[INFO] [stderr]    Compiling libgit2-sys v0.14.0+1.5.0
[INFO] [stderr]    Compiling aho-corasick v0.7.20
[INFO] [stderr]    Compiling camino v1.1.1
[INFO] [stderr]    Compiling regex-syntax v0.6.28
[INFO] [stderr]    Compiling remove_dir_all v0.5.3
[INFO] [stderr]    Compiling fastrand v1.8.0
[INFO] [stderr]    Compiling openssl-probe v0.1.5
[INFO] [stderr]    Compiling try-lock v0.2.3
[INFO] [stderr]    Compiling fixedbitset v0.4.2
[INFO] [stderr]    Compiling tempfile v3.3.0
[INFO] [stderr]    Compiling petgraph v0.6.2
[INFO] [stderr]    Compiling want v0.3.0
[INFO] [stderr]    Compiling tokio-macros v1.8.0
[INFO] [stderr]    Compiling thiserror-impl v1.0.37
[INFO] [stderr]    Compiling openssl-macros v0.1.0
[INFO] [stderr]    Compiling tracing-attributes v0.1.23
[INFO] [stderr]    Compiling prost-derive v0.9.0
[INFO] [stderr]    Compiling pin-project-internal v1.0.12
[INFO] [stderr]    Compiling derive_more v0.99.17
[INFO] [stderr]    Compiling tracing v0.1.37
[INFO] [stderr]    Compiling prost v0.9.0
[INFO] [stderr]    Compiling pin-project v1.0.12
[INFO] [stderr]    Compiling prost-types v0.9.0
[INFO] [stderr]    Compiling regex v1.7.0
[INFO] [stderr]    Compiling xz2 v0.1.7
[INFO] [stderr]    Compiling heck v0.3.3
[INFO] [stderr]    Compiling proc-macro-error-attr v1.0.4
[INFO] [stderr]    Compiling multimap v0.8.3
[INFO] [stderr]    Compiling lazy_static v1.4.0
[INFO] [stderr]    Compiling chrono v0.4.23
[INFO] [stderr]    Compiling tokio-native-tls v0.3.0
[INFO] [stderr]    Compiling nom v7.1.1
[INFO] [stderr]    Compiling tokio-util v0.7.4
[INFO] [stderr]    Compiling tokio-stream v0.1.11
[INFO] [stderr]    Compiling bincode v1.3.3
[INFO] [stderr]    Compiling h2 v0.3.15
[INFO] [stderr]    Compiling cargo-platform v0.1.2
[INFO] [stderr]    Compiling tower v0.4.13
[INFO] [stderr]    Compiling parking_lot v0.11.2
[INFO] [stderr]    Compiling hmac v0.12.1
[INFO] [stderr]    Compiling dirs-sys v0.3.7
[INFO] [stderr]    Compiling proc-macro-error v1.0.4
[INFO] [stderr]    Compiling build-info-common v0.0.28
[INFO] [stderr]    Compiling num-bigint v0.4.3
[INFO] [stderr]    Compiling paste v1.0.9
[INFO] [stderr]    Compiling crc-catalog v2.1.0
[INFO] [stderr]    Compiling diff v0.1.13
[INFO] [stderr]    Compiling yansi v0.5.1
[INFO] [stderr]    Compiling crc v3.0.0
[INFO] [stderr]    Compiling pretty_assertions v1.3.0
[INFO] [stderr]    Compiling sqlformat v0.2.0
[INFO] [stderr]    Compiling dirs v4.0.0
[INFO] [stderr]    Compiling futures-intrusive v0.4.2
[INFO] [stderr]    Compiling hkdf v0.12.3
[INFO] [stderr]    Compiling cargo_metadata v0.15.2
[INFO] [stderr]    Compiling rustc_version v0.4.0
[INFO] [stderr]    Compiling tokio-io-timeout v1.2.0
[INFO] [stderr]    Compiling tonic-build v0.6.2
[INFO] [stderr]    Compiling sqlx-rt v0.6.2
[INFO] [stderr]    Compiling sha1 v0.10.5
[INFO] [stderr]    Compiling sha2 v0.10.6
[INFO] [stderr]    Compiling async-stream-impl v0.3.3
[INFO] [stderr]    Compiling axum-core v0.3.0
[INFO] [stderr]    Compiling crossbeam-channel v0.5.6
[INFO] [stderr]    Compiling futures-executor v0.3.25
[INFO] [stderr]    Compiling md-5 v0.10.5
[INFO] [stderr]    Compiling stringprep v0.1.2
[INFO] [stderr]    Compiling hashlink v0.8.1
[INFO] [stderr]    Compiling atoi v1.0.0
[INFO] [stderr]    Compiling dashmap v4.0.2
[INFO] [stderr]    Compiling hyper v0.14.23
[INFO] [stderr]    Compiling whoami v1.2.3
[INFO] [stderr]    Compiling glob v0.3.0
[INFO] [stderr]    Compiling sqlx-core v0.6.2
[INFO] [stderr]    Compiling opentelemetry v0.17.0
[INFO] [stderr]    Compiling async-stream v0.3.3
[INFO] [stderr]    Compiling opentelemetry-otlp v0.10.0
[INFO] [stderr]    Compiling tokio-util v0.6.10
[INFO] [stderr]    Compiling tracing-futures v0.2.5
[INFO] [stderr]    Compiling tracing-log v0.1.3
[INFO] [stderr]    Compiling axum v0.6.0
[INFO] [stderr]    Compiling heck v0.4.0
[INFO] [stderr]    Compiling thread_local v1.1.4
[INFO] [stderr]    Compiling hyper-timeout v0.4.1
[INFO] [stderr]    Compiling tonic v0.6.2
[INFO] [stderr]    Compiling tower-http v0.3.4
[INFO] [stderr]    Compiling tracing-subscriber v0.3.16
[INFO] [stderr]    Compiling build-info-proc v0.0.28
[INFO] [stderr]    Compiling sqlx-macros v0.6.2
[INFO] [stderr]    Compiling serde_urlencoded v0.7.1
[INFO] [stderr]    Compiling serde_path_to_error v0.1.8
[INFO] [stderr]    Compiling futures v0.3.25
[INFO] [stderr]    Compiling sync_wrapper v0.1.1
[INFO] [stderr]    Compiling matchit v0.6.0
[INFO] [stderr]    Compiling build-info v0.0.28
[INFO] [stderr]    Compiling tracing-opentelemetry v0.17.4
[INFO] [stderr]    Compiling envy v0.4.2
[INFO] [stderr]    Compiling dotenv v0.15.0
[INFO] [stderr]    Compiling sqlx v0.6.2
[INFO] [stderr]    Compiling git2 v0.15.0
[INFO] [stderr]    Compiling build-info-build v0.0.28
[INFO] [stderr]    Compiling rust-http-starter v0.1.0 (/opt/rustwide/workdir)
[INFO] [stdout] warning: use of deprecated associated function `build_info::chrono::NaiveDate::from_ymd`: use `from_ymd_opt()` instead
[INFO] [stdout]   --> src/state.rs:21:1
[INFO] [stdout]    |
[INFO] [stdout] 21 | build_info::build_info!(fn build_info);
[INFO] [stdout]    | ^^^^^^^^^^^^^^^^^^^^^^^^^^^^^^^^^^^^^^
[INFO] [stdout]    |
[INFO] [stdout]    = note: `#[warn(deprecated)]` on by default
[INFO] [stdout]    = note: this warning originates in the macro `$crate::proc::build_info` which comes from the expansion of the macro `build_info::build_info` (in Nightly builds, run with -Z macro-backtrace for more info)
[INFO] [stdout] 
[INFO] [stdout] 
[INFO] [stdout] warning: use of deprecated associated function `build_info::chrono::NaiveDate::from_ymd`: use `from_ymd_opt()` instead
[INFO] [stdout]   --> src/lib.rs:35:1
[INFO] [stdout]    |
[INFO] [stdout] 35 | build_info::build_info!(fn build_info);
[INFO] [stdout]    | ^^^^^^^^^^^^^^^^^^^^^^^^^^^^^^^^^^^^^^
[INFO] [stdout]    |
[INFO] [stdout]    = note: this warning originates in the macro `$crate::proc::build_info` which comes from the expansion of the macro `build_info::build_info` (in Nightly builds, run with -Z macro-backtrace for more info)
[INFO] [stdout] 
[INFO] [stdout] 
[INFO] [stdout] warning: field `example` is never read
[INFO] [stdout]   --> src/state.rs:10:9
[INFO] [stdout]    |
[INFO] [stdout]  9 | pub struct Metrics {
[INFO] [stdout]    |            ------- field in this struct
[INFO] [stdout] 10 |     pub example: UpDownCounter<i64>,
[INFO] [stdout]    |         ^^^^^^^
[INFO] [stdout]    |
[INFO] [stdout]    = note: `Metrics` has a derived impl for the trait `Clone`, but this is intentionally ignored during dead code analysis
[INFO] [stdout]    = note: `#[warn(dead_code)]` (part of `#[warn(unused)]`) on by default
[INFO] [stdout] 
[INFO] [stdout] 
[INFO] [stdout] warning: field `example_store` is never read
[INFO] [stdout]   --> src/state.rs:18:9
[INFO] [stdout]    |
[INFO] [stdout] 14 | pub struct AppState {
[INFO] [stdout]    |            -------- field in this struct
[INFO] [stdout] ...
[INFO] [stdout] 18 |     pub example_store: ExampleStoreArc,
[INFO] [stdout]    |         ^^^^^^^^^^^^^
[INFO] [stdout]    |
[INFO] [stdout]    = note: `AppState` has a derived impl for the trait `Clone`, but this is intentionally ignored during dead code analysis
[INFO] [stdout] 
[INFO] [stdout] 
[INFO] [stdout] warning: type alias `Result` is never used
[INFO] [stdout]  --> src/stores/mod.rs:3:6
[INFO] [stdout]   |
[INFO] [stdout] 3 | type Result<T> = std::result::Result<T, StoreError>;
[INFO] [stdout]   |      ^^^^^^
[INFO] [stdout] 
[INFO] [stdout] 
[INFO] [stdout] warning: struct `TableRow` is never constructed
[INFO] [stdout]  --> src/stores/example.rs:9:12
[INFO] [stdout]   |
[INFO] [stdout] 9 | pub struct TableRow {
[INFO] [stdout]   |            ^^^^^^^^
[INFO] [stdout] 
[INFO] [stdout] 
[INFO] [stdout] warning: methods `create_row`, `get_row`, and `delete_row` are never used
[INFO] [stdout]   --> src/stores/example.rs:17:14
[INFO] [stdout]    |
[INFO] [stdout] 16 | pub trait ExampleStore {
[INFO] [stdout]    |           ------------ methods in this trait
[INFO] [stdout] 17 |     async fn create_row(&self, id: &str, row: TableRow) -> stores::Result<()>;
[INFO] [stdout]    |              ^^^^^^^^^^
[INFO] [stdout] 18 |     async fn get_row(&self, id: &str) -> stores::Result<TableRow>;
[INFO] [stdout]    |              ^^^^^^^
[INFO] [stdout] 19 |     async fn delete_row(&self, id: &str) -> stores::Result<()>;
[INFO] [stdout]    |              ^^^^^^^^^^
[INFO] [stdout] 
[INFO] [stdout] 
[INFO] [stderr]     Finished `release` profile [optimized] target(s) in 5m 31s
[INFO] [stderr] warning: the following packages contain code that will be rejected by a future version of Rust: openssl v0.10.43, sqlx-core v0.6.2
[INFO] [stderr] note: to see what the problems were, use the option `--future-incompat-report`, or run `cargo report future-incompatibilities --id 4`
[INFO] running `Command { std: "docker" "inspect" "3652bde5ddc9c29c3127574ae7ef74aadef3b980e7729ce50ce33863803f0951", kill_on_drop: false }`
[INFO] running `Command { std: "docker" "exec" "-e" "SOURCE_DIR=/opt/rustwide/workdir" "-e" "CARGO_HOME=/opt/rustwide/cargo-home" "-e" "RUSTUP_HOME=/opt/rustwide/rustup-home" "-e" "CARGO_TARGET_DIR=/opt/rustwide/target" "-e" "CARGO_INCREMENTAL=0" "-e" "RUST_BACKTRACE=full" "-e" "RUSTFLAGS=--cap-lints=warn" "-e" "RUSTDOCFLAGS=--cap-lints=warn" "-w" "/opt/rustwide/workdir" "--user" "0:0" "3652bde5ddc9c29c3127574ae7ef74aadef3b980e7729ce50ce33863803f0951" "/opt/rustwide/cargo-home/bin/cargo" "+1.99.0-beta.8" "test" "--frozen" "--no-run" "--message-format=json" "--release", kill_on_drop: false }`
[INFO] [stderr]    Compiling futures-util v0.3.25
[INFO] [stderr]    Compiling futures-macro v0.3.25
[INFO] [stderr]    Compiling url v2.3.1
[INFO] [stderr]    Compiling encoding_rs v0.8.31
[INFO] [stderr]    Compiling test-context-macros v0.1.4
[INFO] [stderr]    Compiling ipnet v2.6.0
[INFO] [stderr]    Compiling h2 v0.3.15
[INFO] [stderr]    Compiling futures-executor v0.3.25
[INFO] [stderr]    Compiling tower v0.4.13
[INFO] [stderr]    Compiling sqlx-core v0.6.2
[INFO] [stderr]    Compiling axum-core v0.3.0
[INFO] [stderr]    Compiling futures v0.3.25
[INFO] [stderr]    Compiling opentelemetry v0.17.0
[INFO] [stderr]    Compiling test-context v0.1.4
[INFO] [stderr]    Compiling tower-http v0.3.4
[INFO] [stderr]    Compiling tracing-opentelemetry v0.17.4
[INFO] [stderr]    Compiling sqlx v0.6.2
[INFO] [stderr]    Compiling hyper v0.14.23
[INFO] [stderr]    Compiling hyper-timeout v0.4.1
[INFO] [stderr]    Compiling axum v0.6.0
[INFO] [stderr]    Compiling hyper-tls v0.5.0
[INFO] [stderr]    Compiling tonic v0.6.2
[INFO] [stderr]    Compiling reqwest v0.11.13
[INFO] [stderr]    Compiling opentelemetry-otlp v0.10.0
[INFO] [stderr]    Compiling rust-http-starter v0.1.0 (/opt/rustwide/workdir)
[INFO] [stdout] warning: use of deprecated associated function `build_info::chrono::NaiveDate::from_ymd`: use `from_ymd_opt()` instead
[INFO] [stdout]   --> src/state.rs:21:1
[INFO] [stdout]    |
[INFO] [stdout] 21 | build_info::build_info!(fn build_info);
[INFO] [stdout]    | ^^^^^^^^^^^^^^^^^^^^^^^^^^^^^^^^^^^^^^
[INFO] [stdout]    |
[INFO] [stdout]    = note: `#[warn(deprecated)]` on by default
[INFO] [stdout]    = note: this warning originates in the macro `$crate::proc::build_info` which comes from the expansion of the macro `build_info::build_info` (in Nightly builds, run with -Z macro-backtrace for more info)
[INFO] [stdout] 
[INFO] [stdout] 
[INFO] [stdout] warning: use of deprecated associated function `build_info::chrono::NaiveDate::from_ymd`: use `from_ymd_opt()` instead
[INFO] [stdout]   --> src/lib.rs:35:1
[INFO] [stdout]    |
[INFO] [stdout] 35 | build_info::build_info!(fn build_info);
[INFO] [stdout]    | ^^^^^^^^^^^^^^^^^^^^^^^^^^^^^^^^^^^^^^
[INFO] [stdout]    |
[INFO] [stdout]    = note: this warning originates in the macro `$crate::proc::build_info` which comes from the expansion of the macro `build_info::build_info` (in Nightly builds, run with -Z macro-backtrace for more info)
[INFO] [stdout] 
[INFO] [stdout] 
[INFO] [stdout] warning: field `example` is never read
[INFO] [stdout]   --> src/state.rs:10:9
[INFO] [stdout]    |
[INFO] [stdout]  9 | pub struct Metrics {
[INFO] [stdout]    |            ------- field in this struct
[INFO] [stdout] 10 |     pub example: UpDownCounter<i64>,
[INFO] [stdout]    |         ^^^^^^^
[INFO] [stdout]    |
[INFO] [stdout]    = note: `Metrics` has a derived impl for the trait `Clone`, but this is intentionally ignored during dead code analysis
[INFO] [stdout]    = note: `#[warn(dead_code)]` (part of `#[warn(unused)]`) on by default
[INFO] [stdout] 
[INFO] [stdout] 
[INFO] [stdout] warning: field `example_store` is never read
[INFO] [stdout]   --> src/state.rs:18:9
[INFO] [stdout]    |
[INFO] [stdout] 14 | pub struct AppState {
[INFO] [stdout]    |            -------- field in this struct
[INFO] [stdout] ...
[INFO] [stdout] 18 |     pub example_store: ExampleStoreArc,
[INFO] [stdout]    |         ^^^^^^^^^^^^^
[INFO] [stdout]    |
[INFO] [stdout]    = note: `AppState` has a derived impl for the trait `Clone`, but this is intentionally ignored during dead code analysis
[INFO] [stdout] 
[INFO] [stdout] 
[INFO] [stdout] warning: type alias `Result` is never used
[INFO] [stdout]  --> src/stores/mod.rs:3:6
[INFO] [stdout]   |
[INFO] [stdout] 3 | type Result<T> = std::result::Result<T, StoreError>;
[INFO] [stdout]   |      ^^^^^^
[INFO] [stdout] 
[INFO] [stdout] 
[INFO] [stdout] warning: struct `TableRow` is never constructed
[INFO] [stdout]  --> src/stores/example.rs:9:12
[INFO] [stdout]   |
[INFO] [stdout] 9 | pub struct TableRow {
[INFO] [stdout]   |            ^^^^^^^^
[INFO] [stdout] 
[INFO] [stdout] 
[INFO] [stdout] warning: methods `create_row`, `get_row`, and `delete_row` are never used
[INFO] [stdout]   --> src/stores/example.rs:17:14
[INFO] [stdout]    |
[INFO] [stdout] 16 | pub trait ExampleStore {
[INFO] [stdout]    |           ------------ methods in this trait
[INFO] [stdout] 17 |     async fn create_row(&self, id: &str, row: TableRow) -> stores::Result<()>;
[INFO] [stdout]    |              ^^^^^^^^^^
[INFO] [stdout] 18 |     async fn get_row(&self, id: &str) -> stores::Result<TableRow>;
[INFO] [stdout]    |              ^^^^^^^
[INFO] [stdout] 19 |     async fn delete_row(&self, id: &str) -> stores::Result<()>;
[INFO] [stdout]    |              ^^^^^^^^^^
[INFO] [stdout] 
[INFO] [stdout] 
[INFO] [stdout] warning: use of deprecated associated function `build_info::chrono::NaiveDate::from_ymd`: use `from_ymd_opt()` instead
[INFO] [stdout]   --> src/state.rs:21:1
[INFO] [stdout]    |
[INFO] [stdout] 21 | build_info::build_info!(fn build_info);
[INFO] [stdout]    | ^^^^^^^^^^^^^^^^^^^^^^^^^^^^^^^^^^^^^^
[INFO] [stdout]    |
[INFO] [stdout]    = note: `#[warn(deprecated)]` on by default
[INFO] [stdout]    = note: this warning originates in the macro `$crate::proc::build_info` which comes from the expansion of the macro `build_info::build_info` (in Nightly builds, run with -Z macro-backtrace for more info)
[INFO] [stdout] 
[INFO] [stdout] 
[INFO] [stdout] warning: use of deprecated associated function `build_info::chrono::NaiveDate::from_ymd`: use `from_ymd_opt()` instead
[INFO] [stdout]   --> src/lib.rs:35:1
[INFO] [stdout]    |
[INFO] [stdout] 35 | build_info::build_info!(fn build_info);
[INFO] [stdout]    | ^^^^^^^^^^^^^^^^^^^^^^^^^^^^^^^^^^^^^^
[INFO] [stdout]    |
[INFO] [stdout]    = note: this warning originates in the macro `$crate::proc::build_info` which comes from the expansion of the macro `build_info::build_info` (in Nightly builds, run with -Z macro-backtrace for more info)
[INFO] [stdout] 
[INFO] [stdout] 
[INFO] [stdout] warning: field `example` is never read
[INFO] [stdout]   --> src/state.rs:10:9
[INFO] [stdout]    |
[INFO] [stdout]  9 | pub struct Metrics {
[INFO] [stdout]    |            ------- field in this struct
[INFO] [stdout] 10 |     pub example: UpDownCounter<i64>,
[INFO] [stdout]    |         ^^^^^^^
[INFO] [stdout]    |
[INFO] [stdout]    = note: `Metrics` has a derived impl for the trait `Clone`, but this is intentionally ignored during dead code analysis
[INFO] [stdout]    = note: `#[warn(dead_code)]` (part of `#[warn(unused)]`) on by default
[INFO] [stdout] 
[INFO] [stdout] 
[INFO] [stdout] warning: field `example_store` is never read
[INFO] [stdout]   --> src/state.rs:18:9
[INFO] [stdout]    |
[INFO] [stdout] 14 | pub struct AppState {
[INFO] [stdout]    |            -------- field in this struct
[INFO] [stdout] ...
[INFO] [stdout] 18 |     pub example_store: ExampleStoreArc,
[INFO] [stdout]    |         ^^^^^^^^^^^^^
[INFO] [stdout]    |
[INFO] [stdout]    = note: `AppState` has a derived impl for the trait `Clone`, but this is intentionally ignored during dead code analysis
[INFO] [stdout] 
[INFO] [stdout] 
[INFO] [stdout] warning: type alias `Result` is never used
[INFO] [stdout]  --> src/stores/mod.rs:3:6
[INFO] [stdout]   |
[INFO] [stdout] 3 | type Result<T> = std::result::Result<T, StoreError>;
[INFO] [stdout]   |      ^^^^^^
[INFO] [stdout] 
[INFO] [stdout] 
[INFO] [stdout] warning: struct `TableRow` is never constructed
[INFO] [stdout]  --> src/stores/example.rs:9:12
[INFO] [stdout]   |
[INFO] [stdout] 9 | pub struct TableRow {
[INFO] [stdout]   |            ^^^^^^^^
[INFO] [stdout] 
[INFO] [stdout] 
[INFO] [stdout] warning: methods `create_row`, `get_row`, and `delete_row` are never used
[INFO] [stdout]   --> src/stores/example.rs:17:14
[INFO] [stdout]    |
[INFO] [stdout] 16 | pub trait ExampleStore {
[INFO] [stdout]    |           ------------ methods in this trait
[INFO] [stdout] 17 |     async fn create_row(&self, id: &str, row: TableRow) -> stores::Result<()>;
[INFO] [stdout]    |              ^^^^^^^^^^
[INFO] [stdout] 18 |     async fn get_row(&self, id: &str) -> stores::Result<TableRow>;
[INFO] [stdout]    |              ^^^^^^^
[INFO] [stdout] 19 |     async fn delete_row(&self, id: &str) -> stores::Result<()>;
[INFO] [stdout]    |              ^^^^^^^^^^
[INFO] [stdout] 
[INFO] [stdout] 
[INFO] [stdout] warning: enum `Error` is never used
[INFO] [stdout]   --> tests/context/server.rs:18:10
[INFO] [stdout]    |
[INFO] [stdout] 18 | pub enum Error {}
[INFO] [stdout]    |          ^^^^^
[INFO] [stdout]    |
[INFO] [stdout]    = note: `#[warn(dead_code)]` (part of `#[warn(unused)]`) on by default
[INFO] [stdout] 
[INFO] [stdout] 
[INFO] [stderr]     Finished `release` profile [optimized] target(s) in 3m 12s
[INFO] [stderr] warning: the following packages contain code that will be rejected by a future version of Rust: openssl v0.10.43, sqlx-core v0.6.2
[INFO] [stderr] note: to see what the problems were, use the option `--future-incompat-report`, or run `cargo report future-incompatibilities --id 4`
[INFO] running `Command { std: "docker" "inspect" "3652bde5ddc9c29c3127574ae7ef74aadef3b980e7729ce50ce33863803f0951", kill_on_drop: false }`
[INFO] running `Command { std: "docker" "exec" "-e" "SOURCE_DIR=/opt/rustwide/workdir" "-e" "CARGO_HOME=/opt/rustwide/cargo-home" "-e" "RUSTUP_HOME=/opt/rustwide/rustup-home" "-e" "CARGO_TARGET_DIR=/opt/rustwide/target" "-e" "CARGO_INCREMENTAL=0" "-e" "RUST_BACKTRACE=full" "-e" "RUSTFLAGS=--cap-lints=warn" "-e" "RUSTDOCFLAGS=--cap-lints=warn" "-w" "/opt/rustwide/workdir" "--user" "0:0" "3652bde5ddc9c29c3127574ae7ef74aadef3b980e7729ce50ce33863803f0951" "/opt/rustwide/cargo-home/bin/cargo" "+1.99.0-beta.8" "test" "--frozen" "--release", kill_on_drop: false }`
[INFO] [stderr] warning: use of deprecated associated function `build_info::chrono::NaiveDate::from_ymd`: use `from_ymd_opt()` instead
[INFO] [stderr]   --> src/state.rs:21:1
[INFO] [stderr]    |
[INFO] [stderr] 21 | build_info::build_info!(fn build_info);
[INFO] [stderr]    | ^^^^^^^^^^^^^^^^^^^^^^^^^^^^^^^^^^^^^^
[INFO] [stderr]    |
[INFO] [stderr]    = note: `#[warn(deprecated)]` on by default
[INFO] [stderr]    = note: this warning originates in the macro `$crate::proc::build_info` which comes from the expansion of the macro `build_info::build_info` (in Nightly builds, run with -Z macro-backtrace for more info)
[INFO] [stderr] 
[INFO] [stderr] warning: use of deprecated associated function `build_info::chrono::NaiveDate::from_ymd`: use `from_ymd_opt()` instead
[INFO] [stderr]   --> src/lib.rs:35:1
[INFO] [stderr]    |
[INFO] [stderr] 35 | build_info::build_info!(fn build_info);
[INFO] [stderr]    | ^^^^^^^^^^^^^^^^^^^^^^^^^^^^^^^^^^^^^^
[INFO] [stderr]    |
[INFO] [stderr]    = note: this warning originates in the macro `$crate::proc::build_info` which comes from the expansion of the macro `build_info::build_info` (in Nightly builds, run with -Z macro-backtrace for more info)
[INFO] [stderr] 
[INFO] [stderr] warning: field `example` is never read
[INFO] [stderr]   --> src/state.rs:10:9
[INFO] [stderr]    |
[INFO] [stderr]  9 | pub struct Metrics {
[INFO] [stderr]    |            ------- field in this struct
[INFO] [stderr] 10 |     pub example: UpDownCounter<i64>,
[INFO] [stderr]    |         ^^^^^^^
[INFO] [stderr]    |
[INFO] [stderr]    = note: `Metrics` has a derived impl for the trait `Clone`, but this is intentionally ignored during dead code analysis
[INFO] [stderr]    = note: `#[warn(dead_code)]` (part of `#[warn(unused)]`) on by default
[INFO] [stderr] 
[INFO] [stderr] warning: field `example_store` is never read
[INFO] [stderr]   --> src/state.rs:18:9
[INFO] [stderr]    |
[INFO] [stderr] 14 | pub struct AppState {
[INFO] [stderr]    |            -------- field in this struct
[INFO] [stderr] ...
[INFO] [stderr] 18 |     pub example_store: ExampleStoreArc,
[INFO] [stderr]    |         ^^^^^^^^^^^^^
[INFO] [stderr]    |
[INFO] [stderr]    = note: `AppState` has a derived impl for the trait `Clone`, but this is intentionally ignored during dead code analysis
[INFO] [stderr] 
[INFO] [stderr] warning: type alias `Result` is never used
[INFO] [stderr]  --> src/stores/mod.rs:3:6
[INFO] [stderr]   |
[INFO] [stderr] 3 | type Result<T> = std::result::Result<T, StoreError>;
[INFO] [stderr]   |      ^^^^^^
[INFO] [stderr] 
[INFO] [stderr] warning: struct `TableRow` is never constructed
[INFO] [stderr]  --> src/stores/example.rs:9:12
[INFO] [stderr]   |
[INFO] [stderr] 9 | pub struct TableRow {
[INFO] [stderr]   |            ^^^^^^^^
[INFO] [stderr] 
[INFO] [stderr] warning: methods `create_row`, `get_row`, and `delete_row` are never used
[INFO] [stderr]   --> src/stores/example.rs:17:14
[INFO] [stderr]    |
[INFO] [stderr] 16 | pub trait ExampleStore {
[INFO] [stderr]    |           ------------ methods in this trait
[INFO] [stderr] 17 |     async fn create_row(&self, id: &str, row: TableRow) -> stores::Result<()>;
[INFO] [stderr]    |              ^^^^^^^^^^
[INFO] [stderr] 18 |     async fn get_row(&self, id: &str) -> stores::Result<TableRow>;
[INFO] [stderr]    |              ^^^^^^^
[INFO] [stderr] 19 |     async fn delete_row(&self, id: &str) -> stores::Result<()>;
[INFO] [stderr]    |              ^^^^^^^^^^
[INFO] [stderr] 
[INFO] [stderr] warning: `rust-http-starter` (lib) generated 7 warnings
[INFO] [stderr] warning: enum `Error` is never used
[INFO] [stderr]   --> tests/context/server.rs:18:10
[INFO] [stderr]    |
[INFO] [stderr] 18 | pub enum Error {}
[INFO] [stderr]    |          ^^^^^
[INFO] [stderr]    |
[INFO] [stderr]    = note: `#[warn(dead_code)]` (part of `#[warn(unused)]`) on by default
[INFO] [stderr] 
[INFO] [stderr] warning: `rust-http-starter` (lib test) generated 7 warnings (7 duplicates)
[INFO] [stderr] warning: `rust-http-starter` (test "integration") generated 1 warning
[INFO] [stderr]     Finished `release` profile [optimized] target(s) in 0.53s
[INFO] [stderr] warning: the following packages contain code that will be rejected by a future version of Rust: openssl v0.10.43, sqlx-core v0.6.2
[INFO] [stderr] note: to see what the problems were, use the option `--future-incompat-report`, or run `cargo report future-incompatibilities --id 4`
[INFO] [stderr]      Running unittests src/lib.rs (/opt/rustwide/target/release/deps/rust_http_starter-b36a643acaab71a4)
[INFO] [stdout] 
[INFO] [stdout] running 0 tests
[INFO] [stdout] 
[INFO] [stdout] test result: ok. 0 passed; 0 failed; 0 ignored; 0 measured; 0 filtered out; finished in 0.00s
[INFO] [stdout] 
[INFO] [stderr]      Running unittests src/main.rs (/opt/rustwide/target/release/deps/rust_http_starter-08a1dbeb8dbd2e3c)
[INFO] [stdout] 
[INFO] [stdout] running 0 tests
[INFO] [stdout] 
[INFO] [stdout] test result: ok. 0 passed; 0 failed; 0 ignored; 0 measured; 0 filtered out; finished in 0.00s
[INFO] [stdout] 
[INFO] [stderr]      Running tests/integration.rs (/opt/rustwide/target/release/deps/integration-33171fcc8802b53e)
[INFO] [stdout] 
[INFO] [stdout] running 1 test
[INFO] [stdout] test functional::test_health ... FAILED
[INFO] [stderr] error: test failed, to rerun pass `--test integration`
[INFO] [stdout] 
[INFO] [stdout] failures:
[INFO] [stdout] 
[INFO] [stdout] ---- functional::test_health stdout ----
[INFO] [stdout] 
[INFO] [stdout] thread 'functional::test_health' (5884) panicked at tests/context/server.rs:45:13:
[INFO] [stdout] Failed to start server with error: Elapsed(Elapsed(()))
[INFO] [stdout] stack backtrace:
[INFO] [stdout]    0:     0x5bc200475281 - <<std[70759c8f55707aa4]::sys::backtrace::BacktraceLock>::print::DisplayBacktrace as core[df12db4294e9bfd3]::fmt::Display>::fmt
[INFO] [stdout]    1:     0x5bc20048d59a - core[df12db4294e9bfd3]::fmt::write
[INFO] [stdout]    2:     0x5bc200479eac - <alloc[2182bb758b4b3781]::vec::Vec<u8> as core[df12db4294e9bfd3]::io::write::Write>::write_fmt
[INFO] [stdout]    3:     0x5bc20044fca6 - std[70759c8f55707aa4]::panicking::default_hook::{closure#0}
[INFO] [stdout]    4:     0x5bc20046cc49 - std[70759c8f55707aa4]::panicking::default_hook
[INFO] [stdout]    5:     0x5bc200139d40 - test[9d35eded1c95d3be]::test_main_inner::<test[9d35eded1c95d3be]::test_main_static::{closure#0}>::{closure#0}
[INFO] [stdout]    6:     0x5bc20046cf72 - std[70759c8f55707aa4]::panicking::panic_with_hook
[INFO] [stdout]    7:     0x5bc20044fd52 - std[70759c8f55707aa4]::panicking::panic_handler::{closure#0}
[INFO] [stdout]    8:     0x5bc200448629 - std[70759c8f55707aa4]::sys::backtrace::__rust_end_short_backtrace::<std[70759c8f55707aa4]::panicking::panic_handler::{closure#0}, !>
[INFO] [stdout]    9:     0x5bc200450bdd - __rustc[8fa7c3cbc660c2b3]::rust_begin_unwind
[INFO] [stdout]   10:     0x5bc20048dcfc - core[df12db4294e9bfd3]::panicking::panic_fmt
[INFO] [stdout]   11:     0x5bc20005bd3d - <integration[8cbe9fcc9014075d]::context::ServerContext as test_context[731b0691591eb099]::AsyncTestContext>::setup::{closure#0}
[INFO] [stdout]   12:     0x5bc20004edad - integration[8cbe9fcc9014075d]::functional::test_health::{closure#0}
[INFO] [stdout]   13:     0x5bc20006f4f4 - <tokio[a2c9ab738f2a718f]::runtime::scheduler::current_thread::CurrentThread>::block_on::<integration[8cbe9fcc9014075d]::functional::test_health::{closure#0}>
[INFO] [stdout]   14:     0x5bc200045a95 - <tokio[a2c9ab738f2a718f]::runtime::runtime::Runtime>::block_on::<integration[8cbe9fcc9014075d]::functional::test_health::{closure#0}>
[INFO] [stdout]   15:     0x5bc20007880a - integration[8cbe9fcc9014075d]::functional::test_health
[INFO] [stdout]   16:     0x5bc20006f069 - <integration[8cbe9fcc9014075d]::functional::test_health::{closure#0} as core[df12db4294e9bfd3]::ops::function::FnOnce<()>>::call_once
[INFO] [stdout]   17:     0x5bc20012d02b - test[9d35eded1c95d3be]::__rust_begin_short_backtrace::<core[df12db4294e9bfd3]::result::Result<(), alloc[2182bb758b4b3781]::string::String>, fn() -> core[df12db4294e9bfd3]::result::Result<(), alloc[2182bb758b4b3781]::string::String>>
[INFO] [stdout]   18:     0x5bc20013a695 - test[9d35eded1c95d3be]::run_test::{closure#0}
[INFO] [stdout]   19:     0x5bc200133f54 - std[70759c8f55707aa4]::sys::backtrace::__rust_begin_short_backtrace::<test[9d35eded1c95d3be]::run_test::{closure#1}, ()>
[INFO] [stdout]   20:     0x5bc20013d7f2 - <std[70759c8f55707aa4]::thread::lifecycle::spawn_unchecked<test[9d35eded1c95d3be]::run_test::{closure#1}, ()>::{closure#1} as core[df12db4294e9bfd3]::ops::function::FnOnce<()>>::call_once::{shim:vtable#0}
[INFO] [stdout]   21:     0x5bc200474239 - <std[70759c8f55707aa4]::sys::thread::unix::Thread>::new::thread_start
[INFO] [stdout]   22:     0x7ef25d6c2dfa - <unknown>
[INFO] [stdout]   23:     0x7ef25d7563d4 - clone
[INFO] [stdout]   24:                0x0 - <unknown>
[INFO] [stdout] 
[INFO] [stdout] thread '<unnamed>' (5885) panicked at /opt/rustwide/cargo-home/registry/src/index.crates.io-1949cf8c6b5b557f/tokio-1.22.0/src/runtime/time/entry.rs:567:13:
[INFO] [stdout] A Tokio 1.x context was found, but it is being shutdown.
[INFO] [stdout] stack backtrace:
[INFO] [stdout]    0:     0x5bc200475281 - <<std[70759c8f55707aa4]::sys::backtrace::BacktraceLock>::print::DisplayBacktrace as core[df12db4294e9bfd3]::fmt::Display>::fmt
[INFO] [stdout]    1:     0x5bc20048d59a - core[df12db4294e9bfd3]::fmt::write
[INFO] [stdout]    2:     0x5bc200479eac - <alloc[2182bb758b4b3781]::vec::Vec<u8> as core[df12db4294e9bfd3]::io::write::Write>::write_fmt
[INFO] [stdout]    3:     0x5bc20044fca6 - std[70759c8f55707aa4]::panicking::default_hook::{closure#0}
[INFO] [stdout]    4:     0x5bc20046cc49 - std[70759c8f55707aa4]::panicking::default_hook
[INFO] [stdout]    5:     0x5bc200139d40 - test[9d35eded1c95d3be]::test_main_inner::<test[9d35eded1c95d3be]::test_main_static::{closure#0}>::{closure#0}
[INFO] [stdout]    6:     0x5bc20046cf72 - std[70759c8f55707aa4]::panicking::panic_with_hook
[INFO] [stdout]    7:     0x5bc20044fd52 - std[70759c8f55707aa4]::panicking::panic_handler::{closure#0}
[INFO] [stdout]    8:     0x5bc200448629 - std[70759c8f55707aa4]::sys::backtrace::__rust_end_short_backtrace::<std[70759c8f55707aa4]::panicking::panic_handler::{closure#0}, !>
[INFO] [stdout]    9:     0x5bc200450bdd - __rustc[8fa7c3cbc660c2b3]::rust_begin_unwind
[INFO] [stdout]   10:     0x5bc20048dcfc - core[df12db4294e9bfd3]::panicking::panic_fmt
[INFO] [stdout]   11:     0x5bc200419cff - <tokio[a2c9ab738f2a718f]::time::sleep::Sleep as core[df12db4294e9bfd3]::future::future::Future>::poll
[INFO] [stdout]   12:     0x5bc20005a666 - <sqlx_core[d5392b90c357742e]::pool::inner::PoolInner<sqlx_core[d5392b90c357742e]::postgres::database::Postgres>>::connect::{closure#0}
[INFO] [stdout]   13:     0x5bc200061047 - <tokio[a2c9ab738f2a718f]::time::timeout::Timeout<<sqlx_core[d5392b90c357742e]::pool::inner::PoolInner<sqlx_core[d5392b90c357742e]::postgres::database::Postgres>>::acquire::{closure#0}::{closure#0}> as core[df12db4294e9bfd3]::future::future::Future>::poll
[INFO] [stdout]   14:     0x5bc20002f396 - rust_http_starter[7e47ea874eca8229]::bootstap::{closure#0}
[INFO] [stdout]   15:     0x5bc2000293f3 - <tokio[a2c9ab738f2a718f]::runtime::park::CachedParkThread>::block_on::<<integration[8cbe9fcc9014075d]::context::server::RustHttpStarter>::start::{closure#0}::{closure#0}::{closure#0}>
[INFO] [stdout]   16:     0x5bc20006f27a - <tokio[a2c9ab738f2a718f]::runtime::handle::Handle>::block_on::<<integration[8cbe9fcc9014075d]::context::server::RustHttpStarter>::start::{closure#0}::{closure#0}::{closure#0}>
[INFO] [stdout]   17:     0x5bc200059561 - std[70759c8f55707aa4]::sys::backtrace::__rust_begin_short_backtrace::<<integration[8cbe9fcc9014075d]::context::server::RustHttpStarter>::start::{closure#0}::{closure#0}, ()>
[INFO] [stdout]   18:     0x5bc20004f1c0 - <std[70759c8f55707aa4]::thread::lifecycle::spawn_unchecked<<integration[8cbe9fcc9014075d]::context::server::RustHttpStarter>::start::{closure#0}::{closure#0}, ()>::{closure#1} as core[df12db4294e9bfd3]::ops::function::FnOnce<()>>::call_once::{shim:vtable#0}
[INFO] [stdout]   19:     0x5bc200474239 - <std[70759c8f55707aa4]::sys::thread::unix::Thread>::new::thread_start
[INFO] [stdout]   20:     0x7ef25d6c2dfa - <unknown>
[INFO] [stdout]   21:     0x7ef25d7563d4 - clone
[INFO] [stdout]   22:                0x0 - <unknown>
[INFO] [stdout] 
[INFO] [stdout] 
[INFO] [stdout] failures:
[INFO] [stdout]     functional::test_health
[INFO] [stdout] 
[INFO] [stdout] test result: FAILED. 0 passed; 1 failed; 0 ignored; 0 measured; 0 filtered out; finished in 5.01s
[INFO] [stdout] 
[INFO] running `Command { std: "docker" "inspect" "3652bde5ddc9c29c3127574ae7ef74aadef3b980e7729ce50ce33863803f0951", kill_on_drop: false }`
[INFO] running `Command { std: "docker" "rm" "-f" "3652bde5ddc9c29c3127574ae7ef74aadef3b980e7729ce50ce33863803f0951", kill_on_drop: false }`
[INFO] [stdout] 3652bde5ddc9c29c3127574ae7ef74aadef3b980e7729ce50ce33863803f0951
