[INFO] cloning repository https://github.com/Vaibhav91one/Portier
[INFO] running `Command { std: "git" "-c" "credential.helper=" "-c" "credential.helper=/workspace/cargo-home/bin/git-credential-null" "clone" "--bare" "https://github.com/Vaibhav91one/Portier" "/workspace/cache/git-repos/https%3A%2F%2Fgithub.com%2FVaibhav91one%2FPortier", kill_on_drop: false }`
[INFO] [stderr] Cloning into bare repository '/workspace/cache/git-repos/https%3A%2F%2Fgithub.com%2FVaibhav91one%2FPortier'...
[INFO] running `Command { std: "git" "rev-parse" "HEAD", kill_on_drop: false }`
[INFO] [stdout] a6c9cdafc293a0d57986bd7fcfea85c39a97c7e7
[INFO] testing Vaibhav91one/Portier against 1.100.0-beta.1+cargoflags=--release for beta-release-1.100-3
[INFO] running `Command { std: "git" "clone" "/workspace/cache/git-repos/https%3A%2F%2Fgithub.com%2FVaibhav91one%2FPortier" "/workspace/builds/worker-1-tc2/source", kill_on_drop: false }`
[INFO] [stderr] Cloning into '/workspace/builds/worker-1-tc2/source'...
[INFO] [stderr] done.
[INFO] started tweaking git repo https://github.com/Vaibhav91one/Portier
[INFO] finished tweaking git repo https://github.com/Vaibhav91one/Portier
[INFO] tweaked toml for git repo https://github.com/Vaibhav91one/Portier written to /workspace/builds/worker-1-tc2/source/Cargo.toml
[INFO] validating manifest of git repo https://github.com/Vaibhav91one/Portier on toolchain 1.100.0-beta.1
[INFO] running `Command { std: CARGO_HOME="/workspace/cargo-home" RUSTUP_HOME="/workspace/rustup-home" "/workspace/cargo-home/bin/cargo" "+1.100.0-beta.1" "metadata" "--manifest-path" "Cargo.toml" "--no-deps", kill_on_drop: false }`
[INFO] crate git repo https://github.com/Vaibhav91one/Portier already has a lockfile, it will not be regenerated
[INFO] running `Command { std: CARGO_HOME="/workspace/cargo-home" RUSTUP_HOME="/workspace/rustup-home" "/workspace/cargo-home/bin/cargo" "+1.100.0-beta.1" "fetch" "--manifest-path" "Cargo.toml", kill_on_drop: false }`
[INFO] [stderr] warning: unused field `description` in `workspace.package`
[INFO] [stderr]   --> Cargo.toml:35:1
[INFO] [stderr]    |
[INFO] [stderr] 35 | description = "Port conflict detection and resolution CLI tool"
[INFO] [stderr]    | ^^^^^^^^^^^
[INFO] [stderr]    |
[INFO] [stderr]    = note: `cargo::unused_workspace_package_fields` is set to `warn` by default
[INFO] [stderr] help: consider removing the field `workspace.package.description`
[INFO] [stderr] warning: workspace (manifest) generated 1 warning
[INFO] running `Command { std: "docker" "create" "-v" "/var/lib/crater-agent-workspace/builds/worker-1-tc2/source:/opt/rustwide/workdir:ro,Z" "-v" "/var/lib/crater-agent-workspace/builds/worker-1-tc2/target:/opt/rustwide/target:rw,Z" "-v" "/var/lib/crater-agent-workspace/cargo-home:/opt/rustwide/cargo-home:ro,Z" "-v" "/var/lib/crater-agent-workspace/rustup-home:/opt/rustwide/rustup-home:ro,Z" "-m" "1610612736" "--network" "none" "ghcr.io/rust-lang/crates-build-env/linux@sha256:77db811e55d90add9212f6832c23229e3de5f1c1f9905e8cb07319ea15df73ac" "sleep" "infinity", kill_on_drop: false }`
[INFO] [stdout] cbac207144b87ff9030059dc92145e93887d399dceb45c910dcc7d986c68503a
[INFO] running `Command { std: "docker" "start" "cbac207144b87ff9030059dc92145e93887d399dceb45c910dcc7d986c68503a", kill_on_drop: false }`
[INFO] running `Command { std: "docker" "inspect" "cbac207144b87ff9030059dc92145e93887d399dceb45c910dcc7d986c68503a", kill_on_drop: false }`
[INFO] running `Command { std: "docker" "exec" "-e" "SOURCE_DIR=/opt/rustwide/workdir" "-e" "CARGO_HOME=/opt/rustwide/cargo-home" "-e" "RUSTUP_HOME=/opt/rustwide/rustup-home" "-e" "CARGO_TARGET_DIR=/opt/rustwide/target" "-w" "/opt/rustwide/workdir" "--user" "0:0" "cbac207144b87ff9030059dc92145e93887d399dceb45c910dcc7d986c68503a" "/opt/rustwide/cargo-home/bin/cargo" "+1.100.0-beta.1" "metadata" "--no-deps" "--format-version=1", kill_on_drop: false }`
[INFO] running `Command { std: "docker" "inspect" "cbac207144b87ff9030059dc92145e93887d399dceb45c910dcc7d986c68503a", kill_on_drop: false }`
[INFO] running `Command { std: "docker" "exec" "-e" "SOURCE_DIR=/opt/rustwide/workdir" "-e" "CARGO_HOME=/opt/rustwide/cargo-home" "-e" "RUSTUP_HOME=/opt/rustwide/rustup-home" "-e" "CARGO_TARGET_DIR=/opt/rustwide/target" "-e" "CARGO_INCREMENTAL=0" "-e" "RUST_BACKTRACE=full" "-e" "RUSTFLAGS=--cap-lints=warn" "-e" "RUSTDOCFLAGS=--cap-lints=warn" "-w" "/opt/rustwide/workdir" "--user" "0:0" "cbac207144b87ff9030059dc92145e93887d399dceb45c910dcc7d986c68503a" "/opt/rustwide/cargo-home/bin/cargo" "+1.100.0-beta.1" "build" "--frozen" "--message-format=json" "--release", kill_on_drop: false }`
[INFO] [stderr] warning: unused field `description` in `workspace.package`
[INFO] [stderr]   --> Cargo.toml:35:1
[INFO] [stderr]    |
[INFO] [stderr] 35 | description = "Port conflict detection and resolution CLI tool"
[INFO] [stderr]    | ^^^^^^^^^^^
[INFO] [stderr]    |
[INFO] [stderr]    = note: `cargo::unused_workspace_package_fields` is set to `warn` by default
[INFO] [stderr] help: consider removing the field `workspace.package.description`
[INFO] [stderr] warning: workspace (manifest) generated 1 warning
[INFO] [stderr]    Compiling proc-macro2 v1.0.106
[INFO] [stderr]    Compiling unicode-ident v1.0.24
[INFO] [stderr]    Compiling quote v1.0.46
[INFO] [stderr]    Compiling serde_core v1.0.228
[INFO] [stderr]    Compiling serde v1.0.228
[INFO] [stderr]    Compiling zmij v1.0.21
[INFO] [stderr]    Compiling memchr v2.8.2
[INFO] [stderr]    Compiling autocfg v1.5.1
[INFO] [stderr]    Compiling pin-project-lite v0.2.17
[INFO] [stderr]    Compiling futures-core v0.3.32
[INFO] [stderr]    Compiling futures-sink v0.3.32
[INFO] [stderr]    Compiling libc v0.2.186
[INFO] [stderr]    Compiling equivalent v1.0.2
[INFO] [stderr]    Compiling itoa v1.0.18
[INFO] [stderr]    Compiling num-traits v0.2.19
[INFO] [stderr]    Compiling rustix v1.1.4
[INFO] [stderr]    Compiling serde_json v1.0.150
[INFO] [stderr]    Compiling strsim v0.11.1
[INFO] [stderr]    Compiling ident_case v1.0.1
[INFO] [stderr]    Compiling once_cell v1.21.4
[INFO] [stderr]    Compiling hashbrown v0.17.1
[INFO] [stderr]    Compiling futures-channel v0.3.32
[INFO] [stderr]    Compiling getrandom v0.4.3
[INFO] [stderr]    Compiling futures-task v0.3.32
[INFO] [stderr]    Compiling syn v2.0.118
[INFO] [stderr]    Compiling thiserror v2.0.18
[INFO] [stderr]    Compiling futures-io v0.3.32
[INFO] [stderr]    Compiling indexmap v2.14.0
[INFO] [stderr]    Compiling linux-raw-sys v0.12.1
[INFO] [stderr]    Compiling slab v0.4.12
[INFO] [stderr]    Compiling ref-cast v1.0.25
[INFO] [stderr]    Compiling iana-time-zone v0.1.65
[INFO] [stderr]    Compiling bitflags v2.13.0
[INFO] [stderr]    Compiling cfg-if v1.0.4
[INFO] [stderr]    Compiling utf8parse v0.2.2
[INFO] [stderr]    Compiling bytes v1.12.0
[INFO] [stderr]    Compiling listeners v0.6.0
[INFO] [stderr]    Compiling winnow v0.5.40
[INFO] [stderr]    Compiling anstyle-parse v1.0.0
[INFO] [stderr]    Compiling tracing-core v0.1.36
[INFO] [stderr]    Compiling anstyle-query v1.1.5
[INFO] [stderr]    Compiling fastrand v2.4.1
[INFO] [stderr]    Compiling unsafe-libyaml v0.2.11
[INFO] [stderr]    Compiling colorchoice v1.0.5
[INFO] [stderr]    Compiling ryu v1.0.23
[INFO] [stderr]    Compiling dyn-clone v1.0.20
[INFO] [stderr]    Compiling is_terminal_polyfill v1.70.2
[INFO] [stderr]    Compiling anstyle v1.0.14
[INFO] [stderr]    Compiling rmcp v1.8.0
[INFO] [stderr]    Compiling anstream v1.0.0
[INFO] [stderr]    Compiling fs2 v0.4.3
[INFO] [stderr]    Compiling heck v0.5.0
[INFO] [stderr]    Compiling pastey v0.2.3
[INFO] [stderr]    Compiling base64 v0.22.1
[INFO] [stderr]    Compiling tempfile v3.27.0
[INFO] [stderr]    Compiling clap_lex v1.1.0
[INFO] [stderr]    Compiling anyhow v1.0.103
[INFO] [stderr]    Compiling colored v3.1.1
[INFO] [stderr]    Compiling clap_builder v4.6.0
[INFO] [stderr]    Compiling darling_core v0.23.0
[INFO] [stderr]    Compiling serde_derive_internals v0.29.1
[INFO] [stderr]    Compiling serde_derive v1.0.228
[INFO] [stderr]    Compiling futures-macro v0.3.32
[INFO] [stderr]    Compiling ref-cast-impl v1.0.25
[INFO] [stderr]    Compiling tokio-macros v2.7.0
[INFO] [stderr]    Compiling thiserror-impl v2.0.18
[INFO] [stderr]    Compiling schemars_derive v1.2.1
[INFO] [stderr]    Compiling tracing-attributes v0.1.31
[INFO] [stderr]    Compiling tokio v1.52.3
[INFO] [stderr]    Compiling futures-util v0.3.32
[INFO] [stderr]    Compiling async-trait v0.1.89
[INFO] [stderr]    Compiling clap_derive v4.6.1
[INFO] [stderr]    Compiling tracing v0.1.44
[INFO] [stderr]    Compiling darling_macro v0.23.0
[INFO] [stderr]    Compiling darling v0.23.0
[INFO] [stderr]    Compiling rmcp-macros v1.8.0
[INFO] [stderr]    Compiling clap v4.6.1
[INFO] [stderr]    Compiling serde_spanned v0.6.9
[INFO] [stderr]    Compiling chrono v0.4.45
[INFO] [stderr]    Compiling toml_datetime v0.6.3
[INFO] [stderr]    Compiling serde_yaml v0.9.34+deprecated
[INFO] [stderr]    Compiling toml_edit v0.20.2
[INFO] [stderr]    Compiling futures-executor v0.3.32
[INFO] [stderr]    Compiling futures v0.3.32
[INFO] [stderr]    Compiling schemars v1.2.1
[INFO] [stderr]    Compiling tokio-util v0.7.18
[INFO] [stderr]    Compiling toml v0.8.2
[INFO] [stderr]    Compiling libportier v0.1.0 (/opt/rustwide/workdir/crates/libportier)
[INFO] [stderr]    Compiling portier-mcp v0.1.0 (/opt/rustwide/workdir/crates/portier-mcp)
[INFO] [stderr]    Compiling portier-cli v0.1.0 (/opt/rustwide/workdir/crates/portier-cli)
[INFO] [stderr] warning: unused dependency `tempfile`
[INFO] [stderr]   --> crates/libportier/Cargo.toml:12:1
[INFO] [stderr]    |
[INFO] [stderr] 12 | tempfile.workspace = true
[INFO] [stderr]    | ^^^^^^^^
[INFO] [stderr]    |
[INFO] [stderr]    = note: `cargo::unused_dependencies` is set to `warn` by default
[INFO] [stderr] help: consider removing the dependency on `tempfile`
[INFO] [stderr] warning: `libportier` (manifest) generated 1 warning
[INFO] [stderr]     Finished `release` profile [optimized] target(s) in 2m 11s
[INFO] running `Command { std: "docker" "inspect" "cbac207144b87ff9030059dc92145e93887d399dceb45c910dcc7d986c68503a", kill_on_drop: false }`
[INFO] running `Command { std: "docker" "exec" "-e" "SOURCE_DIR=/opt/rustwide/workdir" "-e" "CARGO_HOME=/opt/rustwide/cargo-home" "-e" "RUSTUP_HOME=/opt/rustwide/rustup-home" "-e" "CARGO_TARGET_DIR=/opt/rustwide/target" "-e" "CARGO_INCREMENTAL=0" "-e" "RUST_BACKTRACE=full" "-e" "RUSTFLAGS=--cap-lints=warn" "-e" "RUSTDOCFLAGS=--cap-lints=warn" "-w" "/opt/rustwide/workdir" "--user" "0:0" "cbac207144b87ff9030059dc92145e93887d399dceb45c910dcc7d986c68503a" "/opt/rustwide/cargo-home/bin/cargo" "+1.100.0-beta.1" "test" "--frozen" "--no-run" "--message-format=json" "--release", kill_on_drop: false }`
[INFO] [stderr] warning: unused field `description` in `workspace.package`
[INFO] [stderr]   --> Cargo.toml:35:1
[INFO] [stderr]    |
[INFO] [stderr] 35 | description = "Port conflict detection and resolution CLI tool"
[INFO] [stderr]    | ^^^^^^^^^^^
[INFO] [stderr]    |
[INFO] [stderr]    = note: `cargo::unused_workspace_package_fields` is set to `warn` by default
[INFO] [stderr] help: consider removing the field `workspace.package.description`
[INFO] [stderr] warning: workspace (manifest) generated 1 warning
[INFO] [stderr]    Compiling libportier v0.1.0 (/opt/rustwide/workdir/crates/libportier)
[INFO] [stderr]    Compiling portier-cli v0.1.0 (/opt/rustwide/workdir/crates/portier-cli)
[INFO] [stderr] warning: unused dependency `tempfile`
[INFO] [stderr]   --> crates/libportier/Cargo.toml:19:1
[INFO] [stderr]    |
[INFO] [stderr] 19 | tempfile.workspace = true
[INFO] [stderr]    | ^^^^^^^^
[INFO] [stderr]    |
[INFO] [stderr]    = note: `cargo::unused_dependencies` is set to `warn` by default
[INFO] [stderr] help: consider removing the dependency on `tempfile`
[INFO] [stderr] help: to still use for development builds, move to `dev-dependencies`
[INFO] [stderr] warning: unused dependency `tempfile`
[INFO] [stderr]   --> crates/libportier/Cargo.toml:12:1
[INFO] [stderr]    |
[INFO] [stderr] 12 | tempfile.workspace = true
[INFO] [stderr]    | ^^^^^^^^
[INFO] [stderr]    |
[INFO] [stderr] help: consider removing the dependency on `tempfile`
[INFO] [stderr] help: to still use for development builds, move to `dev-dependencies`
[INFO] [stderr] warning: `libportier` (manifest) generated 2 warnings
[INFO] [stderr]     Finished `release` profile [optimized] target(s) in 35.22s
[INFO] running `Command { std: "docker" "inspect" "cbac207144b87ff9030059dc92145e93887d399dceb45c910dcc7d986c68503a", kill_on_drop: false }`
[INFO] running `Command { std: "docker" "exec" "-e" "SOURCE_DIR=/opt/rustwide/workdir" "-e" "CARGO_HOME=/opt/rustwide/cargo-home" "-e" "RUSTUP_HOME=/opt/rustwide/rustup-home" "-e" "CARGO_TARGET_DIR=/opt/rustwide/target" "-e" "CARGO_INCREMENTAL=0" "-e" "RUST_BACKTRACE=full" "-e" "RUSTFLAGS=--cap-lints=warn" "-e" "RUSTDOCFLAGS=--cap-lints=warn" "-w" "/opt/rustwide/workdir" "--user" "0:0" "cbac207144b87ff9030059dc92145e93887d399dceb45c910dcc7d986c68503a" "/opt/rustwide/cargo-home/bin/cargo" "+1.100.0-beta.1" "test" "--frozen" "--release", kill_on_drop: false }`
[INFO] [stderr] warning: unused field `description` in `workspace.package`
[INFO] [stderr]   --> Cargo.toml:35:1
[INFO] [stderr]    |
[INFO] [stderr] 35 | description = "Port conflict detection and resolution CLI tool"
[INFO] [stderr]    | ^^^^^^^^^^^
[INFO] [stderr]    |
[INFO] [stderr]    = note: `cargo::unused_workspace_package_fields` is set to `warn` by default
[INFO] [stderr] help: consider removing the field `workspace.package.description`
[INFO] [stderr] warning: workspace (manifest) generated 1 warning
[INFO] [stderr] warning: unused dependency `tempfile`
[INFO] [stderr]   --> crates/libportier/Cargo.toml:19:1
[INFO] [stderr]    |
[INFO] [stderr] 19 | tempfile.workspace = true
[INFO] [stderr]    | ^^^^^^^^
[INFO] [stderr]    |
[INFO] [stderr]    = note: `cargo::unused_dependencies` is set to `warn` by default
[INFO] [stderr] help: consider removing the dependency on `tempfile`
[INFO] [stderr] help: to still use for development builds, move to `dev-dependencies`
[INFO] [stderr] warning: unused dependency `tempfile`
[INFO] [stderr]   --> crates/libportier/Cargo.toml:12:1
[INFO] [stderr]    |
[INFO] [stderr] 12 | tempfile.workspace = true
[INFO] [stderr]    | ^^^^^^^^
[INFO] [stderr]    |
[INFO] [stderr] help: consider removing the dependency on `tempfile`
[INFO] [stderr] help: to still use for development builds, move to `dev-dependencies`
[INFO] [stderr] warning: `libportier` (manifest) generated 2 warnings
[INFO] [stderr]     Finished `release` profile [optimized] target(s) in 0.28s
[INFO] [stderr]      Running unittests src/lib.rs (/opt/rustwide/target/release/build/libportier/8a594fe9beeac76a/out/libportier-8a594fe9beeac76a)
[INFO] [stdout] 
[INFO] [stdout] running 102 tests
[INFO] [stdout] test assigner::tests::test_allocate_consecutive_assigns_consecutive_ports ... ok
[INFO] [stdout] test assigner::tests::test_pick_free_port_preferred_free ... ok
[INFO] [stdout] test assigner::tests::test_allocate_consecutive_first_preferred_taken ... ok
[INFO] [stdout] test assigner::tests::test_find_free_port_basic ... ok
[INFO] [stdout] test assigner::tests::test_allocate_simple ... ok
[INFO] [stdout] test assigner::tests::test_allocate_consecutive_skips_in_use_ports ... ok
[INFO] [stdout] test assigner::tests::test_pick_free_port_range_exhausted_falls_back ... ok
[INFO] [stdout] test assigner::tests::test_find_free_port_respects_session_usage ... ok
[INFO] [stdout] test config::tests::test_assigned_ports ... ok
[INFO] [stdout] test assigner::tests::test_pick_free_port_preferred_taken ... ok
[INFO] [stdout] test config::tests::test_config_load_missing ... ok
[INFO] [stdout] test config::tests::test_config_roundtrip ... ok
[INFO] [stdout] test config::tests::test_extract_env_port ... ok
[INFO] [stdout] test config::tests::test_extract_env_port_quoted_values ... ok
[INFO] [stdout] test config::tests::test_extract_env_port_missing_file ... ok
[INFO] [stdout] test daemon::tests::test_heal_no_targets_is_noop ... ok
[INFO] [stdout] test config::tests::test_config_new ... ok
[INFO] [stdout] test assigner::tests::test_allocate_non_consecutive_keeps_preferred ... ok
[INFO] [stdout] test config::tests::test_config_files_for_stack ... ok
[INFO] [stdout] test assigner::tests::test_find_free_port_all_used ... ok
[INFO] [stdout] test daemon::tests::test_heal_reassigns_registered_project ... ok
[INFO] [stdout] test detector::tests::test_display ... ok
[INFO] [stdout] test detector::tests::test_find_config_files ... ok
[INFO] [stdout] test detector::tests::test_find_nginx_conf_glob ... ok
[INFO] [stdout] test detector::tests::test_detect_rust ... ok
[INFO] [stdout] test detector::tests::test_detect_first_match_wins ... ok
[INFO] [stdout] test detector::tests::test_detect_unknown ... ok
[INFO] [stdout] test detector::tests::test_detect_node ... ok
[INFO] [stdout] test daemon::tests::test_new_sets_fields ... ok
[INFO] [stdout] test daemon::tests::test_heal_unknown_project_is_noop ... ok
[INFO] [stdout] test detector::tests::test_resolve_project_root_marker ... ok
[INFO] [stdout] test inject::tests::test_always_sets_port ... ok
[INFO] [stdout] test inject::tests::test_django_bare_port ... ok
[INFO] [stdout] test inject::tests::test_django_replaces_address_port ... ok
[INFO] [stdout] test detector::tests::test_detect_python ... ok
[INFO] [stdout] test detector::tests::test_resolve_project_root_git_stops_climb ... ok
[INFO] [stdout] test detector::tests::test_resolve_project_root_none_for_bare_dir ... ok
[INFO] [stdout] test inject::tests::test_unknown_command_left_alone ... ok
[INFO] [stdout] test inject::tests::test_vite_adds_vite_port ... ok
[INFO] [stdout] test inject::tests::test_next_replaces_existing_flag ... ok
[INFO] [stdout] test inject::tests::test_non_vite_has_no_vite_port ... ok
[INFO] [stdout] test inject::tests::test_django_appends_when_no_address ... ok
[INFO] [stdout] test inject::tests::test_vite_appends_long_flag ... ok
[INFO] [stdout] test inject::tests::test_vite_replaces_eq_form ... ok
[INFO] [stdout] test registry::tests::test_ensure_project_adds_then_keeps ... ok
[INFO] [stdout] test registry::tests::test_registry_new_empty ... ok
[INFO] [stdout] test registry::tests::test_service_entry_defaults ... ok
[INFO] [stdout] test rewriter::docker::tests::test_docker_compose_integration ... ok
[INFO] [stdout] test registry::tests::test_concurrent_access ... ok
[INFO] [stdout] test rewriter::docker::tests::test_read_ports_ip_host_container ... ok
[INFO] [stdout] test detector::tests::test_markers_table_drives_detect_stack ... ok
[INFO] [stdout] test rewriter::docker::tests::test_read_ports_mapped_ports ... ok
[INFO] [stdout] test registry::tests::test_registry_roundtrip ... ok
[INFO] [stdout] test rewriter::dotenv::tests::test_can_handle_dotenv_local ... ok
[INFO] [stdout] test rewriter::dotenv::tests::test_can_handle_dotenv_staging ... ok
[INFO] [stdout] test rewriter::dotenv::tests::test_can_handle_rejects_env_production ... ok
[INFO] [stdout] test rewriter::dotenv::tests::test_can_handle_rejects_myapp_env ... ok
[INFO] [stdout] test rewriter::docker::tests::test_read_ports_roundtrip_write ... ok
[INFO] [stdout] test registry::tests::test_update_aborts_on_err ... ok
[INFO] [stdout] test rewriter::dotenv::tests::test_can_handle_matches_dotenv ... ok
[INFO] [stdout] test rewriter::dotenv::tests::test_can_handle_matches_dotenv_production ... ok
[INFO] [stdout] test inject::tests::test_next_appends_flag_when_absent ... ok
[INFO] [stdout] test rewriter::docker::tests::test_read_ports_host_container ... ok
[INFO] [stdout] test registry::tests::test_registry_crud ... ok
[INFO] [stdout] test rewriter::dotenv::tests::test_trailing_newline_preserved ... ok
[INFO] [stdout] test rewriter::generic::tests::test_generic_json_ports ... ok
[INFO] [stdout] test rewriter::dotenv::tests::test_trailing_newline_not_added ... ok
[INFO] [stdout] test rewriter::nginx::tests::test_extract_port_alt ... ok
[INFO] [stdout] test rewriter::nginx::tests::test_extract_port_bare ... ok
[INFO] [stdout] test rewriter::nginx::tests::test_extract_port_bare_with_modifier ... ok
[INFO] [stdout] test rewriter::nginx::tests::test_extract_port_indented ... ok
[INFO] [stdout] test rewriter::nginx::tests::test_replace_port_bare ... ok
[INFO] [stdout] test rewriter::nginx::tests::test_extract_port_ipv6_with_modifier ... ok
[INFO] [stdout] test rewriter::nginx::tests::test_extract_port_ipv6 ... ok
[INFO] [stdout] test rewriter::nginx::tests::test_replace_port_bare_with_modifier ... ok
[INFO] [stdout] test rewriter::nginx::tests::test_replace_port_ipv6_with_modifier ... ok
[INFO] [stdout] test rewriter::dotenv::tests::test_dotenv_roundtrip_multiple_vars ... ok
[INFO] [stdout] test rewriter::nginx::tests::test_replace_port_ipv6 ... ok
[INFO] [stdout] test rewriter::generic::tests::test_generic_yaml_ports ... ok
[INFO] [stdout] test rewriter::nginx::tests::test_replace_port_roundtrip_ipv6_with_modifier ... ok
[INFO] [stdout] test rewriter::nginx::tests::test_replace_port_roundtrip_ipv6 ... ok
[INFO] [stdout] test scanner::tests::test_build_statuses_dedups_same_pid ... ok
[INFO] [stdout] test rewriter::nginx::tests::test_replace_port_indented ... ok
[INFO] [stdout] test rewriter::tests::test_preview_assignments_no_modify ... ok
[INFO] [stdout] test rewriter::nginx::tests::test_replace_port_roundtrip_bare ... ok
[INFO] [stdout] test scanner::tests::test_build_statuses_detects_conflict ... ok
[INFO] [stdout] test scanner::tests::test_build_statuses_sorted_by_port ... ok
[INFO] [stdout] test rewriter::nginx::tests::test_nginx_integration ... ok
[INFO] [stdout] test rewriter::tests::test_apply_assignments_updates_files ... ok
[INFO] [stdout] test scanner::tests::test_port_status_fields ... ok
[INFO] [stdout] test scanner::tests::test_port_status_no_conflict ... ok
[INFO] [stdout] test scanner::tests::test_scan_sorted ... ok
[INFO] [stdout] test settings::tests::test_allow_well_known_when_disabled ... ok
[INFO] [stdout] test settings::tests::test_avoid_well_known_bumps_start ... ok
[INFO] [stdout] test settings::tests::test_partial_toml_fills_defaults ... ok
[INFO] [stdout] test settings::tests::test_prefer_consecutive_parsed ... ok
[INFO] [stdout] test settings::tests::test_defaults ... ok
[INFO] [stdout] test scanner::tests::test_scan_returns_vec ... ok
[INFO] [stdout] test snapshot::tests::test_restore_snapshot ... ok
[INFO] [stdout] test snapshot::tests::test_restore_snapshot_creates_parent_dirs ... ok
[INFO] [stdout] test snapshot::tests::test_take_snapshot_skips_missing_files ... ok
[INFO] [stderr]      Running unittests src/main.rs (/opt/rustwide/target/release/build/portier-cli/69bf695ec94b6ba2/out/portier-69bf695ec94b6ba2)
[INFO] [stdout] test snapshot::tests::test_snapshot_persistence_round_trip ... ok
[INFO] [stdout] 
[INFO] [stdout] test result: ok. 102 passed; 0 failed; 0 ignored; 0 measured; 0 filtered out; finished in 0.03s
[INFO] [stdout] 
[INFO] [stderr]      Running tests/integration_test.rs (/opt/rustwide/target/release/build/portier-cli/c6d21f5f3d907488/out/integration_test-c6d21f5f3d907488)
[INFO] [stdout] 
[INFO] [stdout] running 0 tests
[INFO] [stdout] 
[INFO] [stdout] test result: ok. 0 passed; 0 failed; 0 ignored; 0 measured; 0 filtered out; finished in 0.00s
[INFO] [stdout] 
[INFO] [stdout] 
[INFO] [stdout] running 8 tests
[INFO] [stdout] test test_cli_scan_json ... FAILED
[INFO] [stdout] test test_cli_scan_table ... FAILED
[INFO] [stdout] test test_cli_help ... FAILED
[INFO] [stdout] test test_cli_config_init_and_show ... FAILED
[INFO] [stdout] test test_cli_version ... FAILED
[INFO] [stdout] test test_run_auto_registers_project ... FAILED
[INFO] [stdout] test test_cli_link_and_status ... FAILED
[INFO] [stdout] test test_e2e_start_rewrites_config_on_conflict ... FAILED
[INFO] [stderr] error: test failed, to rerun pass `-p portier-cli --test integration_test`
[INFO] [stdout] 
[INFO] [stdout] failures:
[INFO] [stdout] 
[INFO] [stdout] ---- test_cli_scan_json stdout ----
[INFO] [stdout] 
[INFO] [stdout] thread 'test_cli_scan_json' (1627) panicked at crates/portier-cli/tests/integration_test.rs:44:10:
[INFO] [stdout] Failed to run portier scan --json: Os { code: 2, kind: NotFound, message: "No such file or directory" }
[INFO] [stdout] stack backtrace:
[INFO] [stdout]    0:     0x5ef2cb8c74d5 - <unknown>
[INFO] [stdout]    1:     0x5ef2cb8ab874 - <unknown>
[INFO] [stdout]    2:     0x5ef2cb8c6b7b - <unknown>
[INFO] [stdout]    3:     0x5ef2cb8c6779 - <unknown>
[INFO] [stdout]    4:     0x5ef2cb8c63fa - <unknown>
[INFO] [stdout]    5:     0x5ef2cb8c5f2b - <unknown>
[INFO] [stdout]    6:     0x5ef2cb8ebd91 - <unknown>
[INFO] [stdout]    7:     0x5ef2cb8ebd49 - <unknown>
[INFO] [stdout]    8:     0x5ef2cb8ec23c - <unknown>
[INFO] [stdout]    9:     0x5ef2cb8ab70b - <unknown>
[INFO] [stdout]   10:     0x5ef2cb8ae761 - <unknown>
[INFO] [stdout]   11:     0x5ef2cb8a6d21 - <unknown>
[INFO] [stdout]   12:     0x5ef2cb8a7862 - <unknown>
[INFO] [stdout]   13:     0x5ef2cb9047ab - <unknown>
[INFO] [stdout]   14:     0x5ef2cb900a16 - <unknown>
[INFO] [stdout]   15:     0x5ef2cb90023c - <unknown>
[INFO] [stdout]   16:     0x5ef2cb91e68c - <unknown>
[INFO] [stdout]   17:     0x5ef2cb8ed9f8 - <unknown>
[INFO] [stdout]   18:     0x75664b73bdfa - <unknown>
[INFO] [stdout]   19:     0x75664b7cf3d4 - clone
[INFO] [stdout]   20:                0x0 - <unknown>
[INFO] [stdout] 
[INFO] [stdout] ---- test_cli_scan_table stdout ----
[INFO] [stdout] 
[INFO] [stdout] thread 'test_cli_scan_table' (1630) panicked at crates/portier-cli/tests/integration_test.rs:60:10:
[INFO] [stdout] Failed to run portier scan: Os { code: 2, kind: NotFound, message: "No such file or directory" }
[INFO] [stdout] stack backtrace:
[INFO] [stdout]    0:     0x5ef2cb8c74d5 - <unknown>
[INFO] [stdout]    1:     0x5ef2cb8ab874 - <unknown>
[INFO] [stdout]    2:     0x5ef2cb8c6b7b - <unknown>
[INFO] [stdout]    3:     0x5ef2cb8c6779 - <unknown>
[INFO] [stdout]    4:     0x5ef2cb8c63fa - <unknown>
[INFO] [stdout]    5:     0x5ef2cb8c5f2b - <unknown>
[INFO] [stdout]    6:     0x5ef2cb8ebd91 - <unknown>
[INFO] [stdout]    7:     0x5ef2cb8ebd49 - <unknown>
[INFO] [stdout]    8:     0x5ef2cb8ec23c - <unknown>
[INFO] [stdout]    9:     0x5ef2cb8ab70b - <unknown>
[INFO] [stdout]   10:     0x5ef2cb8ae761 - <unknown>
[INFO] [stdout]   11:     0x5ef2cb8a6d21 - <unknown>
[INFO] [stdout]   12:     0x5ef2cb8a80a7 - <unknown>
[INFO] [stdout]   13:     0x5ef2cb9047ab - <unknown>
[INFO] [stdout]   14:     0x5ef2cb900a16 - <unknown>
[INFO] [stdout]   15:     0x5ef2cb90023c - <unknown>
[INFO] [stdout]   16:     0x5ef2cb91e68c - <unknown>
[INFO] [stdout]   17:     0x5ef2cb8ed9f8 - <unknown>
[INFO] [stdout]   18:     0x75664b73bdfa - <unknown>
[INFO] [stdout]   19:     0x75664b7cf3d4 - clone
[INFO] [stdout]   20:                0x0 - <unknown>
[INFO] [stdout] 
[INFO] [stdout] ---- test_cli_help stdout ----
[INFO] [stdout] 
[INFO] [stdout] thread 'test_cli_help' (1625) panicked at crates/portier-cli/tests/integration_test.rs:30:10:
[INFO] [stdout] Failed to run portier --help: Os { code: 2, kind: NotFound, message: "No such file or directory" }
[INFO] [stdout] stack backtrace:
[INFO] [stdout]    0:     0x5ef2cb8c74d5 - <unknown>
[INFO] [stdout]    1:     0x5ef2cb8ab874 - <unknown>
[INFO] [stdout]    2:     0x5ef2cb8c6b7b - <unknown>
[INFO] [stdout]    3:     0x5ef2cb8c6779 - <unknown>
[INFO] [stdout]    4:     0x5ef2cb8c63fa - <unknown>
[INFO] [stdout]    5:     0x5ef2cb8c5f2b - <unknown>
[INFO] [stdout]    6:     0x5ef2cb8ebd91 - <unknown>
[INFO] [stdout]    7:     0x5ef2cb8ebd49 - <unknown>
[INFO] [stdout]    8:     0x5ef2cb8ec23c - <unknown>
[INFO] [stdout]    9:     0x5ef2cb8ab70b - <unknown>
[INFO] [stdout]   10:     0x5ef2cb8ae761 - <unknown>
[INFO] [stdout]   11:     0x5ef2cb8a6d21 - <unknown>
[INFO] [stdout]   12:     0x5ef2cb8a74fb - <unknown>
[INFO] [stdout]   13:     0x5ef2cb9047ab - <unknown>
[INFO] [stdout]   14:     0x5ef2cb900a16 - <unknown>
[INFO] [stdout]   15:     0x5ef2cb90023c - <unknown>
[INFO] [stdout]   16:     0x5ef2cb91e68c - <unknown>
[INFO] [stdout]   17:     0x5ef2cb8ed9f8 - <unknown>
[INFO] [stdout]   18:     0x75664b73bdfa - <unknown>
[INFO] [stdout]   19:     0x75664b7cf3d4 - clone
[INFO] [stdout]   20:                0x0 - <unknown>
[INFO] [stdout] 
[INFO] [stdout] ---- test_cli_config_init_and_show stdout ----
[INFO] [stdout] 
[INFO] [stdout] thread 'test_cli_config_init_and_show' (1624) panicked at crates/portier-cli/tests/integration_test.rs:79:10:
[INFO] [stdout] Failed to run portier config init: Os { code: 2, kind: NotFound, message: "No such file or directory" }
[INFO] [stdout] stack backtrace:
[INFO] [stdout]    0:     0x5ef2cb8c74d5 - <unknown>
[INFO] [stdout]    1:     0x5ef2cb8ab874 - <unknown>
[INFO] [stdout]    2:     0x5ef2cb8c6b7b - <unknown>
[INFO] [stdout]    3:     0x5ef2cb8c6779 - <unknown>
[INFO] [stdout]    4:     0x5ef2cb8c63fa - <unknown>
[INFO] [stdout]    5:     0x5ef2cb8c5f2b - <unknown>
[INFO] [stdout]    6:     0x5ef2cb8ebd91 - <unknown>
[INFO] [stdout]    7:     0x5ef2cb8ebd49 - <unknown>
[INFO] [stdout]    8:     0x5ef2cb8ec23c - <unknown>
[INFO] [stdout]    9:     0x5ef2cb8ab70b - <unknown>
[INFO] [stdout]   10:     0x5ef2cb8ae761 - <unknown>
[INFO] [stdout]   11:     0x5ef2cb8a6d21 - <unknown>
[INFO] [stdout]   12:     0x5ef2cb8a8778 - <unknown>
[INFO] [stdout]   13:     0x5ef2cb9047ab - <unknown>
[INFO] [stdout]   14:     0x5ef2cb900a16 - <unknown>
[INFO] [stdout]   15:     0x5ef2cb90023c - <unknown>
[INFO] [stdout]   16:     0x5ef2cb91e68c - <unknown>
[INFO] [stdout]   17:     0x5ef2cb8ed9f8 - <unknown>
[INFO] [stdout]   18:     0x75664b73bdfa - <unknown>
[INFO] [stdout]   19:     0x75664b7cf3d4 - clone
[INFO] [stdout]   20:                0x0 - <unknown>
[INFO] [stdout] 
[INFO] [stdout] ---- test_cli_version stdout ----
[INFO] [stdout] 
[INFO] [stdout] thread 'test_cli_version' (1631) panicked at crates/portier-cli/tests/integration_test.rs:19:10:
[INFO] [stdout] Failed to run portier --version: Os { code: 2, kind: NotFound, message: "No such file or directory" }
[INFO] [stdout] stack backtrace:
[INFO] [stdout]    0:     0x5ef2cb8c74d5 - <unknown>
[INFO] [stdout]    1:     0x5ef2cb8ab874 - <unknown>
[INFO] [stdout]    2:     0x5ef2cb8c6b7b - <unknown>
[INFO] [stdout]    3:     0x5ef2cb8c6779 - <unknown>
[INFO] [stdout]    4:     0x5ef2cb8c63fa - <unknown>
[INFO] [stdout]    5:     0x5ef2cb8c5f2b - <unknown>
[INFO] [stdout]    6:     0x5ef2cb8ebd91 - <unknown>
[INFO] [stdout]    7:     0x5ef2cb8ebd49 - <unknown>
[INFO] [stdout]    8:     0x5ef2cb8ec23c - <unknown>
[INFO] [stdout]    9:     0x5ef2cb8ab70b - <unknown>
[INFO] [stdout]   10:     0x5ef2cb8ae761 - <unknown>
[INFO] [stdout]   11:     0x5ef2cb8a6d21 - <unknown>
[INFO] [stdout]   12:     0x5ef2cb8a76e6 - <unknown>
[INFO] [stdout]   13:     0x5ef2cb9047ab - <unknown>
[INFO] [stdout]   14:     0x5ef2cb900a16 - <unknown>
[INFO] [stdout]   15:     0x5ef2cb90023c - <unknown>
[INFO] [stdout]   16:     0x5ef2cb91e68c - <unknown>
[INFO] [stdout]   17:     0x5ef2cb8ed9f8 - <unknown>
[INFO] [stdout]   18:     0x75664b73bdfa - <unknown>
[INFO] [stdout]   19:     0x75664b7cf3d4 - clone
[INFO] [stdout]   20:                0x0 - <unknown>
[INFO] [stdout] 
[INFO] [stdout] ---- test_run_auto_registers_project stdout ----
[INFO] [stdout] 
[INFO] [stdout] thread 'test_run_auto_registers_project' (1633) panicked at crates/portier-cli/tests/integration_test.rs:156:10:
[INFO] [stdout] Failed to run portier run: Os { code: 2, kind: NotFound, message: "No such file or directory" }
[INFO] [stdout] stack backtrace:
[INFO] [stdout]    0:     0x5ef2cb8c74d5 - <unknown>
[INFO] [stdout]    1:     0x5ef2cb8ab874 - <unknown>
[INFO] [stdout]    2:     0x5ef2cb8c6b7b - <unknown>
[INFO] [stdout]    3:     0x5ef2cb8c6779 - <unknown>
[INFO] [stdout]    4:     0x5ef2cb8c63fa - <unknown>
[INFO] [stdout]    5:     0x5ef2cb8c5f2b - <unknown>
[INFO] [stdout]    6:     0x5ef2cb8ebd91 - <unknown>
[INFO] [stdout]    7:     0x5ef2cb8ebd49 - <unknown>
[INFO] [stdout]    8:     0x5ef2cb8ec23c - <unknown>
[INFO] [stdout]    9:     0x5ef2cb8ab70b - <unknown>
[INFO] [stdout]   10:     0x5ef2cb8ae761 - <unknown>
[INFO] [stdout]   11:     0x5ef2cb8a6d21 - <unknown>
[INFO] [stdout]   12:     0x5ef2cb8a8cc4 - <unknown>
[INFO] [stdout]   13:     0x5ef2cb9047ab - <unknown>
[INFO] [stdout]   14:     0x5ef2cb900a16 - <unknown>
[INFO] [stdout]   15:     0x5ef2cb90023c - <unknown>
[INFO] [stdout]   16:     0x5ef2cb91e68c - <unknown>
[INFO] [stdout]   17:     0x5ef2cb8ed9f8 - <unknown>
[INFO] [stdout]   18:     0x75664b73bdfa - <unknown>
[INFO] [stdout]   19:     0x75664b7cf3d4 - clone
[INFO] [stdout]   20:                0x0 - <unknown>
[INFO] [stdout] 
[INFO] [stdout] ---- test_cli_link_and_status stdout ----
[INFO] [stdout] 
[INFO] [stdout] thread 'test_cli_link_and_status' (1626) panicked at crates/portier-cli/tests/integration_test.rs:113:10:
[INFO] [stdout] Failed to run portier link: Os { code: 2, kind: NotFound, message: "No such file or directory" }
[INFO] [stdout] stack backtrace:
[INFO] [stdout]    0:     0x5ef2cb8c74d5 - <unknown>
[INFO] [stdout]    1:     0x5ef2cb8ab874 - <unknown>
[INFO] [stdout]    2:     0x5ef2cb8c6b7b - <unknown>
[INFO] [stdout]    3:     0x5ef2cb8c6779 - <unknown>
[INFO] [stdout]    4:     0x5ef2cb8c63fa - <unknown>
[INFO] [stdout]    5:     0x5ef2cb8c5f2b - <unknown>
[INFO] [stdout]    6:     0x5ef2cb8ebd91 - <unknown>
[INFO] [stdout]    7:     0x5ef2cb8ebd49 - <unknown>
[INFO] [stdout]    8:     0x5ef2cb8ec23c - <unknown>
[INFO] [stdout]    9:     0x5ef2cb8ab70b - <unknown>
[INFO] [stdout]   10:     0x5ef2cb8ae761 - <unknown>
[INFO] [stdout]   11:     0x5ef2cb8a6d21 - <unknown>
[INFO] [stdout]   12:     0x5ef2cb8a82ed - <unknown>
[INFO] [stdout]   13:     0x5ef2cb9047ab - <unknown>
[INFO] [stdout]   14:     0x5ef2cb900a16 - <unknown>
[INFO] [stdout]   15:     0x5ef2cb90023c - <unknown>
[INFO] [stdout]   16:     0x5ef2cb91e68c - <unknown>
[INFO] [stdout]   17:     0x5ef2cb8ed9f8 - <unknown>
[INFO] [stdout]   18:     0x75664b73bdfa - <unknown>
[INFO] [stdout]   19:     0x75664b7cf3d4 - clone
[INFO] [stdout]   20:                0x0 - <unknown>
[INFO] [stdout] 
[INFO] [stdout] ---- test_e2e_start_rewrites_config_on_conflict stdout ----
[INFO] [stdout] 
[INFO] [stdout] thread 'test_e2e_start_rewrites_config_on_conflict' (1632) panicked at crates/portier-cli/tests/integration_test.rs:197:10:
[INFO] [stdout] Failed to run portier start: Os { code: 2, kind: NotFound, message: "No such file or directory" }
[INFO] [stdout] stack backtrace:
[INFO] [stdout]    0:     0x5ef2cb8c74d5 - <unknown>
[INFO] [stdout]    1:     0x5ef2cb8ab874 - <unknown>
[INFO] [stdout]    2:     0x5ef2cb8c6b7b - <unknown>
[INFO] [stdout]    3:     0x5ef2cb8c6779 - <unknown>
[INFO] [stdout]    4:     0x5ef2cb8c63fa - <unknown>
[INFO] [stdout]    5:     0x5ef2cb8c5f2b - <unknown>
[INFO] [stdout]    6:     0x5ef2cb8ebd91 - <unknown>
[INFO] [stdout]    7:     0x5ef2cb8ebd49 - <unknown>
[INFO] [stdout]    8:     0x5ef2cb8ec23c - <unknown>
[INFO] [stdout]    9:     0x5ef2cb8ab70b - <unknown>
[INFO] [stdout]   10:     0x5ef2cb8ae761 - <unknown>
[INFO] [stdout]   11:     0x5ef2cb8a6d21 - <unknown>
[INFO] [stdout]   12:     0x5ef2cb8a958a - <unknown>
[INFO] [stdout]   13:     0x5ef2cb9047ab - <unknown>
[INFO] [stdout]   14:     0x5ef2cb900a16 - <unknown>
[INFO] [stdout]   15:     0x5ef2cb90023c - <unknown>
[INFO] [stdout]   16:     0x5ef2cb91e68c - <unknown>
[INFO] [stdout]   17:     0x5ef2cb8ed9f8 - <unknown>
[INFO] [stdout]   18:     0x75664b73bdfa - <unknown>
[INFO] [stdout]   19:     0x75664b7cf3d4 - clone
[INFO] [stdout]   20:                0x0 - <unknown>
[INFO] [stdout] 
[INFO] [stdout] 
[INFO] [stdout] failures:
[INFO] [stdout]     test_cli_config_init_and_show
[INFO] [stdout]     test_cli_help
[INFO] [stdout]     test_cli_link_and_status
[INFO] [stdout]     test_cli_scan_json
[INFO] [stdout]     test_cli_scan_table
[INFO] [stdout]     test_cli_version
[INFO] [stdout]     test_e2e_start_rewrites_config_on_conflict
[INFO] [stdout]     test_run_auto_registers_project
[INFO] [stdout] 
[INFO] [stdout] test result: FAILED. 0 passed; 8 failed; 0 ignored; 0 measured; 0 filtered out; finished in 0.01s
[INFO] [stdout] 
[INFO] running `Command { std: "docker" "inspect" "cbac207144b87ff9030059dc92145e93887d399dceb45c910dcc7d986c68503a", kill_on_drop: false }`
[INFO] running `Command { std: "docker" "rm" "-f" "cbac207144b87ff9030059dc92145e93887d399dceb45c910dcc7d986c68503a", kill_on_drop: false }`
[INFO] [stdout] cbac207144b87ff9030059dc92145e93887d399dceb45c910dcc7d986c68503a
