[INFO] cloning repository https://github.com/TevesManuel/gRPC_CRUD_DB
[INFO] running `Command { std: "git" "-c" "credential.helper=" "-c" "credential.helper=/workspace/cargo-home/bin/git-credential-null" "clone" "--bare" "https://github.com/TevesManuel/gRPC_CRUD_DB" "/workspace/cache/git-repos/https%3A%2F%2Fgithub.com%2FTevesManuel%2FgRPC_CRUD_DB", kill_on_drop: false }`
[INFO] [stderr] Cloning into bare repository '/workspace/cache/git-repos/https%3A%2F%2Fgithub.com%2FTevesManuel%2FgRPC_CRUD_DB'...
[INFO] running `Command { std: "git" "rev-parse" "HEAD", kill_on_drop: false }`
[INFO] [stdout] 002e83ec07dd0b5738985d727631b73798d5c5a3
[INFO] testing TevesManuel/gRPC_CRUD_DB against 1.99.0-beta.8+cargoflags=--release for beta-release-1.100-3
[INFO] running `Command { std: "git" "clone" "/workspace/cache/git-repos/https%3A%2F%2Fgithub.com%2FTevesManuel%2FgRPC_CRUD_DB" "/workspace/builds/worker-7-tc1/source", kill_on_drop: false }`
[INFO] [stderr] Cloning into '/workspace/builds/worker-7-tc1/source'...
[INFO] [stderr] done.
[INFO] started tweaking git repo https://github.com/TevesManuel/gRPC_CRUD_DB
[INFO] finished tweaking git repo https://github.com/TevesManuel/gRPC_CRUD_DB
[INFO] tweaked toml for git repo https://github.com/TevesManuel/gRPC_CRUD_DB written to /workspace/builds/worker-7-tc1/source/Cargo.toml
[INFO] validating manifest of git repo https://github.com/TevesManuel/gRPC_CRUD_DB on toolchain 1.99.0-beta.8
[INFO] running `Command { std: CARGO_HOME="/workspace/cargo-home" RUSTUP_HOME="/workspace/rustup-home" "/workspace/cargo-home/bin/cargo" "+1.99.0-beta.8" "metadata" "--manifest-path" "Cargo.toml" "--no-deps", kill_on_drop: false }`
[INFO] crate git repo https://github.com/TevesManuel/gRPC_CRUD_DB already has a lockfile, it will not be regenerated
[INFO] running `Command { std: CARGO_HOME="/workspace/cargo-home" RUSTUP_HOME="/workspace/rustup-home" "/workspace/cargo-home/bin/cargo" "+1.99.0-beta.8" "fetch" "--manifest-path" "Cargo.toml", kill_on_drop: false }`
[INFO] [stderr]     Updating crates.io index
[INFO] [stderr]  Downloading crates ...
[INFO] [stderr]   Downloaded prost-build v0.11.9
[INFO] [stderr]   Downloaded serde v1.0.188
[INFO] [stderr]   Downloaded which v4.4.0
[INFO] [stderr]   Downloaded serde_derive v1.0.188
[INFO] [stderr]   Downloaded multimap v0.8.3
[INFO] [stderr]   Downloaded tonic-build v0.9.2
[INFO] [stderr]   Downloaded prost v0.11.9
[INFO] [stderr]   Downloaded hyper-timeout v0.4.1
[INFO] [stderr]   Downloaded tokio-io-timeout v1.2.0
[INFO] [stderr]   Downloaded prost-derive v0.11.9
[INFO] [stderr]   Downloaded anyhow v1.0.75
[INFO] [stderr]   Downloaded prost-types v0.11.9
[INFO] [stderr]   Downloaded tempfile v3.8.0
[INFO] [stderr]   Downloaded rustversion v1.0.14
[INFO] [stderr]   Downloaded matchit v0.7.2
[INFO] [stderr]   Downloaded prettyplease v0.1.25
[INFO] [stderr]   Downloaded async-trait v0.1.73
[INFO] [stderr]   Downloaded socket2 v0.4.9
[INFO] [stderr]   Downloaded tonic v0.9.2
[INFO] [stderr]   Downloaded tokio-util v0.7.8
[INFO] [stderr]   Downloaded base64 v0.21.3
[INFO] [stderr]   Downloaded http v0.2.9
[INFO] [stderr]   Downloaded aho-corasick v1.0.4
[INFO] [stderr]   Downloaded petgraph v0.6.4
[INFO] [stderr]   Downloaded h2 v0.3.21
[INFO] [stderr]   Downloaded hyper v0.14.27
[INFO] [stderr]   Downloaded syn v2.0.29
[INFO] [stderr]   Downloaded regex v1.9.4
[INFO] [stderr]   Downloaded object v0.32.0
[INFO] [stderr]   Downloaded rustls-webpki v0.101.4
[INFO] [stderr]   Downloaded thiserror-impl v1.0.47
[INFO] [stderr]   Downloaded thiserror v1.0.47
[INFO] [stderr]   Downloaded rustix v0.38.9
[INFO] [stderr]   Downloaded regex-syntax v0.7.5
[INFO] [stderr]   Downloaded regex-automata v0.3.7
[INFO] [stderr]   Downloaded tokio v1.32.0
[INFO] [stderr]   Downloaded serde_json v1.0.105
[INFO] running `Command { std: "docker" "create" "-v" "/var/lib/crater-agent-workspace/builds/worker-7-tc1/source:/opt/rustwide/workdir:ro,Z" "-v" "/var/lib/crater-agent-workspace/builds/worker-7-tc1/target:/opt/rustwide/target:rw,Z" "-v" "/var/lib/crater-agent-workspace/cargo-home:/opt/rustwide/cargo-home:ro,Z" "-v" "/var/lib/crater-agent-workspace/rustup-home:/opt/rustwide/rustup-home:ro,Z" "-m" "1610612736" "--network" "none" "ghcr.io/rust-lang/crates-build-env/linux@sha256:77db811e55d90add9212f6832c23229e3de5f1c1f9905e8cb07319ea15df73ac" "sleep" "infinity", kill_on_drop: false }`
[INFO] [stdout] 4283db72b7132a100c7b1fe6a2687cee2f73bafe0629acc602e90c316a1481df
[INFO] running `Command { std: "docker" "start" "4283db72b7132a100c7b1fe6a2687cee2f73bafe0629acc602e90c316a1481df", kill_on_drop: false }`
[INFO] running `Command { std: "docker" "inspect" "4283db72b7132a100c7b1fe6a2687cee2f73bafe0629acc602e90c316a1481df", kill_on_drop: false }`
[INFO] running `Command { std: "docker" "exec" "-e" "SOURCE_DIR=/opt/rustwide/workdir" "-e" "CARGO_HOME=/opt/rustwide/cargo-home" "-e" "RUSTUP_HOME=/opt/rustwide/rustup-home" "-e" "CARGO_TARGET_DIR=/opt/rustwide/target" "-w" "/opt/rustwide/workdir" "--user" "0:0" "4283db72b7132a100c7b1fe6a2687cee2f73bafe0629acc602e90c316a1481df" "/opt/rustwide/cargo-home/bin/cargo" "+1.99.0-beta.8" "metadata" "--no-deps" "--format-version=1", kill_on_drop: false }`
[INFO] running `Command { std: "docker" "inspect" "4283db72b7132a100c7b1fe6a2687cee2f73bafe0629acc602e90c316a1481df", kill_on_drop: false }`
[INFO] running `Command { std: "docker" "exec" "-e" "SOURCE_DIR=/opt/rustwide/workdir" "-e" "CARGO_HOME=/opt/rustwide/cargo-home" "-e" "RUSTUP_HOME=/opt/rustwide/rustup-home" "-e" "CARGO_TARGET_DIR=/opt/rustwide/target" "-e" "CARGO_INCREMENTAL=0" "-e" "RUST_BACKTRACE=full" "-e" "RUSTFLAGS=--cap-lints=warn" "-e" "RUSTDOCFLAGS=--cap-lints=warn" "-w" "/opt/rustwide/workdir" "--user" "0:0" "4283db72b7132a100c7b1fe6a2687cee2f73bafe0629acc602e90c316a1481df" "/opt/rustwide/cargo-home/bin/cargo" "+1.99.0-beta.8" "build" "--frozen" "--message-format=json" "--release", kill_on_drop: false }`
[INFO] [stderr]    Compiling quote v1.0.33
[INFO] [stderr]    Compiling serde v1.0.188
[INFO] [stderr]    Compiling cc v1.0.83
[INFO] [stderr]    Compiling syn v1.0.109
[INFO] [stderr]    Compiling futures-sink v0.3.28
[INFO] [stderr]    Compiling anyhow v1.0.75
[INFO] [stderr]    Compiling thiserror v1.0.47
[INFO] [stderr]    Compiling serde_json v1.0.105
[INFO] [stderr]    Compiling rustix v0.38.9
[INFO] [stderr]    Compiling rustversion v1.0.14
[INFO] [stderr]    Compiling futures-channel v0.3.28
[INFO] [stderr]    Compiling indexmap v1.9.3
[INFO] [stderr]    Compiling http v0.2.9
[INFO] [stderr]    Compiling hashbrown v0.12.3
[INFO] [stderr]    Compiling tokio v1.32.0
[INFO] [stderr]    Compiling base64 v0.21.3
[INFO] [stderr]    Compiling futures-util v0.3.28
[INFO] [stderr]    Compiling regex-syntax v0.7.5
[INFO] [stderr]    Compiling syn v2.0.29
[INFO] [stderr]    Compiling prettyplease v0.1.25
[INFO] [stderr]    Compiling rand v0.8.5
[INFO] [stderr]    Compiling async-trait v0.1.73
[INFO] [stderr]    Compiling fixedbitset v0.4.2
[INFO] [stderr]    Compiling rustls-pemfile v1.0.3
[INFO] [stderr]    Compiling try-lock v0.2.4
[INFO] [stderr]    Compiling want v0.3.1
[INFO] [stderr]    Compiling petgraph v0.6.4
[INFO] [stderr]    Compiling socket2 v0.4.9
[INFO] [stderr]    Compiling tower-layer v0.3.2
[INFO] [stderr]    Compiling axum-core v0.3.4
[INFO] [stderr]    Compiling multimap v0.8.3
[INFO] [stderr]    Compiling lazy_static v1.4.0
[INFO] [stderr]    Compiling axum v0.6.20
[INFO] [stderr]    Compiling matchit v0.7.2
[INFO] [stderr]    Compiling ring v0.16.20
[INFO] [stderr]    Compiling http-body v0.4.5
[INFO] [stderr]    Compiling tempfile v3.8.0
[INFO] [stderr]    Compiling regex-automata v0.3.7
[INFO] [stderr]    Compiling rustls v0.21.6
[INFO] [stderr]    Compiling rustls-webpki v0.101.4
[INFO] [stderr]    Compiling sct v0.7.0
[INFO] [stderr]    Compiling tokio-stream v0.1.14
[INFO] [stderr]    Compiling webpki-roots v0.24.0
[INFO] [stderr]    Compiling regex v1.9.4
[INFO] [stderr]    Compiling serde_derive v1.0.188
[INFO] [stderr]    Compiling tracing-attributes v0.1.26
[INFO] [stderr]    Compiling tokio-macros v2.1.0
[INFO] [stderr]    Compiling thiserror-impl v1.0.47
[INFO] [stderr]    Compiling pin-project-internal v1.1.3
[INFO] [stderr]    Compiling pin-project v1.1.3
[INFO] [stderr]    Compiling tracing v0.1.37
[INFO] [stderr]    Compiling tokio-util v0.7.8
[INFO] [stderr]    Compiling tokio-io-timeout v1.2.0
[INFO] [stderr]    Compiling either v1.9.0
[INFO] [stderr]    Compiling itertools v0.10.5
[INFO] [stderr]    Compiling which v4.4.0
[INFO] [stderr]    Compiling h2 v0.3.21
[INFO] [stderr]    Compiling tower v0.4.13
[INFO] [stderr]    Compiling prost-derive v0.11.9
[INFO] [stderr]    Compiling sqlformat v0.2.1
[INFO] [stderr]    Compiling prost v0.11.9
[INFO] [stderr]    Compiling prost-types v0.11.9
[INFO] [stderr]    Compiling prost-build v0.11.9
[INFO] [stderr]    Compiling tonic-build v0.9.2
[INFO] [stderr]    Compiling sqlx-core v0.7.1
[INFO] [stderr]    Compiling gRPC_MySQL_CRUD v0.1.0 (/opt/rustwide/workdir)
[INFO] [stderr]    Compiling hyper v0.14.27
[INFO] [stderr]    Compiling sqlx-postgres v0.7.1
[INFO] [stderr]    Compiling sqlx-macros-core v0.7.1
[INFO] [stderr]    Compiling hyper-timeout v0.4.1
[INFO] [stderr]    Compiling sqlx-macros v0.7.1
[INFO] [stderr]    Compiling sqlx v0.7.1
[INFO] [stderr]    Compiling tonic v0.9.2
[INFO] [stderr]     Finished `release` profile [optimized] target(s) in 2m 21s
[INFO] [stderr] warning: the following packages contain code that will be rejected by a future version of Rust: sqlx-postgres v0.7.1
[INFO] [stderr] note: to see what the problems were, use the option `--future-incompat-report`, or run `cargo report future-incompatibilities --id 6`
[INFO] running `Command { std: "docker" "inspect" "4283db72b7132a100c7b1fe6a2687cee2f73bafe0629acc602e90c316a1481df", kill_on_drop: false }`
[INFO] running `Command { std: "docker" "exec" "-e" "SOURCE_DIR=/opt/rustwide/workdir" "-e" "CARGO_HOME=/opt/rustwide/cargo-home" "-e" "RUSTUP_HOME=/opt/rustwide/rustup-home" "-e" "CARGO_TARGET_DIR=/opt/rustwide/target" "-e" "CARGO_INCREMENTAL=0" "-e" "RUST_BACKTRACE=full" "-e" "RUSTFLAGS=--cap-lints=warn" "-e" "RUSTDOCFLAGS=--cap-lints=warn" "-w" "/opt/rustwide/workdir" "--user" "0:0" "4283db72b7132a100c7b1fe6a2687cee2f73bafe0629acc602e90c316a1481df" "/opt/rustwide/cargo-home/bin/cargo" "+1.99.0-beta.8" "test" "--frozen" "--no-run" "--message-format=json" "--release", kill_on_drop: false }`
[INFO] [stderr]    Compiling gRPC_MySQL_CRUD v0.1.0 (/opt/rustwide/workdir)
[INFO] [stdout] warning: use of deprecated associated function `core::num::<impl i32>::max_value`: replaced by the `MAX` associated constant on this type
[INFO] [stdout]   --> tests/parallelism.rs:18:68
[INFO] [stdout]    |
[INFO] [stdout] 18 |     let min_index = std::sync::Arc::new(std::sync::Mutex::new(i32::max_value()));
[INFO] [stdout]    |                                                                    ^^^^^^^^^
[INFO] [stdout]    |
[INFO] [stdout]    = note: `#[warn(deprecated)]` on by default
[INFO] [stdout] 
[INFO] [stdout] 
[INFO] [stderr]     Finished `release` profile [optimized] target(s) in 10.06s
[INFO] [stderr] warning: the following packages contain code that will be rejected by a future version of Rust: sqlx-postgres v0.7.1
[INFO] [stderr] note: to see what the problems were, use the option `--future-incompat-report`, or run `cargo report future-incompatibilities --id 6`
[INFO] running `Command { std: "docker" "inspect" "4283db72b7132a100c7b1fe6a2687cee2f73bafe0629acc602e90c316a1481df", kill_on_drop: false }`
[INFO] running `Command { std: "docker" "exec" "-e" "SOURCE_DIR=/opt/rustwide/workdir" "-e" "CARGO_HOME=/opt/rustwide/cargo-home" "-e" "RUSTUP_HOME=/opt/rustwide/rustup-home" "-e" "CARGO_TARGET_DIR=/opt/rustwide/target" "-e" "CARGO_INCREMENTAL=0" "-e" "RUST_BACKTRACE=full" "-e" "RUSTFLAGS=--cap-lints=warn" "-e" "RUSTDOCFLAGS=--cap-lints=warn" "-w" "/opt/rustwide/workdir" "--user" "0:0" "4283db72b7132a100c7b1fe6a2687cee2f73bafe0629acc602e90c316a1481df" "/opt/rustwide/cargo-home/bin/cargo" "+1.99.0-beta.8" "test" "--frozen" "--release", kill_on_drop: false }`
[INFO] [stderr] warning: use of deprecated associated function `core::num::<impl i32>::max_value`: replaced by the `MAX` associated constant on this type
[INFO] [stderr]   --> tests/parallelism.rs:18:68
[INFO] [stderr]    |
[INFO] [stderr] 18 |     let min_index = std::sync::Arc::new(std::sync::Mutex::new(i32::max_value()));
[INFO] [stderr]    |                                                                    ^^^^^^^^^
[INFO] [stderr]    |
[INFO] [stderr]    = note: `#[warn(deprecated)]` on by default
[INFO] [stderr] 
[INFO] [stderr] warning: `gRPC_MySQL_CRUD` (test "parallelism") generated 1 warning
[INFO] [stderr]     Finished `release` profile [optimized] target(s) in 0.24s
[INFO] [stderr] warning: the following packages contain code that will be rejected by a future version of Rust: sqlx-postgres v0.7.1
[INFO] [stderr] note: to see what the problems were, use the option `--future-incompat-report`, or run `cargo report future-incompatibilities --id 6`
[INFO] [stderr]      Running unittests src/client.rs (/opt/rustwide/target/release/deps/client-d5b0c6522a4f4d13)
[INFO] [stdout] 
[INFO] [stdout] running 0 tests
[INFO] [stdout] 
[INFO] [stdout] test result: ok. 0 passed; 0 failed; 0 ignored; 0 measured; 0 filtered out; finished in 0.00s
[INFO] [stdout] 
[INFO] [stderr]      Running unittests src/server.rs (/opt/rustwide/target/release/deps/server-e587c00e73178cef)
[INFO] [stdout] 
[INFO] [stdout] running 0 tests
[INFO] [stdout] 
[INFO] [stdout] test result: ok. 0 passed; 0 failed; 0 ignored; 0 measured; 0 filtered out; finished in 0.00s
[INFO] [stdout] 
[INFO] [stderr]      Running tests/parallelism.rs (/opt/rustwide/target/release/deps/parallelism-247e36e0d1a256b3)
[INFO] [stdout] 
[INFO] [stdout] running 1 test
[INFO] [stdout] test parallelism_test ... FAILED
[INFO] [stdout] 
[INFO] [stdout] failures:
[INFO] [stdout] 
[INFO] [stdout] ---- parallelism_test stdout ----
[INFO] [stdout] Creating 5000 users...
[INFO] [stdout] 
[INFO] [stdout] thread 'parallelism_test' (2405) panicked at tests/parallelism.rs:22:16:
[INFO] [stdout] [!] Error on create client channel.
[INFO] [stdout] : tonic::transport::Error(Transport, hyper::Error(Connect, ConnectError("tcp connect error", Os { code: 111, kind: ConnectionRefused, message: "Connection refused" })))
[INFO] [stdout] stack backtrace:
[INFO] [stdout]    0:     0x593c73d4dcc1 - <<std[70759c8f55707aa4]::sys::backtrace::BacktraceLock>::print::DisplayBacktrace as core[df12db4294e9bfd3]::fmt::Display>::fmt
[INFO] [stdout]    1:     0x593c73d6442a - core[df12db4294e9bfd3]::fmt::write
[INFO] [stdout]    2:     0x593c73d527ac - <alloc[2182bb758b4b3781]::vec::Vec<u8> as core[df12db4294e9bfd3]::io::write::Write>::write_fmt
[INFO] [stdout]    3:     0x593c73d293c6 - std[70759c8f55707aa4]::panicking::default_hook::{closure#0}
[INFO] [stdout]    4:     0x593c73d45d09 - std[70759c8f55707aa4]::panicking::default_hook
[INFO] [stdout]    5:     0x593c73c2d110 - test[9d35eded1c95d3be]::test_main_inner::<test[9d35eded1c95d3be]::test_main_static::{closure#0}>::{closure#0}
[INFO] [stdout]    6:     0x593c73d46032 - std[70759c8f55707aa4]::panicking::panic_with_hook
[INFO] [stdout]    7:     0x593c73d29472 - std[70759c8f55707aa4]::panicking::panic_handler::{closure#0}
[INFO] [stdout]    8:     0x593c73d22119 - std[70759c8f55707aa4]::sys::backtrace::__rust_end_short_backtrace::<std[70759c8f55707aa4]::panicking::panic_handler::{closure#0}, !>
[INFO] [stdout]    9:     0x593c73d2a25d - __rustc[8fa7c3cbc660c2b3]::rust_begin_unwind
[INFO] [stdout]   10:     0x593c73d64b8c - core[df12db4294e9bfd3]::panicking::panic_fmt
[INFO] [stdout]   11:     0x593c73d64962 - core[df12db4294e9bfd3]::result::unwrap_failed
[INFO] [stdout]   12:     0x593c73b79f3f - parallelism[3b367c33c71c06aa]::parallelism_test::{closure#0}
[INFO] [stdout]   13:     0x593c73bb1a43 - <tokio[9e9176f3103d962e]::runtime::scheduler::current_thread::Context>::enter::<core[df12db4294e9bfd3]::task::poll::Poll<()>, <tokio[9e9176f3103d962e]::runtime::scheduler::current_thread::CoreGuard>::block_on<core[df12db4294e9bfd3]::pin::Pin<&mut core[df12db4294e9bfd3]::pin::Pin<&mut dyn core[df12db4294e9bfd3]::future::future::Future<Output = ()>>>>::{closure#0}::{closure#0}>
[INFO] [stdout]   14:     0x593c73b8bf42 - <tokio[9e9176f3103d962e]::runtime::context::scoped::Scoped<tokio[9e9176f3103d962e]::runtime::scheduler::Context>>::set::<<tokio[9e9176f3103d962e]::runtime::scheduler::current_thread::CoreGuard>::enter<<tokio[9e9176f3103d962e]::runtime::scheduler::current_thread::CoreGuard>::block_on<core[df12db4294e9bfd3]::pin::Pin<&mut core[df12db4294e9bfd3]::pin::Pin<&mut dyn core[df12db4294e9bfd3]::future::future::Future<Output = ()>>>>::{closure#0}, core[df12db4294e9bfd3]::option::Option<()>>::{closure#0}, (alloc[2182bb758b4b3781]::boxed::Box<tokio[9e9176f3103d962e]::runtime::scheduler::current_thread::Core>, core[df12db4294e9bfd3]::option::Option<()>)>
[INFO] [stdout]   15:     0x593c73bb1d97 - <tokio[9e9176f3103d962e]::runtime::scheduler::current_thread::CoreGuard>::block_on::<core[df12db4294e9bfd3]::pin::Pin<&mut core[df12db4294e9bfd3]::pin::Pin<&mut dyn core[df12db4294e9bfd3]::future::future::Future<Output = ()>>>>
[INFO] [stdout]   16:     0x593c73bdf624 - tokio[9e9176f3103d962e]::runtime::context::runtime::enter_runtime::<<tokio[9e9176f3103d962e]::runtime::scheduler::current_thread::CurrentThread>::block_on<core[df12db4294e9bfd3]::pin::Pin<&mut dyn core[df12db4294e9bfd3]::future::future::Future<Output = ()>>>::{closure#0}, ()>
[INFO] [stdout]   17:     0x593c73bd518a - <tokio[9e9176f3103d962e]::runtime::runtime::Runtime>::block_on::<core[df12db4294e9bfd3]::pin::Pin<&mut dyn core[df12db4294e9bfd3]::future::future::Future<Output = ()>>>
[INFO] [stdout]   18:     0x593c73b82ece - <parallelism[3b367c33c71c06aa]::parallelism_test::{closure#0} as core[df12db4294e9bfd3]::ops::function::FnOnce<()>>::call_once
[INFO] [stdout]   19:     0x593c73c203fb - test[9d35eded1c95d3be]::__rust_begin_short_backtrace::<core[df12db4294e9bfd3]::result::Result<(), alloc[2182bb758b4b3781]::string::String>, fn() -> core[df12db4294e9bfd3]::result::Result<(), alloc[2182bb758b4b3781]::string::String>>
[INFO] [stdout]   20:     0x593c73c2da65 - test[9d35eded1c95d3be]::run_test::{closure#0}
[INFO] [stdout]   21:     0x593c73c27324 - std[70759c8f55707aa4]::sys::backtrace::__rust_begin_short_backtrace::<test[9d35eded1c95d3be]::run_test::{closure#1}, ()>
[INFO] [stdout]   22:     0x593c73c30bc2 - <std[70759c8f55707aa4]::thread::lifecycle::spawn_unchecked<test[9d35eded1c95d3be]::run_test::{closure#1}, ()>::{closure#1} as core[df12db4294e9bfd3]::ops::function::FnOnce<()>>::call_once::{shim:vtable#0}
[INFO] [stdout]   23:     0x593c73d4d1e9 - <std[70759c8f55707aa4]::sys::thread::unix::Thread>::new::thread_start
[INFO] [stdout]   24:     0x71263817edfa - <unknown>
[INFO] [stdout]   25:     0x7126382123d4 - clone
[INFO] [stdout]   26:                0x0 - <unknown>
[INFO] [stdout] 
[INFO] [stdout] 
[INFO] [stdout] failures:
[INFO] [stdout]     parallelism_test
[INFO] [stdout] 
[INFO] [stdout] test result: FAILED. 0 passed; 1 failed; 0 ignored; 0 measured; 0 filtered out; finished in 0.01s
[INFO] [stdout] 
[INFO] [stderr] error: test failed, to rerun pass `--test parallelism`
[INFO] running `Command { std: "docker" "inspect" "4283db72b7132a100c7b1fe6a2687cee2f73bafe0629acc602e90c316a1481df", kill_on_drop: false }`
[INFO] running `Command { std: "docker" "rm" "-f" "4283db72b7132a100c7b1fe6a2687cee2f73bafe0629acc602e90c316a1481df", kill_on_drop: false }`
[INFO] [stdout] 4283db72b7132a100c7b1fe6a2687cee2f73bafe0629acc602e90c316a1481df
