[INFO] cloning repository https://github.com/TcePrepK/rust-ast-extractor
[INFO] running `Command { std: "git" "-c" "credential.helper=" "-c" "credential.helper=/workspace/cargo-home/bin/git-credential-null" "clone" "--bare" "https://github.com/TcePrepK/rust-ast-extractor" "/workspace/cache/git-repos/https%3A%2F%2Fgithub.com%2FTcePrepK%2Frust-ast-extractor", kill_on_drop: false }`
[INFO] [stderr] Cloning into bare repository '/workspace/cache/git-repos/https%3A%2F%2Fgithub.com%2FTcePrepK%2Frust-ast-extractor'...
[INFO] running `Command { std: "git" "rev-parse" "HEAD", kill_on_drop: false }`
[INFO] [stdout] c83b575190175c89261f054565dd6e20faece797
[INFO] testing TcePrepK/rust-ast-extractor against 1.100.0-beta.1+cargoflags=--release for beta-release-1.100-3
[INFO] running `Command { std: "git" "clone" "/workspace/cache/git-repos/https%3A%2F%2Fgithub.com%2FTcePrepK%2Frust-ast-extractor" "/workspace/builds/worker-5-tc2/source", kill_on_drop: false }`
[INFO] [stderr] Cloning into '/workspace/builds/worker-5-tc2/source'...
[INFO] [stderr] done.
[INFO] started tweaking git repo https://github.com/TcePrepK/rust-ast-extractor
[INFO] finished tweaking git repo https://github.com/TcePrepK/rust-ast-extractor
[INFO] tweaked toml for git repo https://github.com/TcePrepK/rust-ast-extractor written to /workspace/builds/worker-5-tc2/source/Cargo.toml
[INFO] validating manifest of git repo https://github.com/TcePrepK/rust-ast-extractor on toolchain 1.100.0-beta.1
[INFO] running `Command { std: CARGO_HOME="/workspace/cargo-home" RUSTUP_HOME="/workspace/rustup-home" "/workspace/cargo-home/bin/cargo" "+1.100.0-beta.1" "metadata" "--manifest-path" "Cargo.toml" "--no-deps", kill_on_drop: false }`
[INFO] crate git repo https://github.com/TcePrepK/rust-ast-extractor already has a lockfile, it will not be regenerated
[INFO] running `Command { std: CARGO_HOME="/workspace/cargo-home" RUSTUP_HOME="/workspace/rustup-home" "/workspace/cargo-home/bin/cargo" "+1.100.0-beta.1" "fetch" "--manifest-path" "Cargo.toml", kill_on_drop: false }`
[INFO] running `Command { std: "docker" "create" "-v" "/var/lib/crater-agent-workspace/builds/worker-5-tc2/source:/opt/rustwide/workdir:ro,Z" "-v" "/var/lib/crater-agent-workspace/builds/worker-5-tc2/target:/opt/rustwide/target:rw,Z" "-v" "/var/lib/crater-agent-workspace/cargo-home:/opt/rustwide/cargo-home:ro,Z" "-v" "/var/lib/crater-agent-workspace/rustup-home:/opt/rustwide/rustup-home:ro,Z" "-m" "1610612736" "--network" "none" "ghcr.io/rust-lang/crates-build-env/linux@sha256:77db811e55d90add9212f6832c23229e3de5f1c1f9905e8cb07319ea15df73ac" "sleep" "infinity", kill_on_drop: false }`
[INFO] [stdout] 14cbc65a8ff83193bf7f8b154d2e2cdbf1b1d0b4aa8c9f875e77e5be9f0ca6d9
[INFO] running `Command { std: "docker" "start" "14cbc65a8ff83193bf7f8b154d2e2cdbf1b1d0b4aa8c9f875e77e5be9f0ca6d9", kill_on_drop: false }`
[INFO] running `Command { std: "docker" "inspect" "14cbc65a8ff83193bf7f8b154d2e2cdbf1b1d0b4aa8c9f875e77e5be9f0ca6d9", kill_on_drop: false }`
[INFO] running `Command { std: "docker" "exec" "-e" "SOURCE_DIR=/opt/rustwide/workdir" "-e" "CARGO_HOME=/opt/rustwide/cargo-home" "-e" "RUSTUP_HOME=/opt/rustwide/rustup-home" "-e" "CARGO_TARGET_DIR=/opt/rustwide/target" "-w" "/opt/rustwide/workdir" "--user" "0:0" "14cbc65a8ff83193bf7f8b154d2e2cdbf1b1d0b4aa8c9f875e77e5be9f0ca6d9" "/opt/rustwide/cargo-home/bin/cargo" "+1.100.0-beta.1" "metadata" "--no-deps" "--format-version=1", kill_on_drop: false }`
[INFO] running `Command { std: "docker" "inspect" "14cbc65a8ff83193bf7f8b154d2e2cdbf1b1d0b4aa8c9f875e77e5be9f0ca6d9", kill_on_drop: false }`
[INFO] running `Command { std: "docker" "exec" "-e" "SOURCE_DIR=/opt/rustwide/workdir" "-e" "CARGO_HOME=/opt/rustwide/cargo-home" "-e" "RUSTUP_HOME=/opt/rustwide/rustup-home" "-e" "CARGO_TARGET_DIR=/opt/rustwide/target" "-e" "CARGO_INCREMENTAL=0" "-e" "RUST_BACKTRACE=full" "-e" "RUSTFLAGS=--cap-lints=warn" "-e" "RUSTDOCFLAGS=--cap-lints=warn" "-w" "/opt/rustwide/workdir" "--user" "0:0" "14cbc65a8ff83193bf7f8b154d2e2cdbf1b1d0b4aa8c9f875e77e5be9f0ca6d9" "/opt/rustwide/cargo-home/bin/cargo" "+1.100.0-beta.1" "build" "--frozen" "--message-format=json" "--release", kill_on_drop: false }`
[INFO] [stderr]    Compiling quote v1.0.45
[INFO] [stderr]    Compiling proc-macro2 v1.0.106
[INFO] [stderr]    Compiling unicode-ident v1.0.24
[INFO] [stderr]    Compiling version_check v0.9.5
[INFO] [stderr]    Compiling typenum v1.20.0
[INFO] [stderr]    Compiling serde_core v1.0.228
[INFO] [stderr]    Compiling utf8parse v0.2.2
[INFO] [stderr]    Compiling autocfg v1.5.0
[INFO] [stderr]    Compiling anstyle-parse v1.0.0
[INFO] [stderr]    Compiling is_terminal_polyfill v1.70.2
[INFO] [stderr]    Compiling serde v1.0.228
[INFO] [stderr]    Compiling zmij v1.0.21
[INFO] [stderr]    Compiling generic-array v0.14.7
[INFO] [stderr]    Compiling anstyle-query v1.1.5
[INFO] [stderr]    Compiling anstyle v1.0.14
[INFO] [stderr]    Compiling colorchoice v1.0.5
[INFO] [stderr]    Compiling strsim v0.11.1
[INFO] [stderr]    Compiling serde_json v1.0.149
[INFO] [stderr]    Compiling num-traits v0.2.19
[INFO] [stderr]    Compiling anstream v1.0.0
[INFO] [stderr]    Compiling clap_lex v1.1.0
[INFO] [stderr]    Compiling anyhow v1.0.102
[INFO] [stderr]    Compiling heck v0.5.0
[INFO] [stderr]    Compiling clap_builder v4.6.0
[INFO] [stderr]    Compiling syn v2.0.117
[INFO] [stderr]    Compiling same-file v1.0.6
[INFO] [stderr]    Compiling cpufeatures v0.2.17
[INFO] [stderr]    Compiling iana-time-zone v0.1.65
[INFO] [stderr]    Compiling crypto-common v0.1.7
[INFO] [stderr]    Compiling block-buffer v0.10.4
[INFO] [stderr]    Compiling memchr v2.8.0
[INFO] [stderr]    Compiling digest v0.10.7
[INFO] [stderr]    Compiling cfg-if v1.0.4
[INFO] [stderr]    Compiling itoa v1.0.18
[INFO] [stderr]    Compiling sha2 v0.10.9
[INFO] [stderr]    Compiling walkdir v2.5.0
[INFO] [stderr]    Compiling serde_derive v1.0.228
[INFO] [stderr]    Compiling clap_derive v4.6.1
[INFO] [stderr]    Compiling clap v4.6.1
[INFO] [stderr]    Compiling chrono v0.4.44
[INFO] [stderr]    Compiling synopsis v0.3.1 (/opt/rustwide/workdir)
[INFO] [stderr]     Finished `release` profile [optimized] target(s) in 1m 20s
[INFO] running `Command { std: "docker" "inspect" "14cbc65a8ff83193bf7f8b154d2e2cdbf1b1d0b4aa8c9f875e77e5be9f0ca6d9", kill_on_drop: false }`
[INFO] running `Command { std: "docker" "exec" "-e" "SOURCE_DIR=/opt/rustwide/workdir" "-e" "CARGO_HOME=/opt/rustwide/cargo-home" "-e" "RUSTUP_HOME=/opt/rustwide/rustup-home" "-e" "CARGO_TARGET_DIR=/opt/rustwide/target" "-e" "CARGO_INCREMENTAL=0" "-e" "RUST_BACKTRACE=full" "-e" "RUSTFLAGS=--cap-lints=warn" "-e" "RUSTDOCFLAGS=--cap-lints=warn" "-w" "/opt/rustwide/workdir" "--user" "0:0" "14cbc65a8ff83193bf7f8b154d2e2cdbf1b1d0b4aa8c9f875e77e5be9f0ca6d9" "/opt/rustwide/cargo-home/bin/cargo" "+1.100.0-beta.1" "test" "--frozen" "--no-run" "--message-format=json" "--release", kill_on_drop: false }`
[INFO] [stderr]    Compiling libc v0.2.186
[INFO] [stderr]    Compiling getrandom v0.4.2
[INFO] [stderr]    Compiling rustix v1.1.4
[INFO] [stderr]    Compiling bitflags v2.11.1
[INFO] [stderr]    Compiling linux-raw-sys v0.12.1
[INFO] [stderr]    Compiling once_cell v1.21.4
[INFO] [stderr]    Compiling fastrand v2.4.1
[INFO] [stderr]    Compiling tempfile v3.27.0
[INFO] [stderr]    Compiling synopsis v0.3.1 (/opt/rustwide/workdir)
[INFO] [stderr]     Finished `release` profile [optimized] target(s) in 16.14s
[INFO] running `Command { std: "docker" "inspect" "14cbc65a8ff83193bf7f8b154d2e2cdbf1b1d0b4aa8c9f875e77e5be9f0ca6d9", kill_on_drop: false }`
[INFO] running `Command { std: "docker" "exec" "-e" "SOURCE_DIR=/opt/rustwide/workdir" "-e" "CARGO_HOME=/opt/rustwide/cargo-home" "-e" "RUSTUP_HOME=/opt/rustwide/rustup-home" "-e" "CARGO_TARGET_DIR=/opt/rustwide/target" "-e" "CARGO_INCREMENTAL=0" "-e" "RUST_BACKTRACE=full" "-e" "RUSTFLAGS=--cap-lints=warn" "-e" "RUSTDOCFLAGS=--cap-lints=warn" "-w" "/opt/rustwide/workdir" "--user" "0:0" "14cbc65a8ff83193bf7f8b154d2e2cdbf1b1d0b4aa8c9f875e77e5be9f0ca6d9" "/opt/rustwide/cargo-home/bin/cargo" "+1.100.0-beta.1" "test" "--frozen" "--release", kill_on_drop: false }`
[INFO] [stderr]     Finished `release` profile [optimized] target(s) in 0.11s
[INFO] [stderr]      Running unittests src/main.rs (/opt/rustwide/target/release/build/synopsis/1adc350a88651cc6/out/synopsis-1adc350a88651cc6)
[INFO] [stdout] 
[INFO] [stdout] running 41 tests
[INFO] [stdout] test cache::tests::compute_hash_differs_for_different_content ... ok
[INFO] [stdout] test cache::schema::tests::item_kind_serializes_lowercase ... ok
[INFO] [stdout] test cache::tests::cache_path_mirrors_source_path ... ok
[INFO] [stdout] test cache::tests::merge_replaces_changed_items ... ok
[INFO] [stdout] test cache::tests::compute_hash_is_deterministic ... ok
[INFO] [stdout] test cache::tests::merge_keeps_unchanged_items ... ok
[INFO] [stdout] test cache::tests::merge_drops_removed_items ... ok
[INFO] [stdout] test cache::tests::read_cache_returns_none_for_missing_file ... ok
[INFO] [stdout] test commands::get::tests::get_file_summary_excludes_internal_fields ... ok
[INFO] [stdout] test cache::schema::tests::roundtrip_serialization ... ok
[INFO] [stdout] test commands::dir::tests::dir_errors_on_nonexistent_path ... ok
[INFO] [stdout] test commands::get::tests::parse_target_file_with_item ... ok
[INFO] [stdout] test cache::tests::write_and_read_cache_roundtrip ... ok
[INFO] [stdout] test commands::get::tests::parse_target_file_with_kind_and_item ... ok
[INFO] [stdout] test commands::dir::tests::dir_errors_on_file_not_dir ... ok
[INFO] [stdout] test commands::get::tests::parse_target_file_only ... ok
[INFO] [stdout] test commands::get::tests::get_auto_indexes_unindexed_file ... ok
[INFO] [stdout] test commands::dir::tests::dir_returns_sorted_entries ... ok
[INFO] [stdout] test commands::get::tests::get_file_returns_json_cache ... ok
[INFO] [stdout] test commands::index::tests::index_creates_cache_file ... ok
[INFO] [stdout] test commands::index::tests::index_directory_indexes_all_rs_files ... ok
[INFO] [stdout] test commands::index::tests::index_single_file_returns_true_on_new_file ... ok
[INFO] [stdout] test extractor::visitor::tests::extracts_const ... ok
[INFO] [stdout] test extractor::tests::extracts_items_from_file_content ... ok
[INFO] [stdout] test extractor::visitor::tests::extracts_enum ... ok
[INFO] [stdout] test extractor::tests::returns_error_on_invalid_rust ... ok
[INFO] [stdout] test extractor::visitor::tests::extracts_impl_and_methods ... ok
[INFO] [stdout] test extractor::visitor::tests::extracts_mod ... ok
[INFO] [stdout] test extractor::visitor::tests::extracts_public_fn ... ok
[INFO] [stdout] test commands::index::tests::index_removes_stale_cache_entries ... ok
[INFO] [stdout] test extractor::visitor::tests::extracts_trait ... ok
[INFO] [stdout] test extractor::visitor::tests::extracts_type_alias ... ok
[INFO] [stdout] test extractor::visitor::tests::separates_doc_from_other_attrs ... ok
[INFO] [stdout] test project::tests::falls_back_to_a_directory_when_no_marker ... ok
[INFO] [stdout] test commands::index::tests::index_single_file_returns_false_on_unchanged_file ... ok
[INFO] [stdout] test project::tests::finds_root_via_cargo_toml ... ok
[INFO] [stdout] test project::tests::finds_root_via_git ... ok
[INFO] [stdout] test extractor::tests::module_doc_empty_when_absent ... ok
[INFO] [stdout] test extractor::visitor::tests::extracts_struct ... ok
[INFO] [stdout] test extractor::tests::extracts_module_doc ... ok
[INFO] [stdout] test commands::index::tests::reindex_unchanged_file_skips_reparse ... ok
[INFO] [stdout] 
[INFO] [stdout] test result: ok. 41 passed; 0 failed; 0 ignored; 0 measured; 0 filtered out; finished in 0.03s
[INFO] [stdout] 
[INFO] [stderr]      Running tests/integration.rs (/opt/rustwide/target/release/build/synopsis/a26dcc0664e45bf2/out/integration-a26dcc0664e45bf2)
[INFO] [stdout] 
[INFO] [stdout] running 4 tests
[INFO] [stdout] test get_specific_item_returns_raw_source ... FAILED
[INFO] [stdout] test get_auto_indexes_unindexed_file ... FAILED
[INFO] [stdout] test reindex_unchanged_file_does_not_rewrite_cache ... FAILED
[INFO] [stdout] test index_and_get_file ... FAILED
[INFO] [stdout] 
[INFO] [stdout] failures:
[INFO] [stdout] 
[INFO] [stdout] ---- get_specific_item_returns_raw_source stdout ----
[INFO] [stdout] 
[INFO] [stdout] thread 'get_specific_item_returns_raw_source' (1262) panicked at tests/integration.rs:95:10:
[INFO] [stdout] failed to run binary: Os { code: 2, kind: NotFound, message: "No such file or directory" }
[INFO] [stdout] stack backtrace:
[INFO] [stdout]    0:     0x64304c3769b1 - <<std[617be2ca0a6fd877]::sys::backtrace::BacktraceLock>::print::DisplayBacktrace as core[a373ad73a504971]::fmt::Display>::fmt
[INFO] [stdout]    1:     0x64304c38b65a - core[a373ad73a504971]::fmt::write
[INFO] [stdout]    2:     0x64304c37aedc - <alloc[2e1b2a31b91974c5]::vec::Vec<u8> as core[a373ad73a504971]::io::write::Write>::write_fmt
[INFO] [stdout]    3:     0x64304c351716 - std[617be2ca0a6fd877]::panicking::default_hook::{closure#0}
[INFO] [stdout]    4:     0x64304c36e689 - std[617be2ca0a6fd877]::panicking::default_hook
[INFO] [stdout]    5:     0x64304c3086f0 - test[aada8e7e76ba119b]::test_main_inner::{closure#0}
[INFO] [stdout]    6:     0x64304c36e842 - std[617be2ca0a6fd877]::panicking::panic_with_hook
[INFO] [stdout]    7:     0x64304c3517c2 - std[617be2ca0a6fd877]::panicking::panic_handler::{closure#0}
[INFO] [stdout]    8:     0x64304c34a3b9 - std[617be2ca0a6fd877]::sys::backtrace::__rust_end_short_backtrace::<std[617be2ca0a6fd877]::panicking::panic_handler::{closure#0}, !>
[INFO] [stdout]    9:     0x64304c3523cd - __rustc[ea4f61d10b84890b]::rust_begin_unwind
[INFO] [stdout]   10:     0x64304c38bd8c - core[a373ad73a504971]::panicking::panic_fmt
[INFO] [stdout]   11:     0x64304c38bb62 - core[a373ad73a504971]::result::unwrap_failed
[INFO] [stdout]   12:     0x64304c2f5e96 - <integration[92753fd27c8cad2a]::get_specific_item_returns_raw_source::{closure#0} as core[a373ad73a504971]::ops::function::FnOnce<()>>::call_once
[INFO] [stdout]   13:     0x64304c2fbb3b - test[aada8e7e76ba119b]::__rust_begin_short_backtrace::<core[a373ad73a504971]::result::Result<(), alloc[2e1b2a31b91974c5]::string::String>, fn() -> core[a373ad73a504971]::result::Result<(), alloc[2e1b2a31b91974c5]::string::String>>
[INFO] [stdout]   14:     0x64304c308d15 - test[aada8e7e76ba119b]::run_test::{closure#0}
[INFO] [stdout]   15:     0x64304c302604 - std[617be2ca0a6fd877]::sys::backtrace::__rust_begin_short_backtrace::<test[aada8e7e76ba119b]::run_test::{closure#1}, ()>
[INFO] [stdout]   16:     0x64304c30bda2 - <std[617be2ca0a6fd877]::thread::lifecycle::spawn_unchecked<test[aada8e7e76ba119b]::run_test::{closure#1}, ()>::{closure#1} as core[a373ad73a504971]::ops::function::FnOnce<()>>::call_once::{shim:vtable#0}
[INFO] [stdout]   17:     0x64304c37602f - <std[617be2ca0a6fd877]::sys::thread::unix::Thread>::new::thread_start
[INFO] [stdout]   18:     0x782dcbb87dfa - <unknown>
[INFO] [stdout]   19:     0x782dcbc1b3d4 - clone
[INFO] [stdout]   20:                0x0 - <unknown>
[INFO] [stdout] 
[INFO] [stdout] ---- get_auto_indexes_unindexed_file stdout ----
[INFO] [stdout] 
[INFO] [stdout] thread 'get_auto_indexes_unindexed_file' (1261) panicked at tests/integration.rs:120:10:
[INFO] [stdout] failed to run binary: Os { code: 2, kind: NotFound, message: "No such file or directory" }
[INFO] [stdout] stack backtrace:
[INFO] [stdout]    0:     0x64304c3769b1 - <<std[617be2ca0a6fd877]::sys::backtrace::BacktraceLock>::print::DisplayBacktrace as core[a373ad73a504971]::fmt::Display>::fmt
[INFO] [stdout]    1:     0x64304c38b65a - core[a373ad73a504971]::fmt::write
[INFO] [stdout]    2:     0x64304c37aedc - <alloc[2e1b2a31b91974c5]::vec::Vec<u8> as core[a373ad73a504971]::io::write::Write>::write_fmt
[INFO] [stdout]    3:     0x64304c351716 - std[617be2ca0a6fd877]::panicking::default_hook::{closure#0}
[INFO] [stdout]    4:     0x64304c36e689 - std[617be2ca0a6fd877]::panicking::default_hook
[INFO] [stdout]    5:     0x64304c3086f0 - test[aada8e7e76ba119b]::test_main_inner::{closure#0}
[INFO] [stdout]    6:     0x64304c36e842 - std[617be2ca0a6fd877]::panicking::panic_with_hook
[INFO] [stdout]    7:     0x64304c3517c2 - std[617be2ca0a6fd877]::panicking::panic_handler::{closure#0}
[INFO] [stdout]    8:     0x64304c34a3b9 - std[617be2ca0a6fd877]::sys::backtrace::__rust_end_short_backtrace::<std[617be2ca0a6fd877]::panicking::panic_handler::{closure#0}, !>
[INFO] [stdout]    9:     0x64304c3523cd - __rustc[ea4f61d10b84890b]::rust_begin_unwind
[INFO] [stdout]   10:     0x64304c38bd8c - core[a373ad73a504971]::panicking::panic_fmt
[INFO] [stdout]   11:     0x64304c38bb62 - core[a373ad73a504971]::result::unwrap_failed
[INFO] [stdout]   12:     0x64304c2f5959 - <integration[92753fd27c8cad2a]::get_auto_indexes_unindexed_file::{closure#0} as core[a373ad73a504971]::ops::function::FnOnce<()>>::call_once
[INFO] [stdout]   13:     0x64304c2fbb3b - test[aada8e7e76ba119b]::__rust_begin_short_backtrace::<core[a373ad73a504971]::result::Result<(), alloc[2e1b2a31b91974c5]::string::String>, fn() -> core[a373ad73a504971]::result::Result<(), alloc[2e1b2a31b91974c5]::string::String>>
[INFO] [stdout]   14:     0x64304c308d15 - test[aada8e7e76ba119b]::run_test::{closure#0}
[INFO] [stdout]   15:     0x64304c302604 - std[617be2ca0a6fd877]::sys::backtrace::__rust_begin_short_backtrace::<test[aada8e7e76ba119b]::run_test::{closure#1}, ()>
[INFO] [stdout]   16:     0x64304c30bda2 - <std[617be2ca0a6fd877]::thread::lifecycle::spawn_unchecked<test[aada8e7e76ba119b]::run_test::{closure#1}, ()>::{closure#1} as core[a373ad73a504971]::ops::function::FnOnce<()>>::call_once::{shim:vtable#0}
[INFO] [stdout]   17:     0x64304c37602f - <std[617be2ca0a6fd877]::sys::thread::unix::Thread>::new::thread_start
[INFO] [stdout]   18:     0x782dcbb87dfa - <unknown>
[INFO] [stdout]   19:     0x782dcbc1b3d4 - clone
[INFO] [stdout]   20:                0x0 - <unknown>
[INFO] [stdout] 
[INFO] [stdout] ---- reindex_unchanged_file_does_not_rewrite_cache stdout ----
[INFO] [stdout] 
[INFO] [stdout] thread 'reindex_unchanged_file_does_not_rewrite_cache' (1264) panicked at tests/integration.rs:146:10:
[INFO] [stdout] called `Result::unwrap()` on an `Err` value: Os { code: 2, kind: NotFound, message: "No such file or directory" }
[INFO] [stdout] stack backtrace:
[INFO] [stdout]    0:     0x64304c3769b1 - <<std[617be2ca0a6fd877]::sys::backtrace::BacktraceLock>::print::DisplayBacktrace as core[a373ad73a504971]::fmt::Display>::fmt
[INFO] [stdout]    1:     0x64304c38b65a - core[a373ad73a504971]::fmt::write
[INFO] [stdout]    2:     0x64304c37aedc - <alloc[2e1b2a31b91974c5]::vec::Vec<u8> as core[a373ad73a504971]::io::write::Write>::write_fmt
[INFO] [stdout]    3:     0x64304c351716 - std[617be2ca0a6fd877]::panicking::default_hook::{closure#0}
[INFO] [stdout]    4:     0x64304c36e689 - std[617be2ca0a6fd877]::panicking::default_hook
[INFO] [stdout]    5:     0x64304c3086f0 - test[aada8e7e76ba119b]::test_main_inner::{closure#0}
[INFO] [stdout]    6:     0x64304c36e842 - std[617be2ca0a6fd877]::panicking::panic_with_hook
[INFO] [stdout]    7:     0x64304c3517c2 - std[617be2ca0a6fd877]::panicking::panic_handler::{closure#0}
[INFO] [stdout]    8:     0x64304c34a3b9 - std[617be2ca0a6fd877]::sys::backtrace::__rust_end_short_backtrace::<std[617be2ca0a6fd877]::panicking::panic_handler::{closure#0}, !>
[INFO] [stdout]    9:     0x64304c3523cd - __rustc[ea4f61d10b84890b]::rust_begin_unwind
[INFO] [stdout]   10:     0x64304c38bd8c - core[a373ad73a504971]::panicking::panic_fmt
[INFO] [stdout]   11:     0x64304c38bb62 - core[a373ad73a504971]::result::unwrap_failed
[INFO] [stdout]   12:     0x64304c2f652c - <integration[92753fd27c8cad2a]::reindex_unchanged_file_does_not_rewrite_cache::{closure#0} as core[a373ad73a504971]::ops::function::FnOnce<()>>::call_once
[INFO] [stdout]   13:     0x64304c2fbb3b - test[aada8e7e76ba119b]::__rust_begin_short_backtrace::<core[a373ad73a504971]::result::Result<(), alloc[2e1b2a31b91974c5]::string::String>, fn() -> core[a373ad73a504971]::result::Result<(), alloc[2e1b2a31b91974c5]::string::String>>
[INFO] [stdout]   14:     0x64304c308d15 - test[aada8e7e76ba119b]::run_test::{closure#0}
[INFO] [stdout]   15:     0x64304c302604 - std[617be2ca0a6fd877]::sys::backtrace::__rust_begin_short_backtrace::<test[aada8e7e76ba119b]::run_test::{closure#1}, ()>
[INFO] [stdout]   16:     0x64304c30bda2 - <std[617be2ca0a6fd877]::thread::lifecycle::spawn_unchecked<test[aada8e7e76ba119b]::run_test::{closure#1}, ()>::{closure#1} as core[a373ad73a504971]::ops::function::FnOnce<()>>::call_once::{shim:vtable#0}
[INFO] [stdout]   17:     0x64304c37602f - <std[617be2ca0a6fd877]::sys::thread::unix::Thread>::new::thread_start
[INFO] [stdout]   18:     0x782dcbb87dfa - <unknown>
[INFO] [stdout]   19:     0x782dcbc1b3d4 - clone
[INFO] [stdout]   20:                0x0 - <unknown>
[INFO] [stdout] 
[INFO] [stdout] ---- index_and_get_file stdout ----
[INFO] [stdout] 
[INFO] [stdout] thread 'index_and_get_file' (1263) panicked at tests/integration.rs:47:10:
[INFO] [stdout] failed to run binary: Os { code: 2, kind: NotFound, message: "No such file or directory" }
[INFO] [stdout] stack backtrace:
[INFO] [stdout]    0:     0x64304c3769b1 - <<std[617be2ca0a6fd877]::sys::backtrace::BacktraceLock>::print::DisplayBacktrace as core[a373ad73a504971]::fmt::Display>::fmt
[INFO] [stdout]    1:     0x64304c38b65a - core[a373ad73a504971]::fmt::write
[INFO] [stdout]    2:     0x64304c37aedc - <alloc[2e1b2a31b91974c5]::vec::Vec<u8> as core[a373ad73a504971]::io::write::Write>::write_fmt
[INFO] [stdout]    3:     0x64304c351716 - std[617be2ca0a6fd877]::panicking::default_hook::{closure#0}
[INFO] [stdout]    4:     0x64304c36e689 - std[617be2ca0a6fd877]::panicking::default_hook
[INFO] [stdout]    5:     0x64304c3086f0 - test[aada8e7e76ba119b]::test_main_inner::{closure#0}
[INFO] [stdout]    6:     0x64304c36e842 - std[617be2ca0a6fd877]::panicking::panic_with_hook
[INFO] [stdout]    7:     0x64304c3517c2 - std[617be2ca0a6fd877]::panicking::panic_handler::{closure#0}
[INFO] [stdout]    8:     0x64304c34a3b9 - std[617be2ca0a6fd877]::sys::backtrace::__rust_end_short_backtrace::<std[617be2ca0a6fd877]::panicking::panic_handler::{closure#0}, !>
[INFO] [stdout]    9:     0x64304c3523cd - __rustc[ea4f61d10b84890b]::rust_begin_unwind
[INFO] [stdout]   10:     0x64304c38bd8c - core[a373ad73a504971]::panicking::panic_fmt
[INFO] [stdout]   11:     0x64304c38bb62 - core[a373ad73a504971]::result::unwrap_failed
[INFO] [stdout]   12:     0x64304c2f529d - <integration[92753fd27c8cad2a]::index_and_get_file::{closure#0} as core[a373ad73a504971]::ops::function::FnOnce<()>>::call_once
[INFO] [stdout]   13:     0x64304c2fbb3b - test[aada8e7e76ba119b]::__rust_begin_short_backtrace::<core[a373ad73a504971]::result::Result<(), alloc[2e1b2a31b91974c5]::string::String>, fn() -> core[a373ad73a504971]::result::Result<(), alloc[2e1b2a31b91974c5]::string::String>>
[INFO] [stdout]   14:     0x64304c308d15 - test[aada8e7e76ba119b]::run_test::{closure#0}
[INFO] [stdout]   15:     0x64304c302604 - std[617be2ca0a6fd877]::sys::backtrace::__rust_begin_short_backtrace::<test[aada8e7e76ba119b]::run_test::{closure#1}, ()>
[INFO] [stdout]   16:     0x64304c30bda2 - <std[617be2ca0a6fd877]::thread::lifecycle::spawn_unchecked<test[aada8e7e76ba119b]::run_test::{closure#1}, ()>::{closure#1} as core[a373ad73a504971]::ops::function::FnOnce<()>>::call_once::{shim:vtable#0}
[INFO] [stdout]   17:     0x64304c37602f - <std[617be2ca0a6fd877]::sys::thread::unix::Thread>::new::thread_start
[INFO] [stdout]   18:     0x782dcbb87dfa - <unknown>
[INFO] [stdout]   19:     0x782dcbc1b3d4 - clone
[INFO] [stdout]   20:                0x0 - <unknown>
[INFO] [stdout] 
[INFO] [stdout] 
[INFO] [stdout] failures:
[INFO] [stdout]     get_auto_indexes_unindexed_file
[INFO] [stdout]     get_specific_item_returns_raw_source
[INFO] [stdout]     index_and_get_file
[INFO] [stdout]     reindex_unchanged_file_does_not_rewrite_cache
[INFO] [stdout] 
[INFO] [stdout] test result: FAILED. 0 passed; 4 failed; 0 ignored; 0 measured; 0 filtered out; finished in 0.01s
[INFO] [stdout] 
[INFO] [stderr] error: test failed, to rerun pass `--test integration`
[INFO] running `Command { std: "docker" "inspect" "14cbc65a8ff83193bf7f8b154d2e2cdbf1b1d0b4aa8c9f875e77e5be9f0ca6d9", kill_on_drop: false }`
[INFO] running `Command { std: "docker" "rm" "-f" "14cbc65a8ff83193bf7f8b154d2e2cdbf1b1d0b4aa8c9f875e77e5be9f0ca6d9", kill_on_drop: false }`
[INFO] [stdout] 14cbc65a8ff83193bf7f8b154d2e2cdbf1b1d0b4aa8c9f875e77e5be9f0ca6d9
