[INFO] cloning repository https://github.com/TC999/rustree
[INFO] running `Command { std: "git" "-c" "credential.helper=" "-c" "credential.helper=/workspace/cargo-home/bin/git-credential-null" "clone" "--bare" "https://github.com/TC999/rustree" "/workspace/cache/git-repos/https%3A%2F%2Fgithub.com%2FTC999%2Frustree", kill_on_drop: false }`
[INFO] [stderr] Cloning into bare repository '/workspace/cache/git-repos/https%3A%2F%2Fgithub.com%2FTC999%2Frustree'...
[INFO] running `Command { std: "git" "rev-parse" "HEAD", kill_on_drop: false }`
[INFO] [stdout] a624aac6ff2f7fa60e59e082a4026fb9bbfac82d
[INFO] testing TC999/rustree against 1.100.0-beta.1+cargoflags=--release for beta-release-1.100-3
[INFO] running `Command { std: "git" "clone" "/workspace/cache/git-repos/https%3A%2F%2Fgithub.com%2FTC999%2Frustree" "/workspace/builds/worker-5-tc2/source", kill_on_drop: false }`
[INFO] [stderr] Cloning into '/workspace/builds/worker-5-tc2/source'...
[INFO] [stderr] done.
[INFO] started tweaking git repo https://github.com/TC999/rustree
[INFO] finished tweaking git repo https://github.com/TC999/rustree
[INFO] tweaked toml for git repo https://github.com/TC999/rustree written to /workspace/builds/worker-5-tc2/source/Cargo.toml
[INFO] validating manifest of git repo https://github.com/TC999/rustree on toolchain 1.100.0-beta.1
[INFO] running `Command { std: CARGO_HOME="/workspace/cargo-home" RUSTUP_HOME="/workspace/rustup-home" "/workspace/cargo-home/bin/cargo" "+1.100.0-beta.1" "metadata" "--manifest-path" "Cargo.toml" "--no-deps", kill_on_drop: false }`
[INFO] crate git repo https://github.com/TC999/rustree already has a lockfile, it will not be regenerated
[INFO] running `Command { std: CARGO_HOME="/workspace/cargo-home" RUSTUP_HOME="/workspace/rustup-home" "/workspace/cargo-home/bin/cargo" "+1.100.0-beta.1" "fetch" "--manifest-path" "Cargo.toml", kill_on_drop: false }`
[INFO] [stderr]     Blocking waiting for file lock on package cache
[INFO] [stderr]     Blocking waiting for file lock on package cache
[INFO] running `Command { std: "docker" "create" "-v" "/var/lib/crater-agent-workspace/builds/worker-5-tc2/source:/opt/rustwide/workdir:ro,Z" "-v" "/var/lib/crater-agent-workspace/builds/worker-5-tc2/target:/opt/rustwide/target:rw,Z" "-v" "/var/lib/crater-agent-workspace/cargo-home:/opt/rustwide/cargo-home:ro,Z" "-v" "/var/lib/crater-agent-workspace/rustup-home:/opt/rustwide/rustup-home:ro,Z" "-m" "1610612736" "--network" "none" "ghcr.io/rust-lang/crates-build-env/linux@sha256:77db811e55d90add9212f6832c23229e3de5f1c1f9905e8cb07319ea15df73ac" "sleep" "infinity", kill_on_drop: false }`
[INFO] [stdout] 4e27a7226d457d37ed880371710d408799edb7304a648fbeea50f13732c94903
[INFO] running `Command { std: "docker" "start" "4e27a7226d457d37ed880371710d408799edb7304a648fbeea50f13732c94903", kill_on_drop: false }`
[INFO] running `Command { std: "docker" "inspect" "4e27a7226d457d37ed880371710d408799edb7304a648fbeea50f13732c94903", kill_on_drop: false }`
[INFO] running `Command { std: "docker" "exec" "-e" "SOURCE_DIR=/opt/rustwide/workdir" "-e" "CARGO_HOME=/opt/rustwide/cargo-home" "-e" "RUSTUP_HOME=/opt/rustwide/rustup-home" "-e" "CARGO_TARGET_DIR=/opt/rustwide/target" "-w" "/opt/rustwide/workdir" "--user" "0:0" "4e27a7226d457d37ed880371710d408799edb7304a648fbeea50f13732c94903" "/opt/rustwide/cargo-home/bin/cargo" "+1.100.0-beta.1" "metadata" "--no-deps" "--format-version=1", kill_on_drop: false }`
[INFO] running `Command { std: "docker" "inspect" "4e27a7226d457d37ed880371710d408799edb7304a648fbeea50f13732c94903", kill_on_drop: false }`
[INFO] running `Command { std: "docker" "exec" "-e" "SOURCE_DIR=/opt/rustwide/workdir" "-e" "CARGO_HOME=/opt/rustwide/cargo-home" "-e" "RUSTUP_HOME=/opt/rustwide/rustup-home" "-e" "CARGO_TARGET_DIR=/opt/rustwide/target" "-e" "CARGO_INCREMENTAL=0" "-e" "RUST_BACKTRACE=full" "-e" "RUSTFLAGS=--cap-lints=warn" "-e" "RUSTDOCFLAGS=--cap-lints=warn" "-w" "/opt/rustwide/workdir" "--user" "0:0" "4e27a7226d457d37ed880371710d408799edb7304a648fbeea50f13732c94903" "/opt/rustwide/cargo-home/bin/cargo" "+1.100.0-beta.1" "build" "--frozen" "--message-format=json" "--release", kill_on_drop: false }`
[INFO] [stderr]    Compiling libc v0.2.189
[INFO] [stderr]    Compiling rustree v0.1.0 (/opt/rustwide/workdir)
[INFO] [stderr]     Finished `release` profile [optimized] target(s) in 7.88s
[INFO] running `Command { std: "docker" "inspect" "4e27a7226d457d37ed880371710d408799edb7304a648fbeea50f13732c94903", kill_on_drop: false }`
[INFO] running `Command { std: "docker" "exec" "-e" "SOURCE_DIR=/opt/rustwide/workdir" "-e" "CARGO_HOME=/opt/rustwide/cargo-home" "-e" "RUSTUP_HOME=/opt/rustwide/rustup-home" "-e" "CARGO_TARGET_DIR=/opt/rustwide/target" "-e" "CARGO_INCREMENTAL=0" "-e" "RUST_BACKTRACE=full" "-e" "RUSTFLAGS=--cap-lints=warn" "-e" "RUSTDOCFLAGS=--cap-lints=warn" "-w" "/opt/rustwide/workdir" "--user" "0:0" "4e27a7226d457d37ed880371710d408799edb7304a648fbeea50f13732c94903" "/opt/rustwide/cargo-home/bin/cargo" "+1.100.0-beta.1" "test" "--frozen" "--no-run" "--message-format=json" "--release", kill_on_drop: false }`
[INFO] [stderr]    Compiling libc v0.2.189
[INFO] [stderr]    Compiling rustree v0.1.0 (/opt/rustwide/workdir)
[INFO] [stderr]     Finished `release` profile [optimized] target(s) in 10.60s
[INFO] running `Command { std: "docker" "inspect" "4e27a7226d457d37ed880371710d408799edb7304a648fbeea50f13732c94903", kill_on_drop: false }`
[INFO] running `Command { std: "docker" "exec" "-e" "SOURCE_DIR=/opt/rustwide/workdir" "-e" "CARGO_HOME=/opt/rustwide/cargo-home" "-e" "RUSTUP_HOME=/opt/rustwide/rustup-home" "-e" "CARGO_TARGET_DIR=/opt/rustwide/target" "-e" "CARGO_INCREMENTAL=0" "-e" "RUST_BACKTRACE=full" "-e" "RUSTFLAGS=--cap-lints=warn" "-e" "RUSTDOCFLAGS=--cap-lints=warn" "-w" "/opt/rustwide/workdir" "--user" "0:0" "4e27a7226d457d37ed880371710d408799edb7304a648fbeea50f13732c94903" "/opt/rustwide/cargo-home/bin/cargo" "+1.100.0-beta.1" "test" "--frozen" "--release", kill_on_drop: false }`
[INFO] [stderr]     Finished `release` profile [optimized] target(s) in 0.01s
[INFO] [stderr]      Running unittests src/main.rs (/opt/rustwide/target/release/build/rustree/769c55ba73909f60/out/rt-769c55ba73909f60)
[INFO] [stdout] 
[INFO] [stdout] running 59 tests
[INFO] [stdout] test color::tests::test_split_strtok_semantics ... ok
[INFO] [stdout] test file::tests::test_tabedfile_getfulltree ... ok
[INFO] [stdout] test filter::tests::test_filtercheck_basic ... ok
[INFO] [stdout] test file::tests::test_nextpc_consecutive_seps ... ok
[INFO] [stdout] test filter::tests::test_filtercheck_dir_only ... ok
[INFO] [stdout] test color::tests::test_cstable_utf8_table ... ok
[INFO] [stdout] test html::tests::test_html_encode ... ok
[INFO] [stdout] test html::tests::test_url_encode ... ok
[INFO] [stdout] test i18n::tests::resolve_lang_files_always_includes_en_us_fallback ... ok
[INFO] [stdout] test file::tests::test_search_and_tree ... ok
[INFO] [stdout] test hash::tests::test_saveino_findino ... ok
[INFO] [stdout] test filter::tests::test_gittrim ... ok
[INFO] [stdout] test i18n::tests::detect_lang_normalizes_c_and_empty ... ok
[INFO] [stdout] test color::tests::test_fancy_plain ... ok
[INFO] [stdout] test html::tests::test_html_report_text ... FAILED
[INFO] [stdout] test i18n::tests::new_unknown_lang_does_not_panic ... FAILED
[INFO] [stdout] test hash::tests::test_gidtoname_consistent ... ok
[INFO] [stdout] test json::tests::test_json_encode_special ... ok
[INFO] [stdout] test i18n::tests::text_missing_key_falls_back_to_key ... FAILED
[INFO] [stdout] test hash::tests::test_strhash ... ok
[INFO] [stdout] test strverscmp::tests::test_alpha1_vs_alpha001 ... ok
[INFO] [stdout] test filter::tests::test_new_pattern ... ok
[INFO] [stdout] test strverscmp::tests::test_greater ... ok
[INFO] [stdout] test info::tests::test_infocheck_and_stack ... ok
[INFO] [stdout] test strverscmp::tests::test_item_99_vs_100 ... ok
[INFO] [stdout] test hash::tests::test_uidtoname_consistent ... ok
[INFO] [stdout] test strverscmp::tests::test_less ... ok
[INFO] [stdout] test strverscmp::tests::test_equal ... ok
[INFO] [stdout] test strverscmp::tests::test_foo_009_vs_foo_0 ... ok
[INFO] [stdout] test list::tests::test_emit_tree_counts ... ok
[INFO] [stdout] test json::tests::test_json_report ... ok
[INFO] [stdout] test filter::tests::test_filtercheck_reverse ... ok
[INFO] [stdout] test strverscmp::tests::test_no_digit ... ok
[INFO] [stdout] test info::tests::test_new_infofile_parse ... ok
[INFO] [stdout] test file::tests::test_nextpc_basic ... ok
[INFO] [stdout] test info::tests::test_printcomment_no_panic ... ok
[INFO] [stdout] test json::tests::test_json_encode_control ... ok
[INFO] [stdout] test color::tests::test_cmd_mapping ... ok
[INFO] [stdout] test list::tests::test_emit_tree_empty_dir ... ok
[INFO] [stdout] test strverscmp::tests::test_version_like ... ok
[INFO] [stdout] test info::tests::test_new_infofile_missing ... ok
[INFO] [stdout] test strverscmp::tests::test_part1_f012_vs_part1_f01 ... ok
[INFO] [stdout] test file::tests::test_file_getfulltree ... ok
[INFO] [stdout] test unix::tests::test_unix_error ... ok
[INFO] [stdout] test unix::tests::test_unix_newline_metafirst_comment_writes_to_outfile ... ok
[INFO] [stdout] test unix::tests::test_unix_printfile_plain ... ok
[INFO] [stdout] test unix::tests::test_unix_report ... FAILED
[INFO] [stdout] test util::tests::test_is_singleton ... ok
[INFO] [stdout] test unix::tests::test_unix_report_du ... FAILED
[INFO] [stdout] test util::tests::test_pathconcat_empty_args ... ok
[INFO] [stdout] test util::tests::test_pathconcat_no_dup_sep ... ok
[INFO] [stdout] test util::tests::test_pathconcat_root ... ok
[INFO] [stdout] test util::tests::test_pathconcat_utf8 ... ok
[INFO] [stdout] test util::tests::test_xmalloc_realloc ... ok
[INFO] [stdout] test xml::tests::test_xml_intro_outtro ... ok
[INFO] [stdout] test xml::tests::test_xml_printfile_escapes ... ok
[INFO] [stdout] test xml::tests::test_xml_printinfo_sets_tag ... ok
[INFO] [stdout] test xml::tests::test_xml_report ... ok
[INFO] [stdout] test util::tests::test_pathconcat_simple ... ok
[INFO] [stdout] 
[INFO] [stdout] failures:
[INFO] [stdout] 
[INFO] [stdout] ---- html::tests::test_html_report_text stdout ----
[INFO] [stdout] 
[INFO] [stdout] thread 'html::tests::test_html_report_text' (353) panicked at src/i18n.rs:127:9:
[INFO] [stdout] 语言文件 en-US.ftl 未找到（构建损坏）："/opt/rustwide/target/release/build/rustree/769c55ba73909f60/out/locales"
[INFO] [stdout] stack backtrace:
[INFO] [stderr] error: test failed, to rerun pass `--bin rt`
[INFO] [stdout]    0:     0x6128e987fc86 - <<std[617be2ca0a6fd877]::sys::backtrace::BacktraceLock>::print::DisplayBacktrace as core[a373ad73a504971]::fmt::Display>::fmt
[INFO] [stdout]    1:     0x6128e980ce9a - core[a373ad73a504971]::fmt::write
[INFO] [stdout]    2:     0x6128e988626c - <alloc[2e1b2a31b91974c5]::vec::Vec<u8> as core[a373ad73a504971]::io::write::Write>::write_fmt
[INFO] [stdout]    3:     0x6128e985b062 - std[617be2ca0a6fd877]::panicking::default_hook::{closure#0}
[INFO] [stdout]    4:     0x6128e9877141 - std[617be2ca0a6fd877]::panicking::default_hook
[INFO] [stdout]    5:     0x6128e9877322 - std[617be2ca0a6fd877]::panicking::panic_with_hook
[INFO] [stdout]    6:     0x6128e985b112 - std[617be2ca0a6fd877]::panicking::panic_handler::{closure#0}
[INFO] [stdout]    7:     0x6128e9853979 - std[617be2ca0a6fd877]::sys::backtrace::__rust_end_short_backtrace::<std[617be2ca0a6fd877]::panicking::panic_handler::{closure#0}, !>
[INFO] [stdout]    8:     0x6128e985bedd - __rustc[ea4f61d10b84890b]::rust_begin_unwind
[INFO] [stdout]    9:     0x6128e980d58c - core[a373ad73a504971]::panicking::panic_fmt
[INFO] [stdout]   10:     0x6128e9822df5 - <rt[bd095da3d3ba5572]::i18n::I18n>::new
[INFO] [stdout]   11:     0x6128e9825ea7 - rt[bd095da3d3ba5572]::i18n::init_with_lang
[INFO] [stdout]   12:     0x6128e9837b7c - <rt[bd095da3d3ba5572]::html::tests::test_html_report_text::{closure#0} as core[a373ad73a504971]::ops::function::FnOnce<()>>::call_once
[INFO] [stdout]   13:     0x6128e988798b - test[aada8e7e76ba119b]::__rust_begin_short_backtrace::<core[a373ad73a504971]::result::Result<(), alloc[2e1b2a31b91974c5]::string::String>, fn() -> core[a373ad73a504971]::result::Result<(), alloc[2e1b2a31b91974c5]::string::String>>
[INFO] [stdout]   14:     0x6128e9895834 - test[aada8e7e76ba119b]::run_test::{closure#0}
[INFO] [stdout]   15:     0x6128e988ef64 - std[617be2ca0a6fd877]::sys::backtrace::__rust_begin_short_backtrace::<test[aada8e7e76ba119b]::run_test::{closure#1}, ()>
[INFO] [stdout]   16:     0x6128e98995f2 - <std[617be2ca0a6fd877]::thread::lifecycle::spawn_unchecked<test[aada8e7e76ba119b]::run_test::{closure#1}, ()>::{closure#1} as core[a373ad73a504971]::ops::function::FnOnce<()>>::call_once::{shim:vtable#0}
[INFO] [stdout]   17:     0x6128e987eb34 - <std[617be2ca0a6fd877]::sys::thread::unix::Thread>::new::thread_start
[INFO] [stdout]   18:     0x7fbeb73c1dfa - <unknown>
[INFO] [stdout]   19:     0x7fbeb74553d4 - clone
[INFO] [stdout]   20:                0x0 - <unknown>
[INFO] [stdout] 
[INFO] [stdout] ---- i18n::tests::new_unknown_lang_does_not_panic stdout ----
[INFO] [stdout] 
[INFO] [stdout] thread 'i18n::tests::new_unknown_lang_does_not_panic' (356) panicked at src/i18n.rs:316:37:
[INFO] [stdout] called `Result::unwrap()` on an `Err` value: PoisonError { .. }
[INFO] [stdout] stack backtrace:
[INFO] [stdout]    0:     0x6128e987fc86 - <<std[617be2ca0a6fd877]::sys::backtrace::BacktraceLock>::print::DisplayBacktrace as core[a373ad73a504971]::fmt::Display>::fmt
[INFO] [stdout]    1:     0x6128e980ce9a - core[a373ad73a504971]::fmt::write
[INFO] [stdout]    2:     0x6128e988626c - <alloc[2e1b2a31b91974c5]::vec::Vec<u8> as core[a373ad73a504971]::io::write::Write>::write_fmt
[INFO] [stdout]    3:     0x6128e985b062 - std[617be2ca0a6fd877]::panicking::default_hook::{closure#0}
[INFO] [stdout]    4:     0x6128e9877141 - std[617be2ca0a6fd877]::panicking::default_hook
[INFO] [stdout]    5:     0x6128e9877322 - std[617be2ca0a6fd877]::panicking::panic_with_hook
[INFO] [stdout]    6:     0x6128e985b112 - std[617be2ca0a6fd877]::panicking::panic_handler::{closure#0}
[INFO] [stdout]    7:     0x6128e9853979 - std[617be2ca0a6fd877]::sys::backtrace::__rust_end_short_backtrace::<std[617be2ca0a6fd877]::panicking::panic_handler::{closure#0}, !>
[INFO] [stdout]    8:     0x6128e985bedd - __rustc[ea4f61d10b84890b]::rust_begin_unwind
[INFO] [stdout]    9:     0x6128e980d58c - core[a373ad73a504971]::panicking::panic_fmt
[INFO] [stdout]   10:     0x6128e980d362 - core[a373ad73a504971]::result::unwrap_failed
[INFO] [stdout]   11:     0x6128e9838a33 - <rt[bd095da3d3ba5572]::i18n::tests::new_unknown_lang_does_not_panic::{closure#0} as core[a373ad73a504971]::ops::function::FnOnce<()>>::call_once
[INFO] [stdout]   12:     0x6128e988798b - test[aada8e7e76ba119b]::__rust_begin_short_backtrace::<core[a373ad73a504971]::result::Result<(), alloc[2e1b2a31b91974c5]::string::String>, fn() -> core[a373ad73a504971]::result::Result<(), alloc[2e1b2a31b91974c5]::string::String>>
[INFO] [stdout]   13:     0x6128e9895834 - test[aada8e7e76ba119b]::run_test::{closure#0}
[INFO] [stdout]   14:     0x6128e988ef64 - std[617be2ca0a6fd877]::sys::backtrace::__rust_begin_short_backtrace::<test[aada8e7e76ba119b]::run_test::{closure#1}, ()>
[INFO] [stdout]   15:     0x6128e98995f2 - <std[617be2ca0a6fd877]::thread::lifecycle::spawn_unchecked<test[aada8e7e76ba119b]::run_test::{closure#1}, ()>::{closure#1} as core[a373ad73a504971]::ops::function::FnOnce<()>>::call_once::{shim:vtable#0}
[INFO] [stdout]   16:     0x6128e987eb34 - <std[617be2ca0a6fd877]::sys::thread::unix::Thread>::new::thread_start
[INFO] [stdout]   17:     0x7fbeb73c1dfa - <unknown>
[INFO] [stdout]   18:     0x7fbeb74553d4 - clone
[INFO] [stdout]   19:                0x0 - <unknown>
[INFO] [stdout] 
[INFO] [stdout] ---- i18n::tests::text_missing_key_falls_back_to_key stdout ----
[INFO] [stdout] 
[INFO] [stdout] thread 'i18n::tests::text_missing_key_falls_back_to_key' (358) panicked at src/i18n.rs:268:37:
[INFO] [stdout] called `Result::unwrap()` on an `Err` value: PoisonError { .. }
[INFO] [stdout] stack backtrace:
[INFO] [stdout]    0:     0x6128e987fc86 - <<std[617be2ca0a6fd877]::sys::backtrace::BacktraceLock>::print::DisplayBacktrace as core[a373ad73a504971]::fmt::Display>::fmt
[INFO] [stdout]    1:     0x6128e980ce9a - core[a373ad73a504971]::fmt::write
[INFO] [stdout]    2:     0x6128e988626c - <alloc[2e1b2a31b91974c5]::vec::Vec<u8> as core[a373ad73a504971]::io::write::Write>::write_fmt
[INFO] [stdout]    3:     0x6128e985b062 - std[617be2ca0a6fd877]::panicking::default_hook::{closure#0}
[INFO] [stdout]    4:     0x6128e9877141 - std[617be2ca0a6fd877]::panicking::default_hook
[INFO] [stdout]    5:     0x6128e9877322 - std[617be2ca0a6fd877]::panicking::panic_with_hook
[INFO] [stdout]    6:     0x6128e985b112 - std[617be2ca0a6fd877]::panicking::panic_handler::{closure#0}
[INFO] [stdout]    7:     0x6128e9853979 - std[617be2ca0a6fd877]::sys::backtrace::__rust_end_short_backtrace::<std[617be2ca0a6fd877]::panicking::panic_handler::{closure#0}, !>
[INFO] [stdout]    8:     0x6128e985bedd - __rustc[ea4f61d10b84890b]::rust_begin_unwind
[INFO] [stdout]    9:     0x6128e980d58c - core[a373ad73a504971]::panicking::panic_fmt
[INFO] [stdout]   10:     0x6128e980d362 - core[a373ad73a504971]::result::unwrap_failed
[INFO] [stdout]   11:     0x6128e98396c5 - <rt[bd095da3d3ba5572]::i18n::tests::text_missing_key_falls_back_to_key::{closure#0} as core[a373ad73a504971]::ops::function::FnOnce<()>>::call_once
[INFO] [stdout]   12:     0x6128e988798b - test[aada8e7e76ba119b]::__rust_begin_short_backtrace::<core[a373ad73a504971]::result::Result<(), alloc[2e1b2a31b91974c5]::string::String>, fn() -> core[a373ad73a504971]::result::Result<(), alloc[2e1b2a31b91974c5]::string::String>>
[INFO] [stdout]   13:     0x6128e9895834 - test[aada8e7e76ba119b]::run_test::{closure#0}
[INFO] [stdout]   14:     0x6128e988ef64 - std[617be2ca0a6fd877]::sys::backtrace::__rust_begin_short_backtrace::<test[aada8e7e76ba119b]::run_test::{closure#1}, ()>
[INFO] [stdout]   15:     0x6128e98995f2 - <std[617be2ca0a6fd877]::thread::lifecycle::spawn_unchecked<test[aada8e7e76ba119b]::run_test::{closure#1}, ()>::{closure#1} as core[a373ad73a504971]::ops::function::FnOnce<()>>::call_once::{shim:vtable#0}
[INFO] [stdout]   16:     0x6128e987eb34 - <std[617be2ca0a6fd877]::sys::thread::unix::Thread>::new::thread_start
[INFO] [stdout]   17:     0x7fbeb73c1dfa - <unknown>
[INFO] [stdout]   18:     0x7fbeb74553d4 - clone
[INFO] [stdout]   19:                0x0 - <unknown>
[INFO] [stdout] 
[INFO] [stdout] ---- unix::tests::test_unix_report stdout ----
[INFO] [stdout] 
[INFO] [stdout] thread 'unix::tests::test_unix_report' (380) panicked at src/unix.rs:311:54:
[INFO] [stdout] called `Result::unwrap()` on an `Err` value: PoisonError { .. }
[INFO] [stdout] stack backtrace:
[INFO] [stdout]    0:     0x6128e987fc86 - <<std[617be2ca0a6fd877]::sys::backtrace::BacktraceLock>::print::DisplayBacktrace as core[a373ad73a504971]::fmt::Display>::fmt
[INFO] [stdout]    1:     0x6128e980ce9a - core[a373ad73a504971]::fmt::write
[INFO] [stdout]    2:     0x6128e988626c - <alloc[2e1b2a31b91974c5]::vec::Vec<u8> as core[a373ad73a504971]::io::write::Write>::write_fmt
[INFO] [stdout]    3:     0x6128e985b062 - std[617be2ca0a6fd877]::panicking::default_hook::{closure#0}
[INFO] [stdout]    4:     0x6128e9877141 - std[617be2ca0a6fd877]::panicking::default_hook
[INFO] [stdout]    5:     0x6128e9877322 - std[617be2ca0a6fd877]::panicking::panic_with_hook
[INFO] [stdout]    6:     0x6128e985b112 - std[617be2ca0a6fd877]::panicking::panic_handler::{closure#0}
[INFO] [stdout]    7:     0x6128e9853979 - std[617be2ca0a6fd877]::sys::backtrace::__rust_end_short_backtrace::<std[617be2ca0a6fd877]::panicking::panic_handler::{closure#0}, !>
[INFO] [stdout]    8:     0x6128e985bedd - __rustc[ea4f61d10b84890b]::rust_begin_unwind
[INFO] [stdout]    9:     0x6128e980d58c - core[a373ad73a504971]::panicking::panic_fmt
[INFO] [stdout]   10:     0x6128e980d362 - core[a373ad73a504971]::result::unwrap_failed
[INFO] [stdout]   11:     0x6128e983d512 - <rt[bd095da3d3ba5572]::unix::tests::test_unix_report::{closure#0} as core[a373ad73a504971]::ops::function::FnOnce<()>>::call_once
[INFO] [stdout]   12:     0x6128e988798b - test[aada8e7e76ba119b]::__rust_begin_short_backtrace::<core[a373ad73a504971]::result::Result<(), alloc[2e1b2a31b91974c5]::string::String>, fn() -> core[a373ad73a504971]::result::Result<(), alloc[2e1b2a31b91974c5]::string::String>>
[INFO] [stdout]   13:     0x6128e9895834 - test[aada8e7e76ba119b]::run_test::{closure#0}
[INFO] [stdout]   14:     0x6128e988ef64 - std[617be2ca0a6fd877]::sys::backtrace::__rust_begin_short_backtrace::<test[aada8e7e76ba119b]::run_test::{closure#1}, ()>
[INFO] [stdout]   15:     0x6128e98995f2 - <std[617be2ca0a6fd877]::thread::lifecycle::spawn_unchecked<test[aada8e7e76ba119b]::run_test::{closure#1}, ()>::{closure#1} as core[a373ad73a504971]::ops::function::FnOnce<()>>::call_once::{shim:vtable#0}
[INFO] [stdout]   16:     0x6128e987eb34 - <std[617be2ca0a6fd877]::sys::thread::unix::Thread>::new::thread_start
[INFO] [stdout]   17:     0x7fbeb73c1dfa - <unknown>
[INFO] [stdout]   18:     0x7fbeb74553d4 - clone
[INFO] [stdout]   19:                0x0 - <unknown>
[INFO] [stdout] 
[INFO] [stdout] ---- unix::tests::test_unix_report_du stdout ----
[INFO] [stdout] 
[INFO] [stdout] thread 'unix::tests::test_unix_report_du' (381) panicked at src/unix.rs:326:54:
[INFO] [stdout] called `Result::unwrap()` on an `Err` value: PoisonError { .. }
[INFO] [stdout] stack backtrace:
[INFO] [stdout]    0:     0x6128e987fc86 - <<std[617be2ca0a6fd877]::sys::backtrace::BacktraceLock>::print::DisplayBacktrace as core[a373ad73a504971]::fmt::Display>::fmt
[INFO] [stdout]    1:     0x6128e980ce9a - core[a373ad73a504971]::fmt::write
[INFO] [stdout]    2:     0x6128e988626c - <alloc[2e1b2a31b91974c5]::vec::Vec<u8> as core[a373ad73a504971]::io::write::Write>::write_fmt
[INFO] [stdout]    3:     0x6128e985b062 - std[617be2ca0a6fd877]::panicking::default_hook::{closure#0}
[INFO] [stdout]    4:     0x6128e9877141 - std[617be2ca0a6fd877]::panicking::default_hook
[INFO] [stdout]    5:     0x6128e9877322 - std[617be2ca0a6fd877]::panicking::panic_with_hook
[INFO] [stdout]    6:     0x6128e985b112 - std[617be2ca0a6fd877]::panicking::panic_handler::{closure#0}
[INFO] [stdout]    7:     0x6128e9853979 - std[617be2ca0a6fd877]::sys::backtrace::__rust_end_short_backtrace::<std[617be2ca0a6fd877]::panicking::panic_handler::{closure#0}, !>
[INFO] [stdout]    8:     0x6128e985bedd - __rustc[ea4f61d10b84890b]::rust_begin_unwind
[INFO] [stdout]    9:     0x6128e980d58c - core[a373ad73a504971]::panicking::panic_fmt
[INFO] [stdout]   10:     0x6128e980d362 - core[a373ad73a504971]::result::unwrap_failed
[INFO] [stdout]   11:     0x6128e983dcb6 - <rt[bd095da3d3ba5572]::unix::tests::test_unix_report_du::{closure#0} as core[a373ad73a504971]::ops::function::FnOnce<()>>::call_once
[INFO] [stdout]   12:     0x6128e988798b - test[aada8e7e76ba119b]::__rust_begin_short_backtrace::<core[a373ad73a504971]::result::Result<(), alloc[2e1b2a31b91974c5]::string::String>, fn() -> core[a373ad73a504971]::result::Result<(), alloc[2e1b2a31b91974c5]::string::String>>
[INFO] [stdout]   13:     0x6128e9895834 - test[aada8e7e76ba119b]::run_test::{closure#0}
[INFO] [stdout]   14:     0x6128e988ef64 - std[617be2ca0a6fd877]::sys::backtrace::__rust_begin_short_backtrace::<test[aada8e7e76ba119b]::run_test::{closure#1}, ()>
[INFO] [stdout]   15:     0x6128e98995f2 - <std[617be2ca0a6fd877]::thread::lifecycle::spawn_unchecked<test[aada8e7e76ba119b]::run_test::{closure#1}, ()>::{closure#1} as core[a373ad73a504971]::ops::function::FnOnce<()>>::call_once::{shim:vtable#0}
[INFO] [stdout]   16:     0x6128e987eb34 - <std[617be2ca0a6fd877]::sys::thread::unix::Thread>::new::thread_start
[INFO] [stdout]   17:     0x7fbeb73c1dfa - <unknown>
[INFO] [stdout]   18:     0x7fbeb74553d4 - clone
[INFO] [stdout]   19:                0x0 - <unknown>
[INFO] [stdout] 
[INFO] [stdout] 
[INFO] [stdout] failures:
[INFO] [stdout]     html::tests::test_html_report_text
[INFO] [stdout]     i18n::tests::new_unknown_lang_does_not_panic
[INFO] [stdout]     i18n::tests::text_missing_key_falls_back_to_key
[INFO] [stdout]     unix::tests::test_unix_report
[INFO] [stdout]     unix::tests::test_unix_report_du
[INFO] [stdout] 
[INFO] [stdout] test result: FAILED. 54 passed; 5 failed; 0 ignored; 0 measured; 0 filtered out; finished in 0.01s
[INFO] [stdout] 
[INFO] running `Command { std: "docker" "inspect" "4e27a7226d457d37ed880371710d408799edb7304a648fbeea50f13732c94903", kill_on_drop: false }`
[INFO] running `Command { std: "docker" "rm" "-f" "4e27a7226d457d37ed880371710d408799edb7304a648fbeea50f13732c94903", kill_on_drop: false }`
[INFO] [stdout] 4e27a7226d457d37ed880371710d408799edb7304a648fbeea50f13732c94903
