[INFO] cloning repository https://github.com/StckOverflw/railboard-api
[INFO] running `Command { std: "git" "-c" "credential.helper=" "-c" "credential.helper=/workspace/cargo-home/bin/git-credential-null" "clone" "--bare" "https://github.com/StckOverflw/railboard-api" "/workspace/cache/git-repos/https%3A%2F%2Fgithub.com%2FStckOverflw%2Frailboard-api", kill_on_drop: false }`
[INFO] [stderr] Cloning into bare repository '/workspace/cache/git-repos/https%3A%2F%2Fgithub.com%2FStckOverflw%2Frailboard-api'...
[INFO] running `Command { std: "git" "rev-parse" "HEAD", kill_on_drop: false }`
[INFO] [stdout] 6f3835e6300e1874562c57d2f17f844c8bdbfb45
[INFO] testing StckOverflw/railboard-api against 1.99.0-beta.8+cargoflags=--release for beta-release-1.100-3
[INFO] running `Command { std: "git" "clone" "/workspace/cache/git-repos/https%3A%2F%2Fgithub.com%2FStckOverflw%2Frailboard-api" "/workspace/builds/worker-1-tc1/source", kill_on_drop: false }`
[INFO] [stderr] Cloning into '/workspace/builds/worker-1-tc1/source'...
[INFO] [stderr] done.
[INFO] started tweaking git repo https://github.com/StckOverflw/railboard-api
[INFO] finished tweaking git repo https://github.com/StckOverflw/railboard-api
[INFO] tweaked toml for git repo https://github.com/StckOverflw/railboard-api written to /workspace/builds/worker-1-tc1/source/Cargo.toml
[INFO] validating manifest of git repo https://github.com/StckOverflw/railboard-api on toolchain 1.99.0-beta.8
[INFO] running `Command { std: CARGO_HOME="/workspace/cargo-home" RUSTUP_HOME="/workspace/rustup-home" "/workspace/cargo-home/bin/cargo" "+1.99.0-beta.8" "metadata" "--manifest-path" "Cargo.toml" "--no-deps", kill_on_drop: false }`
[INFO] crate git repo https://github.com/StckOverflw/railboard-api already has a lockfile, it will not be regenerated
[INFO] running `Command { std: CARGO_HOME="/workspace/cargo-home" RUSTUP_HOME="/workspace/rustup-home" "/workspace/cargo-home/bin/cargo" "+1.99.0-beta.8" "fetch" "--manifest-path" "Cargo.toml", kill_on_drop: false }`
[INFO] [stderr]     Blocking waiting for file lock on package cache
[INFO] [stderr]     Updating crates.io index
[INFO] [stderr]     Blocking waiting for file lock on package cache
[INFO] [stderr]  Downloading crates ...
[INFO] [stderr]   Downloaded utoipa v3.4.3
[INFO] [stderr]   Downloaded quote v1.0.32
[INFO] [stderr]   Downloaded unicode-ident v1.0.11
[INFO] [stderr]   Downloaded thiserror-impl v1.0.44
[INFO] [stderr]   Downloaded wasm-bindgen-macro v0.2.87
[INFO] [stderr]   Downloaded pin-project-lite v0.2.10
[INFO] [stderr]   Downloaded hermit-abi v0.3.2
[INFO] [stderr]   Downloaded wasm-bindgen-shared v0.2.87
[INFO] [stderr]   Downloaded wasm-bindgen-futures v0.4.37
[INFO] [stderr]   Downloaded form_urlencoded v1.2.0
[INFO] [stderr]   Downloaded futures-macro v0.3.28
[INFO] [stderr]   Downloaded chrono-tz-build v0.2.0
[INFO] [stderr]   Downloaded cpufeatures v0.2.9
[INFO] [stderr]   Downloaded rust-embed-impl v6.8.1
[INFO] [stderr]   Downloaded tokio-retry v0.3.0
[INFO] [stderr]   Downloaded itoa v1.0.9
[INFO] [stderr]   Downloaded windows-targets v0.48.1
[INFO] [stderr]   Downloaded winreg v0.10.1
[INFO] [stderr]   Downloaded percent-encoding v2.3.0
[INFO] [stderr]   Downloaded hyper-rustls v0.24.1
[INFO] [stderr]   Downloaded utoipa-gen v3.4.4
[INFO] [stderr]   Downloaded proc-macro2 v1.0.66
[INFO] [stderr]   Downloaded try-lock v0.2.4
[INFO] [stderr]   Downloaded rust-embed-utils v7.8.1
[INFO] [stderr]   Downloaded parking_lot_core v0.9.8
[INFO] [stderr]   Downloaded wasm-bindgen-macro-support v0.2.87
[INFO] [stderr]   Downloaded iana-time-zone v0.1.57
[INFO] [stderr]   Downloaded rustls-pemfile v1.0.3
[INFO] [stderr]   Downloaded pin-project-internal v1.1.2
[INFO] [stderr]   Downloaded erased-serde v0.3.28
[INFO] [stderr]   Downloaded thiserror v1.0.44
[INFO] [stderr]   Downloaded wasm-bindgen-backend v0.2.87
[INFO] [stderr]   Downloaded ipnet v2.8.0
[INFO] [stderr]   Downloaded futures-executor v0.3.28
[INFO] [stderr]   Downloaded sha2 v0.10.7
[INFO] [stderr]   Downloaded smallvec v1.11.0
[INFO] [stderr]   Downloaded addr2line v0.20.0
[INFO] [stderr]   Downloaded log v0.4.19
[INFO] [stderr]   Downloaded serde_path_to_error v0.1.14
[INFO] [stderr]   Downloaded tracing-log v0.1.3
[INFO] [stderr]   Downloaded lock_api v0.4.10
[INFO] [stderr]   Downloaded futures-channel v0.3.28
[INFO] [stderr]   Downloaded shellexpand v2.1.2
[INFO] [stderr]   Downloaded serde-xml-rs v0.6.0
[INFO] [stderr]   Downloaded getrandom v0.2.10
[INFO] [stderr]   Downloaded crossbeam-utils v0.8.16
[INFO] [stderr]   Downloaded async-trait v0.1.72
[INFO] [stderr]   Downloaded wu-diff v0.1.2
[INFO] [stderr]   Downloaded tracing-attributes v0.1.26
[INFO] [stderr]   Downloaded xml-rs v0.8.16
[INFO] [stderr]   Downloaded pin-project v1.1.2
[INFO] [stderr]   Downloaded ryu v1.0.15
[INFO] [stderr]   Downloaded indexmap v2.0.0
[INFO] [stderr]   Downloaded once_cell v1.18.0
[INFO] [stderr]   Downloaded js-sys v0.3.64
[INFO] [stderr]   Downloaded url v2.4.0
[INFO] [stderr]   Downloaded base64 v0.21.2
[INFO] [stderr]   Downloaded num-traits v0.2.16
[INFO] [stderr]   Downloaded futures v0.3.28
[INFO] [stderr]   Downloaded arc-swap v1.6.0
[INFO] [stderr]   Downloaded serde v1.0.180
[INFO] [stderr]   Downloaded backtrace v0.3.68
[INFO] [stderr]   Downloaded syn v2.0.28
[INFO] [stderr]   Downloaded hashbrown v0.14.0
[INFO] [stderr]   Downloaded axum v0.6.19
[INFO] [stderr]   Downloaded aho-corasick v1.0.2
[INFO] [stderr]   Downloaded serde_json v1.0.104
[INFO] [stderr]   Downloaded rustls-webpki v0.101.2
[INFO] [stderr]   Downloaded h2 v0.3.20
[INFO] [stderr]   Downloaded redis v0.23.1
[INFO] [stderr]   Downloaded reqwest v0.11.18
[INFO] [stderr]   Downloaded wasm-bindgen v0.2.87
[INFO] [stderr]   Downloaded tracing-subscriber v0.3.17
[INFO] [stderr]   Downloaded hyper v0.14.27
[INFO] [stderr]   Downloaded regex v1.9.1
[INFO] [stderr]   Downloaded object v0.31.1
[INFO] [stderr]   Downloaded gimli v0.27.3
[INFO] [stderr]   Downloaded idna v0.4.0
[INFO] [stderr]   Downloaded rustls v0.21.5
[INFO] [stderr]   Downloaded regex-syntax v0.7.4
[INFO] [stderr]   Downloaded serde_derive v1.0.180
[INFO] [stderr]   Downloaded regex-automata v0.3.3
[INFO] [stderr]   Downloaded chrono-tz v0.8.3
[INFO] [stderr]   Downloaded tokio v1.29.1
[INFO] [stderr]   Downloaded libc v0.2.147
[INFO] [stderr]   Downloaded web-sys v0.3.64
[INFO] [stderr]   Downloaded rust-embed v6.8.1
[INFO] [stderr]   Downloaded encoding_rs v0.8.32
[INFO] [stderr]   Downloaded utoipa-swagger-ui v3.1.4
[INFO] running `Command { std: "docker" "create" "-v" "/var/lib/crater-agent-workspace/builds/worker-1-tc1/source:/opt/rustwide/workdir:ro,Z" "-v" "/var/lib/crater-agent-workspace/builds/worker-1-tc1/target:/opt/rustwide/target:rw,Z" "-v" "/var/lib/crater-agent-workspace/cargo-home:/opt/rustwide/cargo-home:ro,Z" "-v" "/var/lib/crater-agent-workspace/rustup-home:/opt/rustwide/rustup-home:ro,Z" "-m" "1610612736" "--network" "none" "ghcr.io/rust-lang/crates-build-env/linux@sha256:77db811e55d90add9212f6832c23229e3de5f1c1f9905e8cb07319ea15df73ac" "sleep" "infinity", kill_on_drop: false }`
[INFO] [stdout] 7a5287ae44da7a8867c811404afa25dfd075ac556b25eb04b773b4a32ec1e7b6
[INFO] running `Command { std: "docker" "start" "7a5287ae44da7a8867c811404afa25dfd075ac556b25eb04b773b4a32ec1e7b6", kill_on_drop: false }`
[INFO] running `Command { std: "docker" "inspect" "7a5287ae44da7a8867c811404afa25dfd075ac556b25eb04b773b4a32ec1e7b6", kill_on_drop: false }`
[INFO] running `Command { std: "docker" "exec" "-e" "SOURCE_DIR=/opt/rustwide/workdir" "-e" "CARGO_HOME=/opt/rustwide/cargo-home" "-e" "RUSTUP_HOME=/opt/rustwide/rustup-home" "-e" "CARGO_TARGET_DIR=/opt/rustwide/target" "-w" "/opt/rustwide/workdir" "--user" "0:0" "7a5287ae44da7a8867c811404afa25dfd075ac556b25eb04b773b4a32ec1e7b6" "/opt/rustwide/cargo-home/bin/cargo" "+1.99.0-beta.8" "metadata" "--no-deps" "--format-version=1", kill_on_drop: false }`
[INFO] running `Command { std: "docker" "inspect" "7a5287ae44da7a8867c811404afa25dfd075ac556b25eb04b773b4a32ec1e7b6", kill_on_drop: false }`
[INFO] running `Command { std: "docker" "exec" "-e" "SOURCE_DIR=/opt/rustwide/workdir" "-e" "CARGO_HOME=/opt/rustwide/cargo-home" "-e" "RUSTUP_HOME=/opt/rustwide/rustup-home" "-e" "CARGO_TARGET_DIR=/opt/rustwide/target" "-e" "CARGO_INCREMENTAL=0" "-e" "RUST_BACKTRACE=full" "-e" "RUSTFLAGS=--cap-lints=warn" "-e" "RUSTDOCFLAGS=--cap-lints=warn" "-w" "/opt/rustwide/workdir" "--user" "0:0" "7a5287ae44da7a8867c811404afa25dfd075ac556b25eb04b773b4a32ec1e7b6" "/opt/rustwide/cargo-home/bin/cargo" "+1.99.0-beta.8" "build" "--frozen" "--message-format=json" "--release", kill_on_drop: false }`
[INFO] [stderr]    Compiling libc v0.2.147
[INFO] [stderr]    Compiling proc-macro2 v1.0.66
[INFO] [stderr]    Compiling unicode-ident v1.0.11
[INFO] [stderr]    Compiling autocfg v1.1.0
[INFO] [stderr]    Compiling version_check v0.9.4
[INFO] [stderr]    Compiling memchr v2.5.0
[INFO] [stderr]    Compiling cfg-if v1.0.0
[INFO] [stderr]    Compiling once_cell v1.18.0
[INFO] [stderr]    Compiling pin-project-lite v0.2.10
[INFO] [stderr]    Compiling futures-core v0.3.28
[INFO] [stderr]    Compiling log v0.4.19
[INFO] [stderr]    Compiling typenum v1.16.0
[INFO] [stderr]    Compiling smallvec v1.11.0
[INFO] [stderr]    Compiling bytes v1.4.0
[INFO] [stderr]    Compiling lock_api v0.4.10
[INFO] [stderr]    Compiling parking_lot_core v0.9.8
[INFO] [stderr]    Compiling serde v1.0.180
[INFO] [stderr]    Compiling futures-sink v0.3.28
[INFO] [stderr]    Compiling slab v0.4.8
[INFO] [stderr]    Compiling generic-array v0.14.7
[INFO] [stderr]    Compiling tokio v1.29.1
[INFO] [stderr]    Compiling futures-channel v0.3.28
[INFO] [stderr]    Compiling futures-task v0.3.28
[INFO] [stderr]    Compiling itoa v1.0.9
[INFO] [stderr]    Compiling serde_derive v1.0.180
[INFO] [stderr]    Compiling parking_lot v0.12.1
[INFO] [stderr]    Compiling signal-hook-registry v1.4.1
[INFO] [stderr]    Compiling mio v0.8.8
[INFO] [stderr]    Compiling num_cpus v1.16.0
[INFO] [stderr]    Compiling quote v1.0.32
[INFO] [stderr]    Compiling socket2 v0.4.9
[INFO] [stderr]    Compiling syn v2.0.28
[INFO] [stderr]    Compiling tracing-core v0.1.31
[INFO] [stderr]    Compiling futures-util v0.3.28
[INFO] [stderr]    Compiling aho-corasick v1.0.2
[INFO] [stderr]    Compiling cc v1.0.79
[INFO] [stderr]    Compiling regex-syntax v0.7.4
[INFO] [stderr]    Compiling futures-io v0.3.28
[INFO] [stderr]    Compiling pin-utils v0.1.0
[INFO] [stderr]    Compiling untrusted v0.7.1
[INFO] [stderr]    Compiling spin v0.5.2
[INFO] [stderr]    Compiling http v0.2.9
[INFO] [stderr]    Compiling indexmap v1.9.3
[INFO] [stderr]    Compiling siphasher v0.3.10
[INFO] [stderr]    Compiling ring v0.16.20
[INFO] [stderr]    Compiling percent-encoding v2.3.0
[INFO] [stderr]    Compiling phf_shared v0.11.2
[INFO] [stderr]    Compiling tower-service v0.3.2
[INFO] [stderr]    Compiling httparse v1.8.0
[INFO] [stderr]    Compiling serde_json v1.0.104
[INFO] [stderr]    Compiling ryu v1.0.15
[INFO] [stderr]    Compiling form_urlencoded v1.2.0
[INFO] [stderr]    Compiling http-body v0.4.5
[INFO] [stderr]    Compiling rand v0.8.5
[INFO] [stderr]    Compiling proc-macro-error-attr v1.0.4
[INFO] [stderr]    Compiling syn v1.0.109
[INFO] [stderr]    Compiling try-lock v0.2.4
[INFO] [stderr]    Compiling rustversion v1.0.14
[INFO] [stderr]    Compiling tinyvec v1.6.0
[INFO] [stderr]    Compiling want v0.3.1
[INFO] [stderr]    Compiling phf_generator v0.11.2
[INFO] [stderr]    Compiling regex-automata v0.3.3
[INFO] [stderr]    Compiling proc-macro-error v1.0.4
[INFO] [stderr]    Compiling unicase v2.6.0
[INFO] [stderr]    Compiling httpdate v1.0.2
[INFO] [stderr]    Compiling rustls v0.21.5
[INFO] [stderr]    Compiling unicode-normalization v0.1.22
[INFO] [stderr]    Compiling phf_codegen v0.11.2
[INFO] [stderr]    Compiling phf v0.11.2
[INFO] [stderr]    Compiling num-traits v0.2.16
[INFO] [stderr]    Compiling crc32fast v1.3.2
[INFO] [stderr]    Compiling unicode-bidi v0.3.13
[INFO] [stderr]    Compiling block-buffer v0.10.4
[INFO] [stderr]    Compiling crypto-common v0.1.6
[INFO] [stderr]    Compiling idna v0.4.0
[INFO] [stderr]    Compiling serde_urlencoded v0.7.1
[INFO] [stderr]    Compiling adler v1.0.2
[INFO] [stderr]    Compiling hashbrown v0.14.0
[INFO] [stderr]    Compiling tokio-macros v2.1.0
[INFO] [stderr]    Compiling futures-macro v0.3.28
[INFO] [stderr]    Compiling tracing-attributes v0.1.26
[INFO] [stderr]    Compiling regex v1.9.1
[INFO] [stderr]    Compiling pin-project-internal v1.1.2
[INFO] [stderr]    Compiling parse-zoneinfo v0.3.0
[INFO] [stderr]    Compiling tracing v0.1.37
[INFO] [stderr]    Compiling chrono-tz-build v0.2.0
[INFO] [stderr]    Compiling equivalent v1.0.1
[INFO] [stderr]    Compiling thiserror v1.0.44
[INFO] [stderr]    Compiling async-trait v0.1.72
[INFO] [stderr]    Compiling indexmap v2.0.0
[INFO] [stderr]    Compiling utoipa-gen v3.4.4
[INFO] [stderr]    Compiling chrono-tz v0.8.3
[INFO] [stderr]    Compiling pin-project v1.1.2
[INFO] [stderr]    Compiling url v2.4.0
[INFO] [stderr]    Compiling dirs-sys v0.3.7
[INFO] [stderr]    Compiling thiserror-impl v1.0.44
[INFO] [stderr]    Compiling miniz_oxide v0.7.1
[INFO] [stderr]    Compiling digest v0.10.7
[INFO] [stderr]    Compiling getrandom v0.2.10
[INFO] [stderr]    Compiling time v0.1.45
[INFO] [stderr]    Compiling cpufeatures v0.2.9
[INFO] [stderr]    Compiling same-file v1.0.6
[INFO] [stderr]    Compiling base64 v0.21.2
[INFO] [stderr]    Compiling sct v0.7.0
[INFO] [stderr]    Compiling rustls-webpki v0.101.2
[INFO] [stderr]    Compiling webpki v0.22.0
[INFO] [stderr]    Compiling iana-time-zone v0.1.57
[INFO] [stderr]    Compiling webpki-roots v0.22.6
[INFO] [stderr]    Compiling chrono v0.4.26
[INFO] [stderr]    Compiling rustls-pemfile v1.0.3
[INFO] [stderr]    Compiling walkdir v2.3.3
[INFO] [stderr]    Compiling sha2 v0.10.7
[INFO] [stderr]    Compiling rand_core v0.6.4
[INFO] [stderr]    Compiling tokio-util v0.7.8
[INFO] [stderr]    Compiling flate2 v1.0.26
[INFO] [stderr]    Compiling dirs v4.0.0
[INFO] [stderr]    Compiling axum-core v0.3.4
[INFO] [stderr]    Compiling h2 v0.3.20
[INFO] [stderr]    Compiling encoding_rs v0.8.32
[INFO] [stderr]    Compiling tower-layer v0.3.2
[INFO] [stderr]    Compiling utoipa v3.4.3
[INFO] [stderr]    Compiling ppv-lite86 v0.2.17
[INFO] [stderr]    Compiling byteorder v1.4.3
[INFO] [stderr]    Compiling ipnet v2.8.0
[INFO] [stderr]    Compiling rand_chacha v0.3.1
[INFO] [stderr]    Compiling tokio-rustls v0.24.1
[INFO] [stderr]    Compiling async-lock v2.7.0
[INFO] [stderr]    Compiling zip v0.6.6
[INFO] [stderr]    Compiling shellexpand v2.1.2
[INFO] [stderr]    Compiling rust-embed-utils v7.8.1
[INFO] [stderr]    Compiling mime_guess v2.0.4
[INFO] [stderr]    Compiling futures-executor v0.3.28
[INFO] [stderr]    Compiling axum v0.6.19
[INFO] [stderr]    Compiling lazy_static v1.4.0
[INFO] [stderr]    Compiling urlencoding v2.1.3
[INFO] [stderr]    Compiling regex-syntax v0.6.29
[INFO] [stderr]    Compiling hyper v0.14.27
[INFO] [stderr]    Compiling regex-automata v0.1.10
[INFO] [stderr]    Compiling futures v0.3.28
[INFO] [stderr]    Compiling rust-embed-impl v6.8.1
[INFO] [stderr]    Compiling utoipa-swagger-ui v3.1.4
[INFO] [stderr]    Compiling tower v0.4.13
[INFO] [stderr]    Compiling hyper-rustls v0.24.1
[INFO] [stderr]    Compiling serde_path_to_error v0.1.14
[INFO] [stderr]    Compiling reqwest v0.11.18
[INFO] [stderr]    Compiling xml-rs v0.8.16
[INFO] [stderr]    Compiling erased-serde v0.3.28
[INFO] [stderr]    Compiling matchit v0.7.0
[INFO] [stderr]    Compiling overload v0.1.1
[INFO] [stderr]    Compiling nu-ansi-term v0.46.0
[INFO] [stderr]    Compiling tokio-retry v0.3.0
[INFO] [stderr]    Compiling rust-embed v6.8.1
[INFO] [stderr]    Compiling serde-xml-rs v0.6.0
[INFO] [stderr]    Compiling matchers v0.1.0
[INFO] [stderr]    Compiling tracing-log v0.1.3
[INFO] [stderr]    Compiling sharded-slab v0.1.4
[INFO] [stderr]    Compiling combine v4.6.6
[INFO] [stderr]    Compiling thread_local v1.1.7
[INFO] [stderr]    Compiling arc-swap v1.6.0
[INFO] [stderr]    Compiling wu-diff v0.1.2
[INFO] [stderr]    Compiling sha1_smol v1.0.0
[INFO] [stderr]    Compiling iris-client v0.1.0 (/opt/rustwide/workdir/iris-client)
[INFO] [stderr]    Compiling tracing-subscriber v0.3.17
[INFO] [stderr]    Compiling vendo-client v0.2.0 (/opt/rustwide/workdir/vendo-client)
[INFO] [stderr]    Compiling ris-client v0.2.0 (/opt/rustwide/workdir/ris-client)
[INFO] [stderr]    Compiling redis v0.23.1
[INFO] [stderr]    Compiling railboard-api v0.1.0 (/opt/rustwide/workdir/railboard-api)
[INFO] [stderr]     Finished `release` profile [optimized] target(s) in 5m 08s
[INFO] [stderr] warning: the following packages contain code that will be rejected by a future version of Rust: redis v0.23.1
[INFO] [stderr] note: to see what the problems were, use the option `--future-incompat-report`, or run `cargo report future-incompatibilities --id 3`
[INFO] running `Command { std: "docker" "inspect" "7a5287ae44da7a8867c811404afa25dfd075ac556b25eb04b773b4a32ec1e7b6", kill_on_drop: false }`
[INFO] running `Command { std: "docker" "exec" "-e" "SOURCE_DIR=/opt/rustwide/workdir" "-e" "CARGO_HOME=/opt/rustwide/cargo-home" "-e" "RUSTUP_HOME=/opt/rustwide/rustup-home" "-e" "CARGO_TARGET_DIR=/opt/rustwide/target" "-e" "CARGO_INCREMENTAL=0" "-e" "RUST_BACKTRACE=full" "-e" "RUSTFLAGS=--cap-lints=warn" "-e" "RUSTDOCFLAGS=--cap-lints=warn" "-w" "/opt/rustwide/workdir" "--user" "0:0" "7a5287ae44da7a8867c811404afa25dfd075ac556b25eb04b773b4a32ec1e7b6" "/opt/rustwide/cargo-home/bin/cargo" "+1.99.0-beta.8" "test" "--frozen" "--no-run" "--message-format=json" "--release", kill_on_drop: false }`
[INFO] [stderr]    Compiling vendo-client v0.2.0 (/opt/rustwide/workdir/vendo-client)
[INFO] [stderr]    Compiling ris-client v0.2.0 (/opt/rustwide/workdir/ris-client)
[INFO] [stderr]    Compiling iris-client v0.1.0 (/opt/rustwide/workdir/iris-client)
[INFO] [stderr]    Compiling railboard-api v0.1.0 (/opt/rustwide/workdir/railboard-api)
[INFO] [stdout] warning: use of deprecated method `ris_client::journey_search::<impl ris_client::RisClient>::journey_search`: the only known api key was revoked, so i cannot maintain this endpoint anymore
[INFO] [stdout]   --> ris-client/tests/journey_search.rs:27:10
[INFO] [stdout]    |
[INFO] [stdout] 27 |         .journey_search(&re_train.train_type, &re_train.train_number, None)
[INFO] [stdout]    |          ^^^^^^^^^^^^^^
[INFO] [stdout]    |
[INFO] [stdout]    = note: `#[warn(deprecated)]` on by default
[INFO] [stdout] 
[INFO] [stdout] 
[INFO] [stdout] warning: use of deprecated method `ris_client::journey_details::<impl ris_client::RisClient>::journey_details`: the only known api key was revoked, so i cannot maintain this endpoint anymore
[INFO] [stdout]   --> ris-client/tests/journey_details.rs:34:10
[INFO] [stdout]    |
[INFO] [stdout] 34 |         .journey_details(&first.train.journey_id)
[INFO] [stdout]    |          ^^^^^^^^^^^^^^^
[INFO] [stdout]    |
[INFO] [stdout]    = note: `#[warn(deprecated)]` on by default
[INFO] [stdout] 
[INFO] [stdout] 
[INFO] [stdout] warning: use of deprecated method `ris_client::station_information::<impl ris_client::RisClient>::station_information`: the only known api key was revoked, so i cannot maintain this endpoint anymore
[INFO] [stdout]   --> ris-client/tests/station_information.rs:13:29
[INFO] [stdout]    |
[INFO] [stdout] 13 |     let result = ris_client.station_information("8000105").await;
[INFO] [stdout]    |                             ^^^^^^^^^^^^^^^^^^^
[INFO] [stdout]    |
[INFO] [stdout]    = note: `#[warn(deprecated)]` on by default
[INFO] [stdout] 
[INFO] [stdout] 
[INFO] [stdout] warning: use of deprecated method `ris_client::station_search::<impl ris_client::RisClient>::station_search_by_name`: the only known api key was revoked, so i cannot maintain this endpoint anymore
[INFO] [stdout]   --> ris-client/tests/station_search.rs:13:29
[INFO] [stdout]    |
[INFO] [stdout] 13 |     let result = ris_client.station_search_by_name("Leipzig", Some(25)).await;
[INFO] [stdout]    |                             ^^^^^^^^^^^^^^^^^^^^^^
[INFO] [stdout]    |
[INFO] [stdout]    = note: `#[warn(deprecated)]` on by default
[INFO] [stdout] 
[INFO] [stdout] 
[INFO] [stderr]     Finished `release` profile [optimized] target(s) in 58.50s
[INFO] [stderr] warning: the following packages contain code that will be rejected by a future version of Rust: redis v0.23.1
[INFO] [stderr] note: to see what the problems were, use the option `--future-incompat-report`, or run `cargo report future-incompatibilities --id 3`
[INFO] running `Command { std: "docker" "inspect" "7a5287ae44da7a8867c811404afa25dfd075ac556b25eb04b773b4a32ec1e7b6", kill_on_drop: false }`
[INFO] running `Command { std: "docker" "exec" "-e" "SOURCE_DIR=/opt/rustwide/workdir" "-e" "CARGO_HOME=/opt/rustwide/cargo-home" "-e" "RUSTUP_HOME=/opt/rustwide/rustup-home" "-e" "CARGO_TARGET_DIR=/opt/rustwide/target" "-e" "CARGO_INCREMENTAL=0" "-e" "RUST_BACKTRACE=full" "-e" "RUSTFLAGS=--cap-lints=warn" "-e" "RUSTDOCFLAGS=--cap-lints=warn" "-w" "/opt/rustwide/workdir" "--user" "0:0" "7a5287ae44da7a8867c811404afa25dfd075ac556b25eb04b773b4a32ec1e7b6" "/opt/rustwide/cargo-home/bin/cargo" "+1.99.0-beta.8" "test" "--frozen" "--release", kill_on_drop: false }`
[INFO] [stderr] warning: use of deprecated method `ris_client::station_search::<impl ris_client::RisClient>::station_search_by_name`: the only known api key was revoked, so i cannot maintain this endpoint anymore
[INFO] [stderr]   --> ris-client/tests/station_search.rs:13:29
[INFO] [stderr]    |
[INFO] [stderr] 13 |     let result = ris_client.station_search_by_name("Leipzig", Some(25)).await;
[INFO] [stderr]    |                             ^^^^^^^^^^^^^^^^^^^^^^
[INFO] [stderr]    |
[INFO] [stderr]    = note: `#[warn(deprecated)]` on by default
[INFO] [stderr] 
[INFO] [stderr] warning: use of deprecated method `ris_client::journey_details::<impl ris_client::RisClient>::journey_details`: the only known api key was revoked, so i cannot maintain this endpoint anymore
[INFO] [stderr]   --> ris-client/tests/journey_details.rs:34:10
[INFO] [stderr]    |
[INFO] [stderr] 34 |         .journey_details(&first.train.journey_id)
[INFO] [stderr]    |          ^^^^^^^^^^^^^^^
[INFO] [stderr]    |
[INFO] [stderr]    = note: `#[warn(deprecated)]` on by default
[INFO] [stderr] 
[INFO] [stderr] warning: `ris-client` (test "station_search") generated 1 warning
[INFO] [stderr] warning: `ris-client` (test "journey_details") generated 1 warning
[INFO] [stderr] warning: use of deprecated method `ris_client::journey_search::<impl ris_client::RisClient>::journey_search`: the only known api key was revoked, so i cannot maintain this endpoint anymore
[INFO] [stderr]   --> ris-client/tests/journey_search.rs:27:10
[INFO] [stderr]    |
[INFO] [stderr] 27 |         .journey_search(&re_train.train_type, &re_train.train_number, None)
[INFO] [stderr]    |          ^^^^^^^^^^^^^^
[INFO] [stderr]    |
[INFO] [stderr]    = note: `#[warn(deprecated)]` on by default
[INFO] [stderr] 
[INFO] [stderr] warning: use of deprecated method `ris_client::station_information::<impl ris_client::RisClient>::station_information`: the only known api key was revoked, so i cannot maintain this endpoint anymore
[INFO] [stderr]   --> ris-client/tests/station_information.rs:13:29
[INFO] [stderr]    |
[INFO] [stderr] 13 |     let result = ris_client.station_information("8000105").await;
[INFO] [stderr]    |                             ^^^^^^^^^^^^^^^^^^^
[INFO] [stderr]    |
[INFO] [stderr]    = note: `#[warn(deprecated)]` on by default
[INFO] [stderr] 
[INFO] [stderr] warning: `ris-client` (test "journey_search") generated 1 warning
[INFO] [stderr] warning: `ris-client` (test "station_information") generated 1 warning
[INFO] [stderr]     Finished `release` profile [optimized] target(s) in 0.27s
[INFO] [stderr] warning: the following packages contain code that will be rejected by a future version of Rust: redis v0.23.1
[INFO] [stderr] note: to see what the problems were, use the option `--future-incompat-report`, or run `cargo report future-incompatibilities --id 3`
[INFO] [stderr]      Running unittests src/lib.rs (/opt/rustwide/target/release/deps/iris_client-fcf96d49905e194e)
[INFO] [stderr]      Running tests/date_parsing.rs (/opt/rustwide/target/release/deps/date_parsing-be0b8acc8f1ddec9)
[INFO] [stdout] 
[INFO] [stdout] running 0 tests
[INFO] [stdout] 
[INFO] [stdout] test result: ok. 0 passed; 0 failed; 0 ignored; 0 measured; 0 filtered out; finished in 0.00s
[INFO] [stdout] 
[INFO] [stdout] 
[INFO] [stdout] running 1 test
[INFO] [stdout] test date_parsing ... ok
[INFO] [stdout] 
[INFO] [stdout] test result: ok. 1 passed; 0 failed; 0 ignored; 0 measured; 0 filtered out; finished in 0.00s
[INFO] [stdout] 
[INFO] [stderr]      Running tests/station_board.rs (/opt/rustwide/target/release/deps/station_board-5bf43d9abe9d20fa)
[INFO] [stdout] 
[INFO] [stdout] running 1 test
[INFO] [stdout] test station_board ... FAILED
[INFO] [stdout] 
[INFO] [stdout] failures:
[INFO] [stdout] 
[INFO] [stdout] ---- station_board stdout ----
[INFO] [stdout] 
[INFO] [stdout] thread 'station_board' (4597) panicked at iris-client/tests/station_board.rs:9:5:
[INFO] [stdout] Response is not ok: Err(FailedRequest(reqwest::Error { kind: Request, url: Url { scheme: "https", cannot_be_a_base: false, username: "", password: None, host: Some(Domain("iris.noncd.db.de")), port: None, path: "/iris-tts/timetable/fchg/8000105", query: None, fragment: None }, source: hyper::Error(Connect, ConnectError("dns error", Custom { kind: Uncategorized, error: "failed to lookup address information: Temporary failure in name resolution" })) }))
[INFO] [stdout] stack backtrace:
[INFO] [stdout]    0:     0x5877a161d491 - <<std[70759c8f55707aa4]::sys::backtrace::BacktraceLock>::print::DisplayBacktrace as core[df12db4294e9bfd3]::fmt::Display>::fmt
[INFO] [stdout]    1:     0x5877a163404a - core[df12db4294e9bfd3]::fmt::write
[INFO] [stdout]    2:     0x5877a1621fec - <alloc[2182bb758b4b3781]::vec::Vec<u8> as core[df12db4294e9bfd3]::io::write::Write>::write_fmt
[INFO] [stdout]    3:     0x5877a15f8856 - std[70759c8f55707aa4]::panicking::default_hook::{closure#0}
[INFO] [stdout]    4:     0x5877a16154d9 - std[70759c8f55707aa4]::panicking::default_hook
[INFO] [stdout]    5:     0x5877a1582610 - test[9d35eded1c95d3be]::test_main_inner::<test[9d35eded1c95d3be]::test_main_static::{closure#0}>::{closure#0}
[INFO] [stdout]    6:     0x5877a1615802 - std[70759c8f55707aa4]::panicking::panic_with_hook
[INFO] [stdout]    7:     0x5877a15f8902 - std[70759c8f55707aa4]::panicking::panic_handler::{closure#0}
[INFO] [stdout]    8:     0x5877a15f15a9 - std[70759c8f55707aa4]::sys::backtrace::__rust_end_short_backtrace::<std[70759c8f55707aa4]::panicking::panic_handler::{closure#0}, !>
[INFO] [stdout]    9:     0x5877a15f96ed - __rustc[8fa7c3cbc660c2b3]::rust_begin_unwind
[INFO] [stdout]   10:     0x5877a16347ac - core[df12db4294e9bfd3]::panicking::panic_fmt
[INFO] [stdout]   11:     0x5877a133b180 - station_board[52dcf11230d369bf]::station_board::{closure#0}
[INFO] [stdout]   12:     0x5877a1347253 - <tokio[4764b3b021cfe437]::runtime::scheduler::current_thread::Context>::enter::<core[df12db4294e9bfd3]::task::poll::Poll<()>, <tokio[4764b3b021cfe437]::runtime::scheduler::current_thread::CoreGuard>::block_on<core[df12db4294e9bfd3]::pin::Pin<&mut core[df12db4294e9bfd3]::pin::Pin<&mut dyn core[df12db4294e9bfd3]::future::future::Future<Output = ()>>>>::{closure#0}::{closure#0}>
[INFO] [stdout]   13:     0x5877a135bdcc - <tokio[4764b3b021cfe437]::runtime::context::scoped::Scoped<tokio[4764b3b021cfe437]::runtime::scheduler::Context>>::set::<<tokio[4764b3b021cfe437]::runtime::scheduler::current_thread::CoreGuard>::enter<<tokio[4764b3b021cfe437]::runtime::scheduler::current_thread::CoreGuard>::block_on<core[df12db4294e9bfd3]::pin::Pin<&mut core[df12db4294e9bfd3]::pin::Pin<&mut dyn core[df12db4294e9bfd3]::future::future::Future<Output = ()>>>>::{closure#0}, core[df12db4294e9bfd3]::option::Option<()>>::{closure#0}, (alloc[2182bb758b4b3781]::boxed::Box<tokio[4764b3b021cfe437]::runtime::scheduler::current_thread::Core>, core[df12db4294e9bfd3]::option::Option<()>)>
[INFO] [stdout]   14:     0x5877a13467cf - <tokio[4764b3b021cfe437]::runtime::runtime::Runtime>::block_on::<core[df12db4294e9bfd3]::pin::Pin<&mut dyn core[df12db4294e9bfd3]::future::future::Future<Output = ()>>>
[INFO] [stdout]   15:     0x5877a133c2de - <station_board[52dcf11230d369bf]::station_board::{closure#0} as core[df12db4294e9bfd3]::ops::function::FnOnce<()>>::call_once
[INFO] [stdout]   16:     0x5877a15758fb - test[9d35eded1c95d3be]::__rust_begin_short_backtrace::<core[df12db4294e9bfd3]::result::Result<(), alloc[2182bb758b4b3781]::string::String>, fn() -> core[df12db4294e9bfd3]::result::Result<(), alloc[2182bb758b4b3781]::string::String>>
[INFO] [stdout]   17:     0x5877a1582f65 - test[9d35eded1c95d3be]::run_test::{closure#0}
[INFO] [stdout]   18:     0x5877a157c824 - std[70759c8f55707aa4]::sys::backtrace::__rust_begin_short_backtrace::<test[9d35eded1c95d3be]::run_test::{closure#1}, ()>
[INFO] [stdout]   19:     0x5877a15860c2 - <std[70759c8f55707aa4]::thread::lifecycle::spawn_unchecked<test[9d35eded1c95d3be]::run_test::{closure#1}, ()>::{closure#1} as core[df12db4294e9bfd3]::ops::function::FnOnce<()>>::call_once::{shim:vtable#0}
[INFO] [stdout]   20:     0x5877a161c9b9 - <std[70759c8f55707aa4]::sys::thread::unix::Thread>::new::thread_start
[INFO] [stdout]   21:     0x751470cfcdfa - <unknown>
[INFO] [stdout]   22:     0x751470d903d4 - clone
[INFO] [stdout]   23:                0x0 - <unknown>
[INFO] [stdout] 
[INFO] [stdout] 
[INFO] [stdout] failures:
[INFO] [stdout]     station_board
[INFO] [stdout] 
[INFO] [stdout] test result: FAILED. 0 passed; 1 failed; 0 ignored; 0 measured; 0 filtered out; finished in 0.01s
[INFO] [stdout] 
[INFO] [stderr] error: test failed, to rerun pass `-p iris-client --test station_board`
[INFO] running `Command { std: "docker" "inspect" "7a5287ae44da7a8867c811404afa25dfd075ac556b25eb04b773b4a32ec1e7b6", kill_on_drop: false }`
[INFO] running `Command { std: "docker" "rm" "-f" "7a5287ae44da7a8867c811404afa25dfd075ac556b25eb04b773b4a32ec1e7b6", kill_on_drop: false }`
[INFO] [stdout] 7a5287ae44da7a8867c811404afa25dfd075ac556b25eb04b773b4a32ec1e7b6
