[INFO] cloning repository https://github.com/RobertBergman/redis-rust-demo
[INFO] running `Command { std: "git" "-c" "credential.helper=" "-c" "credential.helper=/workspace/cargo-home/bin/git-credential-null" "clone" "--bare" "https://github.com/RobertBergman/redis-rust-demo" "/workspace/cache/git-repos/https%3A%2F%2Fgithub.com%2FRobertBergman%2Fredis-rust-demo", kill_on_drop: false }`
[INFO] [stderr] Cloning into bare repository '/workspace/cache/git-repos/https%3A%2F%2Fgithub.com%2FRobertBergman%2Fredis-rust-demo'...
[INFO] running `Command { std: "git" "rev-parse" "HEAD", kill_on_drop: false }`
[INFO] [stdout] b37473c2f3963e9137010203fddd01a33870d4a3
[INFO] testing RobertBergman/redis-rust-demo against 1.99.0-beta.8+cargoflags=--release for beta-release-1.100-3
[INFO] running `Command { std: "git" "clone" "/workspace/cache/git-repos/https%3A%2F%2Fgithub.com%2FRobertBergman%2Fredis-rust-demo" "/workspace/builds/worker-5-tc1/source", kill_on_drop: false }`
[INFO] [stderr] Cloning into '/workspace/builds/worker-5-tc1/source'...
[INFO] [stderr] done.
[INFO] started tweaking git repo https://github.com/RobertBergman/redis-rust-demo
[INFO] finished tweaking git repo https://github.com/RobertBergman/redis-rust-demo
[INFO] tweaked toml for git repo https://github.com/RobertBergman/redis-rust-demo written to /workspace/builds/worker-5-tc1/source/Cargo.toml
[INFO] validating manifest of git repo https://github.com/RobertBergman/redis-rust-demo on toolchain 1.99.0-beta.8
[INFO] running `Command { std: CARGO_HOME="/workspace/cargo-home" RUSTUP_HOME="/workspace/rustup-home" "/workspace/cargo-home/bin/cargo" "+1.99.0-beta.8" "metadata" "--manifest-path" "Cargo.toml" "--no-deps", kill_on_drop: false }`
[INFO] crate git repo https://github.com/RobertBergman/redis-rust-demo already has a lockfile, it will not be regenerated
[INFO] running `Command { std: CARGO_HOME="/workspace/cargo-home" RUSTUP_HOME="/workspace/rustup-home" "/workspace/cargo-home/bin/cargo" "+1.99.0-beta.8" "fetch" "--manifest-path" "Cargo.toml", kill_on_drop: false }`
[INFO] [stderr]     Blocking waiting for file lock on package cache
[INFO] [stderr]     Updating crates.io index
[INFO] [stderr]     Blocking waiting for file lock on package cache
[INFO] [stderr]  Downloading crates ...
[INFO] [stderr]   Downloaded io-uring v0.7.8
[INFO] [stderr]   Downloaded wiremock v0.6.4
[INFO] [stderr]   Downloaded deadpool-runtime v0.1.4
[INFO] [stderr]   Downloaded assert-json-diff v2.0.2
[INFO] [stderr]   Downloaded deadpool v0.10.0
[INFO] [stderr]   Downloaded tokio-test v0.4.4
[INFO] [stderr]   Downloaded serial_test v3.2.0
[INFO] [stderr]   Downloaded serial_test_derive v3.2.0
[INFO] [stderr]   Downloaded uuid v1.17.0
[INFO] [stderr]   Downloaded sdd v3.0.10
[INFO] [stderr]   Downloaded serde_json v1.0.141
[INFO] [stderr]   Downloaded hyper-util v0.1.15
[INFO] [stderr]   Downloaded scc v2.3.4
[INFO] [stderr]   Downloaded h2 v0.4.11
[INFO] [stderr]   Downloaded tracing-subscriber v0.3.19
[INFO] [stderr]   Downloaded unarray v0.1.4
[INFO] [stderr]   Downloaded wait-timeout v0.2.1
[INFO] [stderr]   Downloaded rand_xorshift v0.4.0
[INFO] [stderr]   Downloaded bit-set v0.8.0
[INFO] [stderr]   Downloaded mockall v0.12.1
[INFO] [stderr]   Downloaded termtree v0.5.1
[INFO] [stderr]   Downloaded downcast v0.11.0
[INFO] [stderr]   Downloaded rusty-fork v0.3.0
[INFO] [stderr]   Downloaded bit-vec v0.8.0
[INFO] [stderr]   Downloaded predicates-tree v1.0.12
[INFO] [stderr]   Downloaded predicates-core v1.0.9
[INFO] [stderr]   Downloaded predicates v3.1.3
[INFO] [stderr]   Downloaded fragile v2.0.1
[INFO] [stderr]   Downloaded mockall_derive v0.12.1
[INFO] [stderr]   Downloaded fake v2.10.0
[INFO] [stderr]   Downloaded criterion v0.5.1
[INFO] [stderr]   Downloaded proptest v1.7.0
[INFO] [stderr]   Downloaded deunicode v1.6.2
[INFO] [stderr]   Downloaded rustix v1.0.8
[INFO] [stderr]   Downloaded tokio v1.46.1
[INFO] [stderr]   Downloaded criterion-plot v0.5.0
[INFO] [stderr]   Downloaded clap_derive v4.5.41
[INFO] [stderr]   Downloaded is-terminal v0.4.16
[INFO] [stderr]   Downloaded clap v4.5.41
[INFO] [stderr]   Downloaded clap_builder v4.5.41
[INFO] [stderr]   Downloaded half v2.6.0
[INFO] [stderr]   Downloaded cc v1.2.30
[INFO] running `Command { std: "docker" "create" "-v" "/var/lib/crater-agent-workspace/builds/worker-5-tc1/source:/opt/rustwide/workdir:ro,Z" "-v" "/var/lib/crater-agent-workspace/builds/worker-5-tc1/target:/opt/rustwide/target:rw,Z" "-v" "/var/lib/crater-agent-workspace/cargo-home:/opt/rustwide/cargo-home:ro,Z" "-v" "/var/lib/crater-agent-workspace/rustup-home:/opt/rustwide/rustup-home:ro,Z" "-m" "1610612736" "--network" "none" "ghcr.io/rust-lang/crates-build-env/linux@sha256:77db811e55d90add9212f6832c23229e3de5f1c1f9905e8cb07319ea15df73ac" "sleep" "infinity", kill_on_drop: false }`
[INFO] [stdout] 5c50a694b130b23320598db99bf58883ce717f1aa532a80a7d2309793bee6211
[INFO] running `Command { std: "docker" "start" "5c50a694b130b23320598db99bf58883ce717f1aa532a80a7d2309793bee6211", kill_on_drop: false }`
[INFO] running `Command { std: "docker" "inspect" "5c50a694b130b23320598db99bf58883ce717f1aa532a80a7d2309793bee6211", kill_on_drop: false }`
[INFO] running `Command { std: "docker" "exec" "-e" "SOURCE_DIR=/opt/rustwide/workdir" "-e" "CARGO_HOME=/opt/rustwide/cargo-home" "-e" "RUSTUP_HOME=/opt/rustwide/rustup-home" "-e" "CARGO_TARGET_DIR=/opt/rustwide/target" "-w" "/opt/rustwide/workdir" "--user" "0:0" "5c50a694b130b23320598db99bf58883ce717f1aa532a80a7d2309793bee6211" "/opt/rustwide/cargo-home/bin/cargo" "+1.99.0-beta.8" "metadata" "--no-deps" "--format-version=1", kill_on_drop: false }`
[INFO] running `Command { std: "docker" "inspect" "5c50a694b130b23320598db99bf58883ce717f1aa532a80a7d2309793bee6211", kill_on_drop: false }`
[INFO] running `Command { std: "docker" "exec" "-e" "SOURCE_DIR=/opt/rustwide/workdir" "-e" "CARGO_HOME=/opt/rustwide/cargo-home" "-e" "RUSTUP_HOME=/opt/rustwide/rustup-home" "-e" "CARGO_TARGET_DIR=/opt/rustwide/target" "-e" "CARGO_INCREMENTAL=0" "-e" "RUST_BACKTRACE=full" "-e" "RUSTFLAGS=--cap-lints=warn" "-e" "RUSTDOCFLAGS=--cap-lints=warn" "-w" "/opt/rustwide/workdir" "--user" "0:0" "5c50a694b130b23320598db99bf58883ce717f1aa532a80a7d2309793bee6211" "/opt/rustwide/cargo-home/bin/cargo" "+1.99.0-beta.8" "build" "--frozen" "--message-format=json" "--release", kill_on_drop: false }`
[INFO] [stderr]    Compiling proc-macro2 v1.0.95
[INFO] [stderr]    Compiling unicode-ident v1.0.18
[INFO] [stderr]    Compiling libc v0.2.174
[INFO] [stderr]    Compiling cfg-if v1.0.1
[INFO] [stderr]    Compiling autocfg v1.5.0
[INFO] [stderr]    Compiling stable_deref_trait v1.2.0
[INFO] [stderr]    Compiling smallvec v1.15.1
[INFO] [stderr]    Compiling pin-project-lite v0.2.16
[INFO] [stderr]    Compiling parking_lot_core v0.9.11
[INFO] [stderr]    Compiling writeable v0.6.1
[INFO] [stderr]    Compiling litemap v0.8.0
[INFO] [stderr]    Compiling zerocopy v0.8.26
[INFO] [stderr]    Compiling icu_normalizer_data v2.0.0
[INFO] [stderr]    Compiling icu_properties_data v2.0.1
[INFO] [stderr]    Compiling memchr v2.7.5
[INFO] [stderr]    Compiling bytes v1.10.1
[INFO] [stderr]    Compiling serde v1.0.219
[INFO] [stderr]    Compiling lock_api v0.4.13
[INFO] [stderr]    Compiling once_cell v1.21.3
[INFO] [stderr]    Compiling log v0.4.27
[INFO] [stderr]    Compiling slab v0.4.10
[INFO] [stderr]    Compiling utf8parse v0.2.2
[INFO] [stderr]    Compiling anstyle-parse v0.2.7
[INFO] [stderr]    Compiling tracing-core v0.1.34
[INFO] [stderr]    Compiling quote v1.0.40
[INFO] [stderr]    Compiling num-traits v0.2.19
[INFO] [stderr]    Compiling is_terminal_polyfill v1.70.1
[INFO] [stderr]    Compiling syn v2.0.104
[INFO] [stderr]    Compiling colorchoice v1.0.4
[INFO] [stderr]    Compiling anstyle-query v1.1.3
[INFO] [stderr]    Compiling regex-syntax v0.6.29
[INFO] [stderr]    Compiling getrandom v0.3.3
[INFO] [stderr]    Compiling signal-hook-registry v1.4.5
[INFO] [stderr]    Compiling parking_lot v0.12.4
[INFO] [stderr]    Compiling socket2 v0.5.10
[INFO] [stderr]    Compiling mio v1.0.4
[INFO] [stderr]    Compiling getrandom v0.2.16
[INFO] [stderr]    Compiling utf8_iter v1.0.4
[INFO] [stderr]    Compiling rand_core v0.6.4
[INFO] [stderr]    Compiling regex-syntax v0.8.5
[INFO] [stderr]    Compiling anstyle v1.0.11
[INFO] [stderr]    Compiling scheduled-thread-pool v0.2.7
[INFO] [stderr]    Compiling anstream v0.6.19
[INFO] [stderr]    Compiling ppv-lite86 v0.2.21
[INFO] [stderr]    Compiling form_urlencoded v1.2.1
[INFO] [stderr]    Compiling ryu v1.0.20
[INFO] [stderr]    Compiling anyhow v1.0.98
[INFO] [stderr]    Compiling itoa v1.0.15
[INFO] [stderr]    Compiling strsim v0.11.1
[INFO] [stderr]    Compiling clap_lex v0.7.5
[INFO] [stderr]    Compiling rand_chacha v0.3.1
[INFO] [stderr]    Compiling serde_json v1.0.141
[INFO] [stderr]    Compiling heck v0.5.0
[INFO] [stderr]    Compiling clap_builder v4.5.41
[INFO] [stderr]    Compiling regex-automata v0.1.10
[INFO] [stderr]    Compiling rand v0.8.5
[INFO] [stderr]    Compiling r2d2 v0.8.10
[INFO] [stderr]    Compiling regex-automata v0.4.9
[INFO] [stderr]    Compiling tracing-log v0.2.0
[INFO] [stderr]    Compiling socket2 v0.4.10
[INFO] [stderr]    Compiling matchers v0.1.0
[INFO] [stderr]    Compiling thread_local v1.1.9
[INFO] [stderr]    Compiling iana-time-zone v0.1.63
[INFO] [stderr]    Compiling synstructure v0.13.2
[INFO] [stderr]    Compiling zerofrom-derive v0.1.6
[INFO] [stderr]    Compiling yoke-derive v0.8.0
[INFO] [stderr]    Compiling zerovec-derive v0.11.1
[INFO] [stderr]    Compiling displaydoc v0.2.5
[INFO] [stderr]    Compiling tokio-macros v2.5.0
[INFO] [stderr]    Compiling zerofrom v0.1.6
[INFO] [stderr]    Compiling serde_derive v1.0.219
[INFO] [stderr]    Compiling yoke v0.8.0
[INFO] [stderr]    Compiling futures-macro v0.3.31
[INFO] [stderr]    Compiling zerovec v0.11.2
[INFO] [stderr]    Compiling zerotrie v0.2.2
[INFO] [stderr]    Compiling tokio v1.46.1
[INFO] [stderr]    Compiling futures-util v0.3.31
[INFO] [stderr]    Compiling pin-project-internal v1.1.10
[INFO] [stderr]    Compiling tinystr v0.8.1
[INFO] [stderr]    Compiling potential_utf v0.1.2
[INFO] [stderr]    Compiling icu_locale_core v2.0.0
[INFO] [stderr]    Compiling icu_collections v2.0.0
[INFO] [stderr]    Compiling tracing-attributes v0.1.30
[INFO] [stderr]    Compiling icu_provider v2.0.0
[INFO] [stderr]    Compiling icu_normalizer v2.0.0
[INFO] [stderr]    Compiling icu_properties v2.0.1
[INFO] [stderr]    Compiling pin-project v1.1.10
[INFO] [stderr]    Compiling tracing v0.1.41
[INFO] [stderr]    Compiling async-trait v0.1.88
[INFO] [stderr]    Compiling futures-executor v0.3.31
[INFO] [stderr]    Compiling futures v0.3.31
[INFO] [stderr]    Compiling clap_derive v4.5.41
[INFO] [stderr]    Compiling idna_adapter v1.2.1
[INFO] [stderr]    Compiling idna v1.0.3
[INFO] [stderr]    Compiling thiserror-impl v1.0.69
[INFO] [stderr]    Compiling regex v1.11.1
[INFO] [stderr]    Compiling url v2.5.4
[INFO] [stderr]    Compiling thiserror v1.0.69
[INFO] [stderr]    Compiling tracing-subscriber v0.3.19
[INFO] [stderr]    Compiling clap v4.5.41
[INFO] [stderr]    Compiling uuid v1.17.0
[INFO] [stderr]    Compiling chrono v0.4.41
[INFO] [stderr]    Compiling tokio-util v0.7.15
[INFO] [stderr]    Compiling tokio-retry v0.3.0
[INFO] [stderr]    Compiling combine v4.6.7
[INFO] [stderr]    Compiling redis v0.24.0
[INFO] [stderr]    Compiling redis-rust-demo v0.1.0 (/opt/rustwide/workdir)
[INFO] [stdout] warning: this function depends on never type fallback being `()`
[INFO] [stdout]   --> src/demos/basic_operations.rs:14:5
[INFO] [stdout]    |
[INFO] [stdout] 14 |     pub async fn string_operations(&self) -> Result<()> {
[INFO] [stdout]    |     ^^^^^^^^^^^^^^^^^^^^^^^^^^^^^^^^^^^^^^^^^^^^^^^^^^^
[INFO] [stdout]    |
[INFO] [stdout]    = help: specify the types explicitly
[INFO] [stdout] note: in edition 2024, the requirement `!: FromRedisValue` will fail
[INFO] [stdout]   --> src/demos/basic_operations.rs:21:14
[INFO] [stdout]    |
[INFO] [stdout] 21 |         conn.set("message", "Hello, Redis!").await?;
[INFO] [stdout]    |              ^^^
[INFO] [stdout]    = warning: this was previously accepted by the compiler but is being phased out; it will become a hard error in Rust 2024 and in a future release in all editions!
[INFO] [stdout]    = note: for more information, see <https://doc.rust-lang.org/edition-guide/rust-2024/never-type-fallback.html>
[INFO] [stdout]    = note: `#[warn(dependency_on_unit_never_type_fallback)]` (part of `#[warn(rust_2024_compatibility)]`) on by default
[INFO] [stdout] help: use `()` annotations to avoid fallback changes
[INFO] [stdout]    |
[INFO] [stdout] 21 ~         conn.set::<_, _, ()>("message", "Hello, Redis!").await?;
[INFO] [stdout] 22 |         let value: String = conn.get("message").await?;
[INFO] [stdout] ...
[INFO] [stdout] 27 |         println!("\n2. SET with expiration (EX):");
[INFO] [stdout] 28 ~         conn.set_ex::<_, _, ()>("temp_key", "This will expire", 5).await?;
[INFO] [stdout] 29 |         let ttl: i64 = conn.ttl("temp_key").await?;
[INFO] [stdout] ...
[INFO] [stdout] 34 |         println!("\n3. INCR and DECR:");
[INFO] [stdout] 35 ~         conn.set::<_, _, ()>("counter", 10).await?;
[INFO] [stdout] 36 |         let incr_result: i64 = conn.incr("counter", 1).await?;
[INFO] [stdout] ...
[INFO] [stdout] 44 |         println!("\n4. MSET and MGET (multiple keys):");
[INFO] [stdout] 45 ~         conn.mset::<_, _, ()>(&[
[INFO] [stdout] 46 |             ("key1", "value1"),
[INFO] [stdout] ...
[INFO] [stdout] 59 |         println!("\n5. APPEND:");
[INFO] [stdout] 60 ~         conn.set::<_, _, ()>("greeting", "Hello").await?;
[INFO] [stdout]    |
[INFO] [stdout] 
[INFO] [stdout] 
[INFO] [stdout] warning: this function depends on never type fallback being `()`
[INFO] [stdout]    --> src/demos/basic_operations.rs:89:5
[INFO] [stdout]     |
[INFO] [stdout]  89 |     pub async fn key_operations(&self) -> Result<()> {
[INFO] [stdout]     |     ^^^^^^^^^^^^^^^^^^^^^^^^^^^^^^^^^^^^^^^^^^^^^^^^
[INFO] [stdout]     |
[INFO] [stdout]     = help: specify the types explicitly
[INFO] [stdout] note: in edition 2024, the requirement `!: FromRedisValue` will fail
[INFO] [stdout]    --> src/demos/basic_operations.rs:95:14
[INFO] [stdout]     |
[INFO] [stdout]  95 |         conn.set("user:1000:name", "Alice").await?;
[INFO] [stdout]     |              ^^^
[INFO] [stdout]     = warning: this was previously accepted by the compiler but is being phased out; it will become a hard error in Rust 2024 and in a future release in all editions!
[INFO] [stdout]     = note: for more information, see <https://doc.rust-lang.org/edition-guide/rust-2024/never-type-fallback.html>
[INFO] [stdout] help: use `()` annotations to avoid fallback changes
[INFO] [stdout]     |
[INFO] [stdout]  95 ~         conn.set::<_, _, ()>("user:1000:name", "Alice").await?;
[INFO] [stdout]  96 ~         conn.set::<_, _, ()>("user:1000:email", "alice@example.com").await?;
[INFO] [stdout]  97 ~         conn.set::<_, _, ()>("user:1001:name", "Bob").await?;
[INFO] [stdout]  98 ~         conn.set::<_, _, ()>("session:abc123", "active").await?;
[INFO] [stdout]  99 ~         conn.set_ex::<_, _, ()>("temp:data", "temporary", 10).await?;
[INFO] [stdout] 100 |         
[INFO] [stdout] ...
[INFO] [stdout] 141 |         println!("\n4. EXPIRE and TTL:");
[INFO] [stdout] 142 ~         conn.expire::<_, ()>("session:abc123", 60).await?;
[INFO] [stdout] 143 |         let ttl: i64 = conn.ttl("session:abc123").await?;
[INFO] [stdout] ...
[INFO] [stdout] 148 |         println!("\n5. PERSIST (remove expiration):");
[INFO] [stdout] 149 ~         conn.persist::<_, ()>("session:abc123").await?;
[INFO] [stdout] 150 |         let ttl_after: i64 = conn.ttl("session:abc123").await?;
[INFO] [stdout] ...
[INFO] [stdout] 155 |         println!("\n6. RENAME:");
[INFO] [stdout] 156 ~         conn.rename::<_, _, ()>("user:1001:name", "user:1001:fullname").await?;
[INFO] [stdout] 157 |         let renamed_value: String = conn.get("user:1001:fullname").await?;
[INFO] [stdout] ...
[INFO] [stdout] 166 |         if !pattern_keys.is_empty() {
[INFO] [stdout] 167 ~             conn.del::<_, ()>(pattern_keys).await?;
[INFO] [stdout]     |
[INFO] [stdout] 
[INFO] [stdout] 
[INFO] [stdout] warning: this function depends on never type fallback being `()`
[INFO] [stdout]   --> src/demos/data_structures.rs:15:5
[INFO] [stdout]    |
[INFO] [stdout] 15 |     pub async fn demonstrate(&self) -> Result<()> {
[INFO] [stdout]    |     ^^^^^^^^^^^^^^^^^^^^^^^^^^^^^^^^^^^^^^^^^^^^^
[INFO] [stdout]    |
[INFO] [stdout]    = help: specify the types explicitly
[INFO] [stdout] note: in edition 2024, the requirement `!: FromRedisValue` will fail
[INFO] [stdout]   --> src/demos/data_structures.rs:22:14
[INFO] [stdout]    |
[INFO] [stdout] 22 |         conn.lpush("mylist", vec!["first", "second"]).await?;
[INFO] [stdout]    |              ^^^^^
[INFO] [stdout]    = warning: this was previously accepted by the compiler but is being phased out; it will become a hard error in Rust 2024 and in a future release in all editions!
[INFO] [stdout]    = note: for more information, see <https://doc.rust-lang.org/edition-guide/rust-2024/never-type-fallback.html>
[INFO] [stdout] help: use `()` annotations to avoid fallback changes
[INFO] [stdout]    |
[INFO] [stdout] 22 ~         conn.lpush::<_, _, ()>("mylist", vec!["first", "second"]).await?;
[INFO] [stdout] 23 ~         conn.rpush::<_, _, ()>("mylist", vec!["third", "fourth"]).await?;
[INFO] [stdout] 24 |         println!("   LPUSH mylist first second");
[INFO] [stdout] ...
[INFO] [stdout] 53 |         println!("\n6. LINSERT:");
[INFO] [stdout] 54 ~         conn.linsert_before::<_, _, _, ()>("mylist", "third", "inserted").await?;
[INFO] [stdout] 55 |         let list_inserted: Vec<String> = conn.lrange("mylist", 0, -1).await?;
[INFO] [stdout] ...
[INFO] [stdout] 60 |         println!("\n7. Message Queue Pattern:");
[INFO] [stdout] 61 ~         conn.del::<_, ()>("queue:tasks").await?;
[INFO] [stdout] 62 |         
[INFO] [stdout] ...
[INFO] [stdout] 65 |         for i in 1..=5 {
[INFO] [stdout] 66 ~             conn.rpush::<_, _, ()>("queue:tasks", format!("task-{}", i)).await?;
[INFO] [stdout] 67 |             println!("     Added task-{}", i);
[INFO] [stdout] ...
[INFO] [stdout] 77 |         println!("\n8. BLPOP (blocking pop with timeout):");
[INFO] [stdout] 78 ~         conn.rpush::<_, _, ()>("queue:priority", "urgent-task").await?;
[INFO] [stdout] 79 |         
[INFO] [stdout] ...
[INFO] [stdout] 92 |         // Clean up
[INFO] [stdout] 93 ~         conn.del::<_, ()>("mylist").await?;
[INFO] [stdout] 94 ~         conn.del::<_, ()>("queue:tasks").await?;
[INFO] [stdout] 95 ~         conn.del::<_, ()>("queue:priority").await?;
[INFO] [stdout]    |
[INFO] [stdout] 
[INFO] [stdout] 
[INFO] [stdout] warning: this function depends on never type fallback being `()`
[INFO] [stdout]    --> src/demos/data_structures.rs:111:5
[INFO] [stdout]     |
[INFO] [stdout] 111 |     pub async fn demonstrate(&self) -> Result<()> {
[INFO] [stdout]     |     ^^^^^^^^^^^^^^^^^^^^^^^^^^^^^^^^^^^^^^^^^^^^^
[INFO] [stdout]     |
[INFO] [stdout]     = help: specify the types explicitly
[INFO] [stdout] note: in edition 2024, the requirement `!: FromRedisValue` will fail
[INFO] [stdout]    --> src/demos/data_structures.rs:118:14
[INFO] [stdout]     |
[INFO] [stdout] 118 |         conn.sadd("fruits", vec!["apple", "banana", "orange"]).await?;
[INFO] [stdout]     |              ^^^^
[INFO] [stdout]     = warning: this was previously accepted by the compiler but is being phased out; it will become a hard error in Rust 2024 and in a future release in all editions!
[INFO] [stdout]     = note: for more information, see <https://doc.rust-lang.org/edition-guide/rust-2024/never-type-fallback.html>
[INFO] [stdout] help: use `()` annotations to avoid fallback changes
[INFO] [stdout]     |
[INFO] [stdout] 118 ~         conn.sadd::<_, _, ()>("fruits", vec!["apple", "banana", "orange"]).await?;
[INFO] [stdout] 119 ~         conn.sadd::<_, _, ()>("fruits", "apple").await?; // Duplicate, won't be added
[INFO] [stdout] 120 ~         conn.sadd::<_, _, ()>("vegetables", vec!["carrot", "broccoli", "spinach"]).await?;
[INFO] [stdout] 121 |         println!("   SADD fruits apple banana orange");
[INFO] [stdout] ...
[INFO] [stdout] 142 |         println!("\n5. SREM (remove members):");
[INFO] [stdout] 143 ~         conn.srem::<_, _, ()>("fruits", "banana").await?;
[INFO] [stdout] 144 |         let fruits_after: Vec<String> = conn.smembers("fruits").await?;
[INFO] [stdout] ...
[INFO] [stdout] 148 |         // Set operations
[INFO] [stdout] 149 ~         conn.sadd::<_, _, ()>("healthy", vec!["apple", "carrot", "spinach"]).await?;
[INFO] [stdout] 150 |         
[INFO] [stdout] ...
[INFO] [stdout] 171 |         // Simulate visitor IDs
[INFO] [stdout] 172 ~         conn.sadd::<_, _, ()>(format!("visitors:{}", today), vec!["user1", "user2", "user3"]).await?;
[INFO] [stdout] 173 ~         conn.sadd::<_, _, ()>(format!("visitors:{}", yesterday), vec!["user2", "user4", "user5"]).await?;
[INFO] [stdout] 174 |         
[INFO] [stdout] ...
[INFO] [stdout] 185 |         println!("\n10. SPOP and SRANDMEMBER:");
[INFO] [stdout] 186 ~         conn.sadd::<_, _, ()>("lottery", vec!["ticket1", "ticket2", "ticket3", "ticket4"]).await?;
[INFO] [stdout] 187 |         
[INFO] [stdout] ...
[INFO] [stdout] 194 |         // Clean up
[INFO] [stdout] 195 ~         conn.del::<_, ()>(vec!["fruits", "vegetables", "healthy", "lottery"]).await?;
[INFO] [stdout] 196 ~         conn.del::<_, ()>(vec![format!("visitors:{}", today), format!("visitors:{}", yesterday)]).await?;
[INFO] [stdout]     |
[INFO] [stdout] 
[INFO] [stdout] 
[INFO] [stdout] warning: this function depends on never type fallback being `()`
[INFO] [stdout]    --> src/demos/data_structures.rs:212:5
[INFO] [stdout]     |
[INFO] [stdout] 212 |     pub async fn demonstrate(&self) -> Result<()> {
[INFO] [stdout]     |     ^^^^^^^^^^^^^^^^^^^^^^^^^^^^^^^^^^^^^^^^^^^^^
[INFO] [stdout]     |
[INFO] [stdout]     = help: specify the types explicitly
[INFO] [stdout] note: in edition 2024, the requirement `!: FromRedisValue` will fail
[INFO] [stdout]    --> src/demos/data_structures.rs:219:14
[INFO] [stdout]     |
[INFO] [stdout] 219 |         conn.hset("user:1000", "name", "Alice Johnson").await?;
[INFO] [stdout]     |              ^^^^
[INFO] [stdout]     = warning: this was previously accepted by the compiler but is being phased out; it will become a hard error in Rust 2024 and in a future release in all editions!
[INFO] [stdout]     = note: for more information, see <https://doc.rust-lang.org/edition-guide/rust-2024/never-type-fallback.html>
[INFO] [stdout] help: use `()` annotations to avoid fallback changes
[INFO] [stdout]     |
[INFO] [stdout] 219 ~         conn.hset::<_, _, _, ()>("user:1000", "name", "Alice Johnson").await?;
[INFO] [stdout] 220 ~         conn.hset::<_, _, _, ()>("user:1000", "email", "alice@example.com").await?;
[INFO] [stdout] 221 ~         conn.hset::<_, _, _, ()>("user:1000", "age", 28).await?;
[INFO] [stdout] 222 |         
[INFO] [stdout] ...
[INFO] [stdout] 233 |         ];
[INFO] [stdout] 234 ~         conn.hset_multiple::<_, _, _, ()>("user:1000", &user_data).await?;
[INFO] [stdout] 235 |         println!("   HMSET user:1000 city 'New York' country 'USA' occupation 'Software Engineer'");
[INFO] [stdout] ...
[INFO] [stdout] 260 |         println!("\n6. HINCRBY (increment field):");
[INFO] [stdout] 261 ~         conn.hincr::<_, _, _, ()>("user:1000", "login_count", 1).await?;
[INFO] [stdout] 262 ~         conn.hincr::<_, _, _, ()>("user:1000", "login_count", 2).await?;
[INFO] [stdout] 263 |         let count: i64 = conn.hget("user:1000", "login_count").await?;
[INFO] [stdout] ...
[INFO] [stdout] 269 |         println!("\n7. HDEL (delete fields):");
[INFO] [stdout] 270 ~         conn.hdel::<_, _, ()>("user:1000", "occupation").await?;
[INFO] [stdout] 271 |         let exists_after: bool = conn.hexists("user:1000", "occupation").await?;
[INFO] [stdout] ...
[INFO] [stdout] 279 |         // Add items to cart
[INFO] [stdout] 280 ~         conn.hset::<_, _, _, ()>(cart_key, "product:101", 2).await?; // 2 units
[INFO] [stdout] 281 ~         conn.hset::<_, _, _, ()>(cart_key, "product:102", 1).await?; // 1 unit
[INFO] [stdout] 282 ~         conn.hset::<_, _, _, ()>(cart_key, "product:103", 3).await?; // 3 units
[INFO] [stdout] 283 |         
[INFO] [stdout] ...
[INFO] [stdout] 290 |         // Update quantity
[INFO] [stdout] 291 ~         conn.hincr::<_, _, _, ()>(cart_key, "product:101", 1).await?;
[INFO] [stdout] 292 |         let new_qty: i32 = conn.hget(cart_key, "product:101").await?;
[INFO] [stdout] ...
[INFO] [stdout] 300 |         // Clean up
[INFO] [stdout] 301 ~         conn.del::<_, ()>(vec!["user:1000", cart_key]).await?;
[INFO] [stdout]     |
[INFO] [stdout] 
[INFO] [stdout] 
[INFO] [stderr]     Finished `release` profile [optimized] target(s) in 2m 48s
[INFO] [stderr] warning: the following packages contain code that will be rejected by a future version of Rust: redis v0.24.0, redis-rust-demo v0.1.0 (/opt/rustwide/workdir)
[INFO] [stderr] note: to see what the problems were, use the option `--future-incompat-report`, or run `cargo report future-incompatibilities --id 5`
[INFO] running `Command { std: "docker" "inspect" "5c50a694b130b23320598db99bf58883ce717f1aa532a80a7d2309793bee6211", kill_on_drop: false }`
[INFO] running `Command { std: "docker" "exec" "-e" "SOURCE_DIR=/opt/rustwide/workdir" "-e" "CARGO_HOME=/opt/rustwide/cargo-home" "-e" "RUSTUP_HOME=/opt/rustwide/rustup-home" "-e" "CARGO_TARGET_DIR=/opt/rustwide/target" "-e" "CARGO_INCREMENTAL=0" "-e" "RUST_BACKTRACE=full" "-e" "RUSTFLAGS=--cap-lints=warn" "-e" "RUSTDOCFLAGS=--cap-lints=warn" "-w" "/opt/rustwide/workdir" "--user" "0:0" "5c50a694b130b23320598db99bf58883ce717f1aa532a80a7d2309793bee6211" "/opt/rustwide/cargo-home/bin/cargo" "+1.99.0-beta.8" "test" "--frozen" "--no-run" "--message-format=json" "--release", kill_on_drop: false }`
[INFO] [stderr]    Compiling smallvec v1.15.1
[INFO] [stderr]    Compiling getrandom v0.3.3
[INFO] [stderr]    Compiling serde v1.0.219
[INFO] [stderr]    Compiling futures-channel v0.3.31
[INFO] [stderr]    Compiling num-traits v0.2.19
[INFO] [stderr]    Compiling regex-syntax v0.8.5
[INFO] [stderr]    Compiling aho-corasick v1.1.3
[INFO] [stderr]    Compiling crossbeam-utils v0.8.21
[INFO] [stderr]    Compiling http v1.3.1
[INFO] [stderr]    Compiling parking_lot_core v0.9.11
[INFO] [stderr]    Compiling futures-util v0.3.31
[INFO] [stderr]    Compiling icu_normalizer v2.0.0
[INFO] [stderr]    Compiling parking_lot v0.12.4
[INFO] [stderr]    Compiling tokio v1.46.1
[INFO] [stderr]    Compiling idna_adapter v1.2.1
[INFO] [stderr]    Compiling idna v1.0.3
[INFO] [stderr]    Compiling regex-automata v0.4.9
[INFO] [stderr]    Compiling hashbrown v0.15.4
[INFO] [stderr]    Compiling serde_json v1.0.141
[INFO] [stderr]    Compiling rustix v1.0.8
[INFO] [stderr]    Compiling futures-executor v0.3.31
[INFO] [stderr]    Compiling indexmap v2.10.0
[INFO] [stderr]    Compiling futures v0.3.31
[INFO] [stderr]    Compiling crossbeam-epoch v0.9.18
[INFO] [stderr]    Compiling url v2.5.4
[INFO] [stderr]    Compiling http-body v1.0.1
[INFO] [stderr]    Compiling scheduled-thread-pool v0.2.7
[INFO] [stderr]    Compiling rand_core v0.9.3
[INFO] [stderr]    Compiling rayon-core v1.12.1
[INFO] [stderr]    Compiling bitflags v2.9.1
[INFO] [stderr]    Compiling either v1.15.0
[INFO] [stderr]    Compiling linux-raw-sys v0.9.4
[INFO] [stderr]    Compiling r2d2 v0.8.10
[INFO] [stderr]    Compiling regex v1.11.1
[INFO] [stderr]    Compiling crossbeam-deque v0.8.6
[INFO] [stderr]    Compiling half v2.6.0
[INFO] [stderr]    Compiling plotters-backend v0.3.7
[INFO] [stderr]    Compiling predicates-core v1.0.9
[INFO] [stderr]    Compiling ciborium-io v0.2.2
[INFO] [stderr]    Compiling tokio-util v0.7.15
[INFO] [stderr]    Compiling tokio-retry v0.3.0
[INFO] [stderr]    Compiling fastrand v2.3.0
[INFO] [stderr]    Compiling chrono v0.4.41
[INFO] [stderr]    Compiling ciborium-ll v0.2.2
[INFO] [stderr]    Compiling plotters-svg v0.3.7
[INFO] [stderr]    Compiling tracing-subscriber v0.3.19
[INFO] [stderr]    Compiling combine v4.6.7
[INFO] [stderr]    Compiling h2 v0.4.11
[INFO] [stderr]    Compiling tempfile v3.20.0
[INFO] [stderr]    Compiling itertools v0.10.5
[INFO] [stderr]    Compiling uuid v1.17.0
[INFO] [stderr]    Compiling async-stream-impl v0.3.6
[INFO] [stderr]    Compiling num_cpus v1.17.0
[INFO] [stderr]    Compiling wait-timeout v0.2.1
[INFO] [stderr]    Compiling cfg-if v1.0.1
[INFO] [stderr]    Compiling quick-error v1.2.3
[INFO] [stderr]    Compiling bit-vec v0.8.0
[INFO] [stderr]    Compiling same-file v1.0.6
[INFO] [stderr]    Compiling sdd v3.0.10
[INFO] [stderr]    Compiling cast v0.3.0
[INFO] [stderr]    Compiling termtree v0.5.1
[INFO] [stderr]    Compiling deadpool-runtime v0.1.4
[INFO] [stderr]    Compiling predicates-tree v1.0.12
[INFO] [stderr]    Compiling deadpool v0.10.0
[INFO] [stderr]    Compiling criterion-plot v0.5.0
[INFO] [stderr]    Compiling scc v2.3.4
[INFO] [stderr]    Compiling bit-set v0.8.0
[INFO] [stderr]    Compiling walkdir v2.5.0
[INFO] [stderr]    Compiling hyper v1.6.0
[INFO] [stderr]    Compiling rusty-fork v0.3.0
[INFO] [stderr]    Compiling redis v0.24.0
[INFO] [stderr]    Compiling mockall_derive v0.12.1
[INFO] [stderr]    Compiling async-stream v0.3.6
[INFO] [stderr]    Compiling rayon v1.10.0
[INFO] [stderr]    Compiling plotters v0.3.7
[INFO] [stderr]    Compiling hyper-util v0.1.15
[INFO] [stderr]    Compiling ciborium v0.2.2
[INFO] [stderr]    Compiling tokio-stream v0.1.17
[INFO] [stderr]    Compiling predicates v3.1.3
[INFO] [stderr]    Compiling rand_chacha v0.9.0
[INFO] [stderr]    Compiling rand_xorshift v0.4.0
[INFO] [stderr]    Compiling rand v0.9.1
[INFO] [stderr]    Compiling assert-json-diff v2.0.2
[INFO] [stderr]    Compiling tinytemplate v1.2.1
[INFO] [stderr]    Compiling http-body-util v0.1.3
[INFO] [stderr]    Compiling serial_test_derive v3.2.0
[INFO] [stderr]    Compiling is-terminal v0.4.16
[INFO] [stderr]    Compiling downcast v0.11.0
[INFO] [stderr]    Compiling deunicode v1.6.2
[INFO] [stderr]    Compiling fragile v2.0.1
[INFO] [stderr]    Compiling oorandom v11.1.5
[INFO] [stderr]    Compiling anes v0.1.6
[INFO] [stderr]    Compiling unarray v0.1.4
[INFO] [stderr]    Compiling proptest v1.7.0
[INFO] [stderr]    Compiling mockall v0.12.1
[INFO] [stderr]    Compiling criterion v0.5.1
[INFO] [stderr]    Compiling wiremock v0.6.4
[INFO] [stderr]    Compiling serial_test v3.2.0
[INFO] [stderr]    Compiling fake v2.10.0
[INFO] [stderr]    Compiling tokio-test v0.4.4
[INFO] [stderr]    Compiling redis-rust-demo v0.1.0 (/opt/rustwide/workdir)
[INFO] [stdout] warning: this function depends on never type fallback being `()`
[INFO] [stdout]   --> src/demos/basic_operations.rs:14:5
[INFO] [stdout]    |
[INFO] [stdout] 14 |     pub async fn string_operations(&self) -> Result<()> {
[INFO] [stdout]    |     ^^^^^^^^^^^^^^^^^^^^^^^^^^^^^^^^^^^^^^^^^^^^^^^^^^^
[INFO] [stdout]    |
[INFO] [stdout]    = help: specify the types explicitly
[INFO] [stdout] note: in edition 2024, the requirement `!: FromRedisValue` will fail
[INFO] [stdout]   --> src/demos/basic_operations.rs:21:14
[INFO] [stdout]    |
[INFO] [stdout] 21 |         conn.set("message", "Hello, Redis!").await?;
[INFO] [stdout]    |              ^^^
[INFO] [stdout]    = warning: this was previously accepted by the compiler but is being phased out; it will become a hard error in Rust 2024 and in a future release in all editions!
[INFO] [stdout]    = note: for more information, see <https://doc.rust-lang.org/edition-guide/rust-2024/never-type-fallback.html>
[INFO] [stdout]    = note: `#[warn(dependency_on_unit_never_type_fallback)]` (part of `#[warn(rust_2024_compatibility)]`) on by default
[INFO] [stdout] help: use `()` annotations to avoid fallback changes
[INFO] [stdout]    |
[INFO] [stdout] 21 ~         conn.set::<_, _, ()>("message", "Hello, Redis!").await?;
[INFO] [stdout] 22 |         let value: String = conn.get("message").await?;
[INFO] [stdout] ...
[INFO] [stdout] 27 |         println!("\n2. SET with expiration (EX):");
[INFO] [stdout] 28 ~         conn.set_ex::<_, _, ()>("temp_key", "This will expire", 5).await?;
[INFO] [stdout] 29 |         let ttl: i64 = conn.ttl("temp_key").await?;
[INFO] [stdout] ...
[INFO] [stdout] 34 |         println!("\n3. INCR and DECR:");
[INFO] [stdout] 35 ~         conn.set::<_, _, ()>("counter", 10).await?;
[INFO] [stdout] 36 |         let incr_result: i64 = conn.incr("counter", 1).await?;
[INFO] [stdout] ...
[INFO] [stdout] 44 |         println!("\n4. MSET and MGET (multiple keys):");
[INFO] [stdout] 45 ~         conn.mset::<_, _, ()>(&[
[INFO] [stdout] 46 |             ("key1", "value1"),
[INFO] [stdout] ...
[INFO] [stdout] 59 |         println!("\n5. APPEND:");
[INFO] [stdout] 60 ~         conn.set::<_, _, ()>("greeting", "Hello").await?;
[INFO] [stdout]    |
[INFO] [stdout] 
[INFO] [stdout] 
[INFO] [stdout] warning: this function depends on never type fallback being `()`
[INFO] [stdout]    --> src/demos/basic_operations.rs:89:5
[INFO] [stdout]     |
[INFO] [stdout]  89 |     pub async fn key_operations(&self) -> Result<()> {
[INFO] [stdout]     |     ^^^^^^^^^^^^^^^^^^^^^^^^^^^^^^^^^^^^^^^^^^^^^^^^
[INFO] [stdout]     |
[INFO] [stdout]     = help: specify the types explicitly
[INFO] [stdout] note: in edition 2024, the requirement `!: FromRedisValue` will fail
[INFO] [stdout]    --> src/demos/basic_operations.rs:95:14
[INFO] [stdout]     |
[INFO] [stdout]  95 |         conn.set("user:1000:name", "Alice").await?;
[INFO] [stdout]     |              ^^^
[INFO] [stdout]     = warning: this was previously accepted by the compiler but is being phased out; it will become a hard error in Rust 2024 and in a future release in all editions!
[INFO] [stdout]     = note: for more information, see <https://doc.rust-lang.org/edition-guide/rust-2024/never-type-fallback.html>
[INFO] [stdout] help: use `()` annotations to avoid fallback changes
[INFO] [stdout]     |
[INFO] [stdout]  95 ~         conn.set::<_, _, ()>("user:1000:name", "Alice").await?;
[INFO] [stdout]  96 ~         conn.set::<_, _, ()>("user:1000:email", "alice@example.com").await?;
[INFO] [stdout]  97 ~         conn.set::<_, _, ()>("user:1001:name", "Bob").await?;
[INFO] [stdout]  98 ~         conn.set::<_, _, ()>("session:abc123", "active").await?;
[INFO] [stdout]  99 ~         conn.set_ex::<_, _, ()>("temp:data", "temporary", 10).await?;
[INFO] [stdout] 100 |         
[INFO] [stdout] ...
[INFO] [stdout] 141 |         println!("\n4. EXPIRE and TTL:");
[INFO] [stdout] 142 ~         conn.expire::<_, ()>("session:abc123", 60).await?;
[INFO] [stdout] 143 |         let ttl: i64 = conn.ttl("session:abc123").await?;
[INFO] [stdout] ...
[INFO] [stdout] 148 |         println!("\n5. PERSIST (remove expiration):");
[INFO] [stdout] 149 ~         conn.persist::<_, ()>("session:abc123").await?;
[INFO] [stdout] 150 |         let ttl_after: i64 = conn.ttl("session:abc123").await?;
[INFO] [stdout] ...
[INFO] [stdout] 155 |         println!("\n6. RENAME:");
[INFO] [stdout] 156 ~         conn.rename::<_, _, ()>("user:1001:name", "user:1001:fullname").await?;
[INFO] [stdout] 157 |         let renamed_value: String = conn.get("user:1001:fullname").await?;
[INFO] [stdout] ...
[INFO] [stdout] 166 |         if !pattern_keys.is_empty() {
[INFO] [stdout] 167 ~             conn.del::<_, ()>(pattern_keys).await?;
[INFO] [stdout]     |
[INFO] [stdout] 
[INFO] [stdout] 
[INFO] [stdout] warning: this function depends on never type fallback being `()`
[INFO] [stdout]   --> src/demos/data_structures.rs:15:5
[INFO] [stdout]    |
[INFO] [stdout] 15 |     pub async fn demonstrate(&self) -> Result<()> {
[INFO] [stdout]    |     ^^^^^^^^^^^^^^^^^^^^^^^^^^^^^^^^^^^^^^^^^^^^^
[INFO] [stdout]    |
[INFO] [stdout]    = help: specify the types explicitly
[INFO] [stdout] note: in edition 2024, the requirement `!: FromRedisValue` will fail
[INFO] [stdout]   --> src/demos/data_structures.rs:22:14
[INFO] [stdout]    |
[INFO] [stdout] 22 |         conn.lpush("mylist", vec!["first", "second"]).await?;
[INFO] [stdout]    |              ^^^^^
[INFO] [stdout]    = warning: this was previously accepted by the compiler but is being phased out; it will become a hard error in Rust 2024 and in a future release in all editions!
[INFO] [stdout]    = note: for more information, see <https://doc.rust-lang.org/edition-guide/rust-2024/never-type-fallback.html>
[INFO] [stdout] help: use `()` annotations to avoid fallback changes
[INFO] [stdout]    |
[INFO] [stdout] 22 ~         conn.lpush::<_, _, ()>("mylist", vec!["first", "second"]).await?;
[INFO] [stdout] 23 ~         conn.rpush::<_, _, ()>("mylist", vec!["third", "fourth"]).await?;
[INFO] [stdout] 24 |         println!("   LPUSH mylist first second");
[INFO] [stdout] ...
[INFO] [stdout] 53 |         println!("\n6. LINSERT:");
[INFO] [stdout] 54 ~         conn.linsert_before::<_, _, _, ()>("mylist", "third", "inserted").await?;
[INFO] [stdout] 55 |         let list_inserted: Vec<String> = conn.lrange("mylist", 0, -1).await?;
[INFO] [stdout] ...
[INFO] [stdout] 60 |         println!("\n7. Message Queue Pattern:");
[INFO] [stdout] 61 ~         conn.del::<_, ()>("queue:tasks").await?;
[INFO] [stdout] 62 |         
[INFO] [stdout] ...
[INFO] [stdout] 65 |         for i in 1..=5 {
[INFO] [stdout] 66 ~             conn.rpush::<_, _, ()>("queue:tasks", format!("task-{}", i)).await?;
[INFO] [stdout] 67 |             println!("     Added task-{}", i);
[INFO] [stdout] ...
[INFO] [stdout] 77 |         println!("\n8. BLPOP (blocking pop with timeout):");
[INFO] [stdout] 78 ~         conn.rpush::<_, _, ()>("queue:priority", "urgent-task").await?;
[INFO] [stdout] 79 |         
[INFO] [stdout] ...
[INFO] [stdout] 92 |         // Clean up
[INFO] [stdout] 93 ~         conn.del::<_, ()>("mylist").await?;
[INFO] [stdout] 94 ~         conn.del::<_, ()>("queue:tasks").await?;
[INFO] [stdout] 95 ~         conn.del::<_, ()>("queue:priority").await?;
[INFO] [stdout]    |
[INFO] [stdout] 
[INFO] [stdout] 
[INFO] [stdout] warning: this function depends on never type fallback being `()`
[INFO] [stdout]    --> src/demos/data_structures.rs:111:5
[INFO] [stdout]     |
[INFO] [stdout] 111 |     pub async fn demonstrate(&self) -> Result<()> {
[INFO] [stdout]     |     ^^^^^^^^^^^^^^^^^^^^^^^^^^^^^^^^^^^^^^^^^^^^^
[INFO] [stdout]     |
[INFO] [stdout]     = help: specify the types explicitly
[INFO] [stdout] note: in edition 2024, the requirement `!: FromRedisValue` will fail
[INFO] [stdout]    --> src/demos/data_structures.rs:118:14
[INFO] [stdout]     |
[INFO] [stdout] 118 |         conn.sadd("fruits", vec!["apple", "banana", "orange"]).await?;
[INFO] [stdout]     |              ^^^^
[INFO] [stdout]     = warning: this was previously accepted by the compiler but is being phased out; it will become a hard error in Rust 2024 and in a future release in all editions!
[INFO] [stdout]     = note: for more information, see <https://doc.rust-lang.org/edition-guide/rust-2024/never-type-fallback.html>
[INFO] [stdout] help: use `()` annotations to avoid fallback changes
[INFO] [stdout]     |
[INFO] [stdout] 118 ~         conn.sadd::<_, _, ()>("fruits", vec!["apple", "banana", "orange"]).await?;
[INFO] [stdout] 119 ~         conn.sadd::<_, _, ()>("fruits", "apple").await?; // Duplicate, won't be added
[INFO] [stdout] 120 ~         conn.sadd::<_, _, ()>("vegetables", vec!["carrot", "broccoli", "spinach"]).await?;
[INFO] [stdout] 121 |         println!("   SADD fruits apple banana orange");
[INFO] [stdout] ...
[INFO] [stdout] 142 |         println!("\n5. SREM (remove members):");
[INFO] [stdout] 143 ~         conn.srem::<_, _, ()>("fruits", "banana").await?;
[INFO] [stdout] 144 |         let fruits_after: Vec<String> = conn.smembers("fruits").await?;
[INFO] [stdout] ...
[INFO] [stdout] 148 |         // Set operations
[INFO] [stdout] 149 ~         conn.sadd::<_, _, ()>("healthy", vec!["apple", "carrot", "spinach"]).await?;
[INFO] [stdout] 150 |         
[INFO] [stdout] ...
[INFO] [stdout] 171 |         // Simulate visitor IDs
[INFO] [stdout] 172 ~         conn.sadd::<_, _, ()>(format!("visitors:{}", today), vec!["user1", "user2", "user3"]).await?;
[INFO] [stdout] 173 ~         conn.sadd::<_, _, ()>(format!("visitors:{}", yesterday), vec!["user2", "user4", "user5"]).await?;
[INFO] [stdout] 174 |         
[INFO] [stdout] ...
[INFO] [stdout] 185 |         println!("\n10. SPOP and SRANDMEMBER:");
[INFO] [stdout] 186 ~         conn.sadd::<_, _, ()>("lottery", vec!["ticket1", "ticket2", "ticket3", "ticket4"]).await?;
[INFO] [stdout] 187 |         
[INFO] [stdout] ...
[INFO] [stdout] 194 |         // Clean up
[INFO] [stdout] 195 ~         conn.del::<_, ()>(vec!["fruits", "vegetables", "healthy", "lottery"]).await?;
[INFO] [stdout] 196 ~         conn.del::<_, ()>(vec![format!("visitors:{}", today), format!("visitors:{}", yesterday)]).await?;
[INFO] [stdout]     |
[INFO] [stdout] 
[INFO] [stdout] 
[INFO] [stdout] warning: this function depends on never type fallback being `()`
[INFO] [stdout]    --> src/demos/data_structures.rs:212:5
[INFO] [stdout]     |
[INFO] [stdout] 212 |     pub async fn demonstrate(&self) -> Result<()> {
[INFO] [stdout]     |     ^^^^^^^^^^^^^^^^^^^^^^^^^^^^^^^^^^^^^^^^^^^^^
[INFO] [stdout]     |
[INFO] [stdout]     = help: specify the types explicitly
[INFO] [stdout] note: in edition 2024, the requirement `!: FromRedisValue` will fail
[INFO] [stdout]    --> src/demos/data_structures.rs:219:14
[INFO] [stdout]     |
[INFO] [stdout] 219 |         conn.hset("user:1000", "name", "Alice Johnson").await?;
[INFO] [stdout]     |              ^^^^
[INFO] [stdout]     = warning: this was previously accepted by the compiler but is being phased out; it will become a hard error in Rust 2024 and in a future release in all editions!
[INFO] [stdout]     = note: for more information, see <https://doc.rust-lang.org/edition-guide/rust-2024/never-type-fallback.html>
[INFO] [stdout] help: use `()` annotations to avoid fallback changes
[INFO] [stdout]     |
[INFO] [stdout] 219 ~         conn.hset::<_, _, _, ()>("user:1000", "name", "Alice Johnson").await?;
[INFO] [stdout] 220 ~         conn.hset::<_, _, _, ()>("user:1000", "email", "alice@example.com").await?;
[INFO] [stdout] 221 ~         conn.hset::<_, _, _, ()>("user:1000", "age", 28).await?;
[INFO] [stdout] 222 |         
[INFO] [stdout] ...
[INFO] [stdout] 233 |         ];
[INFO] [stdout] 234 ~         conn.hset_multiple::<_, _, _, ()>("user:1000", &user_data).await?;
[INFO] [stdout] 235 |         println!("   HMSET user:1000 city 'New York' country 'USA' occupation 'Software Engineer'");
[INFO] [stdout] ...
[INFO] [stdout] 260 |         println!("\n6. HINCRBY (increment field):");
[INFO] [stdout] 261 ~         conn.hincr::<_, _, _, ()>("user:1000", "login_count", 1).await?;
[INFO] [stdout] 262 ~         conn.hincr::<_, _, _, ()>("user:1000", "login_count", 2).await?;
[INFO] [stdout] 263 |         let count: i64 = conn.hget("user:1000", "login_count").await?;
[INFO] [stdout] ...
[INFO] [stdout] 269 |         println!("\n7. HDEL (delete fields):");
[INFO] [stdout] 270 ~         conn.hdel::<_, _, ()>("user:1000", "occupation").await?;
[INFO] [stdout] 271 |         let exists_after: bool = conn.hexists("user:1000", "occupation").await?;
[INFO] [stdout] ...
[INFO] [stdout] 279 |         // Add items to cart
[INFO] [stdout] 280 ~         conn.hset::<_, _, _, ()>(cart_key, "product:101", 2).await?; // 2 units
[INFO] [stdout] 281 ~         conn.hset::<_, _, _, ()>(cart_key, "product:102", 1).await?; // 1 unit
[INFO] [stdout] 282 ~         conn.hset::<_, _, _, ()>(cart_key, "product:103", 3).await?; // 3 units
[INFO] [stdout] 283 |         
[INFO] [stdout] ...
[INFO] [stdout] 290 |         // Update quantity
[INFO] [stdout] 291 ~         conn.hincr::<_, _, _, ()>(cart_key, "product:101", 1).await?;
[INFO] [stdout] 292 |         let new_qty: i32 = conn.hget(cart_key, "product:101").await?;
[INFO] [stdout] ...
[INFO] [stdout] 300 |         // Clean up
[INFO] [stdout] 301 ~         conn.del::<_, ()>(vec!["user:1000", cart_key]).await?;
[INFO] [stdout]     |
[INFO] [stdout] 
[INFO] [stdout] 
[INFO] [stdout] warning: this function depends on never type fallback being `()`
[INFO] [stdout]   --> src/demos/basic_operations.rs:14:5
[INFO] [stdout]    |
[INFO] [stdout] 14 |     pub async fn string_operations(&self) -> Result<()> {
[INFO] [stdout]    |     ^^^^^^^^^^^^^^^^^^^^^^^^^^^^^^^^^^^^^^^^^^^^^^^^^^^
[INFO] [stdout]    |
[INFO] [stdout]    = help: specify the types explicitly
[INFO] [stdout] note: in edition 2024, the requirement `!: FromRedisValue` will fail
[INFO] [stdout]   --> src/demos/basic_operations.rs:21:14
[INFO] [stdout]    |
[INFO] [stdout] 21 |         conn.set("message", "Hello, Redis!").await?;
[INFO] [stdout]    |              ^^^
[INFO] [stdout]    = warning: this was previously accepted by the compiler but is being phased out; it will become a hard error in Rust 2024 and in a future release in all editions!
[INFO] [stdout]    = note: for more information, see <https://doc.rust-lang.org/edition-guide/rust-2024/never-type-fallback.html>
[INFO] [stdout]    = note: `#[warn(dependency_on_unit_never_type_fallback)]` (part of `#[warn(rust_2024_compatibility)]`) on by default
[INFO] [stdout] help: use `()` annotations to avoid fallback changes
[INFO] [stdout]    |
[INFO] [stdout] 21 ~         conn.set::<_, _, ()>("message", "Hello, Redis!").await?;
[INFO] [stdout] 22 |         let value: String = conn.get("message").await?;
[INFO] [stdout] ...
[INFO] [stdout] 27 |         println!("\n2. SET with expiration (EX):");
[INFO] [stdout] 28 ~         conn.set_ex::<_, _, ()>("temp_key", "This will expire", 5).await?;
[INFO] [stdout] 29 |         let ttl: i64 = conn.ttl("temp_key").await?;
[INFO] [stdout] ...
[INFO] [stdout] 34 |         println!("\n3. INCR and DECR:");
[INFO] [stdout] 35 ~         conn.set::<_, _, ()>("counter", 10).await?;
[INFO] [stdout] 36 |         let incr_result: i64 = conn.incr("counter", 1).await?;
[INFO] [stdout] ...
[INFO] [stdout] 44 |         println!("\n4. MSET and MGET (multiple keys):");
[INFO] [stdout] 45 ~         conn.mset::<_, _, ()>(&[
[INFO] [stdout] 46 |             ("key1", "value1"),
[INFO] [stdout] ...
[INFO] [stdout] 59 |         println!("\n5. APPEND:");
[INFO] [stdout] 60 ~         conn.set::<_, _, ()>("greeting", "Hello").await?;
[INFO] [stdout]    |
[INFO] [stdout] 
[INFO] [stdout] 
[INFO] [stdout] warning: this function depends on never type fallback being `()`
[INFO] [stdout]    --> src/demos/basic_operations.rs:89:5
[INFO] [stdout]     |
[INFO] [stdout]  89 |     pub async fn key_operations(&self) -> Result<()> {
[INFO] [stdout]     |     ^^^^^^^^^^^^^^^^^^^^^^^^^^^^^^^^^^^^^^^^^^^^^^^^
[INFO] [stdout]     |
[INFO] [stdout]     = help: specify the types explicitly
[INFO] [stdout] note: in edition 2024, the requirement `!: FromRedisValue` will fail
[INFO] [stdout]    --> src/demos/basic_operations.rs:95:14
[INFO] [stdout]     |
[INFO] [stdout]  95 |         conn.set("user:1000:name", "Alice").await?;
[INFO] [stdout]     |              ^^^
[INFO] [stdout]     = warning: this was previously accepted by the compiler but is being phased out; it will become a hard error in Rust 2024 and in a future release in all editions!
[INFO] [stdout]     = note: for more information, see <https://doc.rust-lang.org/edition-guide/rust-2024/never-type-fallback.html>
[INFO] [stdout] help: use `()` annotations to avoid fallback changes
[INFO] [stdout]     |
[INFO] [stdout]  95 ~         conn.set::<_, _, ()>("user:1000:name", "Alice").await?;
[INFO] [stdout]  96 ~         conn.set::<_, _, ()>("user:1000:email", "alice@example.com").await?;
[INFO] [stdout]  97 ~         conn.set::<_, _, ()>("user:1001:name", "Bob").await?;
[INFO] [stdout]  98 ~         conn.set::<_, _, ()>("session:abc123", "active").await?;
[INFO] [stdout]  99 ~         conn.set_ex::<_, _, ()>("temp:data", "temporary", 10).await?;
[INFO] [stdout] 100 |         
[INFO] [stdout] ...
[INFO] [stdout] 141 |         println!("\n4. EXPIRE and TTL:");
[INFO] [stdout] 142 ~         conn.expire::<_, ()>("session:abc123", 60).await?;
[INFO] [stdout] 143 |         let ttl: i64 = conn.ttl("session:abc123").await?;
[INFO] [stdout] ...
[INFO] [stdout] 148 |         println!("\n5. PERSIST (remove expiration):");
[INFO] [stdout] 149 ~         conn.persist::<_, ()>("session:abc123").await?;
[INFO] [stdout] 150 |         let ttl_after: i64 = conn.ttl("session:abc123").await?;
[INFO] [stdout] ...
[INFO] [stdout] 155 |         println!("\n6. RENAME:");
[INFO] [stdout] 156 ~         conn.rename::<_, _, ()>("user:1001:name", "user:1001:fullname").await?;
[INFO] [stdout] 157 |         let renamed_value: String = conn.get("user:1001:fullname").await?;
[INFO] [stdout] ...
[INFO] [stdout] 166 |         if !pattern_keys.is_empty() {
[INFO] [stdout] 167 ~             conn.del::<_, ()>(pattern_keys).await?;
[INFO] [stdout]     |
[INFO] [stdout] 
[INFO] [stdout] 
[INFO] [stdout] warning: this function depends on never type fallback being `()`
[INFO] [stdout]   --> src/demos/data_structures.rs:15:5
[INFO] [stdout]    |
[INFO] [stdout] 15 |     pub async fn demonstrate(&self) -> Result<()> {
[INFO] [stdout]    |     ^^^^^^^^^^^^^^^^^^^^^^^^^^^^^^^^^^^^^^^^^^^^^
[INFO] [stdout]    |
[INFO] [stdout]    = help: specify the types explicitly
[INFO] [stdout] note: in edition 2024, the requirement `!: FromRedisValue` will fail
[INFO] [stdout]   --> src/demos/data_structures.rs:22:14
[INFO] [stdout]    |
[INFO] [stdout] 22 |         conn.lpush("mylist", vec!["first", "second"]).await?;
[INFO] [stdout]    |              ^^^^^
[INFO] [stdout]    = warning: this was previously accepted by the compiler but is being phased out; it will become a hard error in Rust 2024 and in a future release in all editions!
[INFO] [stdout]    = note: for more information, see <https://doc.rust-lang.org/edition-guide/rust-2024/never-type-fallback.html>
[INFO] [stdout] help: use `()` annotations to avoid fallback changes
[INFO] [stdout]    |
[INFO] [stdout] 22 ~         conn.lpush::<_, _, ()>("mylist", vec!["first", "second"]).await?;
[INFO] [stdout] 23 ~         conn.rpush::<_, _, ()>("mylist", vec!["third", "fourth"]).await?;
[INFO] [stdout] 24 |         println!("   LPUSH mylist first second");
[INFO] [stdout] ...
[INFO] [stdout] 53 |         println!("\n6. LINSERT:");
[INFO] [stdout] 54 ~         conn.linsert_before::<_, _, _, ()>("mylist", "third", "inserted").await?;
[INFO] [stdout] 55 |         let list_inserted: Vec<String> = conn.lrange("mylist", 0, -1).await?;
[INFO] [stdout] ...
[INFO] [stdout] 60 |         println!("\n7. Message Queue Pattern:");
[INFO] [stdout] 61 ~         conn.del::<_, ()>("queue:tasks").await?;
[INFO] [stdout] 62 |         
[INFO] [stdout] ...
[INFO] [stdout] 65 |         for i in 1..=5 {
[INFO] [stdout] 66 ~             conn.rpush::<_, _, ()>("queue:tasks", format!("task-{}", i)).await?;
[INFO] [stdout] 67 |             println!("     Added task-{}", i);
[INFO] [stdout] ...
[INFO] [stdout] 77 |         println!("\n8. BLPOP (blocking pop with timeout):");
[INFO] [stdout] 78 ~         conn.rpush::<_, _, ()>("queue:priority", "urgent-task").await?;
[INFO] [stdout] 79 |         
[INFO] [stdout] ...
[INFO] [stdout] 92 |         // Clean up
[INFO] [stdout] 93 ~         conn.del::<_, ()>("mylist").await?;
[INFO] [stdout] 94 ~         conn.del::<_, ()>("queue:tasks").await?;
[INFO] [stdout] 95 ~         conn.del::<_, ()>("queue:priority").await?;
[INFO] [stdout]    |
[INFO] [stdout] 
[INFO] [stdout] 
[INFO] [stdout] warning: this function depends on never type fallback being `()`
[INFO] [stdout]    --> src/demos/data_structures.rs:111:5
[INFO] [stdout]     |
[INFO] [stdout] 111 |     pub async fn demonstrate(&self) -> Result<()> {
[INFO] [stdout]     |     ^^^^^^^^^^^^^^^^^^^^^^^^^^^^^^^^^^^^^^^^^^^^^
[INFO] [stdout]     |
[INFO] [stdout]     = help: specify the types explicitly
[INFO] [stdout] note: in edition 2024, the requirement `!: FromRedisValue` will fail
[INFO] [stdout]    --> src/demos/data_structures.rs:118:14
[INFO] [stdout]     |
[INFO] [stdout] 118 |         conn.sadd("fruits", vec!["apple", "banana", "orange"]).await?;
[INFO] [stdout]     |              ^^^^
[INFO] [stdout]     = warning: this was previously accepted by the compiler but is being phased out; it will become a hard error in Rust 2024 and in a future release in all editions!
[INFO] [stdout]     = note: for more information, see <https://doc.rust-lang.org/edition-guide/rust-2024/never-type-fallback.html>
[INFO] [stdout] help: use `()` annotations to avoid fallback changes
[INFO] [stdout]     |
[INFO] [stdout] 118 ~         conn.sadd::<_, _, ()>("fruits", vec!["apple", "banana", "orange"]).await?;
[INFO] [stdout] 119 ~         conn.sadd::<_, _, ()>("fruits", "apple").await?; // Duplicate, won't be added
[INFO] [stdout] 120 ~         conn.sadd::<_, _, ()>("vegetables", vec!["carrot", "broccoli", "spinach"]).await?;
[INFO] [stdout] 121 |         println!("   SADD fruits apple banana orange");
[INFO] [stdout] ...
[INFO] [stdout] 142 |         println!("\n5. SREM (remove members):");
[INFO] [stdout] 143 ~         conn.srem::<_, _, ()>("fruits", "banana").await?;
[INFO] [stdout] 144 |         let fruits_after: Vec<String> = conn.smembers("fruits").await?;
[INFO] [stdout] ...
[INFO] [stdout] 148 |         // Set operations
[INFO] [stdout] 149 ~         conn.sadd::<_, _, ()>("healthy", vec!["apple", "carrot", "spinach"]).await?;
[INFO] [stdout] 150 |         
[INFO] [stdout] ...
[INFO] [stdout] 171 |         // Simulate visitor IDs
[INFO] [stdout] 172 ~         conn.sadd::<_, _, ()>(format!("visitors:{}", today), vec!["user1", "user2", "user3"]).await?;
[INFO] [stdout] 173 ~         conn.sadd::<_, _, ()>(format!("visitors:{}", yesterday), vec!["user2", "user4", "user5"]).await?;
[INFO] [stdout] 174 |         
[INFO] [stdout] ...
[INFO] [stdout] 185 |         println!("\n10. SPOP and SRANDMEMBER:");
[INFO] [stdout] 186 ~         conn.sadd::<_, _, ()>("lottery", vec!["ticket1", "ticket2", "ticket3", "ticket4"]).await?;
[INFO] [stdout] 187 |         
[INFO] [stdout] ...
[INFO] [stdout] 194 |         // Clean up
[INFO] [stdout] 195 ~         conn.del::<_, ()>(vec!["fruits", "vegetables", "healthy", "lottery"]).await?;
[INFO] [stdout] 196 ~         conn.del::<_, ()>(vec![format!("visitors:{}", today), format!("visitors:{}", yesterday)]).await?;
[INFO] [stdout]     |
[INFO] [stdout] 
[INFO] [stdout] 
[INFO] [stdout] warning: this function depends on never type fallback being `()`
[INFO] [stdout]    --> src/demos/data_structures.rs:212:5
[INFO] [stdout]     |
[INFO] [stdout] 212 |     pub async fn demonstrate(&self) -> Result<()> {
[INFO] [stdout]     |     ^^^^^^^^^^^^^^^^^^^^^^^^^^^^^^^^^^^^^^^^^^^^^
[INFO] [stdout]     |
[INFO] [stdout]     = help: specify the types explicitly
[INFO] [stdout] note: in edition 2024, the requirement `!: FromRedisValue` will fail
[INFO] [stdout]    --> src/demos/data_structures.rs:219:14
[INFO] [stdout]     |
[INFO] [stdout] 219 |         conn.hset("user:1000", "name", "Alice Johnson").await?;
[INFO] [stdout]     |              ^^^^
[INFO] [stdout]     = warning: this was previously accepted by the compiler but is being phased out; it will become a hard error in Rust 2024 and in a future release in all editions!
[INFO] [stdout]     = note: for more information, see <https://doc.rust-lang.org/edition-guide/rust-2024/never-type-fallback.html>
[INFO] [stdout] help: use `()` annotations to avoid fallback changes
[INFO] [stdout]     |
[INFO] [stdout] 219 ~         conn.hset::<_, _, _, ()>("user:1000", "name", "Alice Johnson").await?;
[INFO] [stdout] 220 ~         conn.hset::<_, _, _, ()>("user:1000", "email", "alice@example.com").await?;
[INFO] [stdout] 221 ~         conn.hset::<_, _, _, ()>("user:1000", "age", 28).await?;
[INFO] [stdout] 222 |         
[INFO] [stdout] ...
[INFO] [stdout] 233 |         ];
[INFO] [stdout] 234 ~         conn.hset_multiple::<_, _, _, ()>("user:1000", &user_data).await?;
[INFO] [stdout] 235 |         println!("   HMSET user:1000 city 'New York' country 'USA' occupation 'Software Engineer'");
[INFO] [stdout] ...
[INFO] [stdout] 260 |         println!("\n6. HINCRBY (increment field):");
[INFO] [stdout] 261 ~         conn.hincr::<_, _, _, ()>("user:1000", "login_count", 1).await?;
[INFO] [stdout] 262 ~         conn.hincr::<_, _, _, ()>("user:1000", "login_count", 2).await?;
[INFO] [stdout] 263 |         let count: i64 = conn.hget("user:1000", "login_count").await?;
[INFO] [stdout] ...
[INFO] [stdout] 269 |         println!("\n7. HDEL (delete fields):");
[INFO] [stdout] 270 ~         conn.hdel::<_, _, ()>("user:1000", "occupation").await?;
[INFO] [stdout] 271 |         let exists_after: bool = conn.hexists("user:1000", "occupation").await?;
[INFO] [stdout] ...
[INFO] [stdout] 279 |         // Add items to cart
[INFO] [stdout] 280 ~         conn.hset::<_, _, _, ()>(cart_key, "product:101", 2).await?; // 2 units
[INFO] [stdout] 281 ~         conn.hset::<_, _, _, ()>(cart_key, "product:102", 1).await?; // 1 unit
[INFO] [stdout] 282 ~         conn.hset::<_, _, _, ()>(cart_key, "product:103", 3).await?; // 3 units
[INFO] [stdout] 283 |         
[INFO] [stdout] ...
[INFO] [stdout] 290 |         // Update quantity
[INFO] [stdout] 291 ~         conn.hincr::<_, _, _, ()>(cart_key, "product:101", 1).await?;
[INFO] [stdout] 292 |         let new_qty: i32 = conn.hget(cart_key, "product:101").await?;
[INFO] [stdout] ...
[INFO] [stdout] 300 |         // Clean up
[INFO] [stdout] 301 ~         conn.del::<_, ()>(vec!["user:1000", cart_key]).await?;
[INFO] [stdout]     |
[INFO] [stdout] 
[INFO] [stdout] 
[INFO] [stdout] warning: this function depends on never type fallback being `()`
[INFO] [stdout]   --> tests/integration_tests.rs:10:1
[INFO] [stdout]    |
[INFO] [stdout] 10 | #[serial]
[INFO] [stdout]    | ^^^^^^^^^
[INFO] [stdout]    |
[INFO] [stdout]    = help: specify the types explicitly
[INFO] [stdout] note: in edition 2024, the requirement `!: FromRedisValue` will fail
[INFO] [stdout]   --> tests/integration_tests.rs:24:10
[INFO] [stdout]    |
[INFO] [stdout] 24 |     conn.set(&user.redis_key(), &user_json).await?;
[INFO] [stdout]    |          ^^^
[INFO] [stdout]    = warning: this was previously accepted by the compiler but is being phased out; it will become a hard error in Rust 2024 and in a future release in all editions!
[INFO] [stdout]    = note: for more information, see <https://doc.rust-lang.org/edition-guide/rust-2024/never-type-fallback.html>
[INFO] [stdout]    = note: `#[warn(dependency_on_unit_never_type_fallback)]` (part of `#[warn(rust_2024_compatibility)]`) on by default
[INFO] [stdout]    = note: this warning originates in the attribute macro `serial` (in Nightly builds, run with -Z macro-backtrace for more info)
[INFO] [stdout] 
[INFO] [stdout] 
[INFO] [stdout] warning: this function depends on never type fallback being `()`
[INFO] [stdout]   --> tests/integration_tests.rs:80:1
[INFO] [stdout]    |
[INFO] [stdout] 80 | #[serial]
[INFO] [stdout]    | ^^^^^^^^^
[INFO] [stdout]    |
[INFO] [stdout]    = help: specify the types explicitly
[INFO] [stdout] note: in edition 2024, the requirement `!: FromRedisValue` will fail
[INFO] [stdout]   --> tests/integration_tests.rs:86:10
[INFO] [stdout]    |
[INFO] [stdout] 86 |     conn.set("concurrent_counter", 0).await?;
[INFO] [stdout]    |          ^^^
[INFO] [stdout]    = warning: this was previously accepted by the compiler but is being phased out; it will become a hard error in Rust 2024 and in a future release in all editions!
[INFO] [stdout]    = note: for more information, see <https://doc.rust-lang.org/edition-guide/rust-2024/never-type-fallback.html>
[INFO] [stdout]    = note: this warning originates in the attribute macro `serial` (in Nightly builds, run with -Z macro-backtrace for more info)
[INFO] [stdout] 
[INFO] [stdout] 
[INFO] [stdout] warning: this function depends on never type fallback being `()`
[INFO] [stdout]    --> tests/integration_tests.rs:119:1
[INFO] [stdout]     |
[INFO] [stdout] 119 | #[serial]
[INFO] [stdout]     | ^^^^^^^^^
[INFO] [stdout]     |
[INFO] [stdout]     = help: specify the types explicitly
[INFO] [stdout] note: in edition 2024, the requirement `!: FromRedisValue` will fail
[INFO] [stdout]    --> tests/integration_tests.rs:144:10
[INFO] [stdout]     |
[INFO] [stdout] 144 |     conn.del(vec!["tx_key1", "tx_key2", "tx_counter"]).await?;
[INFO] [stdout]     |          ^^^
[INFO] [stdout]     = warning: this was previously accepted by the compiler but is being phased out; it will become a hard error in Rust 2024 and in a future release in all editions!
[INFO] [stdout]     = note: for more information, see <https://doc.rust-lang.org/edition-guide/rust-2024/never-type-fallback.html>
[INFO] [stdout]     = note: this warning originates in the attribute macro `serial` (in Nightly builds, run with -Z macro-backtrace for more info)
[INFO] [stdout] 
[INFO] [stdout] 
[INFO] [stdout] warning: this function depends on never type fallback being `()`
[INFO] [stdout]    --> tests/integration_tests.rs:169:1
[INFO] [stdout]     |
[INFO] [stdout] 169 | #[serial]
[INFO] [stdout]     | ^^^^^^^^^
[INFO] [stdout]     |
[INFO] [stdout]     = help: specify the types explicitly
[INFO] [stdout] note: in edition 2024, the requirement `!: FromRedisValue` will fail
[INFO] [stdout]    --> tests/integration_tests.rs:176:14
[INFO] [stdout]     |
[INFO] [stdout] 176 |         conn.set(format!("pattern:test:{}", i), i).await?;
[INFO] [stdout]     |              ^^^
[INFO] [stdout]     = warning: this was previously accepted by the compiler but is being phased out; it will become a hard error in Rust 2024 and in a future release in all editions!
[INFO] [stdout]     = note: for more information, see <https://doc.rust-lang.org/edition-guide/rust-2024/never-type-fallback.html>
[INFO] [stdout]     = note: this warning originates in the attribute macro `serial` (in Nightly builds, run with -Z macro-backtrace for more info)
[INFO] [stdout] 
[INFO] [stdout] 
[INFO] [stdout] warning: static `INIT` is never used
[INFO] [stdout]  --> tests/common/mod.rs:4:8
[INFO] [stdout]   |
[INFO] [stdout] 4 | static INIT: Once = Once::new();
[INFO] [stdout]   |        ^^^^
[INFO] [stdout]   |
[INFO] [stdout]   = note: `#[warn(dead_code)]` (part of `#[warn(unused)]`) on by default
[INFO] [stdout] 
[INFO] [stdout] 
[INFO] [stdout] warning: static `TEST_REDIS_URL` is never used
[INFO] [stdout]  --> tests/common/mod.rs:5:12
[INFO] [stdout]   |
[INFO] [stdout] 5 | static mut TEST_REDIS_URL: Option<String> = None;
[INFO] [stdout]   |            ^^^^^^^^^^^^^^
[INFO] [stdout] 
[INFO] [stdout] 
[INFO] [stdout] warning: function `setup` is never used
[INFO] [stdout]  --> tests/common/mod.rs:7:8
[INFO] [stdout]   |
[INFO] [stdout] 7 | pub fn setup() {
[INFO] [stdout]   |        ^^^^^
[INFO] [stdout] 
[INFO] [stdout] 
[INFO] [stdout] warning: function `get_test_redis_url` is never used
[INFO] [stdout]   --> tests/common/mod.rs:25:8
[INFO] [stdout]    |
[INFO] [stdout] 25 | pub fn get_test_redis_url() -> String {
[INFO] [stdout]    |        ^^^^^^^^^^^^^^^^^^
[INFO] [stdout] 
[INFO] [stdout] 
[INFO] [stdout] warning: function `get_test_client` is never used
[INFO] [stdout]   --> tests/common/mod.rs:32:14
[INFO] [stdout]    |
[INFO] [stdout] 32 | pub async fn get_test_client() -> RedisClient {
[INFO] [stdout]    |              ^^^^^^^^^^^^^^^
[INFO] [stdout] 
[INFO] [stdout] 
[INFO] [stdout] warning: function `cleanup_test_keys` is never used
[INFO] [stdout]   --> tests/common/mod.rs:37:14
[INFO] [stdout]    |
[INFO] [stdout] 37 | pub async fn cleanup_test_keys(client: &RedisClient, pattern: &str) {
[INFO] [stdout]    |              ^^^^^^^^^^^^^^^^^
[INFO] [stdout] 
[INFO] [stdout] 
[INFO] [stdout] warning: creating a shared reference to mutable static
[INFO] [stdout]   --> tests/common/mod.rs:28:9
[INFO] [stdout]    |
[INFO] [stdout] 28 |         TEST_REDIS_URL.as_ref().unwrap().clone()
[INFO] [stdout]    |         ^^^^^^^^^^^^^^^^^^^^^^^ shared reference to mutable static
[INFO] [stdout]    |
[INFO] [stdout]    = note: shared references to mutable statics are dangerous; it's undefined behavior if the static is mutated or if a mutable reference is created for it while the shared reference lives
[INFO] [stdout]    = help: use a type that relies on "interior mutability" instead; to read more on this, visit <https://doc.rust-lang.org/reference/interior-mutability.html>
[INFO] [stdout]    = note: for more information, see <https://doc.rust-lang.org/edition-guide/rust-2024/static-mut-references.html>
[INFO] [stdout]    = note: `#[warn(static_mut_refs)]` (part of `#[warn(rust_2024_compatibility)]`) on by default
[INFO] [stdout] 
[INFO] [stdout] 
[INFO] [stdout] warning: unused variable: `keys`
[INFO] [stdout]   --> src/demos/data_structures_tests.rs:11:49
[INFO] [stdout]    |
[INFO] [stdout] 11 |     async fn cleanup_keys(client: &RedisClient, keys: &[&str]) {
[INFO] [stdout]    |                                                 ^^^^ help: if this is intentional, prefix it with an underscore: `_keys`
[INFO] [stdout]    |
[INFO] [stdout]    = note: `#[warn(unused_variables)]` (part of `#[warn(unused)]`) on by default
[INFO] [stdout] 
[INFO] [stdout] 
[INFO] [stdout] warning: unused variable: `keys`
[INFO] [stdout]   --> src/demos/data_structures_tests.rs:90:49
[INFO] [stdout]    |
[INFO] [stdout] 90 |     async fn cleanup_keys(client: &RedisClient, keys: &[&str]) {
[INFO] [stdout]    |                                                 ^^^^ help: if this is intentional, prefix it with an underscore: `_keys`
[INFO] [stdout] 
[INFO] [stdout] 
[INFO] [stdout] warning: unused variable: `keys`
[INFO] [stdout]    --> src/demos/data_structures_tests.rs:197:49
[INFO] [stdout]     |
[INFO] [stdout] 197 |     async fn cleanup_keys(client: &RedisClient, keys: &[&str]) {
[INFO] [stdout]     |                                                 ^^^^ help: if this is intentional, prefix it with an underscore: `_keys`
[INFO] [stdout] 
[INFO] [stdout] 
[INFO] [stderr]     Finished `release` profile [optimized] target(s) in 3m 31s
[INFO] [stderr] warning: the following packages contain code that will be rejected by a future version of Rust: redis v0.24.0, redis-rust-demo v0.1.0 (/opt/rustwide/workdir)
[INFO] [stderr] note: to see what the problems were, use the option `--future-incompat-report`, or run `cargo report future-incompatibilities --id 6`
[INFO] running `Command { std: "docker" "inspect" "5c50a694b130b23320598db99bf58883ce717f1aa532a80a7d2309793bee6211", kill_on_drop: false }`
[INFO] running `Command { std: "docker" "exec" "-e" "SOURCE_DIR=/opt/rustwide/workdir" "-e" "CARGO_HOME=/opt/rustwide/cargo-home" "-e" "RUSTUP_HOME=/opt/rustwide/rustup-home" "-e" "CARGO_TARGET_DIR=/opt/rustwide/target" "-e" "CARGO_INCREMENTAL=0" "-e" "RUST_BACKTRACE=full" "-e" "RUSTFLAGS=--cap-lints=warn" "-e" "RUSTDOCFLAGS=--cap-lints=warn" "-w" "/opt/rustwide/workdir" "--user" "0:0" "5c50a694b130b23320598db99bf58883ce717f1aa532a80a7d2309793bee6211" "/opt/rustwide/cargo-home/bin/cargo" "+1.99.0-beta.8" "test" "--frozen" "--release", kill_on_drop: false }`
[INFO] [stderr] warning: this function depends on never type fallback being `()`
[INFO] [stderr]   --> src/demos/basic_operations.rs:14:5
[INFO] [stderr]    |
[INFO] [stderr] 14 |     pub async fn string_operations(&self) -> Result<()> {
[INFO] [stderr]    |     ^^^^^^^^^^^^^^^^^^^^^^^^^^^^^^^^^^^^^^^^^^^^^^^^^^^
[INFO] [stderr]    |
[INFO] [stderr]    = help: specify the types explicitly
[INFO] [stderr] note: in edition 2024, the requirement `!: FromRedisValue` will fail
[INFO] [stderr]   --> src/demos/basic_operations.rs:21:14
[INFO] [stderr]    |
[INFO] [stderr] 21 |         conn.set("message", "Hello, Redis!").await?;
[INFO] [stderr]    |              ^^^
[INFO] [stderr]    = warning: this was previously accepted by the compiler but is being phased out; it will become a hard error in Rust 2024 and in a future release in all editions!
[INFO] [stderr]    = note: for more information, see <https://doc.rust-lang.org/edition-guide/rust-2024/never-type-fallback.html>
[INFO] [stderr]    = note: `#[warn(dependency_on_unit_never_type_fallback)]` (part of `#[warn(rust_2024_compatibility)]`) on by default
[INFO] [stderr] help: use `()` annotations to avoid fallback changes
[INFO] [stderr]    |
[INFO] [stderr] 21 ~         conn.set::<_, _, ()>("message", "Hello, Redis!").await?;
[INFO] [stderr] 22 |         let value: String = conn.get("message").await?;
[INFO] [stderr] ...
[INFO] [stderr] 27 |         println!("\n2. SET with expiration (EX):");
[INFO] [stderr] 28 ~         conn.set_ex::<_, _, ()>("temp_key", "This will expire", 5).await?;
[INFO] [stderr] 29 |         let ttl: i64 = conn.ttl("temp_key").await?;
[INFO] [stderr] ...
[INFO] [stderr] 34 |         println!("\n3. INCR and DECR:");
[INFO] [stderr] 35 ~         conn.set::<_, _, ()>("counter", 10).await?;
[INFO] [stderr] 36 |         let incr_result: i64 = conn.incr("counter", 1).await?;
[INFO] [stderr] ...
[INFO] [stderr] 44 |         println!("\n4. MSET and MGET (multiple keys):");
[INFO] [stderr] 45 ~         conn.mset::<_, _, ()>(&[
[INFO] [stderr] 46 |             ("key1", "value1"),
[INFO] [stderr] ...
[INFO] [stderr] 59 |         println!("\n5. APPEND:");
[INFO] [stderr] 60 ~         conn.set::<_, _, ()>("greeting", "Hello").await?;
[INFO] [stderr]    |
[INFO] [stderr] 
[INFO] [stderr] warning: this function depends on never type fallback being `()`
[INFO] [stderr]    --> src/demos/basic_operations.rs:89:5
[INFO] [stderr]     |
[INFO] [stderr]  89 |     pub async fn key_operations(&self) -> Result<()> {
[INFO] [stderr]     |     ^^^^^^^^^^^^^^^^^^^^^^^^^^^^^^^^^^^^^^^^^^^^^^^^
[INFO] [stderr]     |
[INFO] [stderr]     = help: specify the types explicitly
[INFO] [stderr] note: in edition 2024, the requirement `!: FromRedisValue` will fail
[INFO] [stderr]    --> src/demos/basic_operations.rs:95:14
[INFO] [stderr]     |
[INFO] [stderr]  95 |         conn.set("user:1000:name", "Alice").await?;
[INFO] [stderr]     |              ^^^
[INFO] [stderr]     = warning: this was previously accepted by the compiler but is being phased out; it will become a hard error in Rust 2024 and in a future release in all editions!
[INFO] [stderr]     = note: for more information, see <https://doc.rust-lang.org/edition-guide/rust-2024/never-type-fallback.html>
[INFO] [stderr] help: use `()` annotations to avoid fallback changes
[INFO] [stderr]     |
[INFO] [stderr]  95 ~         conn.set::<_, _, ()>("user:1000:name", "Alice").await?;
[INFO] [stderr]  96 ~         conn.set::<_, _, ()>("user:1000:email", "alice@example.com").await?;
[INFO] [stderr]  97 ~         conn.set::<_, _, ()>("user:1001:name", "Bob").await?;
[INFO] [stderr]  98 ~         conn.set::<_, _, ()>("session:abc123", "active").await?;
[INFO] [stderr]  99 ~         conn.set_ex::<_, _, ()>("temp:data", "temporary", 10).await?;
[INFO] [stderr] 100 |         
[INFO] [stderr] ...
[INFO] [stderr] 141 |         println!("\n4. EXPIRE and TTL:");
[INFO] [stderr] 142 ~         conn.expire::<_, ()>("session:abc123", 60).await?;
[INFO] [stderr] 143 |         let ttl: i64 = conn.ttl("session:abc123").await?;
[INFO] [stderr] ...
[INFO] [stderr] 148 |         println!("\n5. PERSIST (remove expiration):");
[INFO] [stderr] 149 ~         conn.persist::<_, ()>("session:abc123").await?;
[INFO] [stderr] 150 |         let ttl_after: i64 = conn.ttl("session:abc123").await?;
[INFO] [stderr] ...
[INFO] [stderr] 155 |         println!("\n6. RENAME:");
[INFO] [stderr] 156 ~         conn.rename::<_, _, ()>("user:1001:name", "user:1001:fullname").await?;
[INFO] [stderr] 157 |         let renamed_value: String = conn.get("user:1001:fullname").await?;
[INFO] [stderr] ...
[INFO] [stderr] 166 |         if !pattern_keys.is_empty() {
[INFO] [stderr] 167 ~             conn.del::<_, ()>(pattern_keys).await?;
[INFO] [stderr]     |
[INFO] [stderr] 
[INFO] [stderr] warning: this function depends on never type fallback being `()`
[INFO] [stderr]   --> src/demos/data_structures.rs:15:5
[INFO] [stderr]    |
[INFO] [stderr] 15 |     pub async fn demonstrate(&self) -> Result<()> {
[INFO] [stderr]    |     ^^^^^^^^^^^^^^^^^^^^^^^^^^^^^^^^^^^^^^^^^^^^^
[INFO] [stderr]    |
[INFO] [stderr]    = help: specify the types explicitly
[INFO] [stderr] note: in edition 2024, the requirement `!: FromRedisValue` will fail
[INFO] [stderr]   --> src/demos/data_structures.rs:22:14
[INFO] [stderr]    |
[INFO] [stderr] 22 |         conn.lpush("mylist", vec!["first", "second"]).await?;
[INFO] [stderr]    |              ^^^^^
[INFO] [stderr]    = warning: this was previously accepted by the compiler but is being phased out; it will become a hard error in Rust 2024 and in a future release in all editions!
[INFO] [stderr]    = note: for more information, see <https://doc.rust-lang.org/edition-guide/rust-2024/never-type-fallback.html>
[INFO] [stderr] help: use `()` annotations to avoid fallback changes
[INFO] [stderr]    |
[INFO] [stderr] 22 ~         conn.lpush::<_, _, ()>("mylist", vec!["first", "second"]).await?;
[INFO] [stderr] 23 ~         conn.rpush::<_, _, ()>("mylist", vec!["third", "fourth"]).await?;
[INFO] [stderr] 24 |         println!("   LPUSH mylist first second");
[INFO] [stderr] ...
[INFO] [stderr] 53 |         println!("\n6. LINSERT:");
[INFO] [stderr] 54 ~         conn.linsert_before::<_, _, _, ()>("mylist", "third", "inserted").await?;
[INFO] [stderr] 55 |         let list_inserted: Vec<String> = conn.lrange("mylist", 0, -1).await?;
[INFO] [stderr] ...
[INFO] [stderr] 60 |         println!("\n7. Message Queue Pattern:");
[INFO] [stderr] 61 ~         conn.del::<_, ()>("queue:tasks").await?;
[INFO] [stderr] 62 |         
[INFO] [stderr] ...
[INFO] [stderr] 65 |         for i in 1..=5 {
[INFO] [stderr] 66 ~             conn.rpush::<_, _, ()>("queue:tasks", format!("task-{}", i)).await?;
[INFO] [stderr] 67 |             println!("     Added task-{}", i);
[INFO] [stderr] ...
[INFO] [stderr] 77 |         println!("\n8. BLPOP (blocking pop with timeout):");
[INFO] [stderr] 78 ~         conn.rpush::<_, _, ()>("queue:priority", "urgent-task").await?;
[INFO] [stderr] 79 |         
[INFO] [stderr] ...
[INFO] [stderr] 92 |         // Clean up
[INFO] [stderr] 93 ~         conn.del::<_, ()>("mylist").await?;
[INFO] [stderr] 94 ~         conn.del::<_, ()>("queue:tasks").await?;
[INFO] [stderr] 95 ~         conn.del::<_, ()>("queue:priority").await?;
[INFO] [stderr]    |
[INFO] [stderr] 
[INFO] [stderr] warning: this function depends on never type fallback being `()`
[INFO] [stderr]    --> src/demos/data_structures.rs:111:5
[INFO] [stderr]     |
[INFO] [stderr] 111 |     pub async fn demonstrate(&self) -> Result<()> {
[INFO] [stderr]     |     ^^^^^^^^^^^^^^^^^^^^^^^^^^^^^^^^^^^^^^^^^^^^^
[INFO] [stderr]     |
[INFO] [stderr]     = help: specify the types explicitly
[INFO] [stderr] note: in edition 2024, the requirement `!: FromRedisValue` will fail
[INFO] [stderr]    --> src/demos/data_structures.rs:118:14
[INFO] [stderr]     |
[INFO] [stderr] 118 |         conn.sadd("fruits", vec!["apple", "banana", "orange"]).await?;
[INFO] [stderr]     |              ^^^^
[INFO] [stderr]     = warning: this was previously accepted by the compiler but is being phased out; it will become a hard error in Rust 2024 and in a future release in all editions!
[INFO] [stderr]     = note: for more information, see <https://doc.rust-lang.org/edition-guide/rust-2024/never-type-fallback.html>
[INFO] [stderr] help: use `()` annotations to avoid fallback changes
[INFO] [stderr]     |
[INFO] [stderr] 118 ~         conn.sadd::<_, _, ()>("fruits", vec!["apple", "banana", "orange"]).await?;
[INFO] [stderr] 119 ~         conn.sadd::<_, _, ()>("fruits", "apple").await?; // Duplicate, won't be added
[INFO] [stderr] 120 ~         conn.sadd::<_, _, ()>("vegetables", vec!["carrot", "broccoli", "spinach"]).await?;
[INFO] [stderr] 121 |         println!("   SADD fruits apple banana orange");
[INFO] [stderr] ...
[INFO] [stderr] 142 |         println!("\n5. SREM (remove members):");
[INFO] [stderr] 143 ~         conn.srem::<_, _, ()>("fruits", "banana").await?;
[INFO] [stderr] 144 |         let fruits_after: Vec<String> = conn.smembers("fruits").await?;
[INFO] [stderr] ...
[INFO] [stderr] 148 |         // Set operations
[INFO] [stderr] 149 ~         conn.sadd::<_, _, ()>("healthy", vec!["apple", "carrot", "spinach"]).await?;
[INFO] [stderr] 150 |         
[INFO] [stderr] ...
[INFO] [stderr] 171 |         // Simulate visitor IDs
[INFO] [stderr] 172 ~         conn.sadd::<_, _, ()>(format!("visitors:{}", today), vec!["user1", "user2", "user3"]).await?;
[INFO] [stderr] 173 ~         conn.sadd::<_, _, ()>(format!("visitors:{}", yesterday), vec!["user2", "user4", "user5"]).await?;
[INFO] [stderr] 174 |         
[INFO] [stderr] ...
[INFO] [stderr] 185 |         println!("\n10. SPOP and SRANDMEMBER:");
[INFO] [stderr] 186 ~         conn.sadd::<_, _, ()>("lottery", vec!["ticket1", "ticket2", "ticket3", "ticket4"]).await?;
[INFO] [stderr] 187 |         
[INFO] [stderr] ...
[INFO] [stderr] 194 |         // Clean up
[INFO] [stderr] 195 ~         conn.del::<_, ()>(vec!["fruits", "vegetables", "healthy", "lottery"]).await?;
[INFO] [stderr] 196 ~         conn.del::<_, ()>(vec![format!("visitors:{}", today), format!("visitors:{}", yesterday)]).await?;
[INFO] [stderr]     |
[INFO] [stderr] 
[INFO] [stderr] warning: this function depends on never type fallback being `()`
[INFO] [stderr]    --> src/demos/data_structures.rs:212:5
[INFO] [stderr]     |
[INFO] [stderr] 212 |     pub async fn demonstrate(&self) -> Result<()> {
[INFO] [stderr]     |     ^^^^^^^^^^^^^^^^^^^^^^^^^^^^^^^^^^^^^^^^^^^^^
[INFO] [stderr]     |
[INFO] [stderr]     = help: specify the types explicitly
[INFO] [stderr] note: in edition 2024, the requirement `!: FromRedisValue` will fail
[INFO] [stderr]    --> src/demos/data_structures.rs:219:14
[INFO] [stderr]     |
[INFO] [stderr] 219 |         conn.hset("user:1000", "name", "Alice Johnson").await?;
[INFO] [stderr]     |              ^^^^
[INFO] [stderr]     = warning: this was previously accepted by the compiler but is being phased out; it will become a hard error in Rust 2024 and in a future release in all editions!
[INFO] [stderr]     = note: for more information, see <https://doc.rust-lang.org/edition-guide/rust-2024/never-type-fallback.html>
[INFO] [stderr] help: use `()` annotations to avoid fallback changes
[INFO] [stderr]     |
[INFO] [stderr] 219 ~         conn.hset::<_, _, _, ()>("user:1000", "name", "Alice Johnson").await?;
[INFO] [stderr] 220 ~         conn.hset::<_, _, _, ()>("user:1000", "email", "alice@example.com").await?;
[INFO] [stderr] 221 ~         conn.hset::<_, _, _, ()>("user:1000", "age", 28).await?;
[INFO] [stderr] 222 |         
[INFO] [stderr] ...
[INFO] [stderr] 233 |         ];
[INFO] [stderr] 234 ~         conn.hset_multiple::<_, _, _, ()>("user:1000", &user_data).await?;
[INFO] [stderr] 235 |         println!("   HMSET user:1000 city 'New York' country 'USA' occupation 'Software Engineer'");
[INFO] [stderr] ...
[INFO] [stderr] 260 |         println!("\n6. HINCRBY (increment field):");
[INFO] [stderr] 261 ~         conn.hincr::<_, _, _, ()>("user:1000", "login_count", 1).await?;
[INFO] [stderr] 262 ~         conn.hincr::<_, _, _, ()>("user:1000", "login_count", 2).await?;
[INFO] [stderr] 263 |         let count: i64 = conn.hget("user:1000", "login_count").await?;
[INFO] [stderr] ...
[INFO] [stderr] 269 |         println!("\n7. HDEL (delete fields):");
[INFO] [stderr] 270 ~         conn.hdel::<_, _, ()>("user:1000", "occupation").await?;
[INFO] [stderr] 271 |         let exists_after: bool = conn.hexists("user:1000", "occupation").await?;
[INFO] [stderr] ...
[INFO] [stderr] 279 |         // Add items to cart
[INFO] [stderr] 280 ~         conn.hset::<_, _, _, ()>(cart_key, "product:101", 2).await?; // 2 units
[INFO] [stderr] 281 ~         conn.hset::<_, _, _, ()>(cart_key, "product:102", 1).await?; // 1 unit
[INFO] [stderr] 282 ~         conn.hset::<_, _, _, ()>(cart_key, "product:103", 3).await?; // 3 units
[INFO] [stderr] 283 |         
[INFO] [stderr] ...
[INFO] [stderr] 290 |         // Update quantity
[INFO] [stderr] 291 ~         conn.hincr::<_, _, _, ()>(cart_key, "product:101", 1).await?;
[INFO] [stderr] 292 |         let new_qty: i32 = conn.hget(cart_key, "product:101").await?;
[INFO] [stderr] ...
[INFO] [stderr] 300 |         // Clean up
[INFO] [stderr] 301 ~         conn.del::<_, ()>(vec!["user:1000", cart_key]).await?;
[INFO] [stderr]     |
[INFO] [stderr] 
[INFO] [stderr] warning: `redis-rust-demo` (lib) generated 5 warnings (run `cargo fix --lib -p redis-rust-demo` to apply 5 suggestions)
[INFO] [stderr] warning: unused variable: `keys`
[INFO] [stderr]   --> src/demos/data_structures_tests.rs:11:49
[INFO] [stderr]    |
[INFO] [stderr] 11 |     async fn cleanup_keys(client: &RedisClient, keys: &[&str]) {
[INFO] [stderr]    |                                                 ^^^^ help: if this is intentional, prefix it with an underscore: `_keys`
[INFO] [stderr]    |
[INFO] [stderr]    = note: `#[warn(unused_variables)]` (part of `#[warn(unused)]`) on by default
[INFO] [stderr] 
[INFO] [stderr] warning: unused variable: `keys`
[INFO] [stderr]   --> src/demos/data_structures_tests.rs:90:49
[INFO] [stderr]    |
[INFO] [stderr] 90 |     async fn cleanup_keys(client: &RedisClient, keys: &[&str]) {
[INFO] [stderr]    |                                                 ^^^^ help: if this is intentional, prefix it with an underscore: `_keys`
[INFO] [stderr] 
[INFO] [stderr] warning: unused variable: `keys`
[INFO] [stderr]    --> src/demos/data_structures_tests.rs:197:49
[INFO] [stderr]     |
[INFO] [stderr] 197 |     async fn cleanup_keys(client: &RedisClient, keys: &[&str]) {
[INFO] [stderr]     |                                                 ^^^^ help: if this is intentional, prefix it with an underscore: `_keys`
[INFO] [stderr] 
[INFO] [stderr] warning: this function depends on never type fallback being `()`
[INFO] [stderr]   --> tests/integration_tests.rs:10:1
[INFO] [stderr]    |
[INFO] [stderr] 10 | #[serial]
[INFO] [stderr]    | ^^^^^^^^^
[INFO] [stderr]    |
[INFO] [stderr]    = help: specify the types explicitly
[INFO] [stderr] note: in edition 2024, the requirement `!: FromRedisValue` will fail
[INFO] [stderr]   --> tests/integration_tests.rs:24:10
[INFO] [stderr]    |
[INFO] [stderr] 24 |     conn.set(&user.redis_key(), &user_json).await?;
[INFO] [stderr]    |          ^^^
[INFO] [stderr]    = warning: this was previously accepted by the compiler but is being phased out; it will become a hard error in Rust 2024 and in a future release in all editions!
[INFO] [stderr]    = note: for more information, see <https://doc.rust-lang.org/edition-guide/rust-2024/never-type-fallback.html>
[INFO] [stderr]    = note: `#[warn(dependency_on_unit_never_type_fallback)]` (part of `#[warn(rust_2024_compatibility)]`) on by default
[INFO] [stderr]    = note: this warning originates in the attribute macro `serial` (in Nightly builds, run with -Z macro-backtrace for more info)
[INFO] [stderr] 
[INFO] [stderr] warning: this function depends on never type fallback being `()`
[INFO] [stderr]   --> tests/integration_tests.rs:80:1
[INFO] [stderr]    |
[INFO] [stderr] 80 | #[serial]
[INFO] [stderr]    | ^^^^^^^^^
[INFO] [stderr]    |
[INFO] [stderr]    = help: specify the types explicitly
[INFO] [stderr] note: in edition 2024, the requirement `!: FromRedisValue` will fail
[INFO] [stderr]   --> tests/integration_tests.rs:86:10
[INFO] [stderr]    |
[INFO] [stderr] 86 |     conn.set("concurrent_counter", 0).await?;
[INFO] [stderr]    |          ^^^
[INFO] [stderr]    = warning: this was previously accepted by the compiler but is being phased out; it will become a hard error in Rust 2024 and in a future release in all editions!
[INFO] [stderr]    = note: for more information, see <https://doc.rust-lang.org/edition-guide/rust-2024/never-type-fallback.html>
[INFO] [stderr]    = note: this warning originates in the attribute macro `serial` (in Nightly builds, run with -Z macro-backtrace for more info)
[INFO] [stderr] 
[INFO] [stderr] warning: this function depends on never type fallback being `()`
[INFO] [stderr]    --> tests/integration_tests.rs:119:1
[INFO] [stderr]     |
[INFO] [stderr] 119 | #[serial]
[INFO] [stderr]     | ^^^^^^^^^
[INFO] [stderr]     |
[INFO] [stderr]     = help: specify the types explicitly
[INFO] [stderr] note: in edition 2024, the requirement `!: FromRedisValue` will fail
[INFO] [stderr]    --> tests/integration_tests.rs:144:10
[INFO] [stderr]     |
[INFO] [stderr] 144 |     conn.del(vec!["tx_key1", "tx_key2", "tx_counter"]).await?;
[INFO] [stderr]     |          ^^^
[INFO] [stderr]     = warning: this was previously accepted by the compiler but is being phased out; it will become a hard error in Rust 2024 and in a future release in all editions!
[INFO] [stderr]     = note: for more information, see <https://doc.rust-lang.org/edition-guide/rust-2024/never-type-fallback.html>
[INFO] [stderr]     = note: this warning originates in the attribute macro `serial` (in Nightly builds, run with -Z macro-backtrace for more info)
[INFO] [stderr] 
[INFO] [stderr] warning: this function depends on never type fallback being `()`
[INFO] [stderr]    --> tests/integration_tests.rs:169:1
[INFO] [stderr]     |
[INFO] [stderr] 169 | #[serial]
[INFO] [stderr]     | ^^^^^^^^^
[INFO] [stderr]     |
[INFO] [stderr]     = help: specify the types explicitly
[INFO] [stderr] note: in edition 2024, the requirement `!: FromRedisValue` will fail
[INFO] [stderr]    --> tests/integration_tests.rs:176:14
[INFO] [stderr]     |
[INFO] [stderr] 176 |         conn.set(format!("pattern:test:{}", i), i).await?;
[INFO] [stderr]     |              ^^^
[INFO] [stderr]     = warning: this was previously accepted by the compiler but is being phased out; it will become a hard error in Rust 2024 and in a future release in all editions!
[INFO] [stderr]     = note: for more information, see <https://doc.rust-lang.org/edition-guide/rust-2024/never-type-fallback.html>
[INFO] [stderr]     = note: this warning originates in the attribute macro `serial` (in Nightly builds, run with -Z macro-backtrace for more info)
[INFO] [stderr] 
[INFO] [stderr] warning: static `INIT` is never used
[INFO] [stderr]  --> tests/common/mod.rs:4:8
[INFO] [stderr]   |
[INFO] [stderr] 4 | static INIT: Once = Once::new();
[INFO] [stderr]   |        ^^^^
[INFO] [stderr]   |
[INFO] [stderr]   = note: `#[warn(dead_code)]` (part of `#[warn(unused)]`) on by default
[INFO] [stderr] 
[INFO] [stderr] warning: static `TEST_REDIS_URL` is never used
[INFO] [stderr]  --> tests/common/mod.rs:5:12
[INFO] [stderr]   |
[INFO] [stderr] 5 | static mut TEST_REDIS_URL: Option<String> = None;
[INFO] [stderr]   |            ^^^^^^^^^^^^^^
[INFO] [stderr] 
[INFO] [stderr] warning: function `setup` is never used
[INFO] [stderr]  --> tests/common/mod.rs:7:8
[INFO] [stderr]   |
[INFO] [stderr] 7 | pub fn setup() {
[INFO] [stderr]   |        ^^^^^
[INFO] [stderr] 
[INFO] [stderr] warning: function `get_test_redis_url` is never used
[INFO] [stderr]   --> tests/common/mod.rs:25:8
[INFO] [stderr]    |
[INFO] [stderr] 25 | pub fn get_test_redis_url() -> String {
[INFO] [stderr]    |        ^^^^^^^^^^^^^^^^^^
[INFO] [stderr] 
[INFO] [stderr] warning: function `get_test_client` is never used
[INFO] [stderr]   --> tests/common/mod.rs:32:14
[INFO] [stderr]    |
[INFO] [stderr] 32 | pub async fn get_test_client() -> RedisClient {
[INFO] [stderr]    |              ^^^^^^^^^^^^^^^
[INFO] [stderr] 
[INFO] [stderr] warning: function `cleanup_test_keys` is never used
[INFO] [stderr]   --> tests/common/mod.rs:37:14
[INFO] [stderr]    |
[INFO] [stderr] 37 | pub async fn cleanup_test_keys(client: &RedisClient, pattern: &str) {
[INFO] [stderr]    |              ^^^^^^^^^^^^^^^^^
[INFO] [stderr] 
[INFO] [stderr] warning: creating a shared reference to mutable static
[INFO] [stderr]   --> tests/common/mod.rs:28:9
[INFO] [stderr]    |
[INFO] [stderr] 28 |         TEST_REDIS_URL.as_ref().unwrap().clone()
[INFO] [stderr]    |         ^^^^^^^^^^^^^^^^^^^^^^^ shared reference to mutable static
[INFO] [stderr]    |
[INFO] [stderr]    = note: shared references to mutable statics are dangerous; it's undefined behavior if the static is mutated or if a mutable reference is created for it while the shared reference lives
[INFO] [stderr]    = help: use a type that relies on "interior mutability" instead; to read more on this, visit <https://doc.rust-lang.org/reference/interior-mutability.html>
[INFO] [stderr]    = note: for more information, see <https://doc.rust-lang.org/edition-guide/rust-2024/static-mut-references.html>
[INFO] [stderr]    = note: `#[warn(static_mut_refs)]` (part of `#[warn(rust_2024_compatibility)]`) on by default
[INFO] [stderr] 
[INFO] [stderr] warning: `redis-rust-demo` (lib test) generated 8 warnings (5 duplicates) (run `cargo fix --lib -p redis-rust-demo --tests` to apply 3 suggestions)
[INFO] [stderr] warning: `redis-rust-demo` (test "integration_tests") generated 11 warnings
[INFO] [stderr]     Finished `release` profile [optimized] target(s) in 0.32s
[INFO] [stderr] warning: the following packages contain code that will be rejected by a future version of Rust: redis v0.24.0, redis-rust-demo v0.1.0 (/opt/rustwide/workdir)
[INFO] [stderr] note: to see what the problems were, use the option `--future-incompat-report`, or run `cargo report future-incompatibilities --id 6`
[INFO] [stderr]      Running unittests src/lib.rs (/opt/rustwide/target/release/deps/redis_rust_demo-1f216a845ca03abe)
[INFO] [stdout] 
[INFO] [stdout] running 55 tests
[INFO] [stdout] test cli::commands::commands_tests::tests::test_cli_parsing_basic_lists ... ok
[INFO] [stdout] test cli::commands::commands_tests::tests::test_cli_parsing_with_options ... ok
[INFO] [stdout] test cli::commands::commands_tests::tests::test_cli_creation ... ok
[INFO] [stdout] test cli::commands::commands_tests::tests::test_cli_parsing_basic_hashes ... ok
[INFO] [stdout] test cli::commands::commands_tests::tests::test_cli_parsing_rust_errors ... ok
[INFO] [stdout] test cli::commands::commands_tests::tests::test_cli_parsing_basic_strings ... ok
[INFO] [stdout] test cli::commands::commands_tests::tests::test_basic_operations_debug ... ok
[INFO] [stdout] test cli::commands::commands_tests::tests::test_cli_parsing_ping ... ok
[INFO] [stdout] test cli::commands::commands_tests::tests::test_cli_parsing_basic_sets ... ok
[INFO] [stdout] test demos::basic_operations::tests::test_key_operations_expire_ttl ... FAILED
[INFO] [stdout] test demos::basic_operations::tests::test_string_operations_incr_decr ... FAILED
[INFO] [stdout] test demos::basic_operations::tests::test_key_operations_rename ... FAILED
[INFO] [stdout] test demos::basic_operations::tests::test_string_operations_append ... FAILED
[INFO] [stdout] test demos::basic_operations::tests::test_key_operations_full_demo ... FAILED
[INFO] [stdout] test demos::basic_operations::tests::test_string_operations_set_get ... FAILED
[INFO] [stdout] test demos::basic_operations::tests::test_key_operations_exists_del ... FAILED
[INFO] [stdout] test demos::basic_operations::tests::test_string_operations_full_demo ... FAILED
[INFO] [stdout] test demos::basic_operations::tests::test_string_operations_mset_mget ... FAILED
[INFO] [stdout] test demos::data_structures::data_structures_tests::hash_tests::test_hash_operations ... FAILED
[INFO] [stdout] test demos::data_structures::data_structures_tests::hash_tests::test_hash_demo_full ... FAILED
[INFO] [stdout] test demos::data_structures::data_structures_tests::hash_tests::test_hash_increment ... FAILED
[INFO] [stdout] test demos::data_structures::data_structures_tests::list_tests::test_list_demo_full ... FAILED
[INFO] [stdout] test demos::data_structures::data_structures_tests::list_tests::test_list_operations ... FAILED
[INFO] [stdout] test demos::data_structures::data_structures_tests::hash_tests::test_hash_set_get ... FAILED
[INFO] [stdout] test demos::data_structures::data_structures_tests::set_tests::test_set_operations ... FAILED
[INFO] [stdout] test demos::data_structures::data_structures_tests::set_tests::test_set_membership ... FAILED
[INFO] [stdout] test demos::data_structures::data_structures_tests::list_tests::test_list_push_pop ... FAILED
[INFO] [stdout] test demos::rust_errors_demo::tests::test_async_errors_demo ... FAILED
[INFO] [stdout] test models::user::tests::test_user_clone ... ok
[INFO] [stdout] test models::user::tests::test_user_creation ... ok
[INFO] [stdout] test models::user::tests::test_user_debug ... ok
[INFO] [stdout] test models::user::tests::test_user_index_keys ... ok
[INFO] [stdout] test models::user::tests::test_user_redis_key ... ok
[INFO] [stdout] test models::user::tests::test_user_serialization ... ok
[INFO] [stdout] test utils::error::tests::test_configuration_error ... ok
[INFO] [stdout] test utils::error::tests::test_demo_error ... ok
[INFO] [stdout] test utils::error::tests::test_io_error_conversion ... ok
[INFO] [stdout] test utils::error::tests::test_redis_error_conversion ... ok
[INFO] [stdout] test utils::error::tests::test_result_type_alias ... ok
[INFO] [stdout] test utils::error::tests::test_serialization_error_conversion ... ok
[INFO] [stdout] test demos::rust_errors_demo::tests::test_ownership_errors_demo ... FAILED
[INFO] [stdout] test demos::data_structures::data_structures_tests::set_tests::test_set_add_members ... FAILED
[INFO] [stdout] test utils::redis_client::tests::test_get_connection_info ... ok
[INFO] [stdout] test demos::data_structures::data_structures_tests::set_tests::test_set_demo_full ... FAILED
[INFO] [stdout] test utils::redis_client::tests::test_get_sync_connection ... FAILED
[INFO] [stdout] test utils::redis_client::tests::test_redis_client_clone ... ok
[INFO] [stdout] test utils::redis_client::tests::test_redis_client_creation_invalid_url ... ok
[INFO] [stdout] test utils::redis_client::tests::test_redis_client_creation_valid_url ... ok
[INFO] [stdout] test demos::rust_errors_demo::tests::test_error_handling_demo ... FAILED
[INFO] [stdout] test demos::rust_errors_demo::tests::test_lifetime_errors_demo ... FAILED
[INFO] [stdout] test demos::rust_errors_demo::tests::test_performance_pitfalls_demo ... FAILED
[INFO] [stdout] test demos::rust_errors_demo::tests::test_type_errors_demo ... FAILED
[INFO] [stdout] test utils::redis_client::tests::test_connection_with_different_db ... FAILED
[INFO] [stdout] test utils::redis_client::tests::test_get_async_connection ... FAILED
[INFO] [stdout] test utils::redis_client::tests::test_ping_success ... FAILED
[INFO] [stdout] 
[INFO] [stdout] failures:
[INFO] [stdout] 
[INFO] [stdout] ---- demos::basic_operations::tests::test_key_operations_expire_ttl stdout ----
[INFO] [stdout] 
[INFO] [stdout] thread 'demos::basic_operations::tests::test_key_operations_expire_ttl' (3701) panicked at src/demos/basic_operations.rs:185:60:
[INFO] [stdout] called `Result::unwrap()` on an `Err` value: Redis(Connection refused (os error 111))
[INFO] [stdout] stack backtrace:
[INFO] [stdout]    0:     0x5b007df9e5a1 - <<std[70759c8f55707aa4]::sys::backtrace::BacktraceLock>::print::DisplayBacktrace as core[df12db4294e9bfd3]::fmt::Display>::fmt
[INFO] [stdout]    1:     0x5b007dfb4b1a - core[df12db4294e9bfd3]::fmt::write
[INFO] [stdout]    2:     0x5b007dfa31fc - <alloc[2182bb758b4b3781]::vec::Vec<u8> as core[df12db4294e9bfd3]::io::write::Write>::write_fmt
[INFO] [stdout]    3:     0x5b007df791e6 - std[70759c8f55707aa4]::panicking::default_hook::{closure#0}
[INFO] [stdout]    4:     0x5b007df96319 - std[70759c8f55707aa4]::panicking::default_hook
[INFO] [stdout]    5:     0x5b007de61220 - test[9d35eded1c95d3be]::test_main_inner::<test[9d35eded1c95d3be]::test_main_static::{closure#0}>::{closure#0}
[INFO] [stdout]    6:     0x5b007df96642 - std[70759c8f55707aa4]::panicking::panic_with_hook
[INFO] [stdout]    7:     0x5b007df79292 - std[70759c8f55707aa4]::panicking::panic_handler::{closure#0}
[INFO] [stdout]    8:     0x5b007df71f39 - std[70759c8f55707aa4]::sys::backtrace::__rust_end_short_backtrace::<std[70759c8f55707aa4]::panicking::panic_handler::{closure#0}, !>
[INFO] [stdout]    9:     0x5b007df7a07d - __rustc[8fa7c3cbc660c2b3]::rust_begin_unwind
[INFO] [stdout]   10:     0x5b007dfb527c - core[df12db4294e9bfd3]::panicking::panic_fmt
[INFO] [stdout]   11:     0x5b007dfb5052 - core[df12db4294e9bfd3]::result::unwrap_failed
[INFO] [stdout]   12:     0x5b007dddd85f - redis_rust_demo[67e7295e90995a83]::demos::basic_operations::tests::cleanup_test_keys::{closure#0}
[INFO] [stdout]   13:     0x5b007dde2db7 - redis_rust_demo[67e7295e90995a83]::demos::basic_operations::tests::test_key_operations_expire_ttl::{closure#0}
[INFO] [stdout]   14:     0x5b007de2f313 - <tokio[f3c6410f8d38f65f]::runtime::scheduler::current_thread::Context>::enter::<core[df12db4294e9bfd3]::task::poll::Poll<()>, <tokio[f3c6410f8d38f65f]::runtime::scheduler::current_thread::CoreGuard>::block_on<core[df12db4294e9bfd3]::pin::Pin<&mut core[df12db4294e9bfd3]::pin::Pin<&mut dyn core[df12db4294e9bfd3]::future::future::Future<Output = ()>>>>::{closure#0}::{closure#0}>
[INFO] [stdout]   15:     0x5b007de43d2c - <tokio[f3c6410f8d38f65f]::runtime::context::scoped::Scoped<tokio[f3c6410f8d38f65f]::runtime::scheduler::Context>>::set::<<tokio[f3c6410f8d38f65f]::runtime::scheduler::current_thread::CoreGuard>::enter<<tokio[f3c6410f8d38f65f]::runtime::scheduler::current_thread::CoreGuard>::block_on<core[df12db4294e9bfd3]::pin::Pin<&mut core[df12db4294e9bfd3]::pin::Pin<&mut dyn core[df12db4294e9bfd3]::future::future::Future<Output = ()>>>>::{closure#0}, core[df12db4294e9bfd3]::option::Option<()>>::{closure#0}, (alloc[2182bb758b4b3781]::boxed::Box<tokio[f3c6410f8d38f65f]::runtime::scheduler::current_thread::Core>, core[df12db4294e9bfd3]::option::Option<()>)>
[INFO] [stdout]   16:     0x5b007de2ee1f - <tokio[f3c6410f8d38f65f]::runtime::scheduler::current_thread::CurrentThread>::block_on::<core[df12db4294e9bfd3]::pin::Pin<&mut dyn core[df12db4294e9bfd3]::future::future::Future<Output = ()>>>
[INFO] [stdout]   17:     0x5b007de40b32 - <tokio[f3c6410f8d38f65f]::runtime::runtime::Runtime>::block_on::<core[df12db4294e9bfd3]::pin::Pin<&mut dyn core[df12db4294e9bfd3]::future::future::Future<Output = ()>>>
[INFO] [stdout]   18:     0x5b007dde87cb - redis_rust_demo[67e7295e90995a83]::demos::basic_operations::tests::test_key_operations_expire_ttl
[INFO] [stdout]   19:     0x5b007de4ead9 - <redis_rust_demo[67e7295e90995a83]::demos::basic_operations::tests::test_key_operations_expire_ttl::{closure#0} as core[df12db4294e9bfd3]::ops::function::FnOnce<()>>::call_once
[INFO] [stdout]   20:     0x5b007de5450b - test[9d35eded1c95d3be]::__rust_begin_short_backtrace::<core[df12db4294e9bfd3]::result::Result<(), alloc[2182bb758b4b3781]::string::String>, fn() -> core[df12db4294e9bfd3]::result::Result<(), alloc[2182bb758b4b3781]::string::String>>
[INFO] [stdout]   21:     0x5b007de61b75 - test[9d35eded1c95d3be]::run_test::{closure#0}
[INFO] [stdout]   22:     0x5b007de5b434 - std[70759c8f55707aa4]::sys::backtrace::__rust_begin_short_backtrace::<test[9d35eded1c95d3be]::run_test::{closure#1}, ()>
[INFO] [stdout]   23:     0x5b007de64cd2 - <std[70759c8f55707aa4]::thread::lifecycle::spawn_unchecked<test[9d35eded1c95d3be]::run_test::{closure#1}, ()>::{closure#1} as core[df12db4294e9bfd3]::ops::function::FnOnce<()>>::call_once::{shim:vtable#0}
[INFO] [stdout]   24:     0x5b007df9d919 - <std[70759c8f55707aa4]::sys::thread::unix::Thread>::new::thread_start
[INFO] [stdout]   25:     0x708468694dfa - <unknown>
[INFO] [stdout]   26:     0x7084687283d4 - clone
[INFO] [stdout]   27:                0x0 - <unknown>
[INFO] [stdout] 
[INFO] [stdout] ---- demos::basic_operations::tests::test_string_operations_incr_decr stdout ----
[INFO] [stdout] 
[INFO] [stdout] thread 'demos::basic_operations::tests::test_string_operations_incr_decr' (3712) panicked at src/demos/basic_operations.rs:185:60:
[INFO] [stdout] called `Result::unwrap()` on an `Err` value: Redis(Connection refused (os error 111))
[INFO] [stdout] stack backtrace:
[INFO] [stdout]    0:     0x5b007df9e5a1 - <<std[70759c8f55707aa4]::sys::backtrace::BacktraceLock>::print::DisplayBacktrace as core[df12db4294e9bfd3]::fmt::Display>::fmt
[INFO] [stdout]    1:     0x5b007dfb4b1a - core[df12db4294e9bfd3]::fmt::write
[INFO] [stdout]    2:     0x5b007dfa31fc - <alloc[2182bb758b4b3781]::vec::Vec<u8> as core[df12db4294e9bfd3]::io::write::Write>::write_fmt
[INFO] [stdout]    3:     0x5b007df791e6 - std[70759c8f55707aa4]::panicking::default_hook::{closure#0}
[INFO] [stdout]    4:     0x5b007df96319 - std[70759c8f55707aa4]::panicking::default_hook
[INFO] [stdout]    5:     0x5b007de61220 - test[9d35eded1c95d3be]::test_main_inner::<test[9d35eded1c95d3be]::test_main_static::{closure#0}>::{closure#0}
[INFO] [stdout]    6:     0x5b007df96642 - std[70759c8f55707aa4]::panicking::panic_with_hook
[INFO] [stdout]    7:     0x5b007df79292 - std[70759c8f55707aa4]::panicking::panic_handler::{closure#0}
[INFO] [stdout]    8:     0x5b007df71f39 - std[70759c8f55707aa4]::sys::backtrace::__rust_end_short_backtrace::<std[70759c8f55707aa4]::panicking::panic_handler::{closure#0}, !>
[INFO] [stdout]    9:     0x5b007df7a07d - __rustc[8fa7c3cbc660c2b3]::rust_begin_unwind
[INFO] [stdout]   10:     0x5b007dfb527c - core[df12db4294e9bfd3]::panicking::panic_fmt
[INFO] [stdout]   11:     0x5b007dfb5052 - core[df12db4294e9bfd3]::result::unwrap_failed
[INFO] [stdout]   12:     0x5b007dddd85f - redis_rust_demo[67e7295e90995a83]::demos::basic_operations::tests::cleanup_test_keys::{closure#0}
[INFO] [stdout]   13:     0x5b007dde6a27 - redis_rust_demo[67e7295e90995a83]::demos::basic_operations::tests::test_string_operations_incr_decr::{closure#0}
[INFO] [stdout]   14:     0x5b007de2f313 - <tokio[f3c6410f8d38f65f]::runtime::scheduler::current_thread::Context>::enter::<core[df12db4294e9bfd3]::task::poll::Poll<()>, <tokio[f3c6410f8d38f65f]::runtime::scheduler::current_thread::CoreGuard>::block_on<core[df12db4294e9bfd3]::pin::Pin<&mut core[df12db4294e9bfd3]::pin::Pin<&mut dyn core[df12db4294e9bfd3]::future::future::Future<Output = ()>>>>::{closure#0}::{closure#0}>
[INFO] [stdout]   15:     0x5b007de43d2c - <tokio[f3c6410f8d38f65f]::runtime::context::scoped::Scoped<tokio[f3c6410f8d38f65f]::runtime::scheduler::Context>>::set::<<tokio[f3c6410f8d38f65f]::runtime::scheduler::current_thread::CoreGuard>::enter<<tokio[f3c6410f8d38f65f]::runtime::scheduler::current_thread::CoreGuard>::block_on<core[df12db4294e9bfd3]::pin::Pin<&mut core[df12db4294e9bfd3]::pin::Pin<&mut dyn core[df12db4294e9bfd3]::future::future::Future<Output = ()>>>>::{closure#0}, core[df12db4294e9bfd3]::option::Option<()>>::{closure#0}, (alloc[2182bb758b4b3781]::boxed::Box<tokio[f3c6410f8d38f65f]::runtime::scheduler::current_thread::Core>, core[df12db4294e9bfd3]::option::Option<()>)>
[INFO] [stdout]   16:     0x5b007de2ee1f - <tokio[f3c6410f8d38f65f]::runtime::scheduler::current_thread::CurrentThread>::block_on::<core[df12db4294e9bfd3]::pin::Pin<&mut dyn core[df12db4294e9bfd3]::future::future::Future<Output = ()>>>
[INFO] [stdout]   17:     0x5b007de40b32 - <tokio[f3c6410f8d38f65f]::runtime::runtime::Runtime>::block_on::<core[df12db4294e9bfd3]::pin::Pin<&mut dyn core[df12db4294e9bfd3]::future::future::Future<Output = ()>>>
[INFO] [stdout]   18:     0x5b007dde8bbb - redis_rust_demo[67e7295e90995a83]::demos::basic_operations::tests::test_string_operations_incr_decr
[INFO] [stdout]   19:     0x5b007de4eb39 - <redis_rust_demo[67e7295e90995a83]::demos::basic_operations::tests::test_string_operations_incr_decr::{closure#0} as core[df12db4294e9bfd3]::ops::function::FnOnce<()>>::call_once
[INFO] [stdout]   20:     0x5b007de5450b - test[9d35eded1c95d3be]::__rust_begin_short_backtrace::<core[df12db4294e9bfd3]::result::Result<(), alloc[2182bb758b4b3781]::string::String>, fn() -> core[df12db4294e9bfd3]::result::Result<(), alloc[2182bb758b4b3781]::string::String>>
[INFO] [stdout]   21:     0x5b007de61b75 - test[9d35eded1c95d3be]::run_test::{closure#0}
[INFO] [stdout]   22:     0x5b007de5b434 - std[70759c8f55707aa4]::sys::backtrace::__rust_begin_short_backtrace::<test[9d35eded1c95d3be]::run_test::{closure#1}, ()>
[INFO] [stdout]   23:     0x5b007de64cd2 - <std[70759c8f55707aa4]::thread::lifecycle::spawn_unchecked<test[9d35eded1c95d3be]::run_test::{closure#1}, ()>::{closure#1} as core[df12db4294e9bfd3]::ops::function::FnOnce<()>>::call_once::{shim:vtable#0}
[INFO] [stdout]   24:     0x5b007df9d919 - <std[70759c8f55707aa4]::sys::thread::unix::Thread>::new::thread_start
[INFO] [stdout]   25:     0x708468694dfa - <unknown>
[INFO] [stdout]   26:     0x7084687283d4 - clone
[INFO] [stdout]   27:                0x0 - <unknown>
[INFO] [stdout] 
[INFO] [stdout] ---- demos::basic_operations::tests::test_key_operations_rename stdout ----
[INFO] [stdout] 
[INFO] [stdout] thread 'demos::basic_operations::tests::test_key_operations_rename' (3703) panicked at src/demos/basic_operations.rs:185:60:
[INFO] [stdout] called `Result::unwrap()` on an `Err` value: Redis(Connection refused (os error 111))
[INFO] [stdout] stack backtrace:
[INFO] [stdout]    0:     0x5b007df9e5a1 - <<std[70759c8f55707aa4]::sys::backtrace::BacktraceLock>::print::DisplayBacktrace as core[df12db4294e9bfd3]::fmt::Display>::fmt
[INFO] [stdout]    1:     0x5b007dfb4b1a - core[df12db4294e9bfd3]::fmt::write
[INFO] [stdout]    2:     0x5b007dfa31fc - <alloc[2182bb758b4b3781]::vec::Vec<u8> as core[df12db4294e9bfd3]::io::write::Write>::write_fmt
[INFO] [stdout]    3:     0x5b007df791e6 - std[70759c8f55707aa4]::panicking::default_hook::{closure#0}
[INFO] [stdout]    4:     0x5b007df96319 - std[70759c8f55707aa4]::panicking::default_hook
[INFO] [stdout]    5:     0x5b007de61220 - test[9d35eded1c95d3be]::test_main_inner::<test[9d35eded1c95d3be]::test_main_static::{closure#0}>::{closure#0}
[INFO] [stdout]    6:     0x5b007df96642 - std[70759c8f55707aa4]::panicking::panic_with_hook
[INFO] [stdout]    7:     0x5b007df79292 - std[70759c8f55707aa4]::panicking::panic_handler::{closure#0}
[INFO] [stdout]    8:     0x5b007df71f39 - std[70759c8f55707aa4]::sys::backtrace::__rust_end_short_backtrace::<std[70759c8f55707aa4]::panicking::panic_handler::{closure#0}, !>
[INFO] [stdout]    9:     0x5b007df7a07d - __rustc[8fa7c3cbc660c2b3]::rust_begin_unwind
[INFO] [stdout]   10:     0x5b007dfb527c - core[df12db4294e9bfd3]::panicking::panic_fmt
[INFO] [stdout]   11:     0x5b007dfb5052 - core[df12db4294e9bfd3]::result::unwrap_failed
[INFO] [stdout]   12:     0x5b007dddd85f - redis_rust_demo[67e7295e90995a83]::demos::basic_operations::tests::cleanup_test_keys::{closure#0}
[INFO] [stdout]   13:     0x5b007dddda7a - redis_rust_demo[67e7295e90995a83]::demos::basic_operations::tests::test_key_operations_rename::{closure#0}
[INFO] [stdout]   14:     0x5b007de2f313 - <tokio[f3c6410f8d38f65f]::runtime::scheduler::current_thread::Context>::enter::<core[df12db4294e9bfd3]::task::poll::Poll<()>, <tokio[f3c6410f8d38f65f]::runtime::scheduler::current_thread::CoreGuard>::block_on<core[df12db4294e9bfd3]::pin::Pin<&mut core[df12db4294e9bfd3]::pin::Pin<&mut dyn core[df12db4294e9bfd3]::future::future::Future<Output = ()>>>>::{closure#0}::{closure#0}>
[INFO] [stdout]   15:     0x5b007de43d2c - <tokio[f3c6410f8d38f65f]::runtime::context::scoped::Scoped<tokio[f3c6410f8d38f65f]::runtime::scheduler::Context>>::set::<<tokio[f3c6410f8d38f65f]::runtime::scheduler::current_thread::CoreGuard>::enter<<tokio[f3c6410f8d38f65f]::runtime::scheduler::current_thread::CoreGuard>::block_on<core[df12db4294e9bfd3]::pin::Pin<&mut core[df12db4294e9bfd3]::pin::Pin<&mut dyn core[df12db4294e9bfd3]::future::future::Future<Output = ()>>>>::{closure#0}, core[df12db4294e9bfd3]::option::Option<()>>::{closure#0}, (alloc[2182bb758b4b3781]::boxed::Box<tokio[f3c6410f8d38f65f]::runtime::scheduler::current_thread::Core>, core[df12db4294e9bfd3]::option::Option<()>)>
[INFO] [stdout]   16:     0x5b007de2ee1f - <tokio[f3c6410f8d38f65f]::runtime::scheduler::current_thread::CurrentThread>::block_on::<core[df12db4294e9bfd3]::pin::Pin<&mut dyn core[df12db4294e9bfd3]::future::future::Future<Output = ()>>>
[INFO] [stdout]   17:     0x5b007de40b32 - <tokio[f3c6410f8d38f65f]::runtime::runtime::Runtime>::block_on::<core[df12db4294e9bfd3]::pin::Pin<&mut dyn core[df12db4294e9bfd3]::future::future::Future<Output = ()>>>
[INFO] [stdout]   18:     0x5b007dde828b - redis_rust_demo[67e7295e90995a83]::demos::basic_operations::tests::test_key_operations_rename
[INFO] [stdout]   19:     0x5b007de4ea59 - <redis_rust_demo[67e7295e90995a83]::demos::basic_operations::tests::test_key_operations_rename::{closure#0} as core[df12db4294e9bfd3]::ops::function::FnOnce<()>>::call_once
[INFO] [stdout]   20:     0x5b007de5450b - test[9d35eded1c95d3be]::__rust_begin_short_backtrace::<core[df12db4294e9bfd3]::result::Result<(), alloc[2182bb758b4b3781]::string::String>, fn() -> core[df12db4294e9bfd3]::result::Result<(), alloc[2182bb758b4b3781]::string::String>>
[INFO] [stdout]   21:     0x5b007de61b75 - test[9d35eded1c95d3be]::run_test::{closure#0}
[INFO] [stdout]   22:     0x5b007de5b434 - std[70759c8f55707aa4]::sys::backtrace::__rust_begin_short_backtrace::<test[9d35eded1c95d3be]::run_test::{closure#1}, ()>
[INFO] [stdout]   23:     0x5b007de64cd2 - <std[70759c8f55707aa4]::thread::lifecycle::spawn_unchecked<test[9d35eded1c95d3be]::run_test::{closure#1}, ()>::{closure#1} as core[df12db4294e9bfd3]::ops::function::FnOnce<()>>::call_once::{shim:vtable#0}
[INFO] [stdout]   24:     0x5b007df9d919 - <std[70759c8f55707aa4]::sys::thread::unix::Thread>::new::thread_start
[INFO] [stdout]   25:     0x708468694dfa - <unknown>
[INFO] [stdout]   26:     0x7084687283d4 - clone
[INFO] [stdout]   27:                0x0 - <unknown>
[INFO] [stdout] 
[INFO] [stdout] ---- demos::basic_operations::tests::test_string_operations_append stdout ----
[INFO] [stdout] 
[INFO] [stdout] thread 'demos::basic_operations::tests::test_string_operations_append' (3706) panicked at src/demos/basic_operations.rs:185:60:
[INFO] [stdout] called `Result::unwrap()` on an `Err` value: Redis(Connection refused (os error 111))
[INFO] [stdout] stack backtrace:
[INFO] [stdout]    0:     0x5b007df9e5a1 - <<std[70759c8f55707aa4]::sys::backtrace::BacktraceLock>::print::DisplayBacktrace as core[df12db4294e9bfd3]::fmt::Display>::fmt
[INFO] [stdout]    1:     0x5b007dfb4b1a - core[df12db4294e9bfd3]::fmt::write
[INFO] [stdout]    2:     0x5b007dfa31fc - <alloc[2182bb758b4b3781]::vec::Vec<u8> as core[df12db4294e9bfd3]::io::write::Write>::write_fmt
[INFO] [stdout]    3:     0x5b007df791e6 - std[70759c8f55707aa4]::panicking::default_hook::{closure#0}
[INFO] [stdout]    4:     0x5b007df96319 - std[70759c8f55707aa4]::panicking::default_hook
[INFO] [stdout]    5:     0x5b007de61220 - test[9d35eded1c95d3be]::test_main_inner::<test[9d35eded1c95d3be]::test_main_static::{closure#0}>::{closure#0}
[INFO] [stdout]    6:     0x5b007df96642 - std[70759c8f55707aa4]::panicking::panic_with_hook
[INFO] [stdout]    7:     0x5b007df79292 - std[70759c8f55707aa4]::panicking::panic_handler::{closure#0}
[INFO] [stdout]    8:     0x5b007df71f39 - std[70759c8f55707aa4]::sys::backtrace::__rust_end_short_backtrace::<std[70759c8f55707aa4]::panicking::panic_handler::{closure#0}, !>
[INFO] [stdout]    9:     0x5b007df7a07d - __rustc[8fa7c3cbc660c2b3]::rust_begin_unwind
[INFO] [stdout]   10:     0x5b007dfb527c - core[df12db4294e9bfd3]::panicking::panic_fmt
[INFO] [stdout]   11:     0x5b007dfb5052 - core[df12db4294e9bfd3]::result::unwrap_failed
[INFO] [stdout]   12:     0x5b007dddd85f - redis_rust_demo[67e7295e90995a83]::demos::basic_operations::tests::cleanup_test_keys::{closure#0}
[INFO] [stdout]   13:     0x5b007dde13b7 - redis_rust_demo[67e7295e90995a83]::demos::basic_operations::tests::test_string_operations_append::{closure#0}
[INFO] [stdout]   14:     0x5b007de2f313 - <tokio[f3c6410f8d38f65f]::runtime::scheduler::current_thread::Context>::enter::<core[df12db4294e9bfd3]::task::poll::Poll<()>, <tokio[f3c6410f8d38f65f]::runtime::scheduler::current_thread::CoreGuard>::block_on<core[df12db4294e9bfd3]::pin::Pin<&mut core[df12db4294e9bfd3]::pin::Pin<&mut dyn core[df12db4294e9bfd3]::future::future::Future<Output = ()>>>>::{closure#0}::{closure#0}>
[INFO] [stdout]   15:     0x5b007de43d2c - <tokio[f3c6410f8d38f65f]::runtime::context::scoped::Scoped<tokio[f3c6410f8d38f65f]::runtime::scheduler::Context>>::set::<<tokio[f3c6410f8d38f65f]::runtime::scheduler::current_thread::CoreGuard>::enter<<tokio[f3c6410f8d38f65f]::runtime::scheduler::current_thread::CoreGuard>::block_on<core[df12db4294e9bfd3]::pin::Pin<&mut core[df12db4294e9bfd3]::pin::Pin<&mut dyn core[df12db4294e9bfd3]::future::future::Future<Output = ()>>>>::{closure#0}, core[df12db4294e9bfd3]::option::Option<()>>::{closure#0}, (alloc[2182bb758b4b3781]::boxed::Box<tokio[f3c6410f8d38f65f]::runtime::scheduler::current_thread::Core>, core[df12db4294e9bfd3]::option::Option<()>)>
[INFO] [stdout]   16:     0x5b007de2ee1f - <tokio[f3c6410f8d38f65f]::runtime::scheduler::current_thread::CurrentThread>::block_on::<core[df12db4294e9bfd3]::pin::Pin<&mut dyn core[df12db4294e9bfd3]::future::future::Future<Output = ()>>>
[INFO] [stdout]   17:     0x5b007de40b32 - <tokio[f3c6410f8d38f65f]::runtime::runtime::Runtime>::block_on::<core[df12db4294e9bfd3]::pin::Pin<&mut dyn core[df12db4294e9bfd3]::future::future::Future<Output = ()>>>
[INFO] [stdout]   18:     0x5b007dde852b - redis_rust_demo[67e7295e90995a83]::demos::basic_operations::tests::test_string_operations_append
[INFO] [stdout]   19:     0x5b007de4ea99 - <redis_rust_demo[67e7295e90995a83]::demos::basic_operations::tests::test_string_operations_append::{closure#0} as core[df12db4294e9bfd3]::ops::function::FnOnce<()>>::call_once
[INFO] [stdout]   20:     0x5b007de5450b - test[9d35eded1c95d3be]::__rust_begin_short_backtrace::<core[df12db4294e9bfd3]::result::Result<(), alloc[2182bb758b4b3781]::string::String>, fn() -> core[df12db4294e9bfd3]::result::Result<(), alloc[2182bb758b4b3781]::string::String>>
[INFO] [stdout]   21:     0x5b007de61b75 - test[9d35eded1c95d3be]::run_test::{closure#0}
[INFO] [stdout]   22:     0x5b007de5b434 - std[70759c8f55707aa4]::sys::backtrace::__rust_begin_short_backtrace::<test[9d35eded1c95d3be]::run_test::{closure#1}, ()>
[INFO] [stdout]   23:     0x5b007de64cd2 - <std[70759c8f55707aa4]::thread::lifecycle::spawn_unchecked<test[9d35eded1c95d3be]::run_test::{closure#1}, ()>::{closure#1} as core[df12db4294e9bfd3]::ops::function::FnOnce<()>>::call_once::{shim:vtable#0}
[INFO] [stdout]   24:     0x5b007df9d919 - <std[70759c8f55707aa4]::sys::thread::unix::Thread>::new::thread_start
[INFO] [stdout]   25:     0x708468694dfa - <unknown>
[INFO] [stdout]   26:     0x7084687283d4 - clone
[INFO] [stdout]   27:                0x0 - <unknown>
[INFO] [stdout] 
[INFO] [stdout] ---- demos::basic_operations::tests::test_key_operations_full_demo stdout ----
[INFO] [stdout] 
[INFO] [stdout] thread 'demos::basic_operations::tests::test_key_operations_full_demo' (3702) panicked at src/demos/basic_operations.rs:185:60:
[INFO] [stdout] called `Result::unwrap()` on an `Err` value: Redis(Connection refused (os error 111))
[INFO] [stdout] stack backtrace:
[INFO] [stdout]    0:     0x5b007df9e5a1 - <<std[70759c8f55707aa4]::sys::backtrace::BacktraceLock>::print::DisplayBacktrace as core[df12db4294e9bfd3]::fmt::Display>::fmt
[INFO] [stdout]    1:     0x5b007dfb4b1a - core[df12db4294e9bfd3]::fmt::write
[INFO] [stdout]    2:     0x5b007dfa31fc - <alloc[2182bb758b4b3781]::vec::Vec<u8> as core[df12db4294e9bfd3]::io::write::Write>::write_fmt
[INFO] [stdout]    3:     0x5b007df791e6 - std[70759c8f55707aa4]::panicking::default_hook::{closure#0}
[INFO] [stdout]    4:     0x5b007df96319 - std[70759c8f55707aa4]::panicking::default_hook
[INFO] [stdout]    5:     0x5b007de61220 - test[9d35eded1c95d3be]::test_main_inner::<test[9d35eded1c95d3be]::test_main_static::{closure#0}>::{closure#0}
[INFO] [stdout]    6:     0x5b007df96642 - std[70759c8f55707aa4]::panicking::panic_with_hook
[INFO] [stdout]    7:     0x5b007df79292 - std[70759c8f55707aa4]::panicking::panic_handler::{closure#0}
[INFO] [stdout]    8:     0x5b007df71f39 - std[70759c8f55707aa4]::sys::backtrace::__rust_end_short_backtrace::<std[70759c8f55707aa4]::panicking::panic_handler::{closure#0}, !>
[INFO] [stdout]    9:     0x5b007df7a07d - __rustc[8fa7c3cbc660c2b3]::rust_begin_unwind
[INFO] [stdout]   10:     0x5b007dfb527c - core[df12db4294e9bfd3]::panicking::panic_fmt
[INFO] [stdout]   11:     0x5b007dfb5052 - core[df12db4294e9bfd3]::result::unwrap_failed
[INFO] [stdout]   12:     0x5b007dddd85f - redis_rust_demo[67e7295e90995a83]::demos::basic_operations::tests::cleanup_test_keys::{closure#0}
[INFO] [stdout]   13:     0x5b007ddde87b - redis_rust_demo[67e7295e90995a83]::demos::basic_operations::tests::test_key_operations_full_demo::{closure#0}
[INFO] [stdout]   14:     0x5b007de2f313 - <tokio[f3c6410f8d38f65f]::runtime::scheduler::current_thread::Context>::enter::<core[df12db4294e9bfd3]::task::poll::Poll<()>, <tokio[f3c6410f8d38f65f]::runtime::scheduler::current_thread::CoreGuard>::block_on<core[df12db4294e9bfd3]::pin::Pin<&mut core[df12db4294e9bfd3]::pin::Pin<&mut dyn core[df12db4294e9bfd3]::future::future::Future<Output = ()>>>>::{closure#0}::{closure#0}>
[INFO] [stdout]   15:     0x5b007de43d2c - <tokio[f3c6410f8d38f65f]::runtime::context::scoped::Scoped<tokio[f3c6410f8d38f65f]::runtime::scheduler::Context>>::set::<<tokio[f3c6410f8d38f65f]::runtime::scheduler::current_thread::CoreGuard>::enter<<tokio[f3c6410f8d38f65f]::runtime::scheduler::current_thread::CoreGuard>::block_on<core[df12db4294e9bfd3]::pin::Pin<&mut core[df12db4294e9bfd3]::pin::Pin<&mut dyn core[df12db4294e9bfd3]::future::future::Future<Output = ()>>>>::{closure#0}, core[df12db4294e9bfd3]::option::Option<()>>::{closure#0}, (alloc[2182bb758b4b3781]::boxed::Box<tokio[f3c6410f8d38f65f]::runtime::scheduler::current_thread::Core>, core[df12db4294e9bfd3]::option::Option<()>)>
[INFO] [stdout]   16:     0x5b007de2ee1f - <tokio[f3c6410f8d38f65f]::runtime::scheduler::current_thread::CurrentThread>::block_on::<core[df12db4294e9bfd3]::pin::Pin<&mut dyn core[df12db4294e9bfd3]::future::future::Future<Output = ()>>>
[INFO] [stdout]   17:     0x5b007de40b32 - <tokio[f3c6410f8d38f65f]::runtime::runtime::Runtime>::block_on::<core[df12db4294e9bfd3]::pin::Pin<&mut dyn core[df12db4294e9bfd3]::future::future::Future<Output = ()>>>
[INFO] [stdout]   18:     0x5b007dde83db - redis_rust_demo[67e7295e90995a83]::demos::basic_operations::tests::test_key_operations_full_demo
[INFO] [stdout]   19:     0x5b007de4ea79 - <redis_rust_demo[67e7295e90995a83]::demos::basic_operations::tests::test_key_operations_full_demo::{closure#0} as core[df12db4294e9bfd3]::ops::function::FnOnce<()>>::call_once
[INFO] [stdout]   20:     0x5b007de5450b - test[9d35eded1c95d3be]::__rust_begin_short_backtrace::<core[df12db4294e9bfd3]::result::Result<(), alloc[2182bb758b4b3781]::string::String>, fn() -> core[df12db4294e9bfd3]::result::Result<(), alloc[2182bb758b4b3781]::string::String>>
[INFO] [stdout]   21:     0x5b007de61b75 - test[9d35eded1c95d3be]::run_test::{closure#0}
[INFO] [stdout]   22:     0x5b007de5b434 - std[70759c8f55707aa4]::sys::backtrace::__rust_begin_short_backtrace::<test[9d35eded1c95d3be]::run_test::{closure#1}, ()>
[INFO] [stdout]   23:     0x5b007de64cd2 - <std[70759c8f55707aa4]::thread::lifecycle::spawn_unchecked<test[9d35eded1c95d3be]::run_test::{closure#1}, ()>::{closure#1} as core[df12db4294e9bfd3]::ops::function::FnOnce<()>>::call_once::{shim:vtable#0}
[INFO] [stdout]   24:     0x5b007df9d919 - <std[70759c8f55707aa4]::sys::thread::unix::Thread>::new::thread_start
[INFO] [stdout]   25:     0x708468694dfa - <unknown>
[INFO] [stdout]   26:     0x7084687283d4 - clone
[INFO] [stdout]   27:                0x0 - <unknown>
[INFO] [stdout] 
[INFO] [stdout] ---- demos::basic_operations::tests::test_string_operations_set_get stdout ----
[INFO] [stdout] 
[INFO] [stdout] thread 'demos::basic_operations::tests::test_string_operations_set_get' (3716) panicked at src/demos/basic_operations.rs:185:60:
[INFO] [stdout] called `Result::unwrap()` on an `Err` value: Redis(Connection refused (os error 111))
[INFO] [stdout] stack backtrace:
[INFO] [stdout]    0:     0x5b007df9e5a1 - <<std[70759c8f55707aa4]::sys::backtrace::BacktraceLock>::print::DisplayBacktrace as core[df12db4294e9bfd3]::fmt::Display>::fmt
[INFO] [stdout]    1:     0x5b007dfb4b1a - core[df12db4294e9bfd3]::fmt::write
[INFO] [stdout]    2:     0x5b007dfa31fc - <alloc[2182bb758b4b3781]::vec::Vec<u8> as core[df12db4294e9bfd3]::io::write::Write>::write_fmt
[INFO] [stdout]    3:     0x5b007df791e6 - std[70759c8f55707aa4]::panicking::default_hook::{closure#0}
[INFO] [stdout]    4:     0x5b007df96319 - std[70759c8f55707aa4]::panicking::default_hook
[INFO] [stdout]    5:     0x5b007de61220 - test[9d35eded1c95d3be]::test_main_inner::<test[9d35eded1c95d3be]::test_main_static::{closure#0}>::{closure#0}
[INFO] [stdout]    6:     0x5b007df96642 - std[70759c8f55707aa4]::panicking::panic_with_hook
[INFO] [stdout]    7:     0x5b007df79292 - std[70759c8f55707aa4]::panicking::panic_handler::{closure#0}
[INFO] [stdout]    8:     0x5b007df71f39 - std[70759c8f55707aa4]::sys::backtrace::__rust_end_short_backtrace::<std[70759c8f55707aa4]::panicking::panic_handler::{closure#0}, !>
[INFO] [stdout]    9:     0x5b007df7a07d - __rustc[8fa7c3cbc660c2b3]::rust_begin_unwind
[INFO] [stdout]   10:     0x5b007dfb527c - core[df12db4294e9bfd3]::panicking::panic_fmt
[INFO] [stdout]   11:     0x5b007dfb5052 - core[df12db4294e9bfd3]::result::unwrap_failed
[INFO] [stdout]   12:     0x5b007dddd85f - redis_rust_demo[67e7295e90995a83]::demos::basic_operations::tests::cleanup_test_keys::{closure#0}
[INFO] [stdout]   13:     0x5b007dde3942 - redis_rust_demo[67e7295e90995a83]::demos::basic_operations::tests::test_string_operations_set_get::{closure#0}
[INFO] [stdout]   14:     0x5b007de2f313 - <tokio[f3c6410f8d38f65f]::runtime::scheduler::current_thread::Context>::enter::<core[df12db4294e9bfd3]::task::poll::Poll<()>, <tokio[f3c6410f8d38f65f]::runtime::scheduler::current_thread::CoreGuard>::block_on<core[df12db4294e9bfd3]::pin::Pin<&mut core[df12db4294e9bfd3]::pin::Pin<&mut dyn core[df12db4294e9bfd3]::future::future::Future<Output = ()>>>>::{closure#0}::{closure#0}>
[INFO] [stdout]   15:     0x5b007de43d2c - <tokio[f3c6410f8d38f65f]::runtime::context::scoped::Scoped<tokio[f3c6410f8d38f65f]::runtime::scheduler::Context>>::set::<<tokio[f3c6410f8d38f65f]::runtime::scheduler::current_thread::CoreGuard>::enter<<tokio[f3c6410f8d38f65f]::runtime::scheduler::current_thread::CoreGuard>::block_on<core[df12db4294e9bfd3]::pin::Pin<&mut core[df12db4294e9bfd3]::pin::Pin<&mut dyn core[df12db4294e9bfd3]::future::future::Future<Output = ()>>>>::{closure#0}, core[df12db4294e9bfd3]::option::Option<()>>::{closure#0}, (alloc[2182bb758b4b3781]::boxed::Box<tokio[f3c6410f8d38f65f]::runtime::scheduler::current_thread::Core>, core[df12db4294e9bfd3]::option::Option<()>)>
[INFO] [stdout]   16:     0x5b007de2ee1f - <tokio[f3c6410f8d38f65f]::runtime::scheduler::current_thread::CurrentThread>::block_on::<core[df12db4294e9bfd3]::pin::Pin<&mut dyn core[df12db4294e9bfd3]::future::future::Future<Output = ()>>>
[INFO] [stdout]   17:     0x5b007de40b32 - <tokio[f3c6410f8d38f65f]::runtime::runtime::Runtime>::block_on::<core[df12db4294e9bfd3]::pin::Pin<&mut dyn core[df12db4294e9bfd3]::future::future::Future<Output = ()>>>
[INFO] [stdout]   18:     0x5b007dde891b - redis_rust_demo[67e7295e90995a83]::demos::basic_operations::tests::test_string_operations_set_get
[INFO] [stdout]   19:     0x5b007de4eaf9 - <redis_rust_demo[67e7295e90995a83]::demos::basic_operations::tests::test_string_operations_set_get::{closure#0} as core[df12db4294e9bfd3]::ops::function::FnOnce<()>>::call_once
[INFO] [stdout]   20:     0x5b007de5450b - test[9d35eded1c95d3be]::__rust_begin_short_backtrace::<core[df12db4294e9bfd3]::result::Result<(), alloc[2182bb758b4b3781]::string::String>, fn() -> core[df12db4294e9bfd3]::result::Result<(), alloc[2182bb758b4b3781]::string::String>>
[INFO] [stdout]   21:     0x5b007de61b75 - test[9d35eded1c95d3be]::run_test::{closure#0}
[INFO] [stdout]   22:     0x5b007de5b434 - std[70759c8f55707aa4]::sys::backtrace::__rust_begin_short_backtrace::<test[9d35eded1c95d3be]::run_test::{closure#1}, ()>
[INFO] [stdout]   23:     0x5b007de64cd2 - <std[70759c8f55707aa4]::thread::lifecycle::spawn_unchecked<test[9d35eded1c95d3be]::run_test::{closure#1}, ()>::{closure#1} as core[df12db4294e9bfd3]::ops::function::FnOnce<()>>::call_once::{shim:vtable#0}
[INFO] [stdout]   24:     0x5b007df9d919 - <std[70759c8f55707aa4]::sys::thread::unix::Thread>::new::thread_start
[INFO] [stdout]   25:     0x708468694dfa - <unknown>
[INFO] [stdout]   26:     0x7084687283d4 - clone
[INFO] [stdout]   27:                0x0 - <unknown>
[INFO] [stdout] 
[INFO] [stdout] ---- demos::basic_operations::tests::test_key_operations_exists_del stdout ----
[INFO] [stdout] 
[INFO] [stdout] thread 'demos::basic_operations::tests::test_key_operations_exists_del' (3700) panicked at src/demos/basic_operations.rs:185:60:
[INFO] [stdout] called `Result::unwrap()` on an `Err` value: Redis(Connection refused (os error 111))
[INFO] [stdout] stack backtrace:
[INFO] [stdout]    0:     0x5b007df9e5a1 - <<std[70759c8f55707aa4]::sys::backtrace::BacktraceLock>::print::DisplayBacktrace as core[df12db4294e9bfd3]::fmt::Display>::fmt
[INFO] [stdout]    1:     0x5b007dfb4b1a - core[df12db4294e9bfd3]::fmt::write
[INFO] [stdout]    2:     0x5b007dfa31fc - <alloc[2182bb758b4b3781]::vec::Vec<u8> as core[df12db4294e9bfd3]::io::write::Write>::write_fmt
[INFO] [stdout]    3:     0x5b007df791e6 - std[70759c8f55707aa4]::panicking::default_hook::{closure#0}
[INFO] [stdout]    4:     0x5b007df96319 - std[70759c8f55707aa4]::panicking::default_hook
[INFO] [stdout]    5:     0x5b007de61220 - test[9d35eded1c95d3be]::test_main_inner::<test[9d35eded1c95d3be]::test_main_static::{closure#0}>::{closure#0}
[INFO] [stdout]    6:     0x5b007df96642 - std[70759c8f55707aa4]::panicking::panic_with_hook
[INFO] [stdout]    7:     0x5b007df79292 - std[70759c8f55707aa4]::panicking::panic_handler::{closure#0}
[INFO] [stdout]    8:     0x5b007df71f39 - std[70759c8f55707aa4]::sys::backtrace::__rust_end_short_backtrace::<std[70759c8f55707aa4]::panicking::panic_handler::{closure#0}, !>
[INFO] [stdout]    9:     0x5b007df7a07d - __rustc[8fa7c3cbc660c2b3]::rust_begin_unwind
[INFO] [stdout]   10:     0x5b007dfb527c - core[df12db4294e9bfd3]::panicking::panic_fmt
[INFO] [stdout]   11:     0x5b007dfb5052 - core[df12db4294e9bfd3]::result::unwrap_failed
[INFO] [stdout]   12:     0x5b007dddd85f - redis_rust_demo[67e7295e90995a83]::demos::basic_operations::tests::cleanup_test_keys::{closure#0}
[INFO] [stdout]   13:     0x5b007dde201a - redis_rust_demo[67e7295e90995a83]::demos::basic_operations::tests::test_key_operations_exists_del::{closure#0}
[INFO] [stdout]   14:     0x5b007de2f313 - <tokio[f3c6410f8d38f65f]::runtime::scheduler::current_thread::Context>::enter::<core[df12db4294e9bfd3]::task::poll::Poll<()>, <tokio[f3c6410f8d38f65f]::runtime::scheduler::current_thread::CoreGuard>::block_on<core[df12db4294e9bfd3]::pin::Pin<&mut core[df12db4294e9bfd3]::pin::Pin<&mut dyn core[df12db4294e9bfd3]::future::future::Future<Output = ()>>>>::{closure#0}::{closure#0}>
[INFO] [stdout]   15:     0x5b007de43d2c - <tokio[f3c6410f8d38f65f]::runtime::context::scoped::Scoped<tokio[f3c6410f8d38f65f]::runtime::scheduler::Context>>::set::<<tokio[f3c6410f8d38f65f]::runtime::scheduler::current_thread::CoreGuard>::enter<<tokio[f3c6410f8d38f65f]::runtime::scheduler::current_thread::CoreGuard>::block_on<core[df12db4294e9bfd3]::pin::Pin<&mut core[df12db4294e9bfd3]::pin::Pin<&mut dyn core[df12db4294e9bfd3]::future::future::Future<Output = ()>>>>::{closure#0}, core[df12db4294e9bfd3]::option::Option<()>>::{closure#0}, (alloc[2182bb758b4b3781]::boxed::Box<tokio[f3c6410f8d38f65f]::runtime::scheduler::current_thread::Core>, core[df12db4294e9bfd3]::option::Option<()>)>
[INFO] [stdout]   16:     0x5b007de2ee1f - <tokio[f3c6410f8d38f65f]::runtime::scheduler::current_thread::CurrentThread>::block_on::<core[df12db4294e9bfd3]::pin::Pin<&mut dyn core[df12db4294e9bfd3]::future::future::Future<Output = ()>>>
[INFO] [stdout]   17:     0x5b007de40b32 - <tokio[f3c6410f8d38f65f]::runtime::runtime::Runtime>::block_on::<core[df12db4294e9bfd3]::pin::Pin<&mut dyn core[df12db4294e9bfd3]::future::future::Future<Output = ()>>>
[INFO] [stdout]   18:     0x5b007dde867b - redis_rust_demo[67e7295e90995a83]::demos::basic_operations::tests::test_key_operations_exists_del
[INFO] [stdout]   19:     0x5b007de4eab9 - <redis_rust_demo[67e7295e90995a83]::demos::basic_operations::tests::test_key_operations_exists_del::{closure#0} as core[df12db4294e9bfd3]::ops::function::FnOnce<()>>::call_once
[INFO] [stdout]   20:     0x5b007de5450b - test[9d35eded1c95d3be]::__rust_begin_short_backtrace::<core[df12db4294e9bfd3]::result::Result<(), alloc[2182bb758b4b3781]::string::String>, fn() -> core[df12db4294e9bfd3]::result::Result<(), alloc[2182bb758b4b3781]::string::String>>
[INFO] [stdout]   21:     0x5b007de61b75 - test[9d35eded1c95d3be]::run_test::{closure#0}
[INFO] [stdout]   22:     0x5b007de5b434 - std[70759c8f55707aa4]::sys::backtrace::__rust_begin_short_backtrace::<test[9d35eded1c95d3be]::run_test::{closure#1}, ()>
[INFO] [stdout]   23:     0x5b007de64cd2 - <std[70759c8f55707aa4]::thread::lifecycle::spawn_unchecked<test[9d35eded1c95d3be]::run_test::{closure#1}, ()>::{closure#1} as core[df12db4294e9bfd3]::ops::function::FnOnce<()>>::call_once::{shim:vtable#0}
[INFO] [stdout]   24:     0x5b007df9d919 - <std[70759c8f55707aa4]::sys::thread::unix::Thread>::new::thread_start
[INFO] [stdout]   25:     0x708468694dfa - <unknown>
[INFO] [stdout]   26:     0x7084687283d4 - clone
[INFO] [stdout]   27:                0x0 - <unknown>
[INFO] [stdout] 
[INFO] [stdout] ---- demos::basic_operations::tests::test_string_operations_full_demo stdout ----
[INFO] [stdout] 
[INFO] [stdout] thread 'demos::basic_operations::tests::test_string_operations_full_demo' (3707) panicked at src/demos/basic_operations.rs:185:60:
[INFO] [stdout] called `Result::unwrap()` on an `Err` value: Redis(Connection refused (os error 111))
[INFO] [stdout] stack backtrace:
[INFO] [stdout]    0:     0x5b007df9e5a1 - <<std[70759c8f55707aa4]::sys::backtrace::BacktraceLock>::print::DisplayBacktrace as core[df12db4294e9bfd3]::fmt::Display>::fmt
[INFO] [stdout]    1:     0x5b007dfb4b1a - core[df12db4294e9bfd3]::fmt::write
[INFO] [stdout]    2:     0x5b007dfa31fc - <alloc[2182bb758b4b3781]::vec::Vec<u8> as core[df12db4294e9bfd3]::io::write::Write>::write_fmt
[INFO] [stdout]    3:     0x5b007df791e6 - std[70759c8f55707aa4]::panicking::default_hook::{closure#0}
[INFO] [stdout]    4:     0x5b007df96319 - std[70759c8f55707aa4]::panicking::default_hook
[INFO] [stdout]    5:     0x5b007de61220 - test[9d35eded1c95d3be]::test_main_inner::<test[9d35eded1c95d3be]::test_main_static::{closure#0}>::{closure#0}
[INFO] [stdout]    6:     0x5b007df96642 - std[70759c8f55707aa4]::panicking::panic_with_hook
[INFO] [stdout]    7:     0x5b007df79292 - std[70759c8f55707aa4]::panicking::panic_handler::{closure#0}
[INFO] [stdout]    8:     0x5b007df71f39 - std[70759c8f55707aa4]::sys::backtrace::__rust_end_short_backtrace::<std[70759c8f55707aa4]::panicking::panic_handler::{closure#0}, !>
[INFO] [stdout]    9:     0x5b007df7a07d - __rustc[8fa7c3cbc660c2b3]::rust_begin_unwind
[INFO] [stdout]   10:     0x5b007dfb527c - core[df12db4294e9bfd3]::panicking::panic_fmt
[INFO] [stdout]   11:     0x5b007dfb5052 - core[df12db4294e9bfd3]::result::unwrap_failed
[INFO] [stdout]   12:     0x5b007dddd85f - redis_rust_demo[67e7295e90995a83]::demos::basic_operations::tests::cleanup_test_keys::{closure#0}
[INFO] [stdout]   13:     0x5b007dde4365 - redis_rust_demo[67e7295e90995a83]::demos::basic_operations::tests::test_string_operations_full_demo::{closure#0}
[INFO] [stdout]   14:     0x5b007de2f313 - <tokio[f3c6410f8d38f65f]::runtime::scheduler::current_thread::Context>::enter::<core[df12db4294e9bfd3]::task::poll::Poll<()>, <tokio[f3c6410f8d38f65f]::runtime::scheduler::current_thread::CoreGuard>::block_on<core[df12db4294e9bfd3]::pin::Pin<&mut core[df12db4294e9bfd3]::pin::Pin<&mut dyn core[df12db4294e9bfd3]::future::future::Future<Output = ()>>>>::{closure#0}::{closure#0}>
[INFO] [stdout]   15:     0x5b007de43d2c - <tokio[f3c6410f8d38f65f]::runtime::context::scoped::Scoped<tokio[f3c6410f8d38f65f]::runtime::scheduler::Context>>::set::<<tokio[f3c6410f8d38f65f]::runtime::scheduler::current_thread::CoreGuard>::enter<<tokio[f3c6410f8d38f65f]::runtime::scheduler::current_thread::CoreGuard>::block_on<core[df12db4294e9bfd3]::pin::Pin<&mut core[df12db4294e9bfd3]::pin::Pin<&mut dyn core[df12db4294e9bfd3]::future::future::Future<Output = ()>>>>::{closure#0}, core[df12db4294e9bfd3]::option::Option<()>>::{closure#0}, (alloc[2182bb758b4b3781]::boxed::Box<tokio[f3c6410f8d38f65f]::runtime::scheduler::current_thread::Core>, core[df12db4294e9bfd3]::option::Option<()>)>
[INFO] [stdout]   16:     0x5b007de2ee1f - <tokio[f3c6410f8d38f65f]::runtime::scheduler::current_thread::CurrentThread>::block_on::<core[df12db4294e9bfd3]::pin::Pin<&mut dyn core[df12db4294e9bfd3]::future::future::Future<Output = ()>>>
[INFO] [stdout]   17:     0x5b007de40b32 - <tokio[f3c6410f8d38f65f]::runtime::runtime::Runtime>::block_on::<core[df12db4294e9bfd3]::pin::Pin<&mut dyn core[df12db4294e9bfd3]::future::future::Future<Output = ()>>>
[INFO] [stdout]   18:     0x5b007dde8a6b - redis_rust_demo[67e7295e90995a83]::demos::basic_operations::tests::test_string_operations_full_demo
[INFO] [stdout]   19:     0x5b007de4eb19 - <redis_rust_demo[67e7295e90995a83]::demos::basic_operations::tests::test_string_operations_full_demo::{closure#0} as core[df12db4294e9bfd3]::ops::function::FnOnce<()>>::call_once
[INFO] [stdout]   20:     0x5b007de5450b - test[9d35eded1c95d3be]::__rust_begin_short_backtrace::<core[df12db4294e9bfd3]::result::Result<(), alloc[2182bb758b4b3781]::string::String>, fn() -> core[df12db4294e9bfd3]::result::Result<(), alloc[2182bb758b4b3781]::string::String>>
[INFO] [stdout]   21:     0x5b007de61b75 - test[9d35eded1c95d3be]::run_test::{closure#0}
[INFO] [stdout]   22:     0x5b007de5b434 - std[70759c8f55707aa4]::sys::backtrace::__rust_begin_short_backtrace::<test[9d35eded1c95d3be]::run_test::{closure#1}, ()>
[INFO] [stdout]   23:     0x5b007de64cd2 - <std[70759c8f55707aa4]::thread::lifecycle::spawn_unchecked<test[9d35eded1c95d3be]::run_test::{closure#1}, ()>::{closure#1} as core[df12db4294e9bfd3]::ops::function::FnOnce<()>>::call_once::{shim:vtable#0}
[INFO] [stdout]   24:     0x5b007df9d919 - <std[70759c8f55707aa4]::sys::thread::unix::Thread>::new::thread_start
[INFO] [stdout]   25:     0x708468694dfa - <unknown>
[INFO] [stdout]   26:     0x7084687283d4 - clone
[INFO] [stdout]   27:                0x0 - <unknown>
[INFO] [stdout] 
[INFO] [stdout] ---- demos::basic_operations::tests::test_string_operations_mset_mget stdout ----
[INFO] [stdout] 
[INFO] [stdout] thread 'demos::basic_operations::tests::test_string_operations_mset_mget' (3713) panicked at src/demos/basic_operations.rs:185:60:
[INFO] [stdout] called `Result::unwrap()` on an `Err` value: Redis(Connection refused (os error 111))
[INFO] [stdout] stack backtrace:
[INFO] [stdout]    0:     0x5b007df9e5a1 - <<std[70759c8f55707aa4]::sys::backtrace::BacktraceLock>::print::DisplayBacktrace as core[df12db4294e9bfd3]::fmt::Display>::fmt
[INFO] [stdout]    1:     0x5b007dfb4b1a - core[df12db4294e9bfd3]::fmt::write
[INFO] [stdout]    2:     0x5b007dfa31fc - <alloc[2182bb758b4b3781]::vec::Vec<u8> as core[df12db4294e9bfd3]::io::write::Write>::write_fmt
[INFO] [stdout]    3:     0x5b007df791e6 - std[70759c8f55707aa4]::panicking::default_hook::{closure#0}
[INFO] [stdout]    4:     0x5b007df96319 - std[70759c8f55707aa4]::panicking::default_hook
[INFO] [stdout]    5:     0x5b007de61220 - test[9d35eded1c95d3be]::test_main_inner::<test[9d35eded1c95d3be]::test_main_static::{closure#0}>::{closure#0}
[INFO] [stdout]    6:     0x5b007df96642 - std[70759c8f55707aa4]::panicking::panic_with_hook
[INFO] [stdout]    7:     0x5b007df79292 - std[70759c8f55707aa4]::panicking::panic_handler::{closure#0}
[INFO] [stdout]    8:     0x5b007df71f39 - std[70759c8f55707aa4]::sys::backtrace::__rust_end_short_backtrace::<std[70759c8f55707aa4]::panicking::panic_handler::{closure#0}, !>
[INFO] [stdout]    9:     0x5b007df7a07d - __rustc[8fa7c3cbc660c2b3]::rust_begin_unwind
[INFO] [stdout]   10:     0x5b007dfb527c - core[df12db4294e9bfd3]::panicking::panic_fmt
[INFO] [stdout]   11:     0x5b007dfb5052 - core[df12db4294e9bfd3]::result::unwrap_failed
[INFO] [stdout]   12:     0x5b007dddd85f - redis_rust_demo[67e7295e90995a83]::demos::basic_operations::tests::cleanup_test_keys::{closure#0}
[INFO] [stdout]   13:     0x5b007dde75e4 - redis_rust_demo[67e7295e90995a83]::demos::basic_operations::tests::test_string_operations_mset_mget::{closure#0}
[INFO] [stdout]   14:     0x5b007de2f313 - <tokio[f3c6410f8d38f65f]::runtime::scheduler::current_thread::Context>::enter::<core[df12db4294e9bfd3]::task::poll::Poll<()>, <tokio[f3c6410f8d38f65f]::runtime::scheduler::current_thread::CoreGuard>::block_on<core[df12db4294e9bfd3]::pin::Pin<&mut core[df12db4294e9bfd3]::pin::Pin<&mut dyn core[df12db4294e9bfd3]::future::future::Future<Output = ()>>>>::{closure#0}::{closure#0}>
[INFO] [stdout]   15:     0x5b007de43d2c - <tokio[f3c6410f8d38f65f]::runtime::context::scoped::Scoped<tokio[f3c6410f8d38f65f]::runtime::scheduler::Context>>::set::<<tokio[f3c6410f8d38f65f]::runtime::scheduler::current_thread::CoreGuard>::enter<<tokio[f3c6410f8d38f65f]::runtime::scheduler::current_thread::CoreGuard>::block_on<core[df12db4294e9bfd3]::pin::Pin<&mut core[df12db4294e9bfd3]::pin::Pin<&mut dyn core[df12db4294e9bfd3]::future::future::Future<Output = ()>>>>::{closure#0}, core[df12db4294e9bfd3]::option::Option<()>>::{closure#0}, (alloc[2182bb758b4b3781]::boxed::Box<tokio[f3c6410f8d38f65f]::runtime::scheduler::current_thread::Core>, core[df12db4294e9bfd3]::option::Option<()>)>
[INFO] [stdout]   16:     0x5b007de2ee1f - <tokio[f3c6410f8d38f65f]::runtime::scheduler::current_thread::CurrentThread>::block_on::<core[df12db4294e9bfd3]::pin::Pin<&mut dyn core[df12db4294e9bfd3]::future::future::Future<Output = ()>>>
[INFO] [stdout]   17:     0x5b007de40b32 - <tokio[f3c6410f8d38f65f]::runtime::runtime::Runtime>::block_on::<core[df12db4294e9bfd3]::pin::Pin<&mut dyn core[df12db4294e9bfd3]::future::future::Future<Output = ()>>>
[INFO] [stdout]   18:     0x5b007dde8d0b - redis_rust_demo[67e7295e90995a83]::demos::basic_operations::tests::test_string_operations_mset_mget
[INFO] [stdout]   19:     0x5b007de4eb59 - <redis_rust_demo[67e7295e90995a83]::demos::basic_operations::tests::test_string_operations_mset_mget::{closure#0} as core[df12db4294e9bfd3]::ops::function::FnOnce<()>>::call_once
[INFO] [stdout]   20:     0x5b007de5450b - test[9d35eded1c95d3be]::__rust_begin_short_backtrace::<core[df12db4294e9bfd3]::result::Result<(), alloc[2182bb758b4b3781]::string::String>, fn() -> core[df12db4294e9bfd3]::result::Result<(), alloc[2182bb758b4b3781]::string::String>>
[INFO] [stdout]   21:     0x5b007de61b75 - test[9d35eded1c95d3be]::run_test::{closure#0}
[INFO] [stdout]   22:     0x5b007de5b434 - std[70759c8f55707aa4]::sys::backtrace::__rust_begin_short_backtrace::<test[9d35eded1c95d3be]::run_test::{closure#1}, ()>
[INFO] [stdout]   23:     0x5b007de64cd2 - <std[70759c8f55707aa4]::thread::lifecycle::spawn_unchecked<test[9d35eded1c95d3be]::run_test::{closure#1}, ()>::{closure#1} as core[df12db4294e9bfd3]::ops::function::FnOnce<()>>::call_once::{shim:vtable#0}
[INFO] [stdout]   24:     0x5b007df9d919 - <std[70759c8f55707aa4]::sys::thread::unix::Thread>::new::thread_start
[INFO] [stdout]   25:     0x708468694dfa - <unknown>
[INFO] [stdout]   26:     0x7084687283d4 - clone
[INFO] [stdout]   27:                0x0 - <unknown>
[INFO] [stdout] 
[INFO] [stdout] ---- demos::data_structures::data_structures_tests::hash_tests::test_hash_operations stdout ----
[INFO] [stdout] 
[INFO] [stdout] thread 'demos::data_structures::data_structures_tests::hash_tests::test_hash_operations' (3722) panicked at src/demos/data_structures_tests.rs:198:60:
[INFO] [stdout] called `Result::unwrap()` on an `Err` value: Redis(Connection refused (os error 111))
[INFO] [stdout] stack backtrace:
[INFO] [stdout]    0:     0x5b007df9e5a1 - <<std[70759c8f55707aa4]::sys::backtrace::BacktraceLock>::print::DisplayBacktrace as core[df12db4294e9bfd3]::fmt::Display>::fmt
[INFO] [stdout]    1:     0x5b007dfb4b1a - core[df12db4294e9bfd3]::fmt::write
[INFO] [stdout]    2:     0x5b007dfa31fc - <alloc[2182bb758b4b3781]::vec::Vec<u8> as core[df12db4294e9bfd3]::io::write::Write>::write_fmt
[INFO] [stdout]    3:     0x5b007df791e6 - std[70759c8f55707aa4]::panicking::default_hook::{closure#0}
[INFO] [stdout]    4:     0x5b007df96319 - std[70759c8f55707aa4]::panicking::default_hook
[INFO] [stdout]    5:     0x5b007de61220 - test[9d35eded1c95d3be]::test_main_inner::<test[9d35eded1c95d3be]::test_main_static::{closure#0}>::{closure#0}
[INFO] [stdout]    6:     0x5b007df96642 - std[70759c8f55707aa4]::panicking::panic_with_hook
[INFO] [stdout]    7:     0x5b007df79292 - std[70759c8f55707aa4]::panicking::panic_handler::{closure#0}
[INFO] [stdout]    8:     0x5b007df71f39 - std[70759c8f55707aa4]::sys::backtrace::__rust_end_short_backtrace::<std[70759c8f55707aa4]::panicking::panic_handler::{closure#0}, !>
[INFO] [stdout]    9:     0x5b007df7a07d - __rustc[8fa7c3cbc660c2b3]::rust_begin_unwind
[INFO] [stdout]   10:     0x5b007dfb527c - core[df12db4294e9bfd3]::panicking::panic_fmt
[INFO] [stdout]   11:     0x5b007dfb5052 - core[df12db4294e9bfd3]::result::unwrap_failed
[INFO] [stdout]   12:     0x5b007ddf04db - redis_rust_demo[67e7295e90995a83]::demos::data_structures::data_structures_tests::hash_tests::cleanup_keys::{closure#0}
[INFO] [stdout]   13:     0x5b007ddf5a3f - redis_rust_demo[67e7295e90995a83]::demos::data_structures::data_structures_tests::hash_tests::test_hash_operations::{closure#0}
[INFO] [stdout]   14:     0x5b007de2f313 - <tokio[f3c6410f8d38f65f]::runtime::scheduler::current_thread::Context>::enter::<core[df12db4294e9bfd3]::task::poll::Poll<()>, <tokio[f3c6410f8d38f65f]::runtime::scheduler::current_thread::CoreGuard>::block_on<core[df12db4294e9bfd3]::pin::Pin<&mut core[df12db4294e9bfd3]::pin::Pin<&mut dyn core[df12db4294e9bfd3]::future::future::Future<Output = ()>>>>::{closure#0}::{closure#0}>
[INFO] [stdout]   15:     0x5b007de43d2c - <tokio[f3c6410f8d38f65f]::runtime::context::scoped::Scoped<tokio[f3c6410f8d38f65f]::runtime::scheduler::Context>>::set::<<tokio[f3c6410f8d38f65f]::runtime::scheduler::current_thread::CoreGuard>::enter<<tokio[f3c6410f8d38f65f]::runtime::scheduler::current_thread::CoreGuard>::block_on<core[df12db4294e9bfd3]::pin::Pin<&mut core[df12db4294e9bfd3]::pin::Pin<&mut dyn core[df12db4294e9bfd3]::future::future::Future<Output = ()>>>>::{closure#0}, core[df12db4294e9bfd3]::option::Option<()>>::{closure#0}, (alloc[2182bb758b4b3781]::boxed::Box<tokio[f3c6410f8d38f65f]::runtime::scheduler::current_thread::Core>, core[df12db4294e9bfd3]::option::Option<()>)>
[INFO] [stdout]   16:     0x5b007de2ee1f - <tokio[f3c6410f8d38f65f]::runtime::scheduler::current_thread::CurrentThread>::block_on::<core[df12db4294e9bfd3]::pin::Pin<&mut dyn core[df12db4294e9bfd3]::future::future::Future<Output = ()>>>
[INFO] [stdout]   17:     0x5b007de40b32 - <tokio[f3c6410f8d38f65f]::runtime::runtime::Runtime>::block_on::<core[df12db4294e9bfd3]::pin::Pin<&mut dyn core[df12db4294e9bfd3]::future::future::Future<Output = ()>>>
[INFO] [stdout]   18:     0x5b007ddf749b - redis_rust_demo[67e7295e90995a83]::demos::data_structures::data_structures_tests::hash_tests::test_hash_operations
[INFO] [stdout]   19:     0x5b007de50989 - <redis_rust_demo[67e7295e90995a83]::demos::data_structures::data_structures_tests::hash_tests::test_hash_operations::{closure#0} as core[df12db4294e9bfd3]::ops::function::FnOnce<()>>::call_once
[INFO] [stdout]   20:     0x5b007de5450b - test[9d35eded1c95d3be]::__rust_begin_short_backtrace::<core[df12db4294e9bfd3]::result::Result<(), alloc[2182bb758b4b3781]::string::String>, fn() -> core[df12db4294e9bfd3]::result::Result<(), alloc[2182bb758b4b3781]::string::String>>
[INFO] [stdout]   21:     0x5b007de61b75 - test[9d35eded1c95d3be]::run_test::{closure#0}
[INFO] [stdout]   22:     0x5b007de5b434 - std[70759c8f55707aa4]::sys::backtrace::__rust_begin_short_backtrace::<test[9d35eded1c95d3be]::run_test::{closure#1}, ()>
[INFO] [stdout]   23:     0x5b007de64cd2 - <std[70759c8f55707aa4]::thread::lifecycle::spawn_unchecked<test[9d35eded1c95d3be]::run_test::{closure#1}, ()>::{closure#1} as core[df12db4294e9bfd3]::ops::function::FnOnce<()>>::call_once::{shim:vtable#0}
[INFO] [stdout]   24:     0x5b007df9d919 - <std[70759c8f55707aa4]::sys::thread::unix::Thread>::new::thread_start
[INFO] [stdout]   25:     0x708468694dfa - <unknown>
[INFO] [stdout]   26:     0x7084687283d4 - clone
[INFO] [stdout]   27:                0x0 - <unknown>
[INFO] [stdout] 
[INFO] [stdout] ---- demos::data_structures::data_structures_tests::hash_tests::test_hash_demo_full stdout ----
[INFO] [stdout] 
[INFO] [stdout] thread 'demos::data_structures::data_structures_tests::hash_tests::test_hash_demo_full' (3718) panicked at src/demos/data_structures_tests.rs:295:9:
[INFO] [stdout] assertion failed: result.is_ok()
[INFO] [stdout] stack backtrace:
[INFO] [stdout]    0:     0x5b007df9e5a1 - <<std[70759c8f55707aa4]::sys::backtrace::BacktraceLock>::print::DisplayBacktrace as core[df12db4294e9bfd3]::fmt::Display>::fmt
[INFO] [stdout]    1:     0x5b007dfb4b1a - core[df12db4294e9bfd3]::fmt::write
[INFO] [stdout]    2:     0x5b007dfa31fc - <alloc[2182bb758b4b3781]::vec::Vec<u8> as core[df12db4294e9bfd3]::io::write::Write>::write_fmt
[INFO] [stdout]    3:     0x5b007df791e6 - std[70759c8f55707aa4]::panicking::default_hook::{closure#0}
[INFO] [stdout]    4:     0x5b007df96319 - std[70759c8f55707aa4]::panicking::default_hook
[INFO] [stdout]    5:     0x5b007de61220 - test[9d35eded1c95d3be]::test_main_inner::<test[9d35eded1c95d3be]::test_main_static::{closure#0}>::{closure#0}
[INFO] [stdout]    6:     0x5b007df96642 - std[70759c8f55707aa4]::panicking::panic_with_hook
[INFO] [stdout]    7:     0x5b007df792c4 - std[70759c8f55707aa4]::panicking::panic_handler::{closure#0}
[INFO] [stdout]    8:     0x5b007df71f39 - std[70759c8f55707aa4]::sys::backtrace::__rust_end_short_backtrace::<std[70759c8f55707aa4]::panicking::panic_handler::{closure#0}, !>
[INFO] [stdout]    9:     0x5b007df7a07d - __rustc[8fa7c3cbc660c2b3]::rust_begin_unwind
[INFO] [stdout]   10:     0x5b007dfb527c - core[df12db4294e9bfd3]::panicking::panic_fmt
[INFO] [stdout]   11:     0x5b007dfb5242 - core[df12db4294e9bfd3]::panicking::panic
[INFO] [stdout]   12:     0x5b007ddf4418 - redis_rust_demo[67e7295e90995a83]::demos::data_structures::data_structures_tests::hash_tests::test_hash_demo_full::{closure#0}
[INFO] [stdout]   13:     0x5b007de2f313 - <tokio[f3c6410f8d38f65f]::runtime::scheduler::current_thread::Context>::enter::<core[df12db4294e9bfd3]::task::poll::Poll<()>, <tokio[f3c6410f8d38f65f]::runtime::scheduler::current_thread::CoreGuard>::block_on<core[df12db4294e9bfd3]::pin::Pin<&mut core[df12db4294e9bfd3]::pin::Pin<&mut dyn core[df12db4294e9bfd3]::future::future::Future<Output = ()>>>>::{closure#0}::{closure#0}>
[INFO] [stdout]   14:     0x5b007de43d2c - <tokio[f3c6410f8d38f65f]::runtime::context::scoped::Scoped<tokio[f3c6410f8d38f65f]::runtime::scheduler::Context>>::set::<<tokio[f3c6410f8d38f65f]::runtime::scheduler::current_thread::CoreGuard>::enter<<tokio[f3c6410f8d38f65f]::runtime::scheduler::current_thread::CoreGuard>::block_on<core[df12db4294e9bfd3]::pin::Pin<&mut core[df12db4294e9bfd3]::pin::Pin<&mut dyn core[df12db4294e9bfd3]::future::future::Future<Output = ()>>>>::{closure#0}, core[df12db4294e9bfd3]::option::Option<()>>::{closure#0}, (alloc[2182bb758b4b3781]::boxed::Box<tokio[f3c6410f8d38f65f]::runtime::scheduler::current_thread::Core>, core[df12db4294e9bfd3]::option::Option<()>)>
[INFO] [stdout]   15:     0x5b007de2ee1f - <tokio[f3c6410f8d38f65f]::runtime::scheduler::current_thread::CurrentThread>::block_on::<core[df12db4294e9bfd3]::pin::Pin<&mut dyn core[df12db4294e9bfd3]::future::future::Future<Output = ()>>>
[INFO] [stdout]   16:     0x5b007de40b32 - <tokio[f3c6410f8d38f65f]::runtime::runtime::Runtime>::block_on::<core[df12db4294e9bfd3]::pin::Pin<&mut dyn core[df12db4294e9bfd3]::future::future::Future<Output = ()>>>
[INFO] [stdout]   17:     0x5b007ddf71ab - redis_rust_demo[67e7295e90995a83]::demos::data_structures::data_structures_tests::hash_tests::test_hash_demo_full
[INFO] [stdout]   18:     0x5b007de50949 - <redis_rust_demo[67e7295e90995a83]::demos::data_structures::data_structures_tests::hash_tests::test_hash_demo_full::{closure#0} as core[df12db4294e9bfd3]::ops::function::FnOnce<()>>::call_once
[INFO] [stdout]   19:     0x5b007de5450b - test[9d35eded1c95d3be]::__rust_begin_short_backtrace::<core[df12db4294e9bfd3]::result::Result<(), alloc[2182bb758b4b3781]::string::String>, fn() -> core[df12db4294e9bfd3]::result::Result<(), alloc[2182bb758b4b3781]::string::String>>
[INFO] [stdout]   20:     0x5b007de61b75 - test[9d35eded1c95d3be]::run_test::{closure#0}
[INFO] [stdout]   21:     0x5b007de5b434 - std[70759c8f55707aa4]::sys::backtrace::__rust_begin_short_backtrace::<test[9d35eded1c95d3be]::run_test::{closure#1}, ()>
[INFO] [stdout]   22:     0x5b007de64cd2 - <std[70759c8f55707aa4]::thread::lifecycle::spawn_unchecked<test[9d35eded1c95d3be]::run_test::{closure#1}, ()>::{closure#1} as core[df12db4294e9bfd3]::ops::function::FnOnce<()>>::call_once::{shim:vtable#0}
[INFO] [stdout]   23:     0x5b007df9d919 - <std[70759c8f55707aa4]::sys::thread::unix::Thread>::new::thread_start
[INFO] [stdout]   24:     0x708468694dfa - <unknown>
[INFO] [stdout]   25:     0x7084687283d4 - clone
[INFO] [stdout]   26:                0x0 - <unknown>
[INFO] [stdout] 
[INFO] [stdout] ---- demos::data_structures::data_structures_tests::hash_tests::test_hash_increment stdout ----
[INFO] [stdout] 
[INFO] [stdout] thread 'demos::data_structures::data_structures_tests::hash_tests::test_hash_increment' (3720) panicked at src/demos/data_structures_tests.rs:198:60:
[INFO] [stdout] called `Result::unwrap()` on an `Err` value: Redis(Connection refused (os error 111))
[INFO] [stdout] stack backtrace:
[INFO] [stdout]    0:     0x5b007df9e5a1 - <<std[70759c8f55707aa4]::sys::backtrace::BacktraceLock>::print::DisplayBacktrace as core[df12db4294e9bfd3]::fmt::Display>::fmt
[INFO] [stdout]    1:     0x5b007dfb4b1a - core[df12db4294e9bfd3]::fmt::write
[INFO] [stdout]    2:     0x5b007dfa31fc - <alloc[2182bb758b4b3781]::vec::Vec<u8> as core[df12db4294e9bfd3]::io::write::Write>::write_fmt
[INFO] [stdout]    3:     0x5b007df791e6 - std[70759c8f55707aa4]::panicking::default_hook::{closure#0}
[INFO] [stdout]    4:     0x5b007df96319 - std[70759c8f55707aa4]::panicking::default_hook
[INFO] [stdout]    5:     0x5b007de61220 - test[9d35eded1c95d3be]::test_main_inner::<test[9d35eded1c95d3be]::test_main_static::{closure#0}>::{closure#0}
[INFO] [stdout]    6:     0x5b007df96642 - std[70759c8f55707aa4]::panicking::panic_with_hook
[INFO] [stdout]    7:     0x5b007df79292 - std[70759c8f55707aa4]::panicking::panic_handler::{closure#0}
[INFO] [stdout]    8:     0x5b007df71f39 - std[70759c8f55707aa4]::sys::backtrace::__rust_end_short_backtrace::<std[70759c8f55707aa4]::panicking::panic_handler::{closure#0}, !>
[INFO] [stdout]    9:     0x5b007df7a07d - __rustc[8fa7c3cbc660c2b3]::rust_begin_unwind
[INFO] [stdout]   10:     0x5b007dfb527c - core[df12db4294e9bfd3]::panicking::panic_fmt
[INFO] [stdout]   11:     0x5b007dfb5052 - core[df12db4294e9bfd3]::result::unwrap_failed
[INFO] [stdout]   12:     0x5b007ddf04db - redis_rust_demo[67e7295e90995a83]::demos::data_structures::data_structures_tests::hash_tests::cleanup_keys::{closure#0}
[INFO] [stdout]   13:     0x5b007ddf4df0 - redis_rust_demo[67e7295e90995a83]::demos::data_structures::data_structures_tests::hash_tests::test_hash_increment::{closure#0}
[INFO] [stdout]   14:     0x5b007de2f313 - <tokio[f3c6410f8d38f65f]::runtime::scheduler::current_thread::Context>::enter::<core[df12db4294e9bfd3]::task::poll::Poll<()>, <tokio[f3c6410f8d38f65f]::runtime::scheduler::current_thread::CoreGuard>::block_on<core[df12db4294e9bfd3]::pin::Pin<&mut core[df12db4294e9bfd3]::pin::Pin<&mut dyn core[df12db4294e9bfd3]::future::future::Future<Output = ()>>>>::{closure#0}::{closure#0}>
[INFO] [stdout]   15:     0x5b007de43d2c - <tokio[f3c6410f8d38f65f]::runtime::context::scoped::Scoped<tokio[f3c6410f8d38f65f]::runtime::scheduler::Context>>::set::<<tokio[f3c6410f8d38f65f]::runtime::scheduler::current_thread::CoreGuard>::enter<<tokio[f3c6410f8d38f65f]::runtime::scheduler::current_thread::CoreGuard>::block_on<core[df12db4294e9bfd3]::pin::Pin<&mut core[df12db4294e9bfd3]::pin::Pin<&mut dyn core[df12db4294e9bfd3]::future::future::Future<Output = ()>>>>::{closure#0}, core[df12db4294e9bfd3]::option::Option<()>>::{closure#0}, (alloc[2182bb758b4b3781]::boxed::Box<tokio[f3c6410f8d38f65f]::runtime::scheduler::current_thread::Core>, core[df12db4294e9bfd3]::option::Option<()>)>
[INFO] [stdout]   16:     0x5b007de2ee1f - <tokio[f3c6410f8d38f65f]::runtime::scheduler::current_thread::CurrentThread>::block_on::<core[df12db4294e9bfd3]::pin::Pin<&mut dyn core[df12db4294e9bfd3]::future::future::Future<Output = ()>>>
[INFO] [stdout]   17:     0x5b007de40b32 - <tokio[f3c6410f8d38f65f]::runtime::runtime::Runtime>::block_on::<core[df12db4294e9bfd3]::pin::Pin<&mut dyn core[df12db4294e9bfd3]::future::future::Future<Output = ()>>>
[INFO] [stdout]   18:     0x5b007ddf734b - redis_rust_demo[67e7295e90995a83]::demos::data_structures::data_structures_tests::hash_tests::test_hash_increment
[INFO] [stdout]   19:     0x5b007de50969 - <redis_rust_demo[67e7295e90995a83]::demos::data_structures::data_structures_tests::hash_tests::test_hash_increment::{closure#0} as core[df12db4294e9bfd3]::ops::function::FnOnce<()>>::call_once
[INFO] [stdout]   20:     0x5b007de5450b - test[9d35eded1c95d3be]::__rust_begin_short_backtrace::<core[df12db4294e9bfd3]::result::Result<(), alloc[2182bb758b4b3781]::string::String>, fn() -> core[df12db4294e9bfd3]::result::Result<(), alloc[2182bb758b4b3781]::string::String>>
[INFO] [stdout]   21:     0x5b007de61b75 - test[9d35eded1c95d3be]::run_test::{closure#0}
[INFO] [stdout]   22:     0x5b007de5b434 - std[70759c8f55707aa4]::sys::backtrace::__rust_begin_short_backtrace::<test[9d35eded1c95d3be]::run_test::{closure#1}, ()>
[INFO] [stdout]   23:     0x5b007de64cd2 - <std[70759c8f55707aa4]::thread::lifecycle::spawn_unchecked<test[9d35eded1c95d3be]::run_test::{closure#1}, ()>::{closure#1} as core[df12db4294e9bfd3]::ops::function::FnOnce<()>>::call_once::{shim:vtable#0}
[INFO] [stdout]   24:     0x5b007df9d919 - <std[70759c8f55707aa4]::sys::thread::unix::Thread>::new::thread_start
[INFO] [stdout]   25:     0x708468694dfa - <unknown>
[INFO] [stdout]   26:     0x7084687283d4 - clone
[INFO] [stdout]   27:                0x0 - <unknown>
[INFO] [stdout] 
[INFO] [stdout] ---- demos::data_structures::data_structures_tests::list_tests::test_list_demo_full stdout ----
[INFO] [stdout] 
[INFO] [stdout] thread 'demos::data_structures::data_structures_tests::list_tests::test_list_demo_full' (3726) panicked at src/demos/data_structures_tests.rs:76:9:
[INFO] [stdout] assertion failed: result.is_ok()
[INFO] [stdout] stack backtrace:
[INFO] [stdout]    0:     0x5b007df9e5a1 - <<std[70759c8f55707aa4]::sys::backtrace::BacktraceLock>::print::DisplayBacktrace as core[df12db4294e9bfd3]::fmt::Display>::fmt
[INFO] [stdout]    1:     0x5b007dfb4b1a - core[df12db4294e9bfd3]::fmt::write
[INFO] [stdout]    2:     0x5b007dfa31fc - <alloc[2182bb758b4b3781]::vec::Vec<u8> as core[df12db4294e9bfd3]::io::write::Write>::write_fmt
[INFO] [stdout]    3:     0x5b007df791e6 - std[70759c8f55707aa4]::panicking::default_hook::{closure#0}
[INFO] [stdout]    4:     0x5b007df96319 - std[70759c8f55707aa4]::panicking::default_hook
[INFO] [stdout]    5:     0x5b007de61220 - test[9d35eded1c95d3be]::test_main_inner::<test[9d35eded1c95d3be]::test_main_static::{closure#0}>::{closure#0}
[INFO] [stdout]    6:     0x5b007df96642 - std[70759c8f55707aa4]::panicking::panic_with_hook
[INFO] [stdout]    7:     0x5b007df792c4 - std[70759c8f55707aa4]::panicking::panic_handler::{closure#0}
[INFO] [stdout]    8:     0x5b007df71f39 - std[70759c8f55707aa4]::sys::backtrace::__rust_end_short_backtrace::<std[70759c8f55707aa4]::panicking::panic_handler::{closure#0}, !>
[INFO] [stdout]    9:     0x5b007df7a07d - __rustc[8fa7c3cbc660c2b3]::rust_begin_unwind
[INFO] [stdout]   10:     0x5b007dfb527c - core[df12db4294e9bfd3]::panicking::panic_fmt
[INFO] [stdout]   11:     0x5b007dfb5242 - core[df12db4294e9bfd3]::panicking::panic
[INFO] [stdout]   12:     0x5b007de1d352 - redis_rust_demo[67e7295e90995a83]::demos::data_structures::data_structures_tests::list_tests::test_list_demo_full::{closure#0}
[INFO] [stdout]   13:     0x5b007de2f313 - <tokio[f3c6410f8d38f65f]::runtime::scheduler::current_thread::Context>::enter::<core[df12db4294e9bfd3]::task::poll::Poll<()>, <tokio[f3c6410f8d38f65f]::runtime::scheduler::current_thread::CoreGuard>::block_on<core[df12db4294e9bfd3]::pin::Pin<&mut core[df12db4294e9bfd3]::pin::Pin<&mut dyn core[df12db4294e9bfd3]::future::future::Future<Output = ()>>>>::{closure#0}::{closure#0}>
[INFO] [stdout]   14:     0x5b007de43d2c - <tokio[f3c6410f8d38f65f]::runtime::context::scoped::Scoped<tokio[f3c6410f8d38f65f]::runtime::scheduler::Context>>::set::<<tokio[f3c6410f8d38f65f]::runtime::scheduler::current_thread::CoreGuard>::enter<<tokio[f3c6410f8d38f65f]::runtime::scheduler::current_thread::CoreGuard>::block_on<core[df12db4294e9bfd3]::pin::Pin<&mut core[df12db4294e9bfd3]::pin::Pin<&mut dyn core[df12db4294e9bfd3]::future::future::Future<Output = ()>>>>::{closure#0}, core[df12db4294e9bfd3]::option::Option<()>>::{closure#0}, (alloc[2182bb758b4b3781]::boxed::Box<tokio[f3c6410f8d38f65f]::runtime::scheduler::current_thread::Core>, core[df12db4294e9bfd3]::option::Option<()>)>
[INFO] [stdout]   15:     0x5b007de2ee1f - <tokio[f3c6410f8d38f65f]::runtime::scheduler::current_thread::CurrentThread>::block_on::<core[df12db4294e9bfd3]::pin::Pin<&mut dyn core[df12db4294e9bfd3]::future::future::Future<Output = ()>>>
[INFO] [stdout]   16:     0x5b007de40b32 - <tokio[f3c6410f8d38f65f]::runtime::runtime::Runtime>::block_on::<core[df12db4294e9bfd3]::pin::Pin<&mut dyn core[df12db4294e9bfd3]::future::future::Future<Output = ()>>>
[INFO] [stdout]   17:     0x5b007de1f5cb - redis_rust_demo[67e7295e90995a83]::demos::data_structures::data_structures_tests::list_tests::test_list_demo_full
[INFO] [stdout]   18:     0x5b007de509c9 - <redis_rust_demo[67e7295e90995a83]::demos::data_structures::data_structures_tests::list_tests::test_list_demo_full::{closure#0} as core[df12db4294e9bfd3]::ops::function::FnOnce<()>>::call_once
[INFO] [stdout]   19:     0x5b007de5450b - test[9d35eded1c95d3be]::__rust_begin_short_backtrace::<core[df12db4294e9bfd3]::result::Result<(), alloc[2182bb758b4b3781]::string::String>, fn() -> core[df12db4294e9bfd3]::result::Result<(), alloc[2182bb758b4b3781]::string::String>>
[INFO] [stdout]   20:     0x5b007de61b75 - test[9d35eded1c95d3be]::run_test::{closure#0}
[INFO] [stdout]   21:     0x5b007de5b434 - std[70759c8f55707aa4]::sys::backtrace::__rust_begin_short_backtrace::<test[9d35eded1c95d3be]::run_test::{closure#1}, ()>
[INFO] [stdout]   22:     0x5b007de64cd2 - <std[70759c8f55707aa4]::thread::lifecycle::spawn_unchecked<test[9d35eded1c95d3be]::run_test::{closure#1}, ()>::{closure#1} as core[df12db4294e9bfd3]::ops::function::FnOnce<()>>::call_once::{shim:vtable#0}
[INFO] [stdout]   23:     0x5b007df9d919 - <std[70759c8f55707aa4]::sys::thread::unix::Thread>::new::thread_start
[INFO] [stdout]   24:     0x708468694dfa - <unknown>
[INFO] [stdout]   25:     0x7084687283d4 - clone
[INFO] [stdout]   26:                0x0 - <unknown>
[INFO] [stdout] 
[INFO] [stdout] ---- demos::data_structures::data_structures_tests::list_tests::test_list_operations stdout ----
[INFO] [stdout] 
[INFO] [stdout] thread 'demos::data_structures::data_structures_tests::list_tests::test_list_operations' (3728) panicked at src/demos/data_structures_tests.rs:12:60:
[INFO] [stdout] called `Result::unwrap()` on an `Err` value: Redis(Connection refused (os error 111))
[INFO] [stdout] stack backtrace:
[INFO] [stdout]    0:     0x5b007df9e5a1 - <<std[70759c8f55707aa4]::sys::backtrace::BacktraceLock>::print::DisplayBacktrace as core[df12db4294e9bfd3]::fmt::Display>::fmt
[INFO] [stdout]    1:     0x5b007dfb4b1a - core[df12db4294e9bfd3]::fmt::write
[INFO] [stdout]    2:     0x5b007dfa31fc - <alloc[2182bb758b4b3781]::vec::Vec<u8> as core[df12db4294e9bfd3]::io::write::Write>::write_fmt
[INFO] [stdout]    3:     0x5b007df791e6 - std[70759c8f55707aa4]::panicking::default_hook::{closure#0}
[INFO] [stdout]    4:     0x5b007df96319 - std[70759c8f55707aa4]::panicking::default_hook
[INFO] [stdout]    5:     0x5b007de61220 - test[9d35eded1c95d3be]::test_main_inner::<test[9d35eded1c95d3be]::test_main_static::{closure#0}>::{closure#0}
[INFO] [stdout]    6:     0x5b007df96642 - std[70759c8f55707aa4]::panicking::panic_with_hook
[INFO] [stdout]    7:     0x5b007df79292 - std[70759c8f55707aa4]::panicking::panic_handler::{closure#0}
[INFO] [stdout]    8:     0x5b007df71f39 - std[70759c8f55707aa4]::sys::backtrace::__rust_end_short_backtrace::<std[70759c8f55707aa4]::panicking::panic_handler::{closure#0}, !>
[INFO] [stdout]    9:     0x5b007df7a07d - __rustc[8fa7c3cbc660c2b3]::rust_begin_unwind
[INFO] [stdout]   10:     0x5b007dfb527c - core[df12db4294e9bfd3]::panicking::panic_fmt
[INFO] [stdout]   11:     0x5b007dfb5052 - core[df12db4294e9bfd3]::result::unwrap_failed
[INFO] [stdout]   12:     0x5b007de198b0 - redis_rust_demo[67e7295e90995a83]::demos::data_structures::data_structures_tests::list_tests::cleanup_keys::{closure#0}
[INFO] [stdout]   13:     0x5b007de1e1b3 - redis_rust_demo[67e7295e90995a83]::demos::data_structures::data_structures_tests::list_tests::test_list_operations::{closure#0}
[INFO] [stdout]   14:     0x5b007de2f313 - <tokio[f3c6410f8d38f65f]::runtime::scheduler::current_thread::Context>::enter::<core[df12db4294e9bfd3]::task::poll::Poll<()>, <tokio[f3c6410f8d38f65f]::runtime::scheduler::current_thread::CoreGuard>::block_on<core[df12db4294e9bfd3]::pin::Pin<&mut core[df12db4294e9bfd3]::pin::Pin<&mut dyn core[df12db4294e9bfd3]::future::future::Future<Output = ()>>>>::{closure#0}::{closure#0}>
[INFO] [stdout]   15:     0x5b007de43d2c - <tokio[f3c6410f8d38f65f]::runtime::context::scoped::Scoped<tokio[f3c6410f8d38f65f]::runtime::scheduler::Context>>::set::<<tokio[f3c6410f8d38f65f]::runtime::scheduler::current_thread::CoreGuard>::enter<<tokio[f3c6410f8d38f65f]::runtime::scheduler::current_thread::CoreGuard>::block_on<core[df12db4294e9bfd3]::pin::Pin<&mut core[df12db4294e9bfd3]::pin::Pin<&mut dyn core[df12db4294e9bfd3]::future::future::Future<Output = ()>>>>::{closure#0}, core[df12db4294e9bfd3]::option::Option<()>>::{closure#0}, (alloc[2182bb758b4b3781]::boxed::Box<tokio[f3c6410f8d38f65f]::runtime::scheduler::current_thread::Core>, core[df12db4294e9bfd3]::option::Option<()>)>
[INFO] [stdout]   16:     0x5b007de2ee1f - <tokio[f3c6410f8d38f65f]::runtime::scheduler::current_thread::CurrentThread>::block_on::<core[df12db4294e9bfd3]::pin::Pin<&mut dyn core[df12db4294e9bfd3]::future::future::Future<Output = ()>>>
[INFO] [stdout]   17:     0x5b007de40b32 - <tokio[f3c6410f8d38f65f]::runtime::runtime::Runtime>::block_on::<core[df12db4294e9bfd3]::pin::Pin<&mut dyn core[df12db4294e9bfd3]::future::future::Future<Output = ()>>>
[INFO] [stdout]   18:     0x5b007de1f76b - redis_rust_demo[67e7295e90995a83]::demos::data_structures::data_structures_tests::list_tests::test_list_operations
[INFO] [stdout]   19:     0x5b007de509e9 - <redis_rust_demo[67e7295e90995a83]::demos::data_structures::data_structures_tests::list_tests::test_list_operations::{closure#0} as core[df12db4294e9bfd3]::ops::function::FnOnce<()>>::call_once
[INFO] [stdout]   20:     0x5b007de5450b - test[9d35eded1c95d3be]::__rust_begin_short_backtrace::<core[df12db4294e9bfd3]::result::Result<(), alloc[2182bb758b4b3781]::string::String>, fn() -> core[df12db4294e9bfd3]::result::Result<(), alloc[2182bb758b4b3781]::string::String>>
[INFO] [stdout]   21:     0x5b007de61b75 - test[9d35eded1c95d3be]::run_test::{closure#0}
[INFO] [stdout]   22:     0x5b007de5b434 - std[70759c8f55707aa4]::sys::backtrace::__rust_begin_short_backtrace::<test[9d35eded1c95d3be]::run_test::{closure#1}, ()>
[INFO] [stdout]   23:     0x5b007de64cd2 - <std[70759c8f55707aa4]::thread::lifecycle::spawn_unchecked<test[9d35eded1c95d3be]::run_test::{closure#1}, ()>::{closure#1} as core[df12db4294e9bfd3]::ops::function::FnOnce<()>>::call_once::{shim:vtable#0}
[INFO] [stdout]   24:     0x5b007df9d919 - <std[70759c8f55707aa4]::sys::thread::unix::Thread>::new::thread_start
[INFO] [stdout]   25:     0x708468694dfa - <unknown>
[INFO] [stdout]   26:     0x7084687283d4 - clone
[INFO] [stdout]   27:                0x0 - <unknown>
[INFO] [stdout] 
[INFO] [stdout] ---- demos::data_structures::data_structures_tests::hash_tests::test_hash_set_get stdout ----
[INFO] [stdout] 
[INFO] [stdout] thread 'demos::data_structures::data_structures_tests::hash_tests::test_hash_set_get' (3724) panicked at src/demos/data_structures_tests.rs:198:60:
[INFO] [stdout] called `Result::unwrap()` on an `Err` value: Redis(Connection refused (os error 111))
[INFO] [stdout] stack backtrace:
[INFO] [stdout]    0:     0x5b007df9e5a1 - <<std[70759c8f55707aa4]::sys::backtrace::BacktraceLock>::print::DisplayBacktrace as core[df12db4294e9bfd3]::fmt::Display>::fmt
[INFO] [stdout]    1:     0x5b007dfb4b1a - core[df12db4294e9bfd3]::fmt::write
[INFO] [stdout]    2:     0x5b007dfa31fc - <alloc[2182bb758b4b3781]::vec::Vec<u8> as core[df12db4294e9bfd3]::io::write::Write>::write_fmt
[INFO] [stdout]    3:     0x5b007df791e6 - std[70759c8f55707aa4]::panicking::default_hook::{closure#0}
[INFO] [stdout]    4:     0x5b007df96319 - std[70759c8f55707aa4]::panicking::default_hook
[INFO] [stdout]    5:     0x5b007de61220 - test[9d35eded1c95d3be]::test_main_inner::<test[9d35eded1c95d3be]::test_main_static::{closure#0}>::{closure#0}
[INFO] [stdout]    6:     0x5b007df96642 - std[70759c8f55707aa4]::panicking::panic_with_hook
[INFO] [stdout]    7:     0x5b007df79292 - std[70759c8f55707aa4]::panicking::panic_handler::{closure#0}
[INFO] [stdout]    8:     0x5b007df71f39 - std[70759c8f55707aa4]::sys::backtrace::__rust_end_short_backtrace::<std[70759c8f55707aa4]::panicking::panic_handler::{closure#0}, !>
[INFO] [stdout]    9:     0x5b007df7a07d - __rustc[8fa7c3cbc660c2b3]::rust_begin_unwind
[INFO] [stdout]   10:     0x5b007dfb527c - core[df12db4294e9bfd3]::panicking::panic_fmt
[INFO] [stdout]   11:     0x5b007dfb5052 - core[df12db4294e9bfd3]::result::unwrap_failed
[INFO] [stdout]   12:     0x5b007ddf04db - redis_rust_demo[67e7295e90995a83]::demos::data_structures::data_structures_tests::hash_tests::cleanup_keys::{closure#0}
[INFO] [stdout]   13:     0x5b007ddf070b - redis_rust_demo[67e7295e90995a83]::demos::data_structures::data_structures_tests::hash_tests::test_hash_set_get::{closure#0}
[INFO] [stdout]   14:     0x5b007de2f313 - <tokio[f3c6410f8d38f65f]::runtime::scheduler::current_thread::Context>::enter::<core[df12db4294e9bfd3]::task::poll::Poll<()>, <tokio[f3c6410f8d38f65f]::runtime::scheduler::current_thread::CoreGuard>::block_on<core[df12db4294e9bfd3]::pin::Pin<&mut core[df12db4294e9bfd3]::pin::Pin<&mut dyn core[df12db4294e9bfd3]::future::future::Future<Output = ()>>>>::{closure#0}::{closure#0}>
[INFO] [stdout]   15:     0x5b007de43d2c - <tokio[f3c6410f8d38f65f]::runtime::context::scoped::Scoped<tokio[f3c6410f8d38f65f]::runtime::scheduler::Context>>::set::<<tokio[f3c6410f8d38f65f]::runtime::scheduler::current_thread::CoreGuard>::enter<<tokio[f3c6410f8d38f65f]::runtime::scheduler::current_thread::CoreGuard>::block_on<core[df12db4294e9bfd3]::pin::Pin<&mut core[df12db4294e9bfd3]::pin::Pin<&mut dyn core[df12db4294e9bfd3]::future::future::Future<Output = ()>>>>::{closure#0}, core[df12db4294e9bfd3]::option::Option<()>>::{closure#0}, (alloc[2182bb758b4b3781]::boxed::Box<tokio[f3c6410f8d38f65f]::runtime::scheduler::current_thread::Core>, core[df12db4294e9bfd3]::option::Option<()>)>
[INFO] [stderr] error: test failed, to rerun pass `--lib`
[INFO] [stdout]   16:     0x5b007de2ee1f - <tokio[f3c6410f8d38f65f]::runtime::scheduler::current_thread::CurrentThread>::block_on::<core[df12db4294e9bfd3]::pin::Pin<&mut dyn core[df12db4294e9bfd3]::future::future::Future<Output = ()>>>
[INFO] [stdout]   17:     0x5b007de40b32 - <tokio[f3c6410f8d38f65f]::runtime::runtime::Runtime>::block_on::<core[df12db4294e9bfd3]::pin::Pin<&mut dyn core[df12db4294e9bfd3]::future::future::Future<Output = ()>>>
[INFO] [stdout]   18:     0x5b007ddf705b - redis_rust_demo[67e7295e90995a83]::demos::data_structures::data_structures_tests::hash_tests::test_hash_set_get
[INFO] [stdout]   19:     0x5b007de50929 - <redis_rust_demo[67e7295e90995a83]::demos::data_structures::data_structures_tests::hash_tests::test_hash_set_get::{closure#0} as core[df12db4294e9bfd3]::ops::function::FnOnce<()>>::call_once
[INFO] [stdout]   20:     0x5b007de5450b - test[9d35eded1c95d3be]::__rust_begin_short_backtrace::<core[df12db4294e9bfd3]::result::Result<(), alloc[2182bb758b4b3781]::string::String>, fn() -> core[df12db4294e9bfd3]::result::Result<(), alloc[2182bb758b4b3781]::string::String>>
[INFO] [stdout]   21:     0x5b007de61b75 - test[9d35eded1c95d3be]::run_test::{closure#0}
[INFO] [stdout]   22:     0x5b007de5b434 - std[70759c8f55707aa4]::sys::backtrace::__rust_begin_short_backtrace::<test[9d35eded1c95d3be]::run_test::{closure#1}, ()>
[INFO] [stdout]   23:     0x5b007de64cd2 - <std[70759c8f55707aa4]::thread::lifecycle::spawn_unchecked<test[9d35eded1c95d3be]::run_test::{closure#1}, ()>::{closure#1} as core[df12db4294e9bfd3]::ops::function::FnOnce<()>>::call_once::{shim:vtable#0}
[INFO] [stdout]   24:     0x5b007df9d919 - <std[70759c8f55707aa4]::sys::thread::unix::Thread>::new::thread_start
[INFO] [stdout]   25:     0x708468694dfa - <unknown>
[INFO] [stdout]   26:     0x7084687283d4 - clone
[INFO] [stdout]   27:                0x0 - <unknown>
[INFO] [stdout] 
[INFO] [stdout] ---- demos::data_structures::data_structures_tests::set_tests::test_set_operations stdout ----
[INFO] [stdout] 
[INFO] [stdout] thread 'demos::data_structures::data_structures_tests::set_tests::test_set_operations' (3738) panicked at src/demos/data_structures_tests.rs:91:60:
[INFO] [stdout] called `Result::unwrap()` on an `Err` value: Redis(Connection refused (os error 111))
[INFO] [stdout] stack backtrace:
[INFO] [stdout]    0:     0x5b007df9e5a1 - <<std[70759c8f55707aa4]::sys::backtrace::BacktraceLock>::print::DisplayBacktrace as core[df12db4294e9bfd3]::fmt::Display>::fmt
[INFO] [stdout]    1:     0x5b007dfb4b1a - core[df12db4294e9bfd3]::fmt::write
[INFO] [stdout]    2:     0x5b007dfa31fc - <alloc[2182bb758b4b3781]::vec::Vec<u8> as core[df12db4294e9bfd3]::io::write::Write>::write_fmt
[INFO] [stdout]    3:     0x5b007df791e6 - std[70759c8f55707aa4]::panicking::default_hook::{closure#0}
[INFO] [stdout]    4:     0x5b007df96319 - std[70759c8f55707aa4]::panicking::default_hook
[INFO] [stdout]    5:     0x5b007de61220 - test[9d35eded1c95d3be]::test_main_inner::<test[9d35eded1c95d3be]::test_main_static::{closure#0}>::{closure#0}
[INFO] [stdout]    6:     0x5b007df96642 - std[70759c8f55707aa4]::panicking::panic_with_hook
[INFO] [stdout]    7:     0x5b007df79292 - std[70759c8f55707aa4]::panicking::panic_handler::{closure#0}
[INFO] [stdout]    8:     0x5b007df71f39 - std[70759c8f55707aa4]::sys::backtrace::__rust_end_short_backtrace::<std[70759c8f55707aa4]::panicking::panic_handler::{closure#0}, !>
[INFO] [stdout]    9:     0x5b007df7a07d - __rustc[8fa7c3cbc660c2b3]::rust_begin_unwind
[INFO] [stdout]   10:     0x5b007dfb527c - core[df12db4294e9bfd3]::panicking::panic_fmt
[INFO] [stdout]   11:     0x5b007dfb5052 - core[df12db4294e9bfd3]::result::unwrap_failed
[INFO] [stdout]   12:     0x5b007de0f150 - redis_rust_demo[67e7295e90995a83]::demos::data_structures::data_structures_tests::set_tests::cleanup_keys::{closure#0}
[INFO] [stdout]   13:     0x5b007de107a1 - redis_rust_demo[67e7295e90995a83]::demos::data_structures::data_structures_tests::set_tests::test_set_operations::{closure#0}
[INFO] [stdout]   14:     0x5b007de2f313 - <tokio[f3c6410f8d38f65f]::runtime::scheduler::current_thread::Context>::enter::<core[df12db4294e9bfd3]::task::poll::Poll<()>, <tokio[f3c6410f8d38f65f]::runtime::scheduler::current_thread::CoreGuard>::block_on<core[df12db4294e9bfd3]::pin::Pin<&mut core[df12db4294e9bfd3]::pin::Pin<&mut dyn core[df12db4294e9bfd3]::future::future::Future<Output = ()>>>>::{closure#0}::{closure#0}>
[INFO] [stdout]   15:     0x5b007de43d2c - <tokio[f3c6410f8d38f65f]::runtime::context::scoped::Scoped<tokio[f3c6410f8d38f65f]::runtime::scheduler::Context>>::set::<<tokio[f3c6410f8d38f65f]::runtime::scheduler::current_thread::CoreGuard>::enter<<tokio[f3c6410f8d38f65f]::runtime::scheduler::current_thread::CoreGuard>::block_on<core[df12db4294e9bfd3]::pin::Pin<&mut core[df12db4294e9bfd3]::pin::Pin<&mut dyn core[df12db4294e9bfd3]::future::future::Future<Output = ()>>>>::{closure#0}, core[df12db4294e9bfd3]::option::Option<()>>::{closure#0}, (alloc[2182bb758b4b3781]::boxed::Box<tokio[f3c6410f8d38f65f]::runtime::scheduler::current_thread::Core>, core[df12db4294e9bfd3]::option::Option<()>)>
[INFO] [stdout]   16:     0x5b007de2ee1f - <tokio[f3c6410f8d38f65f]::runtime::scheduler::current_thread::CurrentThread>::block_on::<core[df12db4294e9bfd3]::pin::Pin<&mut dyn core[df12db4294e9bfd3]::future::future::Future<Output = ()>>>
[INFO] [stdout]   17:     0x5b007de40b32 - <tokio[f3c6410f8d38f65f]::runtime::runtime::Runtime>::block_on::<core[df12db4294e9bfd3]::pin::Pin<&mut dyn core[df12db4294e9bfd3]::future::future::Future<Output = ()>>>
[INFO] [stdout]   18:     0x5b007de12f1b - redis_rust_demo[67e7295e90995a83]::demos::data_structures::data_structures_tests::set_tests::test_set_operations
[INFO] [stdout]   19:     0x5b007de50a49 - <redis_rust_demo[67e7295e90995a83]::demos::data_structures::data_structures_tests::set_tests::test_set_operations::{closure#0} as core[df12db4294e9bfd3]::ops::function::FnOnce<()>>::call_once
[INFO] [stdout]   20:     0x5b007de5450b - test[9d35eded1c95d3be]::__rust_begin_short_backtrace::<core[df12db4294e9bfd3]::result::Result<(), alloc[2182bb758b4b3781]::string::String>, fn() -> core[df12db4294e9bfd3]::result::Result<(), alloc[2182bb758b4b3781]::string::String>>
[INFO] [stdout]   21:     0x5b007de61b75 - test[9d35eded1c95d3be]::run_test::{closure#0}
[INFO] [stdout]   22:     0x5b007de5b434 - std[70759c8f55707aa4]::sys::backtrace::__rust_begin_short_backtrace::<test[9d35eded1c95d3be]::run_test::{closure#1}, ()>
[INFO] [stdout]   23:     0x5b007de64cd2 - <std[70759c8f55707aa4]::thread::lifecycle::spawn_unchecked<test[9d35eded1c95d3be]::run_test::{closure#1}, ()>::{closure#1} as core[df12db4294e9bfd3]::ops::function::FnOnce<()>>::call_once::{shim:vtable#0}
[INFO] [stdout]   24:     0x5b007df9d919 - <std[70759c8f55707aa4]::sys::thread::unix::Thread>::new::thread_start
[INFO] [stdout]   25:     0x708468694dfa - <unknown>
[INFO] [stdout]   26:     0x7084687283d4 - clone
[INFO] [stdout]   27:                0x0 - <unknown>
[INFO] [stdout] 
[INFO] [stdout] ---- demos::data_structures::data_structures_tests::set_tests::test_set_membership stdout ----
[INFO] [stdout] 
[INFO] [stdout] thread 'demos::data_structures::data_structures_tests::set_tests::test_set_membership' (3736) panicked at src/demos/data_structures_tests.rs:91:60:
[INFO] [stdout] called `Result::unwrap()` on an `Err` value: Redis(Connection refused (os error 111))
[INFO] [stdout] stack backtrace:
[INFO] [stdout]    0:     0x5b007df9e5a1 - <<std[70759c8f55707aa4]::sys::backtrace::BacktraceLock>::print::DisplayBacktrace as core[df12db4294e9bfd3]::fmt::Display>::fmt
[INFO] [stdout]    1:     0x5b007dfb4b1a - core[df12db4294e9bfd3]::fmt::write
[INFO] [stdout]    2:     0x5b007dfa31fc - <alloc[2182bb758b4b3781]::vec::Vec<u8> as core[df12db4294e9bfd3]::io::write::Write>::write_fmt
[INFO] [stdout]    3:     0x5b007df791e6 - std[70759c8f55707aa4]::panicking::default_hook::{closure#0}
[INFO] [stdout]    4:     0x5b007df96319 - std[70759c8f55707aa4]::panicking::default_hook
[INFO] [stdout]    5:     0x5b007de61220 - test[9d35eded1c95d3be]::test_main_inner::<test[9d35eded1c95d3be]::test_main_static::{closure#0}>::{closure#0}
[INFO] [stdout]    6:     0x5b007df96642 - std[70759c8f55707aa4]::panicking::panic_with_hook
[INFO] [stdout]    7:     0x5b007df79292 - std[70759c8f55707aa4]::panicking::panic_handler::{closure#0}
[INFO] [stdout]    8:     0x5b007df71f39 - std[70759c8f55707aa4]::sys::backtrace::__rust_end_short_backtrace::<std[70759c8f55707aa4]::panicking::panic_handler::{closure#0}, !>
[INFO] [stdout]    9:     0x5b007df7a07d - __rustc[8fa7c3cbc660c2b3]::rust_begin_unwind
[INFO] [stdout]   10:     0x5b007dfb527c - core[df12db4294e9bfd3]::panicking::panic_fmt
[INFO] [stdout]   11:     0x5b007dfb5052 - core[df12db4294e9bfd3]::result::unwrap_failed
[INFO] [stdout]   12:     0x5b007de0f150 - redis_rust_demo[67e7295e90995a83]::demos::data_structures::data_structures_tests::set_tests::cleanup_keys::{closure#0}
[INFO] [stdout]   13:     0x5b007de0f743 - redis_rust_demo[67e7295e90995a83]::demos::data_structures::data_structures_tests::set_tests::test_set_membership::{closure#0}
[INFO] [stdout]   14:     0x5b007de2f313 - <tokio[f3c6410f8d38f65f]::runtime::scheduler::current_thread::Context>::enter::<core[df12db4294e9bfd3]::task::poll::Poll<()>, <tokio[f3c6410f8d38f65f]::runtime::scheduler::current_thread::CoreGuard>::block_on<core[df12db4294e9bfd3]::pin::Pin<&mut core[df12db4294e9bfd3]::pin::Pin<&mut dyn core[df12db4294e9bfd3]::future::future::Future<Output = ()>>>>::{closure#0}::{closure#0}>
[INFO] [stdout]   15:     0x5b007de43d2c - <tokio[f3c6410f8d38f65f]::runtime::context::scoped::Scoped<tokio[f3c6410f8d38f65f]::runtime::scheduler::Context>>::set::<<tokio[f3c6410f8d38f65f]::runtime::scheduler::current_thread::CoreGuard>::enter<<tokio[f3c6410f8d38f65f]::runtime::scheduler::current_thread::CoreGuard>::block_on<core[df12db4294e9bfd3]::pin::Pin<&mut core[df12db4294e9bfd3]::pin::Pin<&mut dyn core[df12db4294e9bfd3]::future::future::Future<Output = ()>>>>::{closure#0}, core[df12db4294e9bfd3]::option::Option<()>>::{closure#0}, (alloc[2182bb758b4b3781]::boxed::Box<tokio[f3c6410f8d38f65f]::runtime::scheduler::current_thread::Core>, core[df12db4294e9bfd3]::option::Option<()>)>
[INFO] [stdout]   16:     0x5b007de2ee1f - <tokio[f3c6410f8d38f65f]::runtime::scheduler::current_thread::CurrentThread>::block_on::<core[df12db4294e9bfd3]::pin::Pin<&mut dyn core[df12db4294e9bfd3]::future::future::Future<Output = ()>>>
[INFO] [stdout]   17:     0x5b007de40b32 - <tokio[f3c6410f8d38f65f]::runtime::runtime::Runtime>::block_on::<core[df12db4294e9bfd3]::pin::Pin<&mut dyn core[df12db4294e9bfd3]::future::future::Future<Output = ()>>>
[INFO] [stdout]   18:     0x5b007de12dcb - redis_rust_demo[67e7295e90995a83]::demos::data_structures::data_structures_tests::set_tests::test_set_membership
[INFO] [stdout]   19:     0x5b007de50a29 - <redis_rust_demo[67e7295e90995a83]::demos::data_structures::data_structures_tests::set_tests::test_set_membership::{closure#0} as core[df12db4294e9bfd3]::ops::function::FnOnce<()>>::call_once
[INFO] [stdout]   20:     0x5b007de5450b - test[9d35eded1c95d3be]::__rust_begin_short_backtrace::<core[df12db4294e9bfd3]::result::Result<(), alloc[2182bb758b4b3781]::string::String>, fn() -> core[df12db4294e9bfd3]::result::Result<(), alloc[2182bb758b4b3781]::string::String>>
[INFO] [stdout]   21:     0x5b007de61b75 - test[9d35eded1c95d3be]::run_test::{closure#0}
[INFO] [stdout]   22:     0x5b007de5b434 - std[70759c8f55707aa4]::sys::backtrace::__rust_begin_short_backtrace::<test[9d35eded1c95d3be]::run_test::{closure#1}, ()>
[INFO] [stdout]   23:     0x5b007de64cd2 - <std[70759c8f55707aa4]::thread::lifecycle::spawn_unchecked<test[9d35eded1c95d3be]::run_test::{closure#1}, ()>::{closure#1} as core[df12db4294e9bfd3]::ops::function::FnOnce<()>>::call_once::{shim:vtable#0}
[INFO] [stdout]   24:     0x5b007df9d919 - <std[70759c8f55707aa4]::sys::thread::unix::Thread>::new::thread_start
[INFO] [stdout]   25:     0x708468694dfa - <unknown>
[INFO] [stdout]   26:     0x7084687283d4 - clone
[INFO] [stdout]   27:                0x0 - <unknown>
[INFO] [stdout] 
[INFO] [stdout] ---- demos::data_structures::data_structures_tests::list_tests::test_list_push_pop stdout ----
[INFO] [stdout] 
[INFO] [stdout] thread 'demos::data_structures::data_structures_tests::list_tests::test_list_push_pop' (3730) panicked at src/demos/data_structures_tests.rs:12:60:
[INFO] [stdout] called `Result::unwrap()` on an `Err` value: Redis(Connection refused (os error 111))
[INFO] [stdout] stack backtrace:
[INFO] [stdout]    0:     0x5b007df9e5a1 - <<std[70759c8f55707aa4]::sys::backtrace::BacktraceLock>::print::DisplayBacktrace as core[df12db4294e9bfd3]::fmt::Display>::fmt
[INFO] [stdout]    1:     0x5b007dfb4b1a - core[df12db4294e9bfd3]::fmt::write
[INFO] [stdout]    2:     0x5b007dfa31fc - <alloc[2182bb758b4b3781]::vec::Vec<u8> as core[df12db4294e9bfd3]::io::write::Write>::write_fmt
[INFO] [stdout]    3:     0x5b007df791e6 - std[70759c8f55707aa4]::panicking::default_hook::{closure#0}
[INFO] [stdout]    4:     0x5b007df96319 - std[70759c8f55707aa4]::panicking::default_hook
[INFO] [stdout]    5:     0x5b007de61220 - test[9d35eded1c95d3be]::test_main_inner::<test[9d35eded1c95d3be]::test_main_static::{closure#0}>::{closure#0}
[INFO] [stdout]    6:     0x5b007df96642 - std[70759c8f55707aa4]::panicking::panic_with_hook
[INFO] [stdout]    7:     0x5b007df79292 - std[70759c8f55707aa4]::panicking::panic_handler::{closure#0}
[INFO] [stdout]    8:     0x5b007df71f39 - std[70759c8f55707aa4]::sys::backtrace::__rust_end_short_backtrace::<std[70759c8f55707aa4]::panicking::panic_handler::{closure#0}, !>
[INFO] [stdout]    9:     0x5b007df7a07d - __rustc[8fa7c3cbc660c2b3]::rust_begin_unwind
[INFO] [stdout]   10:     0x5b007dfb527c - core[df12db4294e9bfd3]::panicking::panic_fmt
[INFO] [stdout]   11:     0x5b007dfb5052 - core[df12db4294e9bfd3]::result::unwrap_failed
[INFO] [stdout]   12:     0x5b007de198b0 - redis_rust_demo[67e7295e90995a83]::demos::data_structures::data_structures_tests::list_tests::cleanup_keys::{closure#0}
[INFO] [stdout]   13:     0x5b007de19b31 - redis_rust_demo[67e7295e90995a83]::demos::data_structures::data_structures_tests::list_tests::test_list_push_pop::{closure#0}
[INFO] [stdout]   14:     0x5b007de2f313 - <tokio[f3c6410f8d38f65f]::runtime::scheduler::current_thread::Context>::enter::<core[df12db4294e9bfd3]::task::poll::Poll<()>, <tokio[f3c6410f8d38f65f]::runtime::scheduler::current_thread::CoreGuard>::block_on<core[df12db4294e9bfd3]::pin::Pin<&mut core[df12db4294e9bfd3]::pin::Pin<&mut dyn core[df12db4294e9bfd3]::future::future::Future<Output = ()>>>>::{closure#0}::{closure#0}>
[INFO] [stdout]   15:     0x5b007de43d2c - <tokio[f3c6410f8d38f65f]::runtime::context::scoped::Scoped<tokio[f3c6410f8d38f65f]::runtime::scheduler::Context>>::set::<<tokio[f3c6410f8d38f65f]::runtime::scheduler::current_thread::CoreGuard>::enter<<tokio[f3c6410f8d38f65f]::runtime::scheduler::current_thread::CoreGuard>::block_on<core[df12db4294e9bfd3]::pin::Pin<&mut core[df12db4294e9bfd3]::pin::Pin<&mut dyn core[df12db4294e9bfd3]::future::future::Future<Output = ()>>>>::{closure#0}, core[df12db4294e9bfd3]::option::Option<()>>::{closure#0}, (alloc[2182bb758b4b3781]::boxed::Box<tokio[f3c6410f8d38f65f]::runtime::scheduler::current_thread::Core>, core[df12db4294e9bfd3]::option::Option<()>)>
[INFO] [stdout]   16:     0x5b007de2ee1f - <tokio[f3c6410f8d38f65f]::runtime::scheduler::current_thread::CurrentThread>::block_on::<core[df12db4294e9bfd3]::pin::Pin<&mut dyn core[df12db4294e9bfd3]::future::future::Future<Output = ()>>>
[INFO] [stdout]   17:     0x5b007de40b32 - <tokio[f3c6410f8d38f65f]::runtime::runtime::Runtime>::block_on::<core[df12db4294e9bfd3]::pin::Pin<&mut dyn core[df12db4294e9bfd3]::future::future::Future<Output = ()>>>
[INFO] [stdout]   18:     0x5b007de1f47b - redis_rust_demo[67e7295e90995a83]::demos::data_structures::data_structures_tests::list_tests::test_list_push_pop
[INFO] [stdout]   19:     0x5b007de509a9 - <redis_rust_demo[67e7295e90995a83]::demos::data_structures::data_structures_tests::list_tests::test_list_push_pop::{closure#0} as core[df12db4294e9bfd3]::ops::function::FnOnce<()>>::call_once
[INFO] [stdout]   20:     0x5b007de5450b - test[9d35eded1c95d3be]::__rust_begin_short_backtrace::<core[df12db4294e9bfd3]::result::Result<(), alloc[2182bb758b4b3781]::string::String>, fn() -> core[df12db4294e9bfd3]::result::Result<(), alloc[2182bb758b4b3781]::string::String>>
[INFO] [stdout]   21:     0x5b007de61b75 - test[9d35eded1c95d3be]::run_test::{closure#0}
[INFO] [stdout]   22:     0x5b007de5b434 - std[70759c8f55707aa4]::sys::backtrace::__rust_begin_short_backtrace::<test[9d35eded1c95d3be]::run_test::{closure#1}, ()>
[INFO] [stdout]   23:     0x5b007de64cd2 - <std[70759c8f55707aa4]::thread::lifecycle::spawn_unchecked<test[9d35eded1c95d3be]::run_test::{closure#1}, ()>::{closure#1} as core[df12db4294e9bfd3]::ops::function::FnOnce<()>>::call_once::{shim:vtable#0}
[INFO] [stdout]   24:     0x5b007df9d919 - <std[70759c8f55707aa4]::sys::thread::unix::Thread>::new::thread_start
[INFO] [stdout]   25:     0x708468694dfa - <unknown>
[INFO] [stdout]   26:     0x7084687283d4 - clone
[INFO] [stdout]   27:                0x0 - <unknown>
[INFO] [stdout] 
[INFO] [stdout] ---- demos::rust_errors_demo::tests::test_async_errors_demo stdout ----
[INFO] [stdout] 
[INFO] [stdout] thread 'demos::rust_errors_demo::tests::test_async_errors_demo' (3740) panicked at src/demos/rust_errors_demo.rs:246:60:
[INFO] [stdout] called `Result::unwrap()` on an `Err` value: Redis(Connection refused (os error 111))
[INFO] [stdout] stack backtrace:
[INFO] [stdout]    0:     0x5b007df9e5a1 - <<std[70759c8f55707aa4]::sys::backtrace::BacktraceLock>::print::DisplayBacktrace as core[df12db4294e9bfd3]::fmt::Display>::fmt
[INFO] [stdout]    1:     0x5b007dfb4b1a - core[df12db4294e9bfd3]::fmt::write
[INFO] [stdout]    2:     0x5b007dfa31fc - <alloc[2182bb758b4b3781]::vec::Vec<u8> as core[df12db4294e9bfd3]::io::write::Write>::write_fmt
[INFO] [stdout]    3:     0x5b007df791e6 - std[70759c8f55707aa4]::panicking::default_hook::{closure#0}
[INFO] [stdout]    4:     0x5b007df96319 - std[70759c8f55707aa4]::panicking::default_hook
[INFO] [stdout]    5:     0x5b007de61220 - test[9d35eded1c95d3be]::test_main_inner::<test[9d35eded1c95d3be]::test_main_static::{closure#0}>::{closure#0}
[INFO] [stdout]    6:     0x5b007df96642 - std[70759c8f55707aa4]::panicking::panic_with_hook
[INFO] [stdout]    7:     0x5b007df79292 - std[70759c8f55707aa4]::panicking::panic_handler::{closure#0}
[INFO] [stdout]    8:     0x5b007df71f39 - std[70759c8f55707aa4]::sys::backtrace::__rust_end_short_backtrace::<std[70759c8f55707aa4]::panicking::panic_handler::{closure#0}, !>
[INFO] [stdout]    9:     0x5b007df7a07d - __rustc[8fa7c3cbc660c2b3]::rust_begin_unwind
[INFO] [stdout]   10:     0x5b007dfb527c - core[df12db4294e9bfd3]::panicking::panic_fmt
[INFO] [stdout]   11:     0x5b007dfb5052 - core[df12db4294e9bfd3]::result::unwrap_failed
[INFO] [stdout]   12:     0x5b007ddfd31f - redis_rust_demo[67e7295e90995a83]::demos::rust_errors_demo::tests::cleanup_test_keys::{closure#0}
[INFO] [stdout]   13:     0x5b007ddfead8 - redis_rust_demo[67e7295e90995a83]::demos::rust_errors_demo::tests::test_async_errors_demo::{closure#0}
[INFO] [stdout]   14:     0x5b007de2f313 - <tokio[f3c6410f8d38f65f]::runtime::scheduler::current_thread::Context>::enter::<core[df12db4294e9bfd3]::task::poll::Poll<()>, <tokio[f3c6410f8d38f65f]::runtime::scheduler::current_thread::CoreGuard>::block_on<core[df12db4294e9bfd3]::pin::Pin<&mut core[df12db4294e9bfd3]::pin::Pin<&mut dyn core[df12db4294e9bfd3]::future::future::Future<Output = ()>>>>::{closure#0}::{closure#0}>
[INFO] [stdout]   15:     0x5b007de43d2c - <tokio[f3c6410f8d38f65f]::runtime::context::scoped::Scoped<tokio[f3c6410f8d38f65f]::runtime::scheduler::Context>>::set::<<tokio[f3c6410f8d38f65f]::runtime::scheduler::current_thread::CoreGuard>::enter<<tokio[f3c6410f8d38f65f]::runtime::scheduler::current_thread::CoreGuard>::block_on<core[df12db4294e9bfd3]::pin::Pin<&mut core[df12db4294e9bfd3]::pin::Pin<&mut dyn core[df12db4294e9bfd3]::future::future::Future<Output = ()>>>>::{closure#0}, core[df12db4294e9bfd3]::option::Option<()>>::{closure#0}, (alloc[2182bb758b4b3781]::boxed::Box<tokio[f3c6410f8d38f65f]::runtime::scheduler::current_thread::Core>, core[df12db4294e9bfd3]::option::Option<()>)>
[INFO] [stdout]   16:     0x5b007de2ee1f - <tokio[f3c6410f8d38f65f]::runtime::scheduler::current_thread::CurrentThread>::block_on::<core[df12db4294e9bfd3]::pin::Pin<&mut dyn core[df12db4294e9bfd3]::future::future::Future<Output = ()>>>
[INFO] [stdout]   17:     0x5b007de40b32 - <tokio[f3c6410f8d38f65f]::runtime::runtime::Runtime>::block_on::<core[df12db4294e9bfd3]::pin::Pin<&mut dyn core[df12db4294e9bfd3]::future::future::Future<Output = ()>>>
[INFO] [stdout]   18:     0x5b007de03e2b - redis_rust_demo[67e7295e90995a83]::demos::rust_errors_demo::tests::test_async_errors_demo
[INFO] [stdout]   19:     0x5b007de4eb99 - <redis_rust_demo[67e7295e90995a83]::demos::rust_errors_demo::tests::test_async_errors_demo::{closure#0} as core[df12db4294e9bfd3]::ops::function::FnOnce<()>>::call_once
[INFO] [stdout]   20:     0x5b007de5450b - test[9d35eded1c95d3be]::__rust_begin_short_backtrace::<core[df12db4294e9bfd3]::result::Result<(), alloc[2182bb758b4b3781]::string::String>, fn() -> core[df12db4294e9bfd3]::result::Result<(), alloc[2182bb758b4b3781]::string::String>>
[INFO] [stdout]   21:     0x5b007de61b75 - test[9d35eded1c95d3be]::run_test::{closure#0}
[INFO] [stdout]   22:     0x5b007de5b434 - std[70759c8f55707aa4]::sys::backtrace::__rust_begin_short_backtrace::<test[9d35eded1c95d3be]::run_test::{closure#1}, ()>
[INFO] [stdout]   23:     0x5b007de64cd2 - <std[70759c8f55707aa4]::thread::lifecycle::spawn_unchecked<test[9d35eded1c95d3be]::run_test::{closure#1}, ()>::{closure#1} as core[df12db4294e9bfd3]::ops::function::FnOnce<()>>::call_once::{shim:vtable#0}
[INFO] [stdout]   24:     0x5b007df9d919 - <std[70759c8f55707aa4]::sys::thread::unix::Thread>::new::thread_start
[INFO] [stdout]   25:     0x708468694dfa - <unknown>
[INFO] [stdout]   26:     0x7084687283d4 - clone
[INFO] [stdout]   27:                0x0 - <unknown>
[INFO] [stdout] 
[INFO] [stdout] ---- demos::rust_errors_demo::tests::test_ownership_errors_demo stdout ----
[INFO] [stdout] 
[INFO] [stdout] thread 'demos::rust_errors_demo::tests::test_ownership_errors_demo' (3746) panicked at src/demos/rust_errors_demo.rs:246:60:
[INFO] [stdout] called `Result::unwrap()` on an `Err` value: Redis(Connection refused (os error 111))
[INFO] [stdout] stack backtrace:
[INFO] [stdout]    0:     0x5b007df9e5a1 - <<std[70759c8f55707aa4]::sys::backtrace::BacktraceLock>::print::DisplayBacktrace as core[df12db4294e9bfd3]::fmt::Display>::fmt
[INFO] [stdout]    1:     0x5b007dfb4b1a - core[df12db4294e9bfd3]::fmt::write
[INFO] [stdout]    2:     0x5b007dfa31fc - <alloc[2182bb758b4b3781]::vec::Vec<u8> as core[df12db4294e9bfd3]::io::write::Write>::write_fmt
[INFO] [stdout]    3:     0x5b007df791e6 - std[70759c8f55707aa4]::panicking::default_hook::{closure#0}
[INFO] [stdout]    4:     0x5b007df96319 - std[70759c8f55707aa4]::panicking::default_hook
[INFO] [stdout]    5:     0x5b007de61220 - test[9d35eded1c95d3be]::test_main_inner::<test[9d35eded1c95d3be]::test_main_static::{closure#0}>::{closure#0}
[INFO] [stdout]    6:     0x5b007df96642 - std[70759c8f55707aa4]::panicking::panic_with_hook
[INFO] [stdout]    7:     0x5b007df79292 - std[70759c8f55707aa4]::panicking::panic_handler::{closure#0}
[INFO] [stdout]    8:     0x5b007df71f39 - std[70759c8f55707aa4]::sys::backtrace::__rust_end_short_backtrace::<std[70759c8f55707aa4]::panicking::panic_handler::{closure#0}, !>
[INFO] [stdout]    9:     0x5b007df7a07d - __rustc[8fa7c3cbc660c2b3]::rust_begin_unwind
[INFO] [stdout]   10:     0x5b007dfb527c - core[df12db4294e9bfd3]::panicking::panic_fmt
[INFO] [stdout]   11:     0x5b007dfb5052 - core[df12db4294e9bfd3]::result::unwrap_failed
[INFO] [stdout]   12:     0x5b007ddfd31f - redis_rust_demo[67e7295e90995a83]::demos::rust_errors_demo::tests::cleanup_test_keys::{closure#0}
[INFO] [stdout]   13:     0x5b007de01b37 - redis_rust_demo[67e7295e90995a83]::demos::rust_errors_demo::tests::test_ownership_errors_demo::{closure#0}
[INFO] [stdout]   14:     0x5b007de2f313 - <tokio[f3c6410f8d38f65f]::runtime::scheduler::current_thread::Context>::enter::<core[df12db4294e9bfd3]::task::poll::Poll<()>, <tokio[f3c6410f8d38f65f]::runtime::scheduler::current_thread::CoreGuard>::block_on<core[df12db4294e9bfd3]::pin::Pin<&mut core[df12db4294e9bfd3]::pin::Pin<&mut dyn core[df12db4294e9bfd3]::future::future::Future<Output = ()>>>>::{closure#0}::{closure#0}>
[INFO] [stdout]   15:     0x5b007de43d2c - <tokio[f3c6410f8d38f65f]::runtime::context::scoped::Scoped<tokio[f3c6410f8d38f65f]::runtime::scheduler::Context>>::set::<<tokio[f3c6410f8d38f65f]::runtime::scheduler::current_thread::CoreGuard>::enter<<tokio[f3c6410f8d38f65f]::runtime::scheduler::current_thread::CoreGuard>::block_on<core[df12db4294e9bfd3]::pin::Pin<&mut core[df12db4294e9bfd3]::pin::Pin<&mut dyn core[df12db4294e9bfd3]::future::future::Future<Output = ()>>>>::{closure#0}, core[df12db4294e9bfd3]::option::Option<()>>::{closure#0}, (alloc[2182bb758b4b3781]::boxed::Box<tokio[f3c6410f8d38f65f]::runtime::scheduler::current_thread::Core>, core[df12db4294e9bfd3]::option::Option<()>)>
[INFO] [stdout]   16:     0x5b007de2ee1f - <tokio[f3c6410f8d38f65f]::runtime::scheduler::current_thread::CurrentThread>::block_on::<core[df12db4294e9bfd3]::pin::Pin<&mut dyn core[df12db4294e9bfd3]::future::future::Future<Output = ()>>>
[INFO] [stdout]   17:     0x5b007de40b32 - <tokio[f3c6410f8d38f65f]::runtime::runtime::Runtime>::block_on::<core[df12db4294e9bfd3]::pin::Pin<&mut dyn core[df12db4294e9bfd3]::future::future::Future<Output = ()>>>
[INFO] [stdout]   18:     0x5b007de0421b - redis_rust_demo[67e7295e90995a83]::demos::rust_errors_demo::tests::test_ownership_errors_demo
[INFO] [stdout]   19:     0x5b007de4ebf9 - <redis_rust_demo[67e7295e90995a83]::demos::rust_errors_demo::tests::test_ownership_errors_demo::{closure#0} as core[df12db4294e9bfd3]::ops::function::FnOnce<()>>::call_once
[INFO] [stdout]   20:     0x5b007de5450b - test[9d35eded1c95d3be]::__rust_begin_short_backtrace::<core[df12db4294e9bfd3]::result::Result<(), alloc[2182bb758b4b3781]::string::String>, fn() -> core[df12db4294e9bfd3]::result::Result<(), alloc[2182bb758b4b3781]::string::String>>
[INFO] [stdout]   21:     0x5b007de61b75 - test[9d35eded1c95d3be]::run_test::{closure#0}
[INFO] [stdout]   22:     0x5b007de5b434 - std[70759c8f55707aa4]::sys::backtrace::__rust_begin_short_backtrace::<test[9d35eded1c95d3be]::run_test::{closure#1}, ()>
[INFO] [stdout]   23:     0x5b007de64cd2 - <std[70759c8f55707aa4]::thread::lifecycle::spawn_unchecked<test[9d35eded1c95d3be]::run_test::{closure#1}, ()>::{closure#1} as core[df12db4294e9bfd3]::ops::function::FnOnce<()>>::call_once::{shim:vtable#0}
[INFO] [stdout]   24:     0x5b007df9d919 - <std[70759c8f55707aa4]::sys::thread::unix::Thread>::new::thread_start
[INFO] [stdout]   25:     0x708468694dfa - <unknown>
[INFO] [stdout]   26:     0x7084687283d4 - clone
[INFO] [stdout]   27:                0x0 - <unknown>
[INFO] [stdout] 
[INFO] [stdout] ---- demos::data_structures::data_structures_tests::set_tests::test_set_add_members stdout ----
[INFO] [stdout] 
[INFO] [stdout] thread 'demos::data_structures::data_structures_tests::set_tests::test_set_add_members' (3732) panicked at src/demos/data_structures_tests.rs:91:60:
[INFO] [stdout] called `Result::unwrap()` on an `Err` value: Redis(Connection refused (os error 111))
[INFO] [stdout] stack backtrace:
[INFO] [stdout]    0:     0x5b007df9e5a1 - <<std[70759c8f55707aa4]::sys::backtrace::BacktraceLock>::print::DisplayBacktrace as core[df12db4294e9bfd3]::fmt::Display>::fmt
[INFO] [stdout]    1:     0x5b007dfb4b1a - core[df12db4294e9bfd3]::fmt::write
[INFO] [stdout]    2:     0x5b007dfa31fc - <alloc[2182bb758b4b3781]::vec::Vec<u8> as core[df12db4294e9bfd3]::io::write::Write>::write_fmt
[INFO] [stdout]    3:     0x5b007df791e6 - std[70759c8f55707aa4]::panicking::default_hook::{closure#0}
[INFO] [stdout]    4:     0x5b007df96319 - std[70759c8f55707aa4]::panicking::default_hook
[INFO] [stdout]    5:     0x5b007de61220 - test[9d35eded1c95d3be]::test_main_inner::<test[9d35eded1c95d3be]::test_main_static::{closure#0}>::{closure#0}
[INFO] [stdout]    6:     0x5b007df96642 - std[70759c8f55707aa4]::panicking::panic_with_hook
[INFO] [stdout]    7:     0x5b007df79292 - std[70759c8f55707aa4]::panicking::panic_handler::{closure#0}
[INFO] [stdout]    8:     0x5b007df71f39 - std[70759c8f55707aa4]::sys::backtrace::__rust_end_short_backtrace::<std[70759c8f55707aa4]::panicking::panic_handler::{closure#0}, !>
[INFO] [stdout]    9:     0x5b007df7a07d - __rustc[8fa7c3cbc660c2b3]::rust_begin_unwind
[INFO] [stdout]   10:     0x5b007dfb527c - core[df12db4294e9bfd3]::panicking::panic_fmt
[INFO] [stdout]   11:     0x5b007dfb5052 - core[df12db4294e9bfd3]::result::unwrap_failed
[INFO] [stdout]   12:     0x5b007de0f150 - redis_rust_demo[67e7295e90995a83]::demos::data_structures::data_structures_tests::set_tests::cleanup_keys::{closure#0}
[INFO] [stdout]   13:     0x5b007de11c23 - redis_rust_demo[67e7295e90995a83]::demos::data_structures::data_structures_tests::set_tests::test_set_add_members::{closure#0}
[INFO] [stdout]   14:     0x5b007de2f313 - <tokio[f3c6410f8d38f65f]::runtime::scheduler::current_thread::Context>::enter::<core[df12db4294e9bfd3]::task::poll::Poll<()>, <tokio[f3c6410f8d38f65f]::runtime::scheduler::current_thread::CoreGuard>::block_on<core[df12db4294e9bfd3]::pin::Pin<&mut core[df12db4294e9bfd3]::pin::Pin<&mut dyn core[df12db4294e9bfd3]::future::future::Future<Output = ()>>>>::{closure#0}::{closure#0}>
[INFO] [stdout]   15:     0x5b007de43d2c - <tokio[f3c6410f8d38f65f]::runtime::context::scoped::Scoped<tokio[f3c6410f8d38f65f]::runtime::scheduler::Context>>::set::<<tokio[f3c6410f8d38f65f]::runtime::scheduler::current_thread::CoreGuard>::enter<<tokio[f3c6410f8d38f65f]::runtime::scheduler::current_thread::CoreGuard>::block_on<core[df12db4294e9bfd3]::pin::Pin<&mut core[df12db4294e9bfd3]::pin::Pin<&mut dyn core[df12db4294e9bfd3]::future::future::Future<Output = ()>>>>::{closure#0}, core[df12db4294e9bfd3]::option::Option<()>>::{closure#0}, (alloc[2182bb758b4b3781]::boxed::Box<tokio[f3c6410f8d38f65f]::runtime::scheduler::current_thread::Core>, core[df12db4294e9bfd3]::option::Option<()>)>
[INFO] [stdout]   16:     0x5b007de2ee1f - <tokio[f3c6410f8d38f65f]::runtime::scheduler::current_thread::CurrentThread>::block_on::<core[df12db4294e9bfd3]::pin::Pin<&mut dyn core[df12db4294e9bfd3]::future::future::Future<Output = ()>>>
[INFO] [stdout]   17:     0x5b007de40b32 - <tokio[f3c6410f8d38f65f]::runtime::runtime::Runtime>::block_on::<core[df12db4294e9bfd3]::pin::Pin<&mut dyn core[df12db4294e9bfd3]::future::future::Future<Output = ()>>>
[INFO] [stdout]   18:     0x5b007de1306b - redis_rust_demo[67e7295e90995a83]::demos::data_structures::data_structures_tests::set_tests::test_set_add_members
[INFO] [stdout]   19:     0x5b007de50a69 - <redis_rust_demo[67e7295e90995a83]::demos::data_structures::data_structures_tests::set_tests::test_set_add_members::{closure#0} as core[df12db4294e9bfd3]::ops::function::FnOnce<()>>::call_once
[INFO] [stdout]   20:     0x5b007de5450b - test[9d35eded1c95d3be]::__rust_begin_short_backtrace::<core[df12db4294e9bfd3]::result::Result<(), alloc[2182bb758b4b3781]::string::String>, fn() -> core[df12db4294e9bfd3]::result::Result<(), alloc[2182bb758b4b3781]::string::String>>
[INFO] [stdout]   21:     0x5b007de61b75 - test[9d35eded1c95d3be]::run_test::{closure#0}
[INFO] [stdout]   22:     0x5b007de5b434 - std[70759c8f55707aa4]::sys::backtrace::__rust_begin_short_backtrace::<test[9d35eded1c95d3be]::run_test::{closure#1}, ()>
[INFO] [stdout]   23:     0x5b007de64cd2 - <std[70759c8f55707aa4]::thread::lifecycle::spawn_unchecked<test[9d35eded1c95d3be]::run_test::{closure#1}, ()>::{closure#1} as core[df12db4294e9bfd3]::ops::function::FnOnce<()>>::call_once::{shim:vtable#0}
[INFO] [stdout]   24:     0x5b007df9d919 - <std[70759c8f55707aa4]::sys::thread::unix::Thread>::new::thread_start
[INFO] [stdout]   25:     0x708468694dfa - <unknown>
[INFO] [stdout]   26:     0x7084687283d4 - clone
[INFO] [stdout]   27:                0x0 - <unknown>
[INFO] [stdout] 
[INFO] [stdout] ---- demos::data_structures::data_structures_tests::set_tests::test_set_demo_full stdout ----
[INFO] [stdout] 
[INFO] [stdout] thread 'demos::data_structures::data_structures_tests::set_tests::test_set_demo_full' (3734) panicked at src/demos/data_structures_tests.rs:182:9:
[INFO] [stdout] assertion failed: result.is_ok()
[INFO] [stdout] stack backtrace:
[INFO] [stdout]    0:     0x5b007df9e5a1 - <<std[70759c8f55707aa4]::sys::backtrace::BacktraceLock>::print::DisplayBacktrace as core[df12db4294e9bfd3]::fmt::Display>::fmt
[INFO] [stdout]    1:     0x5b007dfb4b1a - core[df12db4294e9bfd3]::fmt::write
[INFO] [stdout]    2:     0x5b007dfa31fc - <alloc[2182bb758b4b3781]::vec::Vec<u8> as core[df12db4294e9bfd3]::io::write::Write>::write_fmt
[INFO] [stdout]    3:     0x5b007df791e6 - std[70759c8f55707aa4]::panicking::default_hook::{closure#0}
[INFO] [stdout]    4:     0x5b007df96319 - std[70759c8f55707aa4]::panicking::default_hook
[INFO] [stdout]    5:     0x5b007de61220 - test[9d35eded1c95d3be]::test_main_inner::<test[9d35eded1c95d3be]::test_main_static::{closure#0}>::{closure#0}
[INFO] [stdout]    6:     0x5b007df96642 - std[70759c8f55707aa4]::panicking::panic_with_hook
[INFO] [stdout]    7:     0x5b007df792c4 - std[70759c8f55707aa4]::panicking::panic_handler::{closure#0}
[INFO] [stdout]    8:     0x5b007df71f39 - std[70759c8f55707aa4]::sys::backtrace::__rust_end_short_backtrace::<std[70759c8f55707aa4]::panicking::panic_handler::{closure#0}, !>
[INFO] [stdout]    9:     0x5b007df7a07d - __rustc[8fa7c3cbc660c2b3]::rust_begin_unwind
[INFO] [stdout]   10:     0x5b007dfb527c - core[df12db4294e9bfd3]::panicking::panic_fmt
[INFO] [stdout]   11:     0x5b007dfb5242 - core[df12db4294e9bfd3]::panicking::panic
[INFO] [stdout]   12:     0x5b007de0f4ef - redis_rust_demo[67e7295e90995a83]::demos::data_structures::data_structures_tests::set_tests::test_set_demo_full::{closure#0}
[INFO] [stdout]   13:     0x5b007de2f313 - <tokio[f3c6410f8d38f65f]::runtime::scheduler::current_thread::Context>::enter::<core[df12db4294e9bfd3]::task::poll::Poll<()>, <tokio[f3c6410f8d38f65f]::runtime::scheduler::current_thread::CoreGuard>::block_on<core[df12db4294e9bfd3]::pin::Pin<&mut core[df12db4294e9bfd3]::pin::Pin<&mut dyn core[df12db4294e9bfd3]::future::future::Future<Output = ()>>>>::{closure#0}::{closure#0}>
[INFO] [stdout]   14:     0x5b007de43d2c - <tokio[f3c6410f8d38f65f]::runtime::context::scoped::Scoped<tokio[f3c6410f8d38f65f]::runtime::scheduler::Context>>::set::<<tokio[f3c6410f8d38f65f]::runtime::scheduler::current_thread::CoreGuard>::enter<<tokio[f3c6410f8d38f65f]::runtime::scheduler::current_thread::CoreGuard>::block_on<core[df12db4294e9bfd3]::pin::Pin<&mut core[df12db4294e9bfd3]::pin::Pin<&mut dyn core[df12db4294e9bfd3]::future::future::Future<Output = ()>>>>::{closure#0}, core[df12db4294e9bfd3]::option::Option<()>>::{closure#0}, (alloc[2182bb758b4b3781]::boxed::Box<tokio[f3c6410f8d38f65f]::runtime::scheduler::current_thread::Core>, core[df12db4294e9bfd3]::option::Option<()>)>
[INFO] [stdout]   15:     0x5b007de2ee1f - <tokio[f3c6410f8d38f65f]::runtime::scheduler::current_thread::CurrentThread>::block_on::<core[df12db4294e9bfd3]::pin::Pin<&mut dyn core[df12db4294e9bfd3]::future::future::Future<Output = ()>>>
[INFO] [stdout]   16:     0x5b007de40b32 - <tokio[f3c6410f8d38f65f]::runtime::runtime::Runtime>::block_on::<core[df12db4294e9bfd3]::pin::Pin<&mut dyn core[df12db4294e9bfd3]::future::future::Future<Output = ()>>>
[INFO] [stdout]   17:     0x5b007de12c2b - redis_rust_demo[67e7295e90995a83]::demos::data_structures::data_structures_tests::set_tests::test_set_demo_full
[INFO] [stdout]   18:     0x5b007de50a09 - <redis_rust_demo[67e7295e90995a83]::demos::data_structures::data_structures_tests::set_tests::test_set_demo_full::{closure#0} as core[df12db4294e9bfd3]::ops::function::FnOnce<()>>::call_once
[INFO] [stdout]   19:     0x5b007de5450b - test[9d35eded1c95d3be]::__rust_begin_short_backtrace::<core[df12db4294e9bfd3]::result::Result<(), alloc[2182bb758b4b3781]::string::String>, fn() -> core[df12db4294e9bfd3]::result::Result<(), alloc[2182bb758b4b3781]::string::String>>
[INFO] [stdout]   20:     0x5b007de61b75 - test[9d35eded1c95d3be]::run_test::{closure#0}
[INFO] [stdout]   21:     0x5b007de5b434 - std[70759c8f55707aa4]::sys::backtrace::__rust_begin_short_backtrace::<test[9d35eded1c95d3be]::run_test::{closure#1}, ()>
[INFO] [stdout]   22:     0x5b007de64cd2 - <std[70759c8f55707aa4]::thread::lifecycle::spawn_unchecked<test[9d35eded1c95d3be]::run_test::{closure#1}, ()>::{closure#1} as core[df12db4294e9bfd3]::ops::function::FnOnce<()>>::call_once::{shim:vtable#0}
[INFO] [stdout]   23:     0x5b007df9d919 - <std[70759c8f55707aa4]::sys::thread::unix::Thread>::new::thread_start
[INFO] [stdout]   24:     0x708468694dfa - <unknown>
[INFO] [stdout]   25:     0x7084687283d4 - clone
[INFO] [stdout]   26:                0x0 - <unknown>
[INFO] [stdout] 
[INFO] [stdout] ---- utils::redis_client::tests::test_get_sync_connection stdout ----
[INFO] [stdout] 
[INFO] [stdout] thread 'utils::redis_client::tests::test_get_sync_connection' (3769) panicked at src/utils/redis_client.rs:93:9:
[INFO] [stdout] assertion failed: conn.is_ok()
[INFO] [stdout] stack backtrace:
[INFO] [stdout]    0:     0x5b007df9e5a1 - <<std[70759c8f55707aa4]::sys::backtrace::BacktraceLock>::print::DisplayBacktrace as core[df12db4294e9bfd3]::fmt::Display>::fmt
[INFO] [stdout]    1:     0x5b007dfb4b1a - core[df12db4294e9bfd3]::fmt::write
[INFO] [stdout]    2:     0x5b007dfa31fc - <alloc[2182bb758b4b3781]::vec::Vec<u8> as core[df12db4294e9bfd3]::io::write::Write>::write_fmt
[INFO] [stdout]    3:     0x5b007df791e6 - std[70759c8f55707aa4]::panicking::default_hook::{closure#0}
[INFO] [stdout]    4:     0x5b007df96319 - std[70759c8f55707aa4]::panicking::default_hook
[INFO] [stdout]    5:     0x5b007de61220 - test[9d35eded1c95d3be]::test_main_inner::<test[9d35eded1c95d3be]::test_main_static::{closure#0}>::{closure#0}
[INFO] [stdout]    6:     0x5b007df96642 - std[70759c8f55707aa4]::panicking::panic_with_hook
[INFO] [stdout]    7:     0x5b007df792c4 - std[70759c8f55707aa4]::panicking::panic_handler::{closure#0}
[INFO] [stdout]    8:     0x5b007df71f39 - std[70759c8f55707aa4]::sys::backtrace::__rust_end_short_backtrace::<std[70759c8f55707aa4]::panicking::panic_handler::{closure#0}, !>
[INFO] [stdout]    9:     0x5b007df7a07d - __rustc[8fa7c3cbc660c2b3]::rust_begin_unwind
[INFO] [stdout]   10:     0x5b007dfb527c - core[df12db4294e9bfd3]::panicking::panic_fmt
[INFO] [stdout]   11:     0x5b007dfb5242 - core[df12db4294e9bfd3]::panicking::panic
[INFO] [stdout]   12:     0x5b007de49e28 - redis_rust_demo[67e7295e90995a83]::utils::redis_client::tests::test_get_sync_connection
[INFO] [stdout]   13:     0x5b007de4ec99 - <redis_rust_demo[67e7295e90995a83]::utils::redis_client::tests::test_get_sync_connection::{closure#0} as core[df12db4294e9bfd3]::ops::function::FnOnce<()>>::call_once
[INFO] [stdout]   14:     0x5b007de5450b - test[9d35eded1c95d3be]::__rust_begin_short_backtrace::<core[df12db4294e9bfd3]::result::Result<(), alloc[2182bb758b4b3781]::string::String>, fn() -> core[df12db4294e9bfd3]::result::Result<(), alloc[2182bb758b4b3781]::string::String>>
[INFO] [stdout]   15:     0x5b007de61b75 - test[9d35eded1c95d3be]::run_test::{closure#0}
[INFO] [stdout]   16:     0x5b007de5b434 - std[70759c8f55707aa4]::sys::backtrace::__rust_begin_short_backtrace::<test[9d35eded1c95d3be]::run_test::{closure#1}, ()>
[INFO] [stdout]   17:     0x5b007de64cd2 - <std[70759c8f55707aa4]::thread::lifecycle::spawn_unchecked<test[9d35eded1c95d3be]::run_test::{closure#1}, ()>::{closure#1} as core[df12db4294e9bfd3]::ops::function::FnOnce<()>>::call_once::{shim:vtable#0}
[INFO] [stdout]   18:     0x5b007df9d919 - <std[70759c8f55707aa4]::sys::thread::unix::Thread>::new::thread_start
[INFO] [stdout]   19:     0x708468694dfa - <unknown>
[INFO] [stdout]   20:     0x7084687283d4 - clone
[INFO] [stdout]   21:                0x0 - <unknown>
[INFO] [stdout] 
[INFO] [stdout] ---- demos::rust_errors_demo::tests::test_error_handling_demo stdout ----
[INFO] [stdout] 
[INFO] [stdout] thread 'demos::rust_errors_demo::tests::test_error_handling_demo' (3742) panicked at src/demos/rust_errors_demo.rs:246:60:
[INFO] [stdout] called `Result::unwrap()` on an `Err` value: Redis(Connection refused (os error 111))
[INFO] [stdout] stack backtrace:
[INFO] [stdout]    0:     0x5b007df9e5a1 - <<std[70759c8f55707aa4]::sys::backtrace::BacktraceLock>::print::DisplayBacktrace as core[df12db4294e9bfd3]::fmt::Display>::fmt
[INFO] [stdout]    1:     0x5b007dfb4b1a - core[df12db4294e9bfd3]::fmt::write
[INFO] [stdout]    2:     0x5b007dfa31fc - <alloc[2182bb758b4b3781]::vec::Vec<u8> as core[df12db4294e9bfd3]::io::write::Write>::write_fmt
[INFO] [stdout]    3:     0x5b007df791e6 - std[70759c8f55707aa4]::panicking::default_hook::{closure#0}
[INFO] [stdout]    4:     0x5b007df96319 - std[70759c8f55707aa4]::panicking::default_hook
[INFO] [stdout]    5:     0x5b007de61220 - test[9d35eded1c95d3be]::test_main_inner::<test[9d35eded1c95d3be]::test_main_static::{closure#0}>::{closure#0}
[INFO] [stdout]    6:     0x5b007df96642 - std[70759c8f55707aa4]::panicking::panic_with_hook
[INFO] [stdout]    7:     0x5b007df79292 - std[70759c8f55707aa4]::panicking::panic_handler::{closure#0}
[INFO] [stdout]    8:     0x5b007df71f39 - std[70759c8f55707aa4]::sys::backtrace::__rust_end_short_backtrace::<std[70759c8f55707aa4]::panicking::panic_handler::{closure#0}, !>
[INFO] [stdout]    9:     0x5b007df7a07d - __rustc[8fa7c3cbc660c2b3]::rust_begin_unwind
[INFO] [stdout]   10:     0x5b007dfb527c - core[df12db4294e9bfd3]::panicking::panic_fmt
[INFO] [stdout]   11:     0x5b007dfb5052 - core[df12db4294e9bfd3]::result::unwrap_failed
[INFO] [stdout]   12:     0x5b007ddfd31f - redis_rust_demo[67e7295e90995a83]::demos::rust_errors_demo::tests::cleanup_test_keys::{closure#0}
[INFO] [stdout]   13:     0x5b007ddff702 - redis_rust_demo[67e7295e90995a83]::demos::rust_errors_demo::tests::test_error_handling_demo::{closure#0}
[INFO] [stdout]   14:     0x5b007de2f313 - <tokio[f3c6410f8d38f65f]::runtime::scheduler::current_thread::Context>::enter::<core[df12db4294e9bfd3]::task::poll::Poll<()>, <tokio[f3c6410f8d38f65f]::runtime::scheduler::current_thread::CoreGuard>::block_on<core[df12db4294e9bfd3]::pin::Pin<&mut core[df12db4294e9bfd3]::pin::Pin<&mut dyn core[df12db4294e9bfd3]::future::future::Future<Output = ()>>>>::{closure#0}::{closure#0}>
[INFO] [stdout]   15:     0x5b007de43d2c - <tokio[f3c6410f8d38f65f]::runtime::context::scoped::Scoped<tokio[f3c6410f8d38f65f]::runtime::scheduler::Context>>::set::<<tokio[f3c6410f8d38f65f]::runtime::scheduler::current_thread::CoreGuard>::enter<<tokio[f3c6410f8d38f65f]::runtime::scheduler::current_thread::CoreGuard>::block_on<core[df12db4294e9bfd3]::pin::Pin<&mut core[df12db4294e9bfd3]::pin::Pin<&mut dyn core[df12db4294e9bfd3]::future::future::Future<Output = ()>>>>::{closure#0}, core[df12db4294e9bfd3]::option::Option<()>>::{closure#0}, (alloc[2182bb758b4b3781]::boxed::Box<tokio[f3c6410f8d38f65f]::runtime::scheduler::current_thread::Core>, core[df12db4294e9bfd3]::option::Option<()>)>
[INFO] [stdout]   16:     0x5b007de2ee1f - <tokio[f3c6410f8d38f65f]::runtime::scheduler::current_thread::CurrentThread>::block_on::<core[df12db4294e9bfd3]::pin::Pin<&mut dyn core[df12db4294e9bfd3]::future::future::Future<Output = ()>>>
[INFO] [stdout]   17:     0x5b007de40b32 - <tokio[f3c6410f8d38f65f]::runtime::runtime::Runtime>::block_on::<core[df12db4294e9bfd3]::pin::Pin<&mut dyn core[df12db4294e9bfd3]::future::future::Future<Output = ()>>>
[INFO] [stdout]   18:     0x5b007de03f7b - redis_rust_demo[67e7295e90995a83]::demos::rust_errors_demo::tests::test_error_handling_demo
[INFO] [stdout]   19:     0x5b007de4ebb9 - <redis_rust_demo[67e7295e90995a83]::demos::rust_errors_demo::tests::test_error_handling_demo::{closure#0} as core[df12db4294e9bfd3]::ops::function::FnOnce<()>>::call_once
[INFO] [stdout]   20:     0x5b007de5450b - test[9d35eded1c95d3be]::__rust_begin_short_backtrace::<core[df12db4294e9bfd3]::result::Result<(), alloc[2182bb758b4b3781]::string::String>, fn() -> core[df12db4294e9bfd3]::result::Result<(), alloc[2182bb758b4b3781]::string::String>>
[INFO] [stdout]   21:     0x5b007de61b75 - test[9d35eded1c95d3be]::run_test::{closure#0}
[INFO] [stdout]   22:     0x5b007de5b434 - std[70759c8f55707aa4]::sys::backtrace::__rust_begin_short_backtrace::<test[9d35eded1c95d3be]::run_test::{closure#1}, ()>
[INFO] [stdout]   23:     0x5b007de64cd2 - <std[70759c8f55707aa4]::thread::lifecycle::spawn_unchecked<test[9d35eded1c95d3be]::run_test::{closure#1}, ()>::{closure#1} as core[df12db4294e9bfd3]::ops::function::FnOnce<()>>::call_once::{shim:vtable#0}
[INFO] [stdout]   24:     0x5b007df9d919 - <std[70759c8f55707aa4]::sys::thread::unix::Thread>::new::thread_start
[INFO] [stdout]   25:     0x708468694dfa - <unknown>
[INFO] [stdout]   26:     0x7084687283d4 - clone
[INFO] [stdout]   27:                0x0 - <unknown>
[INFO] [stdout] 
[INFO] [stdout] ---- demos::rust_errors_demo::tests::test_lifetime_errors_demo stdout ----
[INFO] [stdout] 
[INFO] [stdout] thread 'demos::rust_errors_demo::tests::test_lifetime_errors_demo' (3744) panicked at src/demos/rust_errors_demo.rs:246:60:
[INFO] [stdout] called `Result::unwrap()` on an `Err` value: Redis(Connection refused (os error 111))
[INFO] [stdout] stack backtrace:
[INFO] [stdout]    0:     0x5b007df9e5a1 - <<std[70759c8f55707aa4]::sys::backtrace::BacktraceLock>::print::DisplayBacktrace as core[df12db4294e9bfd3]::fmt::Display>::fmt
[INFO] [stdout]    1:     0x5b007dfb4b1a - core[df12db4294e9bfd3]::fmt::write
[INFO] [stdout]    2:     0x5b007dfa31fc - <alloc[2182bb758b4b3781]::vec::Vec<u8> as core[df12db4294e9bfd3]::io::write::Write>::write_fmt
[INFO] [stdout]    3:     0x5b007df791e6 - std[70759c8f55707aa4]::panicking::default_hook::{closure#0}
[INFO] [stdout]    4:     0x5b007df96319 - std[70759c8f55707aa4]::panicking::default_hook
[INFO] [stdout]    5:     0x5b007de61220 - test[9d35eded1c95d3be]::test_main_inner::<test[9d35eded1c95d3be]::test_main_static::{closure#0}>::{closure#0}
[INFO] [stdout]    6:     0x5b007df96642 - std[70759c8f55707aa4]::panicking::panic_with_hook
[INFO] [stdout]    7:     0x5b007df79292 - std[70759c8f55707aa4]::panicking::panic_handler::{closure#0}
[INFO] [stdout]    8:     0x5b007df71f39 - std[70759c8f55707aa4]::sys::backtrace::__rust_end_short_backtrace::<std[70759c8f55707aa4]::panicking::panic_handler::{closure#0}, !>
[INFO] [stdout]    9:     0x5b007df7a07d - __rustc[8fa7c3cbc660c2b3]::rust_begin_unwind
[INFO] [stdout]   10:     0x5b007dfb527c - core[df12db4294e9bfd3]::panicking::panic_fmt
[INFO] [stdout]   11:     0x5b007dfb5052 - core[df12db4294e9bfd3]::result::unwrap_failed
[INFO] [stdout]   12:     0x5b007ddfd31f - redis_rust_demo[67e7295e90995a83]::demos::rust_errors_demo::tests::cleanup_test_keys::{closure#0}
[INFO] [stdout]   13:     0x5b007de00845 - redis_rust_demo[67e7295e90995a83]::demos::rust_errors_demo::tests::test_lifetime_errors_demo::{closure#0}
[INFO] [stdout]   14:     0x5b007de2f313 - <tokio[f3c6410f8d38f65f]::runtime::scheduler::current_thread::Context>::enter::<core[df12db4294e9bfd3]::task::poll::Poll<()>, <tokio[f3c6410f8d38f65f]::runtime::scheduler::current_thread::CoreGuard>::block_on<core[df12db4294e9bfd3]::pin::Pin<&mut core[df12db4294e9bfd3]::pin::Pin<&mut dyn core[df12db4294e9bfd3]::future::future::Future<Output = ()>>>>::{closure#0}::{closure#0}>
[INFO] [stdout]   15:     0x5b007de43d2c - <tokio[f3c6410f8d38f65f]::runtime::context::scoped::Scoped<tokio[f3c6410f8d38f65f]::runtime::scheduler::Context>>::set::<<tokio[f3c6410f8d38f65f]::runtime::scheduler::current_thread::CoreGuard>::enter<<tokio[f3c6410f8d38f65f]::runtime::scheduler::current_thread::CoreGuard>::block_on<core[df12db4294e9bfd3]::pin::Pin<&mut core[df12db4294e9bfd3]::pin::Pin<&mut dyn core[df12db4294e9bfd3]::future::future::Future<Output = ()>>>>::{closure#0}, core[df12db4294e9bfd3]::option::Option<()>>::{closure#0}, (alloc[2182bb758b4b3781]::boxed::Box<tokio[f3c6410f8d38f65f]::runtime::scheduler::current_thread::Core>, core[df12db4294e9bfd3]::option::Option<()>)>
[INFO] [stdout]   16:     0x5b007de2ee1f - <tokio[f3c6410f8d38f65f]::runtime::scheduler::current_thread::CurrentThread>::block_on::<core[df12db4294e9bfd3]::pin::Pin<&mut dyn core[df12db4294e9bfd3]::future::future::Future<Output = ()>>>
[INFO] [stdout]   17:     0x5b007de40b32 - <tokio[f3c6410f8d38f65f]::runtime::runtime::Runtime>::block_on::<core[df12db4294e9bfd3]::pin::Pin<&mut dyn core[df12db4294e9bfd3]::future::future::Future<Output = ()>>>
[INFO] [stdout]   18:     0x5b007de040cb - redis_rust_demo[67e7295e90995a83]::demos::rust_errors_demo::tests::test_lifetime_errors_demo
[INFO] [stdout]   19:     0x5b007de4ebd9 - <redis_rust_demo[67e7295e90995a83]::demos::rust_errors_demo::tests::test_lifetime_errors_demo::{closure#0} as core[df12db4294e9bfd3]::ops::function::FnOnce<()>>::call_once
[INFO] [stdout]   20:     0x5b007de5450b - test[9d35eded1c95d3be]::__rust_begin_short_backtrace::<core[df12db4294e9bfd3]::result::Result<(), alloc[2182bb758b4b3781]::string::String>, fn() -> core[df12db4294e9bfd3]::result::Result<(), alloc[2182bb758b4b3781]::string::String>>
[INFO] [stdout]   21:     0x5b007de61b75 - test[9d35eded1c95d3be]::run_test::{closure#0}
[INFO] [stdout]   22:     0x5b007de5b434 - std[70759c8f55707aa4]::sys::backtrace::__rust_begin_short_backtrace::<test[9d35eded1c95d3be]::run_test::{closure#1}, ()>
[INFO] [stdout]   23:     0x5b007de64cd2 - <std[70759c8f55707aa4]::thread::lifecycle::spawn_unchecked<test[9d35eded1c95d3be]::run_test::{closure#1}, ()>::{closure#1} as core[df12db4294e9bfd3]::ops::function::FnOnce<()>>::call_once::{shim:vtable#0}
[INFO] [stdout]   24:     0x5b007df9d919 - <std[70759c8f55707aa4]::sys::thread::unix::Thread>::new::thread_start
[INFO] [stdout]   25:     0x708468694dfa - <unknown>
[INFO] [stdout]   26:     0x7084687283d4 - clone
[INFO] [stdout]   27:                0x0 - <unknown>
[INFO] [stdout] 
[INFO] [stdout] ---- demos::rust_errors_demo::tests::test_performance_pitfalls_demo stdout ----
[INFO] [stdout] 
[INFO] [stdout] thread 'demos::rust_errors_demo::tests::test_performance_pitfalls_demo' (3748) panicked at src/demos/rust_errors_demo.rs:246:60:
[INFO] [stdout] called `Result::unwrap()` on an `Err` value: Redis(Connection refused (os error 111))
[INFO] [stdout] stack backtrace:
[INFO] [stdout]    0:     0x5b007df9e5a1 - <<std[70759c8f55707aa4]::sys::backtrace::BacktraceLock>::print::DisplayBacktrace as core[df12db4294e9bfd3]::fmt::Display>::fmt
[INFO] [stdout]    1:     0x5b007dfb4b1a - core[df12db4294e9bfd3]::fmt::write
[INFO] [stdout]    2:     0x5b007dfa31fc - <alloc[2182bb758b4b3781]::vec::Vec<u8> as core[df12db4294e9bfd3]::io::write::Write>::write_fmt
[INFO] [stdout]    3:     0x5b007df791e6 - std[70759c8f55707aa4]::panicking::default_hook::{closure#0}
[INFO] [stdout]    4:     0x5b007df96319 - std[70759c8f55707aa4]::panicking::default_hook
[INFO] [stdout]    5:     0x5b007de61220 - test[9d35eded1c95d3be]::test_main_inner::<test[9d35eded1c95d3be]::test_main_static::{closure#0}>::{closure#0}
[INFO] [stdout]    6:     0x5b007df96642 - std[70759c8f55707aa4]::panicking::panic_with_hook
[INFO] [stdout]    7:     0x5b007df79292 - std[70759c8f55707aa4]::panicking::panic_handler::{closure#0}
[INFO] [stdout]    8:     0x5b007df71f39 - std[70759c8f55707aa4]::sys::backtrace::__rust_end_short_backtrace::<std[70759c8f55707aa4]::panicking::panic_handler::{closure#0}, !>
[INFO] [stdout]    9:     0x5b007df7a07d - __rustc[8fa7c3cbc660c2b3]::rust_begin_unwind
[INFO] [stdout]   10:     0x5b007dfb527c - core[df12db4294e9bfd3]::panicking::panic_fmt
[INFO] [stdout]   11:     0x5b007dfb5052 - core[df12db4294e9bfd3]::result::unwrap_failed
[INFO] [stdout]   12:     0x5b007ddfd31f - redis_rust_demo[67e7295e90995a83]::demos::rust_errors_demo::tests::cleanup_test_keys::{closure#0}
[INFO] [stdout]   13:     0x5b007de02ee7 - redis_rust_demo[67e7295e90995a83]::demos::rust_errors_demo::tests::test_performance_pitfalls_demo::{closure#0}
[INFO] [stdout]   14:     0x5b007de2f313 - <tokio[f3c6410f8d38f65f]::runtime::scheduler::current_thread::Context>::enter::<core[df12db4294e9bfd3]::task::poll::Poll<()>, <tokio[f3c6410f8d38f65f]::runtime::scheduler::current_thread::CoreGuard>::block_on<core[df12db4294e9bfd3]::pin::Pin<&mut core[df12db4294e9bfd3]::pin::Pin<&mut dyn core[df12db4294e9bfd3]::future::future::Future<Output = ()>>>>::{closure#0}::{closure#0}>
[INFO] [stdout]   15:     0x5b007de43d2c - <tokio[f3c6410f8d38f65f]::runtime::context::scoped::Scoped<tokio[f3c6410f8d38f65f]::runtime::scheduler::Context>>::set::<<tokio[f3c6410f8d38f65f]::runtime::scheduler::current_thread::CoreGuard>::enter<<tokio[f3c6410f8d38f65f]::runtime::scheduler::current_thread::CoreGuard>::block_on<core[df12db4294e9bfd3]::pin::Pin<&mut core[df12db4294e9bfd3]::pin::Pin<&mut dyn core[df12db4294e9bfd3]::future::future::Future<Output = ()>>>>::{closure#0}, core[df12db4294e9bfd3]::option::Option<()>>::{closure#0}, (alloc[2182bb758b4b3781]::boxed::Box<tokio[f3c6410f8d38f65f]::runtime::scheduler::current_thread::Core>, core[df12db4294e9bfd3]::option::Option<()>)>
[INFO] [stdout]   16:     0x5b007de2ee1f - <tokio[f3c6410f8d38f65f]::runtime::scheduler::current_thread::CurrentThread>::block_on::<core[df12db4294e9bfd3]::pin::Pin<&mut dyn core[df12db4294e9bfd3]::future::future::Future<Output = ()>>>
[INFO] [stdout]   17:     0x5b007de40b32 - <tokio[f3c6410f8d38f65f]::runtime::runtime::Runtime>::block_on::<core[df12db4294e9bfd3]::pin::Pin<&mut dyn core[df12db4294e9bfd3]::future::future::Future<Output = ()>>>
[INFO] [stdout]   18:     0x5b007de0436b - redis_rust_demo[67e7295e90995a83]::demos::rust_errors_demo::tests::test_performance_pitfalls_demo
[INFO] [stdout]   19:     0x5b007de4ec19 - <redis_rust_demo[67e7295e90995a83]::demos::rust_errors_demo::tests::test_performance_pitfalls_demo::{closure#0} as core[df12db4294e9bfd3]::ops::function::FnOnce<()>>::call_once
[INFO] [stdout]   20:     0x5b007de5450b - test[9d35eded1c95d3be]::__rust_begin_short_backtrace::<core[df12db4294e9bfd3]::result::Result<(), alloc[2182bb758b4b3781]::string::String>, fn() -> core[df12db4294e9bfd3]::result::Result<(), alloc[2182bb758b4b3781]::string::String>>
[INFO] [stdout]   21:     0x5b007de61b75 - test[9d35eded1c95d3be]::run_test::{closure#0}
[INFO] [stdout]   22:     0x5b007de5b434 - std[70759c8f55707aa4]::sys::backtrace::__rust_begin_short_backtrace::<test[9d35eded1c95d3be]::run_test::{closure#1}, ()>
[INFO] [stdout]   23:     0x5b007de64cd2 - <std[70759c8f55707aa4]::thread::lifecycle::spawn_unchecked<test[9d35eded1c95d3be]::run_test::{closure#1}, ()>::{closure#1} as core[df12db4294e9bfd3]::ops::function::FnOnce<()>>::call_once::{shim:vtable#0}
[INFO] [stdout]   24:     0x5b007df9d919 - <std[70759c8f55707aa4]::sys::thread::unix::Thread>::new::thread_start
[INFO] [stdout]   25:     0x708468694dfa - <unknown>
[INFO] [stdout]   26:     0x7084687283d4 - clone
[INFO] [stdout]   27:                0x0 - <unknown>
[INFO] [stdout] 
[INFO] [stdout] ---- demos::rust_errors_demo::tests::test_type_errors_demo stdout ----
[INFO] [stdout] 
[INFO] [stdout] thread 'demos::rust_errors_demo::tests::test_type_errors_demo' (3750) panicked at src/demos/rust_errors_demo.rs:246:60:
[INFO] [stdout] called `Result::unwrap()` on an `Err` value: Redis(Connection refused (os error 111))
[INFO] [stdout] stack backtrace:
[INFO] [stdout]    0:     0x5b007df9e5a1 - <<std[70759c8f55707aa4]::sys::backtrace::BacktraceLock>::print::DisplayBacktrace as core[df12db4294e9bfd3]::fmt::Display>::fmt
[INFO] [stdout]    1:     0x5b007dfb4b1a - core[df12db4294e9bfd3]::fmt::write
[INFO] [stdout]    2:     0x5b007dfa31fc - <alloc[2182bb758b4b3781]::vec::Vec<u8> as core[df12db4294e9bfd3]::io::write::Write>::write_fmt
[INFO] [stdout]    3:     0x5b007df791e6 - std[70759c8f55707aa4]::panicking::default_hook::{closure#0}
[INFO] [stdout]    4:     0x5b007df96319 - std[70759c8f55707aa4]::panicking::default_hook
[INFO] [stdout]    5:     0x5b007de61220 - test[9d35eded1c95d3be]::test_main_inner::<test[9d35eded1c95d3be]::test_main_static::{closure#0}>::{closure#0}
[INFO] [stdout]    6:     0x5b007df96642 - std[70759c8f55707aa4]::panicking::panic_with_hook
[INFO] [stdout]    7:     0x5b007df79292 - std[70759c8f55707aa4]::panicking::panic_handler::{closure#0}
[INFO] [stdout]    8:     0x5b007df71f39 - std[70759c8f55707aa4]::sys::backtrace::__rust_end_short_backtrace::<std[70759c8f55707aa4]::panicking::panic_handler::{closure#0}, !>
[INFO] [stdout]    9:     0x5b007df7a07d - __rustc[8fa7c3cbc660c2b3]::rust_begin_unwind
[INFO] [stdout]   10:     0x5b007dfb527c - core[df12db4294e9bfd3]::panicking::panic_fmt
[INFO] [stdout]   11:     0x5b007dfb5052 - core[df12db4294e9bfd3]::result::unwrap_failed
[INFO] [stdout]   12:     0x5b007ddfd31f - redis_rust_demo[67e7295e90995a83]::demos::rust_errors_demo::tests::cleanup_test_keys::{closure#0}
[INFO] [stdout]   13:     0x5b007ddfd537 - redis_rust_demo[67e7295e90995a83]::demos::rust_errors_demo::tests::test_type_errors_demo::{closure#0}
[INFO] [stdout]   14:     0x5b007de2f313 - <tokio[f3c6410f8d38f65f]::runtime::scheduler::current_thread::Context>::enter::<core[df12db4294e9bfd3]::task::poll::Poll<()>, <tokio[f3c6410f8d38f65f]::runtime::scheduler::current_thread::CoreGuard>::block_on<core[df12db4294e9bfd3]::pin::Pin<&mut core[df12db4294e9bfd3]::pin::Pin<&mut dyn core[df12db4294e9bfd3]::future::future::Future<Output = ()>>>>::{closure#0}::{closure#0}>
[INFO] [stdout]   15:     0x5b007de43d2c - <tokio[f3c6410f8d38f65f]::runtime::context::scoped::Scoped<tokio[f3c6410f8d38f65f]::runtime::scheduler::Context>>::set::<<tokio[f3c6410f8d38f65f]::runtime::scheduler::current_thread::CoreGuard>::enter<<tokio[f3c6410f8d38f65f]::runtime::scheduler::current_thread::CoreGuard>::block_on<core[df12db4294e9bfd3]::pin::Pin<&mut core[df12db4294e9bfd3]::pin::Pin<&mut dyn core[df12db4294e9bfd3]::future::future::Future<Output = ()>>>>::{closure#0}, core[df12db4294e9bfd3]::option::Option<()>>::{closure#0}, (alloc[2182bb758b4b3781]::boxed::Box<tokio[f3c6410f8d38f65f]::runtime::scheduler::current_thread::Core>, core[df12db4294e9bfd3]::option::Option<()>)>
[INFO] [stdout]   16:     0x5b007de2ee1f - <tokio[f3c6410f8d38f65f]::runtime::scheduler::current_thread::CurrentThread>::block_on::<core[df12db4294e9bfd3]::pin::Pin<&mut dyn core[df12db4294e9bfd3]::future::future::Future<Output = ()>>>
[INFO] [stdout]   17:     0x5b007de40b32 - <tokio[f3c6410f8d38f65f]::runtime::runtime::Runtime>::block_on::<core[df12db4294e9bfd3]::pin::Pin<&mut dyn core[df12db4294e9bfd3]::future::future::Future<Output = ()>>>
[INFO] [stdout]   18:     0x5b007de03cdb - redis_rust_demo[67e7295e90995a83]::demos::rust_errors_demo::tests::test_type_errors_demo
[INFO] [stdout]   19:     0x5b007de4eb79 - <redis_rust_demo[67e7295e90995a83]::demos::rust_errors_demo::tests::test_type_errors_demo::{closure#0} as core[df12db4294e9bfd3]::ops::function::FnOnce<()>>::call_once
[INFO] [stdout]   20:     0x5b007de5450b - test[9d35eded1c95d3be]::__rust_begin_short_backtrace::<core[df12db4294e9bfd3]::result::Result<(), alloc[2182bb758b4b3781]::string::String>, fn() -> core[df12db4294e9bfd3]::result::Result<(), alloc[2182bb758b4b3781]::string::String>>
[INFO] [stdout]   21:     0x5b007de61b75 - test[9d35eded1c95d3be]::run_test::{closure#0}
[INFO] [stdout]   22:     0x5b007de5b434 - std[70759c8f55707aa4]::sys::backtrace::__rust_begin_short_backtrace::<test[9d35eded1c95d3be]::run_test::{closure#1}, ()>
[INFO] [stdout]   23:     0x5b007de64cd2 - <std[70759c8f55707aa4]::thread::lifecycle::spawn_unchecked<test[9d35eded1c95d3be]::run_test::{closure#1}, ()>::{closure#1} as core[df12db4294e9bfd3]::ops::function::FnOnce<()>>::call_once::{shim:vtable#0}
[INFO] [stdout]   24:     0x5b007df9d919 - <std[70759c8f55707aa4]::sys::thread::unix::Thread>::new::thread_start
[INFO] [stdout]   25:     0x708468694dfa - <unknown>
[INFO] [stdout]   26:     0x7084687283d4 - clone
[INFO] [stdout]   27:                0x0 - <unknown>
[INFO] [stdout] 
[INFO] [stdout] ---- utils::redis_client::tests::test_connection_with_different_db stdout ----
[INFO] [stdout] 
[INFO] [stdout] thread 'utils::redis_client::tests::test_connection_with_different_db' (3764) panicked at src/utils/redis_client.rs:107:60:
[INFO] [stdout] called `Result::unwrap()` on an `Err` value: Redis(Connection refused (os error 111))
[INFO] [stdout] stack backtrace:
[INFO] [stdout]    0:     0x5b007df9e5a1 - <<std[70759c8f55707aa4]::sys::backtrace::BacktraceLock>::print::DisplayBacktrace as core[df12db4294e9bfd3]::fmt::Display>::fmt
[INFO] [stdout]    1:     0x5b007dfb4b1a - core[df12db4294e9bfd3]::fmt::write
[INFO] [stdout]    2:     0x5b007dfa31fc - <alloc[2182bb758b4b3781]::vec::Vec<u8> as core[df12db4294e9bfd3]::io::write::Write>::write_fmt
[INFO] [stdout]    3:     0x5b007df791e6 - std[70759c8f55707aa4]::panicking::default_hook::{closure#0}
[INFO] [stdout]    4:     0x5b007df96319 - std[70759c8f55707aa4]::panicking::default_hook
[INFO] [stdout]    5:     0x5b007de61220 - test[9d35eded1c95d3be]::test_main_inner::<test[9d35eded1c95d3be]::test_main_static::{closure#0}>::{closure#0}
[INFO] [stdout]    6:     0x5b007df96642 - std[70759c8f55707aa4]::panicking::panic_with_hook
[INFO] [stdout]    7:     0x5b007df79292 - std[70759c8f55707aa4]::panicking::panic_handler::{closure#0}
[INFO] [stdout]    8:     0x5b007df71f39 - std[70759c8f55707aa4]::sys::backtrace::__rust_end_short_backtrace::<std[70759c8f55707aa4]::panicking::panic_handler::{closure#0}, !>
[INFO] [stdout]    9:     0x5b007df7a07d - __rustc[8fa7c3cbc660c2b3]::rust_begin_unwind
[INFO] [stdout]   10:     0x5b007dfb527c - core[df12db4294e9bfd3]::panicking::panic_fmt
[INFO] [stdout]   11:     0x5b007dfb5052 - core[df12db4294e9bfd3]::result::unwrap_failed
[INFO] [stdout]   12:     0x5b007de48beb - redis_rust_demo[67e7295e90995a83]::utils::redis_client::tests::test_connection_with_different_db::{closure#0}
[INFO] [stdout]   13:     0x5b007de2f313 - <tokio[f3c6410f8d38f65f]::runtime::scheduler::current_thread::Context>::enter::<core[df12db4294e9bfd3]::task::poll::Poll<()>, <tokio[f3c6410f8d38f65f]::runtime::scheduler::current_thread::CoreGuard>::block_on<core[df12db4294e9bfd3]::pin::Pin<&mut core[df12db4294e9bfd3]::pin::Pin<&mut dyn core[df12db4294e9bfd3]::future::future::Future<Output = ()>>>>::{closure#0}::{closure#0}>
[INFO] [stdout]   14:     0x5b007de43d2c - <tokio[f3c6410f8d38f65f]::runtime::context::scoped::Scoped<tokio[f3c6410f8d38f65f]::runtime::scheduler::Context>>::set::<<tokio[f3c6410f8d38f65f]::runtime::scheduler::current_thread::CoreGuard>::enter<<tokio[f3c6410f8d38f65f]::runtime::scheduler::current_thread::CoreGuard>::block_on<core[df12db4294e9bfd3]::pin::Pin<&mut core[df12db4294e9bfd3]::pin::Pin<&mut dyn core[df12db4294e9bfd3]::future::future::Future<Output = ()>>>>::{closure#0}, core[df12db4294e9bfd3]::option::Option<()>>::{closure#0}, (alloc[2182bb758b4b3781]::boxed::Box<tokio[f3c6410f8d38f65f]::runtime::scheduler::current_thread::Core>, core[df12db4294e9bfd3]::option::Option<()>)>
[INFO] [stdout]   15:     0x5b007de2ee1f - <tokio[f3c6410f8d38f65f]::runtime::scheduler::current_thread::CurrentThread>::block_on::<core[df12db4294e9bfd3]::pin::Pin<&mut dyn core[df12db4294e9bfd3]::future::future::Future<Output = ()>>>
[INFO] [stdout]   16:     0x5b007de40b32 - <tokio[f3c6410f8d38f65f]::runtime::runtime::Runtime>::block_on::<core[df12db4294e9bfd3]::pin::Pin<&mut dyn core[df12db4294e9bfd3]::future::future::Future<Output = ()>>>
[INFO] [stdout]   17:     0x5b007de4a06b - redis_rust_demo[67e7295e90995a83]::utils::redis_client::tests::test_connection_with_different_db
[INFO] [stdout]   18:     0x5b007de4ecd9 - <redis_rust_demo[67e7295e90995a83]::utils::redis_client::tests::test_connection_with_different_db::{closure#0} as core[df12db4294e9bfd3]::ops::function::FnOnce<()>>::call_once
[INFO] [stdout]   19:     0x5b007de5450b - test[9d35eded1c95d3be]::__rust_begin_short_backtrace::<core[df12db4294e9bfd3]::result::Result<(), alloc[2182bb758b4b3781]::string::String>, fn() -> core[df12db4294e9bfd3]::result::Result<(), alloc[2182bb758b4b3781]::string::String>>
[INFO] [stdout]   20:     0x5b007de61b75 - test[9d35eded1c95d3be]::run_test::{closure#0}
[INFO] [stdout]   21:     0x5b007de5b434 - std[70759c8f55707aa4]::sys::backtrace::__rust_begin_short_backtrace::<test[9d35eded1c95d3be]::run_test::{closure#1}, ()>
[INFO] [stdout]   22:     0x5b007de64cd2 - <std[70759c8f55707aa4]::thread::lifecycle::spawn_unchecked<test[9d35eded1c95d3be]::run_test::{closure#1}, ()>::{closure#1} as core[df12db4294e9bfd3]::ops::function::FnOnce<()>>::call_once::{shim:vtable#0}
[INFO] [stdout]   23:     0x5b007df9d919 - <std[70759c8f55707aa4]::sys::thread::unix::Thread>::new::thread_start
[INFO] [stdout]   24:     0x708468694dfa - <unknown>
[INFO] [stdout]   25:     0x7084687283d4 - clone
[INFO] [stdout]   26:                0x0 - <unknown>
[INFO] [stdout] 
[INFO] [stdout] ---- utils::redis_client::tests::test_get_async_connection stdout ----
[INFO] [stdout] 
[INFO] [stdout] thread 'utils::redis_client::tests::test_get_async_connection' (3766) panicked at src/utils/redis_client.rs:86:9:
[INFO] [stdout] assertion failed: conn.is_ok()
[INFO] [stdout] stack backtrace:
[INFO] [stdout]    0:     0x5b007df9e5a1 - <<std[70759c8f55707aa4]::sys::backtrace::BacktraceLock>::print::DisplayBacktrace as core[df12db4294e9bfd3]::fmt::Display>::fmt
[INFO] [stdout]    1:     0x5b007dfb4b1a - core[df12db4294e9bfd3]::fmt::write
[INFO] [stdout]    2:     0x5b007dfa31fc - <alloc[2182bb758b4b3781]::vec::Vec<u8> as core[df12db4294e9bfd3]::io::write::Write>::write_fmt
[INFO] [stdout]    3:     0x5b007df791e6 - std[70759c8f55707aa4]::panicking::default_hook::{closure#0}
[INFO] [stdout]    4:     0x5b007df96319 - std[70759c8f55707aa4]::panicking::default_hook
[INFO] [stdout]    5:     0x5b007de61220 - test[9d35eded1c95d3be]::test_main_inner::<test[9d35eded1c95d3be]::test_main_static::{closure#0}>::{closure#0}
[INFO] [stdout]    6:     0x5b007df96642 - std[70759c8f55707aa4]::panicking::panic_with_hook
[INFO] [stdout]    7:     0x5b007df792c4 - std[70759c8f55707aa4]::panicking::panic_handler::{closure#0}
[INFO] [stdout]    8:     0x5b007df71f39 - std[70759c8f55707aa4]::sys::backtrace::__rust_end_short_backtrace::<std[70759c8f55707aa4]::panicking::panic_handler::{closure#0}, !>
[INFO] [stdout]    9:     0x5b007df7a07d - __rustc[8fa7c3cbc660c2b3]::rust_begin_unwind
[INFO] [stdout]   10:     0x5b007dfb527c - core[df12db4294e9bfd3]::panicking::panic_fmt
[INFO] [stdout]   11:     0x5b007dfb5242 - core[df12db4294e9bfd3]::panicking::panic
[INFO] [stdout]   12:     0x5b007de480f5 - redis_rust_demo[67e7295e90995a83]::utils::redis_client::tests::test_get_async_connection::{closure#0}
[INFO] [stdout]   13:     0x5b007de2f313 - <tokio[f3c6410f8d38f65f]::runtime::scheduler::current_thread::Context>::enter::<core[df12db4294e9bfd3]::task::poll::Poll<()>, <tokio[f3c6410f8d38f65f]::runtime::scheduler::current_thread::CoreGuard>::block_on<core[df12db4294e9bfd3]::pin::Pin<&mut core[df12db4294e9bfd3]::pin::Pin<&mut dyn core[df12db4294e9bfd3]::future::future::Future<Output = ()>>>>::{closure#0}::{closure#0}>
[INFO] [stdout]   14:     0x5b007de43d2c - <tokio[f3c6410f8d38f65f]::runtime::context::scoped::Scoped<tokio[f3c6410f8d38f65f]::runtime::scheduler::Context>>::set::<<tokio[f3c6410f8d38f65f]::runtime::scheduler::current_thread::CoreGuard>::enter<<tokio[f3c6410f8d38f65f]::runtime::scheduler::current_thread::CoreGuard>::block_on<core[df12db4294e9bfd3]::pin::Pin<&mut core[df12db4294e9bfd3]::pin::Pin<&mut dyn core[df12db4294e9bfd3]::future::future::Future<Output = ()>>>>::{closure#0}, core[df12db4294e9bfd3]::option::Option<()>>::{closure#0}, (alloc[2182bb758b4b3781]::boxed::Box<tokio[f3c6410f8d38f65f]::runtime::scheduler::current_thread::Core>, core[df12db4294e9bfd3]::option::Option<()>)>
[INFO] [stdout]   15:     0x5b007de2ee1f - <tokio[f3c6410f8d38f65f]::runtime::scheduler::current_thread::CurrentThread>::block_on::<core[df12db4294e9bfd3]::pin::Pin<&mut dyn core[df12db4294e9bfd3]::future::future::Future<Output = ()>>>
[INFO] [stdout]   16:     0x5b007de40b32 - <tokio[f3c6410f8d38f65f]::runtime::runtime::Runtime>::block_on::<core[df12db4294e9bfd3]::pin::Pin<&mut dyn core[df12db4294e9bfd3]::future::future::Future<Output = ()>>>
[INFO] [stdout]   17:     0x5b007de49f1b - redis_rust_demo[67e7295e90995a83]::utils::redis_client::tests::test_get_async_connection
[INFO] [stdout]   18:     0x5b007de4ecb9 - <redis_rust_demo[67e7295e90995a83]::utils::redis_client::tests::test_get_async_connection::{closure#0} as core[df12db4294e9bfd3]::ops::function::FnOnce<()>>::call_once
[INFO] [stdout]   19:     0x5b007de5450b - test[9d35eded1c95d3be]::__rust_begin_short_backtrace::<core[df12db4294e9bfd3]::result::Result<(), alloc[2182bb758b4b3781]::string::String>, fn() -> core[df12db4294e9bfd3]::result::Result<(), alloc[2182bb758b4b3781]::string::String>>
[INFO] [stdout]   20:     0x5b007de61b75 - test[9d35eded1c95d3be]::run_test::{closure#0}
[INFO] [stdout]   21:     0x5b007de5b434 - std[70759c8f55707aa4]::sys::backtrace::__rust_begin_short_backtrace::<test[9d35eded1c95d3be]::run_test::{closure#1}, ()>
[INFO] [stdout]   22:     0x5b007de64cd2 - <std[70759c8f55707aa4]::thread::lifecycle::spawn_unchecked<test[9d35eded1c95d3be]::run_test::{closure#1}, ()>::{closure#1} as core[df12db4294e9bfd3]::ops::function::FnOnce<()>>::call_once::{shim:vtable#0}
[INFO] [stdout]   23:     0x5b007df9d919 - <std[70759c8f55707aa4]::sys::thread::unix::Thread>::new::thread_start
[INFO] [stdout]   24:     0x708468694dfa - <unknown>
[INFO] [stdout]   25:     0x7084687283d4 - clone
[INFO] [stdout]   26:                0x0 - <unknown>
[INFO] [stdout] 
[INFO] [stdout] ---- utils::redis_client::tests::test_ping_success stdout ----
[INFO] [stdout] 
[INFO] [stdout] thread 'utils::redis_client::tests::test_ping_success' (3770) panicked at src/utils/redis_client.rs:79:9:
[INFO] [stdout] assertion failed: result.is_ok()
[INFO] [stdout] stack backtrace:
[INFO] [stdout]    0:     0x5b007df9e5a1 - <<std[70759c8f55707aa4]::sys::backtrace::BacktraceLock>::print::DisplayBacktrace as core[df12db4294e9bfd3]::fmt::Display>::fmt
[INFO] [stdout]    1:     0x5b007dfb4b1a - core[df12db4294e9bfd3]::fmt::write
[INFO] [stdout]    2:     0x5b007dfa31fc - <alloc[2182bb758b4b3781]::vec::Vec<u8> as core[df12db4294e9bfd3]::io::write::Write>::write_fmt
[INFO] [stdout]    3:     0x5b007df791e6 - std[70759c8f55707aa4]::panicking::default_hook::{closure#0}
[INFO] [stdout]    4:     0x5b007df96319 - std[70759c8f55707aa4]::panicking::default_hook
[INFO] [stdout]    5:     0x5b007de61220 - test[9d35eded1c95d3be]::test_main_inner::<test[9d35eded1c95d3be]::test_main_static::{closure#0}>::{closure#0}
[INFO] [stdout]    6:     0x5b007df96642 - std[70759c8f55707aa4]::panicking::panic_with_hook
[INFO] [stdout]    7:     0x5b007df792c4 - std[70759c8f55707aa4]::panicking::panic_handler::{closure#0}
[INFO] [stdout]    8:     0x5b007df71f39 - std[70759c8f55707aa4]::sys::backtrace::__rust_end_short_backtrace::<std[70759c8f55707aa4]::panicking::panic_handler::{closure#0}, !>
[INFO] [stdout]    9:     0x5b007df7a07d - __rustc[8fa7c3cbc660c2b3]::rust_begin_unwind
[INFO] [stdout]   10:     0x5b007dfb527c - core[df12db4294e9bfd3]::panicking::panic_fmt
[INFO] [stdout]   11:     0x5b007dfb5242 - core[df12db4294e9bfd3]::panicking::panic
[INFO] [stdout]   12:     0x5b007de47ca4 - redis_rust_demo[67e7295e90995a83]::utils::redis_client::tests::test_ping_success::{closure#0}
[INFO] [stdout]   13:     0x5b007de2f313 - <tokio[f3c6410f8d38f65f]::runtime::scheduler::current_thread::Context>::enter::<core[df12db4294e9bfd3]::task::poll::Poll<()>, <tokio[f3c6410f8d38f65f]::runtime::scheduler::current_thread::CoreGuard>::block_on<core[df12db4294e9bfd3]::pin::Pin<&mut core[df12db4294e9bfd3]::pin::Pin<&mut dyn core[df12db4294e9bfd3]::future::future::Future<Output = ()>>>>::{closure#0}::{closure#0}>
[INFO] [stdout]   14:     0x5b007de43d2c - <tokio[f3c6410f8d38f65f]::runtime::context::scoped::Scoped<tokio[f3c6410f8d38f65f]::runtime::scheduler::Context>>::set::<<tokio[f3c6410f8d38f65f]::runtime::scheduler::current_thread::CoreGuard>::enter<<tokio[f3c6410f8d38f65f]::runtime::scheduler::current_thread::CoreGuard>::block_on<core[df12db4294e9bfd3]::pin::Pin<&mut core[df12db4294e9bfd3]::pin::Pin<&mut dyn core[df12db4294e9bfd3]::future::future::Future<Output = ()>>>>::{closure#0}, core[df12db4294e9bfd3]::option::Option<()>>::{closure#0}, (alloc[2182bb758b4b3781]::boxed::Box<tokio[f3c6410f8d38f65f]::runtime::scheduler::current_thread::Core>, core[df12db4294e9bfd3]::option::Option<()>)>
[INFO] [stdout]   15:     0x5b007de2ee1f - <tokio[f3c6410f8d38f65f]::runtime::scheduler::current_thread::CurrentThread>::block_on::<core[df12db4294e9bfd3]::pin::Pin<&mut dyn core[df12db4294e9bfd3]::future::future::Future<Output = ()>>>
[INFO] [stdout]   16:     0x5b007de40b32 - <tokio[f3c6410f8d38f65f]::runtime::runtime::Runtime>::block_on::<core[df12db4294e9bfd3]::pin::Pin<&mut dyn core[df12db4294e9bfd3]::future::future::Future<Output = ()>>>
[INFO] [stdout]   17:     0x5b007de494bb - redis_rust_demo[67e7295e90995a83]::utils::redis_client::tests::test_ping_success
[INFO] [stdout]   18:     0x5b007de4ec39 - <redis_rust_demo[67e7295e90995a83]::utils::redis_client::tests::test_ping_success::{closure#0} as core[df12db4294e9bfd3]::ops::function::FnOnce<()>>::call_once
[INFO] [stdout]   19:     0x5b007de5450b - test[9d35eded1c95d3be]::__rust_begin_short_backtrace::<core[df12db4294e9bfd3]::result::Result<(), alloc[2182bb758b4b3781]::string::String>, fn() -> core[df12db4294e9bfd3]::result::Result<(), alloc[2182bb758b4b3781]::string::String>>
[INFO] [stdout]   20:     0x5b007de61b75 - test[9d35eded1c95d3be]::run_test::{closure#0}
[INFO] [stdout]   21:     0x5b007de5b434 - std[70759c8f55707aa4]::sys::backtrace::__rust_begin_short_backtrace::<test[9d35eded1c95d3be]::run_test::{closure#1}, ()>
[INFO] [stdout]   22:     0x5b007de64cd2 - <std[70759c8f55707aa4]::thread::lifecycle::spawn_unchecked<test[9d35eded1c95d3be]::run_test::{closure#1}, ()>::{closure#1} as core[df12db4294e9bfd3]::ops::function::FnOnce<()>>::call_once::{shim:vtable#0}
[INFO] [stdout]   23:     0x5b007df9d919 - <std[70759c8f55707aa4]::sys::thread::unix::Thread>::new::thread_start
[INFO] [stdout]   24:     0x708468694dfa - <unknown>
[INFO] [stdout]   25:     0x7084687283d4 - clone
[INFO] [stdout]   26:                0x0 - <unknown>
[INFO] [stdout] 
[INFO] [stdout] 
[INFO] [stdout] failures:
[INFO] [stdout]     demos::basic_operations::tests::test_key_operations_exists_del
[INFO] [stdout]     demos::basic_operations::tests::test_key_operations_expire_ttl
[INFO] [stdout]     demos::basic_operations::tests::test_key_operations_full_demo
[INFO] [stdout]     demos::basic_operations::tests::test_key_operations_rename
[INFO] [stdout]     demos::basic_operations::tests::test_string_operations_append
[INFO] [stdout]     demos::basic_operations::tests::test_string_operations_full_demo
[INFO] [stdout]     demos::basic_operations::tests::test_string_operations_incr_decr
[INFO] [stdout]     demos::basic_operations::tests::test_string_operations_mset_mget
[INFO] [stdout]     demos::basic_operations::tests::test_string_operations_set_get
[INFO] [stdout]     demos::data_structures::data_structures_tests::hash_tests::test_hash_demo_full
[INFO] [stdout]     demos::data_structures::data_structures_tests::hash_tests::test_hash_increment
[INFO] [stdout]     demos::data_structures::data_structures_tests::hash_tests::test_hash_operations
[INFO] [stdout]     demos::data_structures::data_structures_tests::hash_tests::test_hash_set_get
[INFO] [stdout]     demos::data_structures::data_structures_tests::list_tests::test_list_demo_full
[INFO] [stdout]     demos::data_structures::data_structures_tests::list_tests::test_list_operations
[INFO] [stdout]     demos::data_structures::data_structures_tests::list_tests::test_list_push_pop
[INFO] [stdout]     demos::data_structures::data_structures_tests::set_tests::test_set_add_members
[INFO] [stdout]     demos::data_structures::data_structures_tests::set_tests::test_set_demo_full
[INFO] [stdout]     demos::data_structures::data_structures_tests::set_tests::test_set_membership
[INFO] [stdout]     demos::data_structures::data_structures_tests::set_tests::test_set_operations
[INFO] [stdout]     demos::rust_errors_demo::tests::test_async_errors_demo
[INFO] [stdout]     demos::rust_errors_demo::tests::test_error_handling_demo
[INFO] [stdout]     demos::rust_errors_demo::tests::test_lifetime_errors_demo
[INFO] [stdout]     demos::rust_errors_demo::tests::test_ownership_errors_demo
[INFO] [stdout]     demos::rust_errors_demo::tests::test_performance_pitfalls_demo
[INFO] [stdout]     demos::rust_errors_demo::tests::test_type_errors_demo
[INFO] [stdout]     utils::redis_client::tests::test_connection_with_different_db
[INFO] [stdout]     utils::redis_client::tests::test_get_async_connection
[INFO] [stdout]     utils::redis_client::tests::test_get_sync_connection
[INFO] [stdout]     utils::redis_client::tests::test_ping_success
[INFO] [stdout] 
[INFO] [stdout] test result: FAILED. 25 passed; 30 failed; 0 ignored; 0 measured; 0 filtered out; finished in 26.58s
[INFO] [stdout] 
[INFO] running `Command { std: "docker" "inspect" "5c50a694b130b23320598db99bf58883ce717f1aa532a80a7d2309793bee6211", kill_on_drop: false }`
[INFO] running `Command { std: "docker" "rm" "-f" "5c50a694b130b23320598db99bf58883ce717f1aa532a80a7d2309793bee6211", kill_on_drop: false }`
[INFO] [stdout] 5c50a694b130b23320598db99bf58883ce717f1aa532a80a7d2309793bee6211
