[INFO] cloning repository https://github.com/ProgrammerZamanNow/belajar-rust-redis
[INFO] running `Command { std: "git" "-c" "credential.helper=" "-c" "credential.helper=/workspace/cargo-home/bin/git-credential-null" "clone" "--bare" "https://github.com/ProgrammerZamanNow/belajar-rust-redis" "/workspace/cache/git-repos/https%3A%2F%2Fgithub.com%2FProgrammerZamanNow%2Fbelajar-rust-redis", kill_on_drop: false }`
[INFO] [stderr] Cloning into bare repository '/workspace/cache/git-repos/https%3A%2F%2Fgithub.com%2FProgrammerZamanNow%2Fbelajar-rust-redis'...
[INFO] running `Command { std: "git" "rev-parse" "HEAD", kill_on_drop: false }`
[INFO] [stdout] b7d3f88333bcbf7320cd0bf60cd9af5d213a79d2
[INFO] testing ProgrammerZamanNow/belajar-rust-redis against 1.99.0-beta.8+cargoflags=--release for beta-release-1.100-3
[INFO] running `Command { std: "git" "clone" "/workspace/cache/git-repos/https%3A%2F%2Fgithub.com%2FProgrammerZamanNow%2Fbelajar-rust-redis" "/workspace/builds/worker-4-tc1/source", kill_on_drop: false }`
[INFO] [stderr] Cloning into '/workspace/builds/worker-4-tc1/source'...
[INFO] [stderr] done.
[INFO] started tweaking git repo https://github.com/ProgrammerZamanNow/belajar-rust-redis
[INFO] finished tweaking git repo https://github.com/ProgrammerZamanNow/belajar-rust-redis
[INFO] tweaked toml for git repo https://github.com/ProgrammerZamanNow/belajar-rust-redis written to /workspace/builds/worker-4-tc1/source/Cargo.toml
[INFO] validating manifest of git repo https://github.com/ProgrammerZamanNow/belajar-rust-redis on toolchain 1.99.0-beta.8
[INFO] running `Command { std: CARGO_HOME="/workspace/cargo-home" RUSTUP_HOME="/workspace/rustup-home" "/workspace/cargo-home/bin/cargo" "+1.99.0-beta.8" "metadata" "--manifest-path" "Cargo.toml" "--no-deps", kill_on_drop: false }`
[INFO] crate git repo https://github.com/ProgrammerZamanNow/belajar-rust-redis already has a lockfile, it will not be regenerated
[INFO] running `Command { std: CARGO_HOME="/workspace/cargo-home" RUSTUP_HOME="/workspace/rustup-home" "/workspace/cargo-home/bin/cargo" "+1.99.0-beta.8" "fetch" "--manifest-path" "Cargo.toml", kill_on_drop: false }`
[INFO] [stderr]     Blocking waiting for file lock on package cache
[INFO] [stderr]     Blocking waiting for file lock on package cache
[INFO] [stderr]  Downloading crates ...
[INFO] [stderr]   Downloaded arc-swap v1.7.1
[INFO] [stderr]   Downloaded sha1_smol v1.0.1
[INFO] [stderr]   Downloaded tokio-util v0.7.12
[INFO] [stderr]   Downloaded redis v0.27.5
[INFO] [stderr]   Downloaded libc v0.2.164
[INFO] running `Command { std: "docker" "create" "-v" "/var/lib/crater-agent-workspace/builds/worker-4-tc1/source:/opt/rustwide/workdir:ro,Z" "-v" "/var/lib/crater-agent-workspace/builds/worker-4-tc1/target:/opt/rustwide/target:rw,Z" "-v" "/var/lib/crater-agent-workspace/cargo-home:/opt/rustwide/cargo-home:ro,Z" "-v" "/var/lib/crater-agent-workspace/rustup-home:/opt/rustwide/rustup-home:ro,Z" "-m" "1610612736" "--network" "none" "ghcr.io/rust-lang/crates-build-env/linux@sha256:77db811e55d90add9212f6832c23229e3de5f1c1f9905e8cb07319ea15df73ac" "sleep" "infinity", kill_on_drop: false }`
[INFO] [stdout] 51bbd794719dd6c387785c0d850d764d280afc6dd583c600ffa87f6ad0d759aa
[INFO] running `Command { std: "docker" "start" "51bbd794719dd6c387785c0d850d764d280afc6dd583c600ffa87f6ad0d759aa", kill_on_drop: false }`
[INFO] running `Command { std: "docker" "inspect" "51bbd794719dd6c387785c0d850d764d280afc6dd583c600ffa87f6ad0d759aa", kill_on_drop: false }`
[INFO] running `Command { std: "docker" "exec" "-e" "SOURCE_DIR=/opt/rustwide/workdir" "-e" "CARGO_HOME=/opt/rustwide/cargo-home" "-e" "RUSTUP_HOME=/opt/rustwide/rustup-home" "-e" "CARGO_TARGET_DIR=/opt/rustwide/target" "-w" "/opt/rustwide/workdir" "--user" "0:0" "51bbd794719dd6c387785c0d850d764d280afc6dd583c600ffa87f6ad0d759aa" "/opt/rustwide/cargo-home/bin/cargo" "+1.99.0-beta.8" "metadata" "--no-deps" "--format-version=1", kill_on_drop: false }`
[INFO] running `Command { std: "docker" "inspect" "51bbd794719dd6c387785c0d850d764d280afc6dd583c600ffa87f6ad0d759aa", kill_on_drop: false }`
[INFO] running `Command { std: "docker" "exec" "-e" "SOURCE_DIR=/opt/rustwide/workdir" "-e" "CARGO_HOME=/opt/rustwide/cargo-home" "-e" "RUSTUP_HOME=/opt/rustwide/rustup-home" "-e" "CARGO_TARGET_DIR=/opt/rustwide/target" "-e" "CARGO_INCREMENTAL=0" "-e" "RUST_BACKTRACE=full" "-e" "RUSTFLAGS=--cap-lints=warn" "-e" "RUSTDOCFLAGS=--cap-lints=warn" "-w" "/opt/rustwide/workdir" "--user" "0:0" "51bbd794719dd6c387785c0d850d764d280afc6dd583c600ffa87f6ad0d759aa" "/opt/rustwide/cargo-home/bin/cargo" "+1.99.0-beta.8" "build" "--frozen" "--message-format=json" "--release", kill_on_drop: false }`
[INFO] [stderr]    Compiling proc-macro2 v1.0.89
[INFO] [stderr]    Compiling unicode-ident v1.0.13
[INFO] [stderr]    Compiling autocfg v1.4.0
[INFO] [stderr]    Compiling stable_deref_trait v1.2.0
[INFO] [stderr]    Compiling libc v0.2.164
[INFO] [stderr]    Compiling smallvec v1.13.2
[INFO] [stderr]    Compiling litemap v0.7.3
[INFO] [stderr]    Compiling writeable v0.5.5
[INFO] [stderr]    Compiling parking_lot_core v0.9.10
[INFO] [stderr]    Compiling futures-sink v0.3.31
[INFO] [stderr]    Compiling futures-core v0.3.31
[INFO] [stderr]    Compiling icu_locid_transform_data v1.5.0
[INFO] [stderr]    Compiling pin-project-lite v0.2.15
[INFO] [stderr]    Compiling icu_properties_data v1.5.0
[INFO] [stderr]    Compiling utf16_iter v1.0.5
[INFO] [stderr]    Compiling icu_normalizer_data v1.5.0
[INFO] [stderr]    Compiling memchr v2.7.4
[INFO] [stderr]    Compiling write16 v1.0.0
[INFO] [stderr]    Compiling futures-task v0.3.31
[INFO] [stderr]    Compiling futures-io v0.3.31
[INFO] [stderr]    Compiling futures-channel v0.3.31
[INFO] [stderr]    Compiling bytes v1.8.0
[INFO] [stderr]    Compiling form_urlencoded v1.2.1
[INFO] [stderr]    Compiling arc-swap v1.7.1
[INFO] [stderr]    Compiling itoa v1.0.11
[INFO] [stderr]    Compiling sha1_smol v1.0.1
[INFO] [stderr]    Compiling ryu v1.0.18
[INFO] [stderr]    Compiling lock_api v0.4.12
[INFO] [stderr]    Compiling slab v0.4.9
[INFO] [stderr]    Compiling num-traits v0.2.19
[INFO] [stderr]    Compiling quote v1.0.37
[INFO] [stderr]    Compiling syn v2.0.87
[INFO] [stderr]    Compiling socket2 v0.5.7
[INFO] [stderr]    Compiling signal-hook-registry v1.4.2
[INFO] [stderr]    Compiling mio v1.0.2
[INFO] [stderr]    Compiling parking_lot v0.12.3
[INFO] [stderr]    Compiling num-integer v0.1.46
[INFO] [stderr]    Compiling num-bigint v0.4.6
[INFO] [stderr]    Compiling synstructure v0.13.1
[INFO] [stderr]    Compiling zerofrom-derive v0.1.4
[INFO] [stderr]    Compiling yoke-derive v0.7.4
[INFO] [stderr]    Compiling zerovec-derive v0.10.3
[INFO] [stderr]    Compiling displaydoc v0.2.5
[INFO] [stderr]    Compiling icu_provider_macros v1.5.0
[INFO] [stderr]    Compiling futures-macro v0.3.31
[INFO] [stderr]    Compiling tokio-macros v2.4.0
[INFO] [stderr]    Compiling async-trait v0.1.83
[INFO] [stderr]    Compiling tokio v1.41.1
[INFO] [stderr]    Compiling futures-util v0.3.31
[INFO] [stderr]    Compiling zerofrom v0.1.4
[INFO] [stderr]    Compiling yoke v0.7.4
[INFO] [stderr]    Compiling zerovec v0.10.4
[INFO] [stderr]    Compiling tinystr v0.7.6
[INFO] [stderr]    Compiling icu_collections v1.5.0
[INFO] [stderr]    Compiling icu_locid v1.5.0
[INFO] [stderr]    Compiling icu_provider v1.5.0
[INFO] [stderr]    Compiling icu_locid_transform v1.5.0
[INFO] [stderr]    Compiling futures-executor v0.3.31
[INFO] [stderr]    Compiling futures v0.3.31
[INFO] [stderr]    Compiling icu_properties v1.5.1
[INFO] [stderr]    Compiling tokio-util v0.7.12
[INFO] [stderr]    Compiling icu_normalizer v1.5.0
[INFO] [stderr]    Compiling combine v4.6.7
[INFO] [stderr]    Compiling idna_adapter v1.2.0
[INFO] [stderr]    Compiling idna v1.0.3
[INFO] [stderr]    Compiling url v2.5.3
[INFO] [stderr]    Compiling redis v0.27.5
[INFO] [stderr]    Compiling belajar-rust-redis v0.1.0 (/opt/rustwide/workdir)
[INFO] [stderr]     Finished `release` profile [optimized] target(s) in 55.18s
[INFO] running `Command { std: "docker" "inspect" "51bbd794719dd6c387785c0d850d764d280afc6dd583c600ffa87f6ad0d759aa", kill_on_drop: false }`
[INFO] running `Command { std: "docker" "exec" "-e" "SOURCE_DIR=/opt/rustwide/workdir" "-e" "CARGO_HOME=/opt/rustwide/cargo-home" "-e" "RUSTUP_HOME=/opt/rustwide/rustup-home" "-e" "CARGO_TARGET_DIR=/opt/rustwide/target" "-e" "CARGO_INCREMENTAL=0" "-e" "RUST_BACKTRACE=full" "-e" "RUSTFLAGS=--cap-lints=warn" "-e" "RUSTDOCFLAGS=--cap-lints=warn" "-w" "/opt/rustwide/workdir" "--user" "0:0" "51bbd794719dd6c387785c0d850d764d280afc6dd583c600ffa87f6ad0d759aa" "/opt/rustwide/cargo-home/bin/cargo" "+1.99.0-beta.8" "test" "--frozen" "--no-run" "--message-format=json" "--release", kill_on_drop: false }`
[INFO] [stderr]    Compiling belajar-rust-redis v0.1.0 (/opt/rustwide/workdir)
[INFO] [stdout] warning: this function depends on never type fallback being `()`
[INFO] [stdout]   --> src/main.rs:17:11
[INFO] [stdout]    |
[INFO] [stdout] 17 |     async fn test_pubsu_publish() -> Result<(), RedisError> {
[INFO] [stdout]    |           ^^^^^^^^^^^^^^^^^^^^^^^^^^^^^^^^^^^^^^^^^^^^^^^^^
[INFO] [stdout]    |
[INFO] [stdout]    = help: specify the types explicitly
[INFO] [stdout] note: in edition 2024, the requirement `!: FromRedisValue` will fail
[INFO] [stdout]   --> src/main.rs:19:13
[INFO] [stdout]    |
[INFO] [stdout] 19 |         con.publish("members", "Eko Kurniawan").await?;
[INFO] [stdout]    |             ^^^^^^^
[INFO] [stdout]    = warning: this was previously accepted by the compiler but is being phased out; it will become a hard error in Rust 2024 and in a future release in all editions!
[INFO] [stdout]    = note: for more information, see <https://doc.rust-lang.org/edition-guide/rust-2024/never-type-fallback.html>
[INFO] [stdout]    = note: `#[warn(dependency_on_unit_never_type_fallback)]` (part of `#[warn(rust_2024_compatibility)]`) on by default
[INFO] [stdout] help: use `()` annotations to avoid fallback changes
[INFO] [stdout]    |
[INFO] [stdout] 19 |         con.publish::<_, _, ()>("members", "Eko Kurniawan").await?;
[INFO] [stdout]    |                    ++++++++++++
[INFO] [stdout] 
[INFO] [stdout] 
[INFO] [stderr]     Finished `release` profile [optimized] target(s) in 4.89s
[INFO] [stderr] warning: the following packages contain code that will be rejected by a future version of Rust: belajar-rust-redis v0.1.0 (/opt/rustwide/workdir)
[INFO] [stderr] note: to see what the problems were, use the option `--future-incompat-report`, or run `cargo report future-incompatibilities --id 2`
[INFO] running `Command { std: "docker" "inspect" "51bbd794719dd6c387785c0d850d764d280afc6dd583c600ffa87f6ad0d759aa", kill_on_drop: false }`
[INFO] running `Command { std: "docker" "exec" "-e" "SOURCE_DIR=/opt/rustwide/workdir" "-e" "CARGO_HOME=/opt/rustwide/cargo-home" "-e" "RUSTUP_HOME=/opt/rustwide/rustup-home" "-e" "CARGO_TARGET_DIR=/opt/rustwide/target" "-e" "CARGO_INCREMENTAL=0" "-e" "RUST_BACKTRACE=full" "-e" "RUSTFLAGS=--cap-lints=warn" "-e" "RUSTDOCFLAGS=--cap-lints=warn" "-w" "/opt/rustwide/workdir" "--user" "0:0" "51bbd794719dd6c387785c0d850d764d280afc6dd583c600ffa87f6ad0d759aa" "/opt/rustwide/cargo-home/bin/cargo" "+1.99.0-beta.8" "test" "--frozen" "--release", kill_on_drop: false }`
[INFO] [stderr] warning: this function depends on never type fallback being `()`
[INFO] [stderr]   --> src/main.rs:17:11
[INFO] [stderr]    |
[INFO] [stderr] 17 |     async fn test_pubsu_publish() -> Result<(), RedisError> {
[INFO] [stderr]    |           ^^^^^^^^^^^^^^^^^^^^^^^^^^^^^^^^^^^^^^^^^^^^^^^^^
[INFO] [stderr]    |
[INFO] [stderr]    = help: specify the types explicitly
[INFO] [stderr] note: in edition 2024, the requirement `!: FromRedisValue` will fail
[INFO] [stderr]   --> src/main.rs:19:13
[INFO] [stderr]    |
[INFO] [stderr] 19 |         con.publish("members", "Eko Kurniawan").await?;
[INFO] [stderr]    |             ^^^^^^^
[INFO] [stderr]    = warning: this was previously accepted by the compiler but is being phased out; it will become a hard error in Rust 2024 and in a future release in all editions!
[INFO] [stderr]    = note: for more information, see <https://doc.rust-lang.org/edition-guide/rust-2024/never-type-fallback.html>
[INFO] [stderr]    = note: `#[warn(dependency_on_unit_never_type_fallback)]` (part of `#[warn(rust_2024_compatibility)]`) on by default
[INFO] [stderr] help: use `()` annotations to avoid fallback changes
[INFO] [stderr]    |
[INFO] [stderr] 19 |         con.publish::<_, _, ()>("members", "Eko Kurniawan").await?;
[INFO] [stderr]    |                    ++++++++++++
[INFO] [stderr] 
[INFO] [stderr] warning: `belajar-rust-redis` (bin "belajar-rust-redis" test) generated 1 warning (run `cargo fix --bin "belajar-rust-redis" -p belajar-rust-redis --tests` to apply 1 suggestion)
[INFO] [stderr]     Finished `release` profile [optimized] target(s) in 0.08s
[INFO] [stderr] warning: the following packages contain code that will be rejected by a future version of Rust: belajar-rust-redis v0.1.0 (/opt/rustwide/workdir)
[INFO] [stderr] note: to see what the problems were, use the option `--future-incompat-report`, or run `cargo report future-incompatibilities --id 2`
[INFO] [stderr]      Running unittests src/main.rs (/opt/rustwide/target/release/deps/belajar_rust_redis-61fdea2fabc71c22)
[INFO] [stdout] 
[INFO] [stdout] running 16 tests
[INFO] [stdout] test tests::test_string ... FAILED
[INFO] [stdout] test tests::test_pipeline ... FAILED
[INFO] [stdout] test tests::test_async_connection ... FAILED
[INFO] [stdout] test tests::test_hyper_log_log ... FAILED
[INFO] [stdout] test tests::test_pubsu_publish ... FAILED
[INFO] [stdout] test tests::test_set ... FAILED
[INFO] [stdout] test tests::test_pubsub_subscribe ... FAILED
[INFO] [stdout] test tests::test_transaction ... FAILED
[INFO] [stdout] test tests::test_publish_stream ... FAILED
[INFO] [stdout] test tests::test_list ... FAILED
[INFO] [stdout] test tests::test_connection ... FAILED
[INFO] [stdout] test tests::test_read_consumer ... FAILED
[INFO] [stdout] test tests::test_sorted_set ... FAILED
[INFO] [stderr] error: test failed, to rerun pass `--bin belajar-rust-redis`
[INFO] [stdout] test tests::test_geo_point ... FAILED
[INFO] [stdout] test tests::test_hash ... FAILED
[INFO] [stdout] test tests::test_create_consumer ... FAILED
[INFO] [stdout] 
[INFO] [stdout] failures:
[INFO] [stdout] 
[INFO] [stdout] ---- tests::test_string stdout ----
[INFO] [stdout] Error: Connection refused (os error 111)
[INFO] [stdout] 
[INFO] [stdout] ---- tests::test_pipeline stdout ----
[INFO] [stdout] Error: Connection refused (os error 111)
[INFO] [stdout] 
[INFO] [stdout] ---- tests::test_async_connection stdout ----
[INFO] [stdout] Error: Connection refused (os error 111)
[INFO] [stdout] 
[INFO] [stdout] ---- tests::test_hyper_log_log stdout ----
[INFO] [stdout] Error: Connection refused (os error 111)
[INFO] [stdout] 
[INFO] [stdout] ---- tests::test_pubsu_publish stdout ----
[INFO] [stdout] Error: Connection refused (os error 111)
[INFO] [stdout] 
[INFO] [stdout] ---- tests::test_set stdout ----
[INFO] [stdout] Error: Connection refused (os error 111)
[INFO] [stdout] 
[INFO] [stdout] ---- tests::test_pubsub_subscribe stdout ----
[INFO] [stdout] Error: Connection refused (os error 111)
[INFO] [stdout] 
[INFO] [stdout] ---- tests::test_transaction stdout ----
[INFO] [stdout] Error: Connection refused (os error 111)
[INFO] [stdout] 
[INFO] [stdout] ---- tests::test_publish_stream stdout ----
[INFO] [stdout] Error: Connection refused (os error 111)
[INFO] [stdout] 
[INFO] [stdout] ---- tests::test_list stdout ----
[INFO] [stdout] Error: Connection refused (os error 111)
[INFO] [stdout] 
[INFO] [stdout] ---- tests::test_connection stdout ----
[INFO] [stdout] 
[INFO] [stdout] thread 'tests::test_connection' (1364) panicked at src/main.rs:282:47:
[INFO] [stdout] called `Result::unwrap()` on an `Err` value: Connection refused (os error 111)
[INFO] [stdout] stack backtrace:
[INFO] [stdout]    0:     0x5a6707054591 - <<std[70759c8f55707aa4]::sys::backtrace::BacktraceLock>::print::DisplayBacktrace as core[df12db4294e9bfd3]::fmt::Display>::fmt
[INFO] [stdout]    1:     0x5a670706aa6a - core[df12db4294e9bfd3]::fmt::write
[INFO] [stdout]    2:     0x5a670705917c - <alloc[2182bb758b4b3781]::vec::Vec<u8> as core[df12db4294e9bfd3]::io::write::Write>::write_fmt
[INFO] [stdout]    3:     0x5a670702f3f6 - std[70759c8f55707aa4]::panicking::default_hook::{closure#0}
[INFO] [stdout]    4:     0x5a670704c3c9 - std[70759c8f55707aa4]::panicking::default_hook
[INFO] [stdout]    5:     0x5a6706f55770 - test[9d35eded1c95d3be]::test_main_inner::<test[9d35eded1c95d3be]::test_main_static::{closure#0}>::{closure#0}
[INFO] [stdout]    6:     0x5a670704c6f2 - std[70759c8f55707aa4]::panicking::panic_with_hook
[INFO] [stdout]    7:     0x5a670702f4a2 - std[70759c8f55707aa4]::panicking::panic_handler::{closure#0}
[INFO] [stdout]    8:     0x5a6707028149 - std[70759c8f55707aa4]::sys::backtrace::__rust_end_short_backtrace::<std[70759c8f55707aa4]::panicking::panic_handler::{closure#0}, !>
[INFO] [stdout]    9:     0x5a670703028d - __rustc[8fa7c3cbc660c2b3]::rust_begin_unwind
[INFO] [stdout]   10:     0x5a670706b1cc - core[df12db4294e9bfd3]::panicking::panic_fmt
[INFO] [stdout]   11:     0x5a670706afa2 - core[df12db4294e9bfd3]::result::unwrap_failed
[INFO] [stdout]   12:     0x5a6706f29572 - belajar_rust_redis[7b7d85b8282a45a4]::tests::test_connection
[INFO] [stdout]   13:     0x5a6706f448c9 - <belajar_rust_redis[7b7d85b8282a45a4]::tests::test_connection::{closure#0} as core[df12db4294e9bfd3]::ops::function::FnOnce<()>>::call_once
[INFO] [stdout]   14:     0x5a6706f48a5b - test[9d35eded1c95d3be]::__rust_begin_short_backtrace::<core[df12db4294e9bfd3]::result::Result<(), alloc[2182bb758b4b3781]::string::String>, fn() -> core[df12db4294e9bfd3]::result::Result<(), alloc[2182bb758b4b3781]::string::String>>
[INFO] [stdout]   15:     0x5a6706f560c5 - test[9d35eded1c95d3be]::run_test::{closure#0}
[INFO] [stdout]   16:     0x5a6706f4f984 - std[70759c8f55707aa4]::sys::backtrace::__rust_begin_short_backtrace::<test[9d35eded1c95d3be]::run_test::{closure#1}, ()>
[INFO] [stdout]   17:     0x5a6706f59222 - <std[70759c8f55707aa4]::thread::lifecycle::spawn_unchecked<test[9d35eded1c95d3be]::run_test::{closure#1}, ()>::{closure#1} as core[df12db4294e9bfd3]::ops::function::FnOnce<()>>::call_once::{shim:vtable#0}
[INFO] [stdout]   18:     0x5a6707053939 - <std[70759c8f55707aa4]::sys::thread::unix::Thread>::new::thread_start
[INFO] [stdout]   19:     0x76551d781dfa - <unknown>
[INFO] [stdout]   20:     0x76551d8153d4 - clone
[INFO] [stdout]   21:                0x0 - <unknown>
[INFO] [stdout] 
[INFO] [stdout] ---- tests::test_read_consumer stdout ----
[INFO] [stdout] Error: Connection refused (os error 111)
[INFO] [stdout] 
[INFO] [stdout] ---- tests::test_sorted_set stdout ----
[INFO] [stdout] Error: Connection refused (os error 111)
[INFO] [stdout] 
[INFO] [stdout] ---- tests::test_geo_point stdout ----
[INFO] [stdout] Error: Connection refused (os error 111)
[INFO] [stdout] 
[INFO] [stdout] ---- tests::test_hash stdout ----
[INFO] [stdout] Error: Connection refused (os error 111)
[INFO] [stdout] 
[INFO] [stdout] ---- tests::test_create_consumer stdout ----
[INFO] [stdout] Error: Connection refused (os error 111)
[INFO] [stdout] 
[INFO] [stdout] 
[INFO] [stdout] failures:
[INFO] [stdout]     tests::test_async_connection
[INFO] [stdout]     tests::test_connection
[INFO] [stdout]     tests::test_create_consumer
[INFO] [stdout]     tests::test_geo_point
[INFO] [stdout]     tests::test_hash
[INFO] [stdout]     tests::test_hyper_log_log
[INFO] [stdout]     tests::test_list
[INFO] [stdout]     tests::test_pipeline
[INFO] [stdout]     tests::test_publish_stream
[INFO] [stdout]     tests::test_pubsu_publish
[INFO] [stdout]     tests::test_pubsub_subscribe
[INFO] [stdout]     tests::test_read_consumer
[INFO] [stdout]     tests::test_set
[INFO] [stdout]     tests::test_sorted_set
[INFO] [stdout]     tests::test_string
[INFO] [stdout]     tests::test_transaction
[INFO] [stdout] 
[INFO] [stdout] test result: FAILED. 0 passed; 16 failed; 0 ignored; 0 measured; 0 filtered out; finished in 0.09s
[INFO] [stdout] 
[INFO] running `Command { std: "docker" "inspect" "51bbd794719dd6c387785c0d850d764d280afc6dd583c600ffa87f6ad0d759aa", kill_on_drop: false }`
[INFO] running `Command { std: "docker" "rm" "-f" "51bbd794719dd6c387785c0d850d764d280afc6dd583c600ffa87f6ad0d759aa", kill_on_drop: false }`
[INFO] [stdout] 51bbd794719dd6c387785c0d850d764d280afc6dd583c600ffa87f6ad0d759aa
