[INFO] cloning repository https://github.com/PicoJr/bswp-cli
[INFO] running `Command { std: "git" "-c" "credential.helper=" "-c" "credential.helper=/workspace/cargo-home/bin/git-credential-null" "clone" "--bare" "https://github.com/PicoJr/bswp-cli" "/workspace/cache/git-repos/https%3A%2F%2Fgithub.com%2FPicoJr%2Fbswp-cli", kill_on_drop: false }`
[INFO] [stderr] Cloning into bare repository '/workspace/cache/git-repos/https%3A%2F%2Fgithub.com%2FPicoJr%2Fbswp-cli'...
[INFO] running `Command { std: "git" "rev-parse" "HEAD", kill_on_drop: false }`
[INFO] [stdout] bc52e2d76ab97c214567fdc2791254ae61bf79bb
[INFO] testing PicoJr/bswp-cli against 1.100.0-beta.1+cargoflags=--release for beta-release-1.100-3
[INFO] running `Command { std: "git" "clone" "/workspace/cache/git-repos/https%3A%2F%2Fgithub.com%2FPicoJr%2Fbswp-cli" "/workspace/builds/worker-3-tc2/source", kill_on_drop: false }`
[INFO] [stderr] Cloning into '/workspace/builds/worker-3-tc2/source'...
[INFO] [stderr] done.
[INFO] started tweaking git repo https://github.com/PicoJr/bswp-cli
[INFO] finished tweaking git repo https://github.com/PicoJr/bswp-cli
[INFO] tweaked toml for git repo https://github.com/PicoJr/bswp-cli written to /workspace/builds/worker-3-tc2/source/Cargo.toml
[INFO] validating manifest of git repo https://github.com/PicoJr/bswp-cli on toolchain 1.100.0-beta.1
[INFO] running `Command { std: CARGO_HOME="/workspace/cargo-home" RUSTUP_HOME="/workspace/rustup-home" "/workspace/cargo-home/bin/cargo" "+1.100.0-beta.1" "metadata" "--manifest-path" "Cargo.toml" "--no-deps", kill_on_drop: false }`
[INFO] crate git repo https://github.com/PicoJr/bswp-cli already has a lockfile, it will not be regenerated
[INFO] running `Command { std: CARGO_HOME="/workspace/cargo-home" RUSTUP_HOME="/workspace/rustup-home" "/workspace/cargo-home/bin/cargo" "+1.100.0-beta.1" "fetch" "--manifest-path" "Cargo.toml", kill_on_drop: false }`
[INFO] running `Command { std: "docker" "create" "-v" "/var/lib/crater-agent-workspace/builds/worker-3-tc2/source:/opt/rustwide/workdir:ro,Z" "-v" "/var/lib/crater-agent-workspace/builds/worker-3-tc2/target:/opt/rustwide/target:rw,Z" "-v" "/var/lib/crater-agent-workspace/cargo-home:/opt/rustwide/cargo-home:ro,Z" "-v" "/var/lib/crater-agent-workspace/rustup-home:/opt/rustwide/rustup-home:ro,Z" "-m" "1610612736" "--network" "none" "ghcr.io/rust-lang/crates-build-env/linux@sha256:77db811e55d90add9212f6832c23229e3de5f1c1f9905e8cb07319ea15df73ac" "sleep" "infinity", kill_on_drop: false }`
[INFO] [stdout] f4a1824d246fa7f865257824c0c9066481bbe97b54546f5bfadafdde933a89cc
[INFO] running `Command { std: "docker" "start" "f4a1824d246fa7f865257824c0c9066481bbe97b54546f5bfadafdde933a89cc", kill_on_drop: false }`
[INFO] running `Command { std: "docker" "inspect" "f4a1824d246fa7f865257824c0c9066481bbe97b54546f5bfadafdde933a89cc", kill_on_drop: false }`
[INFO] running `Command { std: "docker" "exec" "-e" "SOURCE_DIR=/opt/rustwide/workdir" "-e" "CARGO_HOME=/opt/rustwide/cargo-home" "-e" "RUSTUP_HOME=/opt/rustwide/rustup-home" "-e" "CARGO_TARGET_DIR=/opt/rustwide/target" "-w" "/opt/rustwide/workdir" "--user" "0:0" "f4a1824d246fa7f865257824c0c9066481bbe97b54546f5bfadafdde933a89cc" "/opt/rustwide/cargo-home/bin/cargo" "+1.100.0-beta.1" "metadata" "--no-deps" "--format-version=1", kill_on_drop: false }`
[INFO] running `Command { std: "docker" "inspect" "f4a1824d246fa7f865257824c0c9066481bbe97b54546f5bfadafdde933a89cc", kill_on_drop: false }`
[INFO] running `Command { std: "docker" "exec" "-e" "SOURCE_DIR=/opt/rustwide/workdir" "-e" "CARGO_HOME=/opt/rustwide/cargo-home" "-e" "RUSTUP_HOME=/opt/rustwide/rustup-home" "-e" "CARGO_TARGET_DIR=/opt/rustwide/target" "-e" "CARGO_INCREMENTAL=0" "-e" "RUST_BACKTRACE=full" "-e" "RUSTFLAGS=--cap-lints=warn" "-e" "RUSTDOCFLAGS=--cap-lints=warn" "-w" "/opt/rustwide/workdir" "--user" "0:0" "f4a1824d246fa7f865257824c0c9066481bbe97b54546f5bfadafdde933a89cc" "/opt/rustwide/cargo-home/bin/cargo" "+1.100.0-beta.1" "build" "--frozen" "--message-format=json" "--release", kill_on_drop: false }`
[INFO] [stderr]    Compiling libc v0.2.68
[INFO] [stderr]    Compiling bitflags v1.2.1
[INFO] [stderr]    Compiling anyhow v1.0.27
[INFO] [stderr]    Compiling unicode-width v0.1.7
[INFO] [stderr]    Compiling vec_map v0.8.1
[INFO] [stderr]    Compiling strsim v0.8.0
[INFO] [stderr]    Compiling ansi_term v0.11.0
[INFO] [stderr]    Compiling bswp v1.0.0
[INFO] [stderr]    Compiling textwrap v0.11.0
[INFO] [stderr]    Compiling atty v0.2.14
[INFO] [stderr]    Compiling clap v2.33.0
[INFO] [stderr]    Compiling bswp-cli v0.1.0 (/opt/rustwide/workdir)
[INFO] [stderr]     Finished `release` profile [optimized] target(s) in 13.58s
[INFO] running `Command { std: "docker" "inspect" "f4a1824d246fa7f865257824c0c9066481bbe97b54546f5bfadafdde933a89cc", kill_on_drop: false }`
[INFO] running `Command { std: "docker" "exec" "-e" "SOURCE_DIR=/opt/rustwide/workdir" "-e" "CARGO_HOME=/opt/rustwide/cargo-home" "-e" "RUSTUP_HOME=/opt/rustwide/rustup-home" "-e" "CARGO_TARGET_DIR=/opt/rustwide/target" "-e" "CARGO_INCREMENTAL=0" "-e" "RUST_BACKTRACE=full" "-e" "RUSTFLAGS=--cap-lints=warn" "-e" "RUSTDOCFLAGS=--cap-lints=warn" "-w" "/opt/rustwide/workdir" "--user" "0:0" "f4a1824d246fa7f865257824c0c9066481bbe97b54546f5bfadafdde933a89cc" "/opt/rustwide/cargo-home/bin/cargo" "+1.100.0-beta.1" "test" "--frozen" "--no-run" "--message-format=json" "--release", kill_on_drop: false }`
[INFO] [stderr]    Compiling proc-macro2 v1.0.9
[INFO] [stderr]    Compiling cfg-if v0.1.10
[INFO] [stderr]    Compiling unicode-xid v0.2.0
[INFO] [stderr]    Compiling syn v1.0.17
[INFO] [stderr]    Compiling getrandom v0.1.14
[INFO] [stderr]    Compiling serde v1.0.105
[INFO] [stderr]    Compiling ryu v1.0.3
[INFO] [stderr]    Compiling log v0.4.8
[INFO] [stderr]    Compiling itoa v0.4.5
[INFO] [stderr]    Compiling predicates-core v1.0.0
[INFO] [stderr]    Compiling escargot v0.5.0
[INFO] [stderr]    Compiling ppv-lite86 v0.2.6
[INFO] [stderr]    Compiling doc-comment v0.3.3
[INFO] [stderr]    Compiling treeline v0.1.0
[INFO] [stderr]    Compiling difference v2.0.0
[INFO] [stderr]    Compiling remove_dir_all v0.5.2
[INFO] [stderr]    Compiling predicates-tree v1.0.0
[INFO] [stderr]    Compiling predicates v1.0.4
[INFO] [stderr]    Compiling rand_core v0.5.1
[INFO] [stderr]    Compiling rand_chacha v0.2.2
[INFO] [stderr]    Compiling rand v0.7.3
[INFO] [stderr]    Compiling quote v1.0.3
[INFO] [stderr]    Compiling tempfile v3.1.0
[INFO] [stderr]    Compiling serde_derive v1.0.105
[INFO] [stderr]    Compiling serde_json v1.0.48
[INFO] [stderr]    Compiling assert_cmd v0.12.0
[INFO] [stderr]    Compiling bswp-cli v0.1.0 (/opt/rustwide/workdir)
[INFO] [stderr]     Finished `release` profile [optimized] target(s) in 19.62s
[INFO] [stderr] warning: the following packages contain code that will be rejected by a future version of Rust: escargot v0.5.0
[INFO] [stderr] note: to see what the problems were, use the option `--future-incompat-report`, or run `cargo report future-incompatibilities --id 1`
[INFO] running `Command { std: "docker" "inspect" "f4a1824d246fa7f865257824c0c9066481bbe97b54546f5bfadafdde933a89cc", kill_on_drop: false }`
[INFO] running `Command { std: "docker" "exec" "-e" "SOURCE_DIR=/opt/rustwide/workdir" "-e" "CARGO_HOME=/opt/rustwide/cargo-home" "-e" "RUSTUP_HOME=/opt/rustwide/rustup-home" "-e" "CARGO_TARGET_DIR=/opt/rustwide/target" "-e" "CARGO_INCREMENTAL=0" "-e" "RUST_BACKTRACE=full" "-e" "RUSTFLAGS=--cap-lints=warn" "-e" "RUSTDOCFLAGS=--cap-lints=warn" "-w" "/opt/rustwide/workdir" "--user" "0:0" "f4a1824d246fa7f865257824c0c9066481bbe97b54546f5bfadafdde933a89cc" "/opt/rustwide/cargo-home/bin/cargo" "+1.100.0-beta.1" "test" "--frozen" "--release", kill_on_drop: false }`
[INFO] [stderr]     Finished `release` profile [optimized] target(s) in 0.05s
[INFO] [stdout] 
[INFO] [stderr] warning: the following packages contain code that will be rejected by a future version of Rust: escargot v0.5.0
[INFO] [stdout] running 5 tests
[INFO] [stderr] note: to see what the problems were, use the option `--future-incompat-report`, or run `cargo report future-incompatibilities --id 1`
[INFO] [stdout] test utils::tests::test_parse_hexa_byte_invalid_base10 ... ok
[INFO] [stderr]      Running unittests src/main.rs (/opt/rustwide/target/release/build/bswp-cli/9db51d78b157c88a/out/bswp_cli-9db51d78b157c88a)
[INFO] [stdout] test utils::tests::test_parse_hexa_byte_valid_base16 ... ok
[INFO] [stderr]      Running tests/integration.rs (/opt/rustwide/target/release/build/bswp-cli/4af44859836f3bea/out/integration-4af44859836f3bea)
[INFO] [stdout] test utils::tests::test_swap_from_str_valid ... ok
[INFO] [stdout] test utils::tests::test_parse_hexa_byte_invalid_format ... ok
[INFO] [stdout] test utils::tests::test_parse_hexa_byte_invalid_bound ... ok
[INFO] [stdout] 
[INFO] [stdout] test result: ok. 5 passed; 0 failed; 0 ignored; 0 measured; 0 filtered out; finished in 0.01s
[INFO] [stdout] 
[INFO] [stdout] 
[INFO] [stdout] running 6 tests
[INFO] [stdout] test tests::test_stdin_output_file ... FAILED
[INFO] [stdout] test tests::test_input_file_output_file ... FAILED
[INFO] [stdout] test tests::test_stdin_stdout_missing_pattern ... FAILED
[INFO] [stdout] test tests::test_stdin_stdout_2_patterns ... FAILED
[INFO] [stdout] test tests::test_stdin_stdout_1_pattern ... FAILED
[INFO] [stdout] test tests::test_input_file_stdout ... FAILED
[INFO] [stdout] 
[INFO] [stdout] failures:
[INFO] [stdout] 
[INFO] [stdout] ---- tests::test_stdin_output_file stdout ----
[INFO] [stdout] 
[INFO] [stdout] thread 'tests::test_stdin_output_file' (988) panicked at tests/integration.rs:64:54:
[INFO] [stdout] called `Result::unwrap()` on an `Err` value: CargoError { cause: Some(NotFoundError { path: "/opt/rustwide/target/release/build/bswp-cli/4af44859836f3bea/out/bswp-cli" }) }
[INFO] [stdout] stack backtrace:
[INFO] [stdout]    0:     0x56ab0ed90b81 - <<std[617be2ca0a6fd877]::sys::backtrace::BacktraceLock>::print::DisplayBacktrace as core[a373ad73a504971]::fmt::Display>::fmt
[INFO] [stdout]    1:     0x56ab0eda69aa - core[a373ad73a504971]::fmt::write
[INFO] [stdout]    2:     0x56ab0ed9612c - <alloc[2e1b2a31b91974c5]::vec::Vec<u8> as core[a373ad73a504971]::io::write::Write>::write_fmt
[INFO] [stdout]    3:     0x56ab0ed6c4c6 - std[617be2ca0a6fd877]::panicking::default_hook::{closure#0}
[INFO] [stdout]    4:     0x56ab0ed890b9 - std[617be2ca0a6fd877]::panicking::default_hook
[INFO] [stdout]    5:     0x56ab0ed191d0 - test[aada8e7e76ba119b]::test_main_inner::{closure#0}
[INFO] [stdout]    6:     0x56ab0ed89272 - std[617be2ca0a6fd877]::panicking::panic_with_hook
[INFO] [stdout]    7:     0x56ab0ed6c572 - std[617be2ca0a6fd877]::panicking::panic_handler::{closure#0}
[INFO] [stdout]    8:     0x56ab0ed651d9 - std[617be2ca0a6fd877]::sys::backtrace::__rust_end_short_backtrace::<std[617be2ca0a6fd877]::panicking::panic_handler::{closure#0}, !>
[INFO] [stdout]    9:     0x56ab0ed6d17d - __rustc[ea4f61d10b84890b]::rust_begin_unwind
[INFO] [stdout]   10:     0x56ab0eda70dc - core[a373ad73a504971]::panicking::panic_fmt
[INFO] [stdout]   11:     0x56ab0eda6eb2 - core[a373ad73a504971]::result::unwrap_failed
[INFO] [stdout]   12:     0x56ab0ed0b53a - <integration[f4a7061f9d3a73d]::tests::test_stdin_output_file::{closure#0} as core[a373ad73a504971]::ops::function::FnOnce<()>>::call_once
[INFO] [stdout]   13:     0x56ab0ed0c61b - test[aada8e7e76ba119b]::__rust_begin_short_backtrace::<core[a373ad73a504971]::result::Result<(), alloc[2e1b2a31b91974c5]::string::String>, fn() -> core[a373ad73a504971]::result::Result<(), alloc[2e1b2a31b91974c5]::string::String>>
[INFO] [stdout]   14:     0x56ab0ed197f5 - test[aada8e7e76ba119b]::run_test::{closure#0}
[INFO] [stdout]   15:     0x56ab0ed130e4 - std[617be2ca0a6fd877]::sys::backtrace::__rust_begin_short_backtrace::<test[aada8e7e76ba119b]::run_test::{closure#1}, ()>
[INFO] [stdout]   16:     0x56ab0ed1c882 - <std[617be2ca0a6fd877]::thread::lifecycle::spawn_unchecked<test[aada8e7e76ba119b]::run_test::{closure#1}, ()>::{closure#1} as core[a373ad73a504971]::ops::function::FnOnce<()>>::call_once::{shim:vtable#0}
[INFO] [stdout]   17:     0x56ab0ed9035f - <std[617be2ca0a6fd877]::sys::thread::unix::Thread>::new::thread_start
[INFO] [stdout]   18:     0x74cda1741dfa - <unknown>
[INFO] [stdout]   19:     0x74cda17d53d4 - clone
[INFO] [stdout]   20:                0x0 - <unknown>
[INFO] [stdout] 
[INFO] [stdout] ---- tests::test_input_file_output_file stdout ----
[INFO] [stdout] 
[INFO] [stdout] thread 'tests::test_input_file_output_file' (986) panicked at tests/integration.rs:93:54:
[INFO] [stdout] called `Result::unwrap()` on an `Err` value: CargoError { cause: Some(NotFoundError { path: "/opt/rustwide/target/release/build/bswp-cli/4af44859836f3bea/out/bswp-cli" }) }
[INFO] [stdout] stack backtrace:
[INFO] [stdout]    0:     0x56ab0ed90b81 - <<std[617be2ca0a6fd877]::sys::backtrace::BacktraceLock>::print::DisplayBacktrace as core[a373ad73a504971]::fmt::Display>::fmt
[INFO] [stdout]    1:     0x56ab0eda69aa - core[a373ad73a504971]::fmt::write
[INFO] [stdout]    2:     0x56ab0ed9612c - <alloc[2e1b2a31b91974c5]::vec::Vec<u8> as core[a373ad73a504971]::io::write::Write>::write_fmt
[INFO] [stdout]    3:     0x56ab0ed6c4c6 - std[617be2ca0a6fd877]::panicking::default_hook::{closure#0}
[INFO] [stdout]    4:     0x56ab0ed890b9 - std[617be2ca0a6fd877]::panicking::default_hook
[INFO] [stdout]    5:     0x56ab0ed191d0 - test[aada8e7e76ba119b]::test_main_inner::{closure#0}
[INFO] [stdout]    6:     0x56ab0ed89272 - std[617be2ca0a6fd877]::panicking::panic_with_hook
[INFO] [stdout]    7:     0x56ab0ed6c572 - std[617be2ca0a6fd877]::panicking::panic_handler::{closure#0}
[INFO] [stdout]    8:     0x56ab0ed651d9 - std[617be2ca0a6fd877]::sys::backtrace::__rust_end_short_backtrace::<std[617be2ca0a6fd877]::panicking::panic_handler::{closure#0}, !>
[INFO] [stdout]    9:     0x56ab0ed6d17d - __rustc[ea4f61d10b84890b]::rust_begin_unwind
[INFO] [stdout]   10:     0x56ab0eda70dc - core[a373ad73a504971]::panicking::panic_fmt
[INFO] [stdout]   11:     0x56ab0eda6eb2 - core[a373ad73a504971]::result::unwrap_failed
[INFO] [stdout]   12:     0x56ab0ed0bba1 - <integration[f4a7061f9d3a73d]::tests::test_input_file_output_file::{closure#0} as core[a373ad73a504971]::ops::function::FnOnce<()>>::call_once
[INFO] [stdout]   13:     0x56ab0ed0c61b - test[aada8e7e76ba119b]::__rust_begin_short_backtrace::<core[a373ad73a504971]::result::Result<(), alloc[2e1b2a31b91974c5]::string::String>, fn() -> core[a373ad73a504971]::result::Result<(), alloc[2e1b2a31b91974c5]::string::String>>
[INFO] [stdout]   14:     0x56ab0ed197f5 - test[aada8e7e76ba119b]::run_test::{closure#0}
[INFO] [stdout]   15:     0x56ab0ed130e4 - std[617be2ca0a6fd877]::sys::backtrace::__rust_begin_short_backtrace::<test[aada8e7e76ba119b]::run_test::{closure#1}, ()>
[INFO] [stdout]   16:     0x56ab0ed1c882 - <std[617be2ca0a6fd877]::thread::lifecycle::spawn_unchecked<test[aada8e7e76ba119b]::run_test::{closure#1}, ()>::{closure#1} as core[a373ad73a504971]::ops::function::FnOnce<()>>::call_once::{shim:vtable#0}
[INFO] [stdout]   17:     0x56ab0ed9035f - <std[617be2ca0a6fd877]::sys::thread::unix::Thread>::new::thread_start
[INFO] [stdout]   18:     0x74cda1741dfa - <unknown>
[INFO] [stdout]   19:     0x74cda17d53d4 - clone
[INFO] [stdout]   20:                0x0 - <unknown>
[INFO] [stdout] 
[INFO] [stdout] ---- tests::test_stdin_stdout_missing_pattern stdout ----
[INFO] [stdout] 
[INFO] [stdout] thread 'tests::test_stdin_stdout_missing_pattern' (991) panicked at tests/integration.rs:9:54:
[INFO] [stdout] called `Result::unwrap()` on an `Err` value: CargoError { cause: Some(NotFoundError { path: "/opt/rustwide/target/release/build/bswp-cli/4af44859836f3bea/out/bswp-cli" }) }
[INFO] [stdout] stack backtrace:
[INFO] [stdout]    0:     0x56ab0ed90b81 - <<std[617be2ca0a6fd877]::sys::backtrace::BacktraceLock>::print::DisplayBacktrace as core[a373ad73a504971]::fmt::Display>::fmt
[INFO] [stdout]    1:     0x56ab0eda69aa - core[a373ad73a504971]::fmt::write
[INFO] [stdout]    2:     0x56ab0ed9612c - <alloc[2e1b2a31b91974c5]::vec::Vec<u8> as core[a373ad73a504971]::io::write::Write>::write_fmt
[INFO] [stdout]    3:     0x56ab0ed6c4c6 - std[617be2ca0a6fd877]::panicking::default_hook::{closure#0}
[INFO] [stdout]    4:     0x56ab0ed890b9 - std[617be2ca0a6fd877]::panicking::default_hook
[INFO] [stdout]    5:     0x56ab0ed191d0 - test[aada8e7e76ba119b]::test_main_inner::{closure#0}
[INFO] [stdout]    6:     0x56ab0ed89272 - std[617be2ca0a6fd877]::panicking::panic_with_hook
[INFO] [stdout]    7:     0x56ab0ed6c572 - std[617be2ca0a6fd877]::panicking::panic_handler::{closure#0}
[INFO] [stdout]    8:     0x56ab0ed651d9 - std[617be2ca0a6fd877]::sys::backtrace::__rust_end_short_backtrace::<std[617be2ca0a6fd877]::panicking::panic_handler::{closure#0}, !>
[INFO] [stdout]    9:     0x56ab0ed6d17d - __rustc[ea4f61d10b84890b]::rust_begin_unwind
[INFO] [stdout]   10:     0x56ab0eda70dc - core[a373ad73a504971]::panicking::panic_fmt
[INFO] [stdout]   11:     0x56ab0eda6eb2 - core[a373ad73a504971]::result::unwrap_failed
[INFO] [stdout]   12:     0x56ab0ed0c44d - <integration[f4a7061f9d3a73d]::tests::test_stdin_stdout_missing_pattern::{closure#0} as core[a373ad73a504971]::ops::function::FnOnce<()>>::call_once
[INFO] [stdout]   13:     0x56ab0ed0c61b - test[aada8e7e76ba119b]::__rust_begin_short_backtrace::<core[a373ad73a504971]::result::Result<(), alloc[2e1b2a31b91974c5]::string::String>, fn() -> core[a373ad73a504971]::result::Result<(), alloc[2e1b2a31b91974c5]::string::String>>
[INFO] [stdout]   14:     0x56ab0ed197f5 - test[aada8e7e76ba119b]::run_test::{closure#0}
[INFO] [stdout]   15:     0x56ab0ed130e4 - std[617be2ca0a6fd877]::sys::backtrace::__rust_begin_short_backtrace::<test[aada8e7e76ba119b]::run_test::{closure#1}, ()>
[INFO] [stdout]   16:     0x56ab0ed1c882 - <std[617be2ca0a6fd877]::thread::lifecycle::spawn_unchecked<test[aada8e7e76ba119b]::run_test::{closure#1}, ()>::{closure#1} as core[a373ad73a504971]::ops::function::FnOnce<()>>::call_once::{shim:vtable#0}
[INFO] [stdout]   17:     0x56ab0ed9035f - <std[617be2ca0a6fd877]::sys::thread::unix::Thread>::new::thread_start
[INFO] [stdout]   18:     0x74cda1741dfa - <unknown>
[INFO] [stdout]   19:     0x74cda17d53d4 - clone
[INFO] [stdout]   20:                0x0 - <unknown>
[INFO] [stdout] 
[INFO] [stdout] ---- tests::test_stdin_stdout_2_patterns stdout ----
[INFO] [stdout] 
[INFO] [stdout] thread 'tests::test_stdin_stdout_2_patterns' (990) panicked at tests/integration.rs:26:54:
[INFO] [stdout] called `Result::unwrap()` on an `Err` value: CargoError { cause: Some(NotFoundError { path: "/opt/rustwide/target/release/build/bswp-cli/4af44859836f3bea/out/bswp-cli" }) }
[INFO] [stdout] stack backtrace:
[INFO] [stdout]    0:     0x56ab0ed90b81 - <<std[617be2ca0a6fd877]::sys::backtrace::BacktraceLock>::print::DisplayBacktrace as core[a373ad73a504971]::fmt::Display>::fmt
[INFO] [stdout]    1:     0x56ab0eda69aa - core[a373ad73a504971]::fmt::write
[INFO] [stdout]    2:     0x56ab0ed9612c - <alloc[2e1b2a31b91974c5]::vec::Vec<u8> as core[a373ad73a504971]::io::write::Write>::write_fmt
[INFO] [stdout]    3:     0x56ab0ed6c4c6 - std[617be2ca0a6fd877]::panicking::default_hook::{closure#0}
[INFO] [stdout]    4:     0x56ab0ed890b9 - std[617be2ca0a6fd877]::panicking::default_hook
[INFO] [stdout]    5:     0x56ab0ed191d0 - test[aada8e7e76ba119b]::test_main_inner::{closure#0}
[INFO] [stdout]    6:     0x56ab0ed89272 - std[617be2ca0a6fd877]::panicking::panic_with_hook
[INFO] [stdout]    7:     0x56ab0ed6c572 - std[617be2ca0a6fd877]::panicking::panic_handler::{closure#0}
[INFO] [stdout]    8:     0x56ab0ed651d9 - std[617be2ca0a6fd877]::sys::backtrace::__rust_end_short_backtrace::<std[617be2ca0a6fd877]::panicking::panic_handler::{closure#0}, !>
[INFO] [stdout]    9:     0x56ab0ed6d17d - __rustc[ea4f61d10b84890b]::rust_begin_unwind
[INFO] [stdout]   10:     0x56ab0eda70dc - core[a373ad73a504971]::panicking::panic_fmt
[INFO] [stdout]   11:     0x56ab0eda6eb2 - core[a373ad73a504971]::result::unwrap_failed
[INFO] [stdout]   12:     0x56ab0ed0c2b4 - <integration[f4a7061f9d3a73d]::tests::test_stdin_stdout_2_patterns::{closure#0} as core[a373ad73a504971]::ops::function::FnOnce<()>>::call_once
[INFO] [stdout]   13:     0x56ab0ed0c61b - test[aada8e7e76ba119b]::__rust_begin_short_backtrace::<core[a373ad73a504971]::result::Result<(), alloc[2e1b2a31b91974c5]::string::String>, fn() -> core[a373ad73a504971]::result::Result<(), alloc[2e1b2a31b91974c5]::string::String>>
[INFO] [stdout]   14:     0x56ab0ed197f5 - test[aada8e7e76ba119b]::run_test::{closure#0}
[INFO] [stdout]   15:     0x56ab0ed130e4 - std[617be2ca0a6fd877]::sys::backtrace::__rust_begin_short_backtrace::<test[aada8e7e76ba119b]::run_test::{closure#1}, ()>
[INFO] [stdout]   16:     0x56ab0ed1c882 - <std[617be2ca0a6fd877]::thread::lifecycle::spawn_unchecked<test[aada8e7e76ba119b]::run_test::{closure#1}, ()>::{closure#1} as core[a373ad73a504971]::ops::function::FnOnce<()>>::call_once::{shim:vtable#0}
[INFO] [stdout]   17:     0x56ab0ed9035f - <std[617be2ca0a6fd877]::sys::thread::unix::Thread>::new::thread_start
[INFO] [stdout]   18:     0x74cda1741dfa - <unknown>
[INFO] [stdout]   19:     0x74cda17d53d4 - clone
[INFO] [stdout]   20:                0x0 - <unknown>
[INFO] [stdout] 
[INFO] [stdout] ---- tests::test_stdin_stdout_1_pattern stdout ----
[INFO] [stdout] 
[INFO] [stdout] thread 'tests::test_stdin_stdout_1_pattern' (989) panicked at tests/integration.rs:15:54:
[INFO] [stdout] called `Result::unwrap()` on an `Err` value: CargoError { cause: Some(NotFoundError { path: "/opt/rustwide/target/release/build/bswp-cli/4af44859836f3bea/out/bswp-cli" }) }
[INFO] [stdout] stack backtrace:
[INFO] [stdout]    0:     0x56ab0ed90b81 - <<std[617be2ca0a6fd877]::sys::backtrace::BacktraceLock>::print::DisplayBacktrace as core[a373ad73a504971]::fmt::Display>::fmt
[INFO] [stdout]    1:     0x56ab0eda69aa - core[a373ad73a504971]::fmt::write
[INFO] [stdout]    2:     0x56ab0ed9612c - <alloc[2e1b2a31b91974c5]::vec::Vec<u8> as core[a373ad73a504971]::io::write::Write>::write_fmt
[INFO] [stdout]    3:     0x56ab0ed6c4c6 - std[617be2ca0a6fd877]::panicking::default_hook::{closure#0}
[INFO] [stdout]    4:     0x56ab0ed890b9 - std[617be2ca0a6fd877]::panicking::default_hook
[INFO] [stdout]    5:     0x56ab0ed191d0 - test[aada8e7e76ba119b]::test_main_inner::{closure#0}
[INFO] [stdout]    6:     0x56ab0ed89272 - std[617be2ca0a6fd877]::panicking::panic_with_hook
[INFO] [stdout]    7:     0x56ab0ed6c572 - std[617be2ca0a6fd877]::panicking::panic_handler::{closure#0}
[INFO] [stdout]    8:     0x56ab0ed651d9 - std[617be2ca0a6fd877]::sys::backtrace::__rust_end_short_backtrace::<std[617be2ca0a6fd877]::panicking::panic_handler::{closure#0}, !>
[INFO] [stdout]    9:     0x56ab0ed6d17d - __rustc[ea4f61d10b84890b]::rust_begin_unwind
[INFO] [stdout]   10:     0x56ab0eda70dc - core[a373ad73a504971]::panicking::panic_fmt
[INFO] [stdout]   11:     0x56ab0eda6eb2 - core[a373ad73a504971]::result::unwrap_failed
[INFO] [stdout]   12:     0x56ab0ed0bfb0 - <integration[f4a7061f9d3a73d]::tests::test_stdin_stdout_1_pattern::{closure#0} as core[a373ad73a504971]::ops::function::FnOnce<()>>::call_once
[INFO] [stdout]   13:     0x56ab0ed0c61b - test[aada8e7e76ba119b]::__rust_begin_short_backtrace::<core[a373ad73a504971]::result::Result<(), alloc[2e1b2a31b91974c5]::string::String>, fn() -> core[a373ad73a504971]::result::Result<(), alloc[2e1b2a31b91974c5]::string::String>>
[INFO] [stdout]   14:     0x56ab0ed197f5 - test[aada8e7e76ba119b]::run_test::{closure#0}
[INFO] [stdout]   15:     0x56ab0ed130e4 - std[617be2ca0a6fd877]::sys::backtrace::__rust_begin_short_backtrace::<test[aada8e7e76ba119b]::run_test::{closure#1}, ()>
[INFO] [stdout]   16:     0x56ab0ed1c882 - <std[617be2ca0a6fd877]::thread::lifecycle::spawn_unchecked<test[aada8e7e76ba119b]::run_test::{closure#1}, ()>::{closure#1} as core[a373ad73a504971]::ops::function::FnOnce<()>>::call_once::{shim:vtable#0}
[INFO] [stdout]   17:     0x56ab0ed9035f - <std[617be2ca0a6fd877]::sys::thread::unix::Thread>::new::thread_start
[INFO] [stdout]   18:     0x74cda1741dfa - <unknown>
[INFO] [stdout]   19:     0x74cda17d53d4 - clone
[INFO] [stdout]   20:                0x0 - <unknown>
[INFO] [stdout] 
[INFO] [stdout] ---- tests::test_input_file_stdout stdout ----
[INFO] [stdout] 
[INFO] [stdout] thread 'tests::test_input_file_stdout' (987) panicked at tests/integration.rs:46:54:
[INFO] [stdout] called `Result::unwrap()` on an `Err` value: CargoError { cause: Some(NotFoundError { path: "/opt/rustwide/target/release/build/bswp-cli/4af44859836f3bea/out/bswp-cli" }) }
[INFO] [stdout] stack backtrace:
[INFO] [stdout]    0:     0x56ab0ed90b81 - <<std[617be2ca0a6fd877]::sys::backtrace::BacktraceLock>::print::DisplayBacktrace as core[a373ad73a504971]::fmt::Display>::fmt
[INFO] [stdout]    1:     0x56ab0eda69aa - core[a373ad73a504971]::fmt::write
[INFO] [stdout]    2:     0x56ab0ed9612c - <alloc[2e1b2a31b91974c5]::vec::Vec<u8> as core[a373ad73a504971]::io::write::Write>::write_fmt
[INFO] [stdout]    3:     0x56ab0ed6c4c6 - std[617be2ca0a6fd877]::panicking::default_hook::{closure#0}
[INFO] [stdout]    4:     0x56ab0ed890b9 - std[617be2ca0a6fd877]::panicking::default_hook
[INFO] [stdout]    5:     0x56ab0ed191d0 - test[aada8e7e76ba119b]::test_main_inner::{closure#0}
[INFO] [stdout]    6:     0x56ab0ed89272 - std[617be2ca0a6fd877]::panicking::panic_with_hook
[INFO] [stdout]    7:     0x56ab0ed6c572 - std[617be2ca0a6fd877]::panicking::panic_handler::{closure#0}
[INFO] [stdout]    8:     0x56ab0ed651d9 - std[617be2ca0a6fd877]::sys::backtrace::__rust_end_short_backtrace::<std[617be2ca0a6fd877]::panicking::panic_handler::{closure#0}, !>
[INFO] [stdout]    9:     0x56ab0ed6d17d - __rustc[ea4f61d10b84890b]::rust_begin_unwind
[INFO] [stdout]   10:     0x56ab0eda70dc - core[a373ad73a504971]::panicking::panic_fmt
[INFO] [stdout]   11:     0x56ab0eda6eb2 - core[a373ad73a504971]::result::unwrap_failed
[INFO] [stderr] error: test failed, to rerun pass `--test integration`
[INFO] [stdout]   12:     0x56ab0ed0b05e - <integration[f4a7061f9d3a73d]::tests::test_input_file_stdout::{closure#0} as core[a373ad73a504971]::ops::function::FnOnce<()>>::call_once
[INFO] [stdout]   13:     0x56ab0ed0c61b - test[aada8e7e76ba119b]::__rust_begin_short_backtrace::<core[a373ad73a504971]::result::Result<(), alloc[2e1b2a31b91974c5]::string::String>, fn() -> core[a373ad73a504971]::result::Result<(), alloc[2e1b2a31b91974c5]::string::String>>
[INFO] [stdout]   14:     0x56ab0ed197f5 - test[aada8e7e76ba119b]::run_test::{closure#0}
[INFO] [stdout]   15:     0x56ab0ed130e4 - std[617be2ca0a6fd877]::sys::backtrace::__rust_begin_short_backtrace::<test[aada8e7e76ba119b]::run_test::{closure#1}, ()>
[INFO] [stdout]   16:     0x56ab0ed1c882 - <std[617be2ca0a6fd877]::thread::lifecycle::spawn_unchecked<test[aada8e7e76ba119b]::run_test::{closure#1}, ()>::{closure#1} as core[a373ad73a504971]::ops::function::FnOnce<()>>::call_once::{shim:vtable#0}
[INFO] [stdout]   17:     0x56ab0ed9035f - <std[617be2ca0a6fd877]::sys::thread::unix::Thread>::new::thread_start
[INFO] [stdout]   18:     0x74cda1741dfa - <unknown>
[INFO] [stdout]   19:     0x74cda17d53d4 - clone
[INFO] [stdout]   20:                0x0 - <unknown>
[INFO] [stdout] 
[INFO] [stdout] 
[INFO] [stdout] failures:
[INFO] [stdout]     tests::test_input_file_output_file
[INFO] [stdout]     tests::test_input_file_stdout
[INFO] [stdout]     tests::test_stdin_output_file
[INFO] [stdout]     tests::test_stdin_stdout_1_pattern
[INFO] [stdout]     tests::test_stdin_stdout_2_patterns
[INFO] [stdout]     tests::test_stdin_stdout_missing_pattern
[INFO] [stdout] 
[INFO] [stdout] test result: FAILED. 0 passed; 6 failed; 0 ignored; 0 measured; 0 filtered out; finished in 0.12s
[INFO] [stdout] 
[INFO] running `Command { std: "docker" "inspect" "f4a1824d246fa7f865257824c0c9066481bbe97b54546f5bfadafdde933a89cc", kill_on_drop: false }`
[INFO] running `Command { std: "docker" "rm" "-f" "f4a1824d246fa7f865257824c0c9066481bbe97b54546f5bfadafdde933a89cc", kill_on_drop: false }`
[INFO] [stdout] f4a1824d246fa7f865257824c0c9066481bbe97b54546f5bfadafdde933a89cc
